{"id":2643,"date":"2025-05-09T14:13:16","date_gmt":"2025-05-09T14:13:16","guid":{"rendered":"https:\/\/www.vap-camping.fr\/lieux\/prat-dalbis\/"},"modified":"2025-07-28T07:24:05","modified_gmt":"2025-07-28T07:24:05","slug":"prat-dalbis","status":"publish","type":"lieux","link":"https:\/\/www.vap-camping.fr\/de\/lieux\/prat-dalbis\/","title":{"rendered":"Prat d&#8217;Albis"},"content":{"rendered":"\n<div class=\"wp-block-group alignfull is-layout-flow wp-container-core-group-is-layout-12cc3699 wp-block-group-is-layout-flow\" style=\"padding-top:10rem\">\n<div class=\"wp-block-group has-global-padding is-layout-constrained wp-container-core-group-is-layout-2931b900 wp-block-group-is-layout-constrained\">\n<div class=\"wp-block-columns alignfull are-vertically-aligned-center is-layout-flex wp-container-core-columns-is-layout-0c0b91ec wp-block-columns-is-layout-flex\">\n<div class=\"wp-block-column is-vertically-aligned-center leftRight is-layout-flow wp-container-core-column-is-layout-58dbe9e9 wp-block-column-is-layout-flow\" style=\"padding-left:10rem;flex-basis:40%\">\n<div class=\"wp-block-group is-style-title-left is-layout-flow wp-block-group-is-layout-flow is-style-title-left--1\">\n<p class=\"has-secondary-color has-text-color has-link-color has-secondary-font-family has-xl-font-size wp-elements-1e2b5de5da9f2b993c0de2b2d7dd503d\">Le Prat d&#8217;Albis<\/p>\n\n\n\n<p class=\"has-primary-color has-text-color has-link-color has-primary-font-family has-sm-font-size wp-elements-155113978144a70f0c639c5c701d00a1\" style=\"text-transform:uppercase\"><strong>nat\u00fcrlicher Balkon mit Blick auf die Pyren\u00e4en<\/strong><\/p>\n<\/div>\n\n\n\n<h1 class=\"wp-block-heading text-title\">Ein zug\u00e4nglicher Ort mit einem der sch\u00f6nsten Aussichtspunkte der Ari\u00e8ge.<\/h1>\n\n\n\n<p class=\"has-m-font-size\" style=\"padding-left:2rem\">Nur 15 Autominuten von Foix entfernt liegt der <strong>Prat d&#8217;Albis<\/strong>, ein gro\u00dfes, grasbewachsenes Plateau auf 1.200 m H\u00f6he. Er ist leicht zug\u00e4nglich und bietet einen atemberaubenden Blick auf das Tal der Ari\u00e8ge, die Pyren\u00e4engipfel und die Ebene von Toulouse. Ein beliebter Ort zum Wandern, Picknicken und Beobachten.  <\/p>\n<\/div>\n\n\n\n<div class=\"wp-block-column is-vertically-aligned-center rightLeft wp-block-image alignright size-large has-custom-border is-style-travel is-layout-flow wp-block-column-is-layout-flow is-style-travel--2\" style=\"flex-basis:60%\">\n<figure class=\"wp-block-image alignright size-large\"><img alt=\"\" decoding=\"async\" width=\"1024\" height=\"658\" src=\"https:\/\/www.vap-camping.fr\/wp-content\/uploads\/2025\/05\/AdobeStock_354018159-1024x658.jpeg\" alt=\"\" class=\"wp-image-1124\" srcset=\"https:\/\/www.vap-camping.fr\/wp-content\/uploads\/2025\/05\/AdobeStock_354018159-1024x658.jpeg 1024w, https:\/\/www.vap-camping.fr\/wp-content\/uploads\/2025\/05\/AdobeStock_354018159-600x386.jpeg 600w, https:\/\/www.vap-camping.fr\/wp-content\/uploads\/2025\/05\/AdobeStock_354018159-768x494.jpeg 768w, https:\/\/www.vap-camping.fr\/wp-content\/uploads\/2025\/05\/AdobeStock_354018159-1536x987.jpeg 1536w, https:\/\/www.vap-camping.fr\/wp-content\/uploads\/2025\/05\/AdobeStock_354018159-2048x1316.jpeg 2048w\" sizes=\"(max-width: 1024px) 100vw, 1024px\" \/><\/figure>\n<\/div>\n<\/div>\n<\/div>\n\n\n\n<div class=\"wp-block-group has-global-padding is-layout-constrained wp-block-group-is-layout-constrained\">\n<div class=\"wp-block-columns alignfull are-vertically-aligned-center is-layout-flex wp-container-core-columns-is-layout-0c0b91ec wp-block-columns-is-layout-flex\">\n<div class=\"wp-block-column is-vertically-aligned-center wp-block-image alignright size-large has-custom-border is-style-simple-left leftRight is-layout-flow wp-block-column-is-layout-flow is-style-simple-left--3\" style=\"flex-basis:60%\">\n<figure class=\"wp-block-image alignleft size-large\"><img alt=\"\" decoding=\"async\" width=\"1024\" height=\"683\" src=\"https:\/\/www.vap-camping.fr\/wp-content\/uploads\/2025\/05\/Prat_dAlbis_2-1024x683.jpg\" alt=\"\" class=\"wp-image-1126\" srcset=\"https:\/\/www.vap-camping.fr\/wp-content\/uploads\/2025\/05\/Prat_dAlbis_2-1024x683.jpg 1024w, https:\/\/www.vap-camping.fr\/wp-content\/uploads\/2025\/05\/Prat_dAlbis_2-600x400.jpg 600w, https:\/\/www.vap-camping.fr\/wp-content\/uploads\/2025\/05\/Prat_dAlbis_2-768x512.jpg 768w, https:\/\/www.vap-camping.fr\/wp-content\/uploads\/2025\/05\/Prat_dAlbis_2-1536x1024.jpg 1536w, https:\/\/www.vap-camping.fr\/wp-content\/uploads\/2025\/05\/Prat_dAlbis_2-2048x1365.jpg 2048w\" sizes=\"(max-width: 1024px) 100vw, 1024px\" \/><\/figure>\n<\/div>\n\n\n\n<div class=\"wp-block-column is-vertically-aligned-center rightLeft is-layout-flow wp-container-core-column-is-layout-58dbe9e9 wp-block-column-is-layout-flow\" style=\"padding-left:10rem;flex-basis:40%\">\n<div class=\"wp-block-group is-style-title-left is-layout-flow wp-block-group-is-layout-flow is-style-title-left--4\">\n<p class=\"has-secondary-color has-text-color has-link-color has-secondary-font-family has-xl-font-size wp-elements-40ac6b171f3c6ae811842854724b9bd3\">Wanderungen<\/p>\n\n\n\n<p class=\"has-primary-color has-text-color has-link-color has-primary-font-family has-sm-font-size wp-elements-e065313da7a0c0928e06ca3d6f0ec171\" style=\"text-transform:uppercase\"><strong>Paragliding und Natur in Freiheit<\/strong><\/p>\n<\/div>\n\n\n\n<h2 class=\"wp-block-heading text-title\">Ein offener Raum zum Gehen, Fliegen oder einfach nur zum Atmen<\/h2>\n\n\n\n<p class=\"has-m-font-size\" style=\"padding-left:2rem\">Mehrere Wanderrouten beginnen auf dem Plateau, mit unterschiedlichen Schwierigkeitsgraden f\u00fcr alle. Sie k\u00f6nnen den Kamm von Barguill\u00e8re erreichen, an den Sommerweiden entlang gehen oder zum Gipfel von Soularac f\u00fcr die Sportlicheren klettern. Das Gebiet ist auch ein <strong>bekannter Ort f\u00fcr Paragliding<\/strong>, mit h\u00e4ufigen Starts bei gutem Wetter.  <\/p>\n<\/div>\n<\/div>\n<\/div>\n\n\n\n<div class=\"wp-block-group has-global-padding is-layout-constrained wp-block-group-is-layout-constrained\">\n<div class=\"wp-block-columns alignfull are-vertically-aligned-center is-layout-flex wp-container-core-columns-is-layout-0c0b91ec wp-block-columns-is-layout-flex\">\n<div class=\"wp-block-column is-vertically-aligned-center leftRight is-layout-flow wp-container-core-column-is-layout-58dbe9e9 wp-block-column-is-layout-flow\" style=\"padding-left:10rem;flex-basis:40%\">\n<div class=\"wp-block-group is-style-title-left is-layout-flow wp-block-group-is-layout-flow is-style-title-left--5\">\n<p class=\"has-secondary-color has-text-color has-link-color has-secondary-font-family has-xl-font-size wp-elements-40fc871ccce6e665aba44237c8300bdc\">Eine Familienseite<\/p>\n\n\n\n<p class=\"has-primary-color has-text-color has-link-color has-primary-font-family has-sm-font-size wp-elements-6875dd29b5cdc0b20e3d9f46d7109a07\" style=\"text-transform:uppercase\"><strong>und das ganze Jahr \u00fcber zug\u00e4nglich<\/strong><\/p>\n<\/div>\n\n\n\n<h2 class=\"wp-block-heading text-title\">Ideal f\u00fcr einen Halbtagesausflug von Foix aus.<\/h2>\n\n\n\n<p class=\"has-m-font-size\" style=\"padding-left:2rem\">\u00dcber die asphaltierte Stra\u00dfe ist das Plateau leicht mit dem Auto zu erreichen, was es zu einem praktischen Ziel f\u00fcr einen Familienausflug macht. Im Sommer sind die Sommerweiden mit Pferden, K\u00fchen und Schafen belegt. Im Winter bietet sich die Gegend f\u00fcr Schneeschuhwanderungen oder einfach nur zum Betrachten im Schnee an.  <\/p>\n<\/div>\n\n\n\n<div class=\"wp-block-column is-vertically-aligned-center rightLeft wp-block-image alignright size-large has-custom-border is-style-simple-right is-layout-flow wp-block-column-is-layout-flow is-style-simple-right--6\" style=\"flex-basis:60%\">\n<figure class=\"wp-block-image alignright size-large\"><img alt=\"parapente\" decoding=\"async\" width=\"1024\" height=\"684\" src=\"https:\/\/www.vap-camping.fr\/wp-content\/uploads\/2025\/05\/AdobeStock_135226020-1024x684.jpeg\" alt=\"\" class=\"wp-image-1128\" srcset=\"https:\/\/www.vap-camping.fr\/wp-content\/uploads\/2025\/05\/AdobeStock_135226020-1024x684.jpeg 1024w, https:\/\/www.vap-camping.fr\/wp-content\/uploads\/2025\/05\/AdobeStock_135226020-600x401.jpeg 600w, https:\/\/www.vap-camping.fr\/wp-content\/uploads\/2025\/05\/AdobeStock_135226020-768x513.jpeg 768w, https:\/\/www.vap-camping.fr\/wp-content\/uploads\/2025\/05\/AdobeStock_135226020-1536x1025.jpeg 1536w, https:\/\/www.vap-camping.fr\/wp-content\/uploads\/2025\/05\/AdobeStock_135226020-2048x1367.jpeg 2048w\" sizes=\"(max-width: 1024px) 100vw, 1024px\" \/><\/figure>\n<\/div>\n<\/div>\n<\/div>\n\n\n\n<div class=\"wp-block-group reveal has-global-padding is-layout-constrained wp-block-group-is-layout-constrained\">\n<div class=\"wp-block-group alignwide is-style-title-simple is-layout-flow wp-block-group-is-layout-flow is-style-title-simple--7\" style=\"margin-top:4rem;margin-bottom:4rem\">\n<p class=\"has-text-align-center has-secondary-color has-text-color has-link-color has-secondary-font-family has-xl-font-size wp-elements-754a17b6465ac1fab313b12ad098c134\">\n  Unsere Einrichtungen<\/p>\n\n\n\n<p class=\"has-text-align-center has-primary-font-family has-sm-font-size\" style=\"text-transform:uppercase\">\n                <strong>in der N\u00e4he<\/strong>\n            <\/p>\n<\/div>\n\n\n<div class=\"campings-wrapper is-layout-flow wp-block-slider-campings-is-layout-flow\">\n            <div class=\"campings-list\">\n                            <div class=\"camping-item\"\n                    style=\"background-image: linear-gradient(to top, rgba(0, 0, 0, 0.6), transparent), url('https:\/\/www.vap-camping.fr\/wp-content\/uploads\/2025\/04\/camping-avec-piscine-1024x767.jpg');\">\n                    <a href=\"https:\/\/www.vap-camping.fr\/de\/campings\/camping-du-lac\/\" title=\"Campingplatz du lac(Foix)\" class=\"camping-link\">\n                        <p class=\"title\">Campingplatz du lac(Foix)<\/p>\n                        <p class=\"camping-button\">Entdecken<\/p>\n                    <\/a>\n                <\/div>\n                    <\/div>\n    <\/div>\n\n<\/div>\n<\/div>\n","protected":false},"excerpt":{"rendered":"<p>Der Prat d&#8217;Albis verwandelt sich im Herbst in ein grandioses Schauspiel zwischen goldenen Bergk\u00e4mmen und Tannenw\u00e4ldern, die in r\u00f6tlichen T\u00f6nen gl\u00fchen und Ihnen ein au\u00dfergew\u00f6hnliches Panorama auf die Pyren\u00e4en bieten. Ein idealer Ort, um Gleitschirmflieger und V\u00f6gel zu beobachten und die Ruhe des Herbstes zu genie\u00dfen. <\/p>\n","protected":false},"author":1,"featured_media":2647,"parent":0,"template":"","format":"standard","tax-category-lieux":[47],"class_list":["post-2643","lieux","type-lieux","status-publish","format-standard","has-post-thumbnail","hentry","tax-category-lieux-parks-de"],"acf":{"latitude":"42.9189109","longitude":"1.5776902","distance":"","pm_lieu_url":"","pm_lieu_phone":"","adresse":"","pm_lieu_title_short":"","af_camping":null},"_links":{"self":[{"href":"https:\/\/www.vap-camping.fr\/de\/wp-json\/wp\/v2\/lieux\/2643","targetHints":{"allow":["GET"]}}],"collection":[{"href":"https:\/\/www.vap-camping.fr\/de\/wp-json\/wp\/v2\/lieux"}],"about":[{"href":"https:\/\/www.vap-camping.fr\/de\/wp-json\/wp\/v2\/types\/lieux"}],"author":[{"embeddable":true,"href":"https:\/\/www.vap-camping.fr\/de\/wp-json\/wp\/v2\/users\/1"}],"version-history":[{"count":1,"href":"https:\/\/www.vap-camping.fr\/de\/wp-json\/wp\/v2\/lieux\/2643\/revisions"}],"predecessor-version":[{"id":2654,"href":"https:\/\/www.vap-camping.fr\/de\/wp-json\/wp\/v2\/lieux\/2643\/revisions\/2654"}],"wp:featuredmedia":[{"embeddable":true,"href":"https:\/\/www.vap-camping.fr\/de\/wp-json\/wp\/v2\/media\/2647"}],"wp:attachment":[{"href":"https:\/\/www.vap-camping.fr\/de\/wp-json\/wp\/v2\/media?parent=2643"}],"wp:term":[{"taxonomy":"tax-category-lieux","embeddable":true,"href":"https:\/\/www.vap-camping.fr\/de\/wp-json\/wp\/v2\/tax-category-lieux?post=2643"}],"curies":[{"name":"wp","href":"https:\/\/api.w.org\/{rel}","templated":true}]}}

<div class="wp-block-group alignfull is-layout-flow wp-container-core-group-is-layout-12cc3699 wp-block-group-is-layout-flow" style="padding-top:10rem">
<div class="wp-block-group has-global-padding is-layout-constrained wp-container-core-group-is-layout-2931b900 wp-block-group-is-layout-constrained">
<div class="wp-block-columns alignfull are-vertically-aligned-center is-layout-flex wp-container-core-columns-is-layout-0c0b91ec wp-block-columns-is-layout-flex">
<div class="wp-block-column is-vertically-aligned-center leftRight is-layout-flow wp-container-core-column-is-layout-58dbe9e9 wp-block-column-is-layout-flow" style="padding-left:10rem;flex-basis:40%">
<div class="wp-block-group is-style-title-left is-layout-flow wp-block-group-is-layout-flow is-style-title-left--1">
<p class="has-secondary-color has-text-color has-link-color has-secondary-font-family has-xl-font-size wp-elements-1e2b5de5da9f2b993c0de2b2d7dd503d">Le Prat d&#8217;Albis</p>



<p class="has-primary-color has-text-color has-link-color has-primary-font-family has-sm-font-size wp-elements-155113978144a70f0c639c5c701d00a1" style="text-transform:uppercase"><strong>natürlicher Balkon mit Blick auf die Pyrenäen</strong></p>
</div>



<h1 class="wp-block-heading text-title">Ein zugänglicher Ort mit einem der schönsten Aussichtspunkte der Ariège.</h1>



<p class="has-m-font-size" style="padding-left:2rem">Nur 15 Autominuten von Foix entfernt liegt der <strong>Prat d&#8217;Albis</strong>, ein großes, grasbewachsenes Plateau auf 1.200 m Höhe. Er ist leicht zugänglich und bietet einen atemberaubenden Blick auf das Tal der Ariège, die Pyrenäengipfel und die Ebene von Toulouse. Ein beliebter Ort zum Wandern, Picknicken und Beobachten.  </p>
</div>



<div class="wp-block-column is-vertically-aligned-center rightLeft wp-block-image alignright size-large has-custom-border is-style-travel is-layout-flow wp-block-column-is-layout-flow is-style-travel--2" style="flex-basis:60%">
<figure class="wp-block-image alignright size-large"><img alt="" decoding="async" width="1024" height="658" src="https://www.vap-camping.fr/wp-content/uploads/2025/05/AdobeStock_354018159-1024x658.jpeg" alt="" class="wp-image-1124" srcset="https://www.vap-camping.fr/wp-content/uploads/2025/05/AdobeStock_354018159-1024x658.jpeg 1024w, https://www.vap-camping.fr/wp-content/uploads/2025/05/AdobeStock_354018159-600x386.jpeg 600w, https://www.vap-camping.fr/wp-content/uploads/2025/05/AdobeStock_354018159-768x494.jpeg 768w, https://www.vap-camping.fr/wp-content/uploads/2025/05/AdobeStock_354018159-1536x987.jpeg 1536w, https://www.vap-camping.fr/wp-content/uploads/2025/05/AdobeStock_354018159-2048x1316.jpeg 2048w" sizes="(max-width: 1024px) 100vw, 1024px" /></figure>
</div>
</div>
</div>



<div class="wp-block-group has-global-padding is-layout-constrained wp-block-group-is-layout-constrained">
<div class="wp-block-columns alignfull are-vertically-aligned-center is-layout-flex wp-container-core-columns-is-layout-0c0b91ec wp-block-columns-is-layout-flex">
<div class="wp-block-column is-vertically-aligned-center wp-block-image alignright size-large has-custom-border is-style-simple-left leftRight is-layout-flow wp-block-column-is-layout-flow is-style-simple-left--3" style="flex-basis:60%">
<figure class="wp-block-image alignleft size-large"><img alt="" decoding="async" width="1024" height="683" src="https://www.vap-camping.fr/wp-content/uploads/2025/05/Prat_dAlbis_2-1024x683.jpg" alt="" class="wp-image-1126" srcset="https://www.vap-camping.fr/wp-content/uploads/2025/05/Prat_dAlbis_2-1024x683.jpg 1024w, https://www.vap-camping.fr/wp-content/uploads/2025/05/Prat_dAlbis_2-600x400.jpg 600w, https://www.vap-camping.fr/wp-content/uploads/2025/05/Prat_dAlbis_2-768x512.jpg 768w, https://www.vap-camping.fr/wp-content/uploads/2025/05/Prat_dAlbis_2-1536x1024.jpg 1536w, https://www.vap-camping.fr/wp-content/uploads/2025/05/Prat_dAlbis_2-2048x1365.jpg 2048w" sizes="(max-width: 1024px) 100vw, 1024px" /></figure>
</div>



<div class="wp-block-column is-vertically-aligned-center rightLeft is-layout-flow wp-container-core-column-is-layout-58dbe9e9 wp-block-column-is-layout-flow" style="padding-left:10rem;flex-basis:40%">
<div class="wp-block-group is-style-title-left is-layout-flow wp-block-group-is-layout-flow is-style-title-left--4">
<p class="has-secondary-color has-text-color has-link-color has-secondary-font-family has-xl-font-size wp-elements-40ac6b171f3c6ae811842854724b9bd3">Wanderungen</p>



<p class="has-primary-color has-text-color has-link-color has-primary-font-family has-sm-font-size wp-elements-e065313da7a0c0928e06ca3d6f0ec171" style="text-transform:uppercase"><strong>Paragliding und Natur in Freiheit</strong></p>
</div>



<h2 class="wp-block-heading text-title">Ein offener Raum zum Gehen, Fliegen oder einfach nur zum Atmen</h2>



<p class="has-m-font-size" style="padding-left:2rem">Mehrere Wanderrouten beginnen auf dem Plateau, mit unterschiedlichen Schwierigkeitsgraden für alle. Sie können den Kamm von Barguillère erreichen, an den Sommerweiden entlang gehen oder zum Gipfel von Soularac für die Sportlicheren klettern. Das Gebiet ist auch ein <strong>bekannter Ort für Paragliding</strong>, mit häufigen Starts bei gutem Wetter.  </p>
</div>
</div>
</div>



<div class="wp-block-group has-global-padding is-layout-constrained wp-block-group-is-layout-constrained">
<div class="wp-block-columns alignfull are-vertically-aligned-center is-layout-flex wp-container-core-columns-is-layout-0c0b91ec wp-block-columns-is-layout-flex">
<div class="wp-block-column is-vertically-aligned-center leftRight is-layout-flow wp-container-core-column-is-layout-58dbe9e9 wp-block-column-is-layout-flow" style="padding-left:10rem;flex-basis:40%">
<div class="wp-block-group is-style-title-left is-layout-flow wp-block-group-is-layout-flow is-style-title-left--5">
<p class="has-secondary-color has-text-color has-link-color has-secondary-font-family has-xl-font-size wp-elements-40fc871ccce6e665aba44237c8300bdc">Eine Familienseite</p>



<p class="has-primary-color has-text-color has-link-color has-primary-font-family has-sm-font-size wp-elements-6875dd29b5cdc0b20e3d9f46d7109a07" style="text-transform:uppercase"><strong>und das ganze Jahr über zugänglich</strong></p>
</div>



<h2 class="wp-block-heading text-title">Ideal für einen Halbtagesausflug von Foix aus.</h2>



<p class="has-m-font-size" style="padding-left:2rem">Über die asphaltierte Straße ist das Plateau leicht mit dem Auto zu erreichen, was es zu einem praktischen Ziel für einen Familienausflug macht. Im Sommer sind die Sommerweiden mit Pferden, Kühen und Schafen belegt. Im Winter bietet sich die Gegend für Schneeschuhwanderungen oder einfach nur zum Betrachten im Schnee an.  </p>
</div>



<div class="wp-block-column is-vertically-aligned-center rightLeft wp-block-image alignright size-large has-custom-border is-style-simple-right is-layout-flow wp-block-column-is-layout-flow is-style-simple-right--6" style="flex-basis:60%">
<figure class="wp-block-image alignright size-large"><img alt="parapente" decoding="async" width="1024" height="684" src="https://www.vap-camping.fr/wp-content/uploads/2025/05/AdobeStock_135226020-1024x684.jpeg" alt="" class="wp-image-1128" srcset="https://www.vap-camping.fr/wp-content/uploads/2025/05/AdobeStock_135226020-1024x684.jpeg 1024w, https://www.vap-camping.fr/wp-content/uploads/2025/05/AdobeStock_135226020-600x401.jpeg 600w, https://www.vap-camping.fr/wp-content/uploads/2025/05/AdobeStock_135226020-768x513.jpeg 768w, https://www.vap-camping.fr/wp-content/uploads/2025/05/AdobeStock_135226020-1536x1025.jpeg 1536w, https://www.vap-camping.fr/wp-content/uploads/2025/05/AdobeStock_135226020-2048x1367.jpeg 2048w" sizes="(max-width: 1024px) 100vw, 1024px" /></figure>
</div>
</div>
</div>



<div class="wp-block-group reveal has-global-padding is-layout-constrained wp-block-group-is-layout-constrained">
<div class="wp-block-group alignwide is-style-title-simple is-layout-flow wp-block-group-is-layout-flow is-style-title-simple--7" style="margin-top:4rem;margin-bottom:4rem">
<p class="has-text-align-center has-secondary-color has-text-color has-link-color has-secondary-font-family has-xl-font-size wp-elements-754a17b6465ac1fab313b12ad098c134">
  Unsere Einrichtungen</p>



<p class="has-text-align-center has-primary-font-family has-sm-font-size" style="text-transform:uppercase">
                <strong>in der Nähe</strong>
            </p>
</div>


<div class="campings-wrapper is-layout-flow wp-block-slider-campings-is-layout-flow">
            <div class="campings-list">
                            <div class="camping-item"
                    style="background-image: linear-gradient(to top, rgba(0, 0, 0, 0.6), transparent), url('https://www.vap-camping.fr/wp-content/uploads/2025/04/camping-avec-piscine-1024x767.jpg');">
                    <a href="https://www.vap-camping.fr/de/campings/camping-du-lac/" title="Campingplatz du lac(Foix)" class="camping-link">
                        <p class="title">Campingplatz du lac(Foix)</p>
                        <p class="camping-button">Entdecken</p>
                    </a>
                </div>
                    </div>
    </div>

</div>
</div>

<p>Der Prat d&#8217;Albis verwandelt sich im Herbst in ein grandioses Schauspiel zwischen goldenen Bergkämmen und Tannenwäldern, die in rötlichen Tönen glühen und Ihnen ein außergewöhnliches Panorama auf die Pyrenäen bieten. Ein idealer Ort, um Gleitschirmflieger und Vögel zu beobachten und die Ruhe des Herbstes zu genießen. </p>
