{"id":2671,"date":"2025-05-09T14:16:38","date_gmt":"2025-05-09T14:16:38","guid":{"rendered":"https:\/\/www.vap-camping.fr\/lieux\/camping-granges-de-cominac\/"},"modified":"2025-07-28T07:24:06","modified_gmt":"2025-07-28T07:24:06","slug":"camping-granges-de-cominac","status":"publish","type":"lieux","link":"https:\/\/www.vap-camping.fr\/de\/lieux\/camping-granges-de-cominac\/","title":{"rendered":"Cominac Scheunen"},"content":{"rendered":"\n<div class=\"wp-block-group alignfull is-layout-flow wp-container-core-group-is-layout-12cc3699 wp-block-group-is-layout-flow\" style=\"padding-top:10rem\">\n<div class=\"wp-block-group has-global-padding is-layout-constrained wp-container-core-group-is-layout-2931b900 wp-block-group-is-layout-constrained\">\n<div class=\"wp-block-columns alignfull are-vertically-aligned-center is-layout-flex wp-container-core-columns-is-layout-0c0b91ec wp-block-columns-is-layout-flex\">\n<div class=\"wp-block-column is-vertically-aligned-center leftRight is-layout-flow wp-container-core-column-is-layout-58dbe9e9 wp-block-column-is-layout-flow\" style=\"padding-left:10rem;flex-basis:40%\">\n<div class=\"wp-block-group is-style-title-left is-layout-flow wp-block-group-is-layout-flow is-style-title-left--1\">\n<p class=\"has-secondary-color has-text-color has-link-color has-secondary-font-family has-xl-font-size wp-elements-86ea1c89fe769db4ff0efc4ccf0c15db\">Les Granges de Cominac<\/p>\n\n\n\n<p class=\"has-primary-color has-text-color has-link-color has-primary-font-family has-sm-font-size wp-elements-02c82eb88a18febb77a69e9d4ae87976\" style=\"text-transform:uppercase\"><strong>Postkarte von Pyr\u00e9n\u00e9es ari\u00e9geoises<\/strong><\/p>\n<\/div>\n\n\n\n<h1 class=\"wp-block-heading text-title\">Ein grandioser Blick auf den Mont Valier<\/h1>\n\n\n\n<p class=\"has-m-font-size\" style=\"padding-left:2rem\">Der Weiler Les <strong>Granges de Cominac<\/strong> liegt im Alet-Tal, in der N\u00e4he von Erc\u00e9 und bietet eines der spektakul\u00e4rsten Panoramen der Ari\u00e8ge. Die alten Scheunen aus Stein mit ihren D\u00e4chern aus Schiefer oder rostigem Blech bilden eine typische Kulisse vor der massiven Silhouette des <strong>Mont Valier<\/strong>. <\/p>\n<\/div>\n\n\n\n<div class=\"wp-block-column is-vertically-aligned-center rightLeft wp-block-image alignright size-large has-custom-border is-style-travel is-layout-flow wp-block-column-is-layout-flow is-style-travel--2\" style=\"flex-basis:60%\">\n<figure class=\"wp-block-image alignright size-large\"><img alt=\"\" decoding=\"async\" width=\"1024\" height=\"683\" src=\"https:\/\/www.vap-camping.fr\/wp-content\/uploads\/2025\/05\/AdobeStock_334128502-1024x683.jpeg\" alt=\"\" class=\"wp-image-1146\" srcset=\"https:\/\/www.vap-camping.fr\/wp-content\/uploads\/2025\/05\/AdobeStock_334128502-1024x683.jpeg 1024w, https:\/\/www.vap-camping.fr\/wp-content\/uploads\/2025\/05\/AdobeStock_334128502-600x400.jpeg 600w, https:\/\/www.vap-camping.fr\/wp-content\/uploads\/2025\/05\/AdobeStock_334128502-768x513.jpeg 768w, https:\/\/www.vap-camping.fr\/wp-content\/uploads\/2025\/05\/AdobeStock_334128502-1536x1025.jpeg 1536w, https:\/\/www.vap-camping.fr\/wp-content\/uploads\/2025\/05\/AdobeStock_334128502-2048x1367.jpeg 2048w\" sizes=\"(max-width: 1024px) 100vw, 1024px\" \/><\/figure>\n<\/div>\n<\/div>\n<\/div>\n\n\n\n<div class=\"wp-block-group has-global-padding is-layout-constrained wp-block-group-is-layout-constrained\">\n<div class=\"wp-block-columns alignfull are-vertically-aligned-center is-layout-flex wp-container-core-columns-is-layout-0c0b91ec wp-block-columns-is-layout-flex\">\n<div class=\"wp-block-column is-vertically-aligned-center wp-block-image alignright size-large has-custom-border is-style-simple-left leftRight is-layout-flow wp-block-column-is-layout-flow is-style-simple-left--3\" style=\"flex-basis:60%\">\n<figure class=\"wp-block-image alignleft size-large\"><img alt=\"\" decoding=\"async\" width=\"1024\" height=\"611\" src=\"https:\/\/www.vap-camping.fr\/wp-content\/uploads\/2025\/05\/AdobeStock_61669775-1024x611.jpeg\" alt=\"\" class=\"wp-image-1144\" srcset=\"https:\/\/www.vap-camping.fr\/wp-content\/uploads\/2025\/05\/AdobeStock_61669775-1024x611.jpeg 1024w, https:\/\/www.vap-camping.fr\/wp-content\/uploads\/2025\/05\/AdobeStock_61669775-600x358.jpeg 600w, https:\/\/www.vap-camping.fr\/wp-content\/uploads\/2025\/05\/AdobeStock_61669775-768x458.jpeg 768w, https:\/\/www.vap-camping.fr\/wp-content\/uploads\/2025\/05\/AdobeStock_61669775-1536x916.jpeg 1536w, https:\/\/www.vap-camping.fr\/wp-content\/uploads\/2025\/05\/AdobeStock_61669775-2048x1222.jpeg 2048w\" sizes=\"(max-width: 1024px) 100vw, 1024px\" \/><\/figure>\n<\/div>\n\n\n\n<div class=\"wp-block-column is-vertically-aligned-center rightLeft is-layout-flow wp-container-core-column-is-layout-58dbe9e9 wp-block-column-is-layout-flow\" style=\"padding-left:10rem;flex-basis:40%\">\n<div class=\"wp-block-group is-style-title-left is-layout-flow wp-block-group-is-layout-flow is-style-title-left--4\">\n<p class=\"has-secondary-color has-text-color has-link-color has-secondary-font-family has-xl-font-size wp-elements-f9ce659cf9e95b152c8a154b8e987acd\">Ein belasteter Ort<\/p>\n\n\n\n<p class=\"has-primary-color has-text-color has-link-color has-primary-font-family has-sm-font-size wp-elements-1649f73162fcce57f7aaea12155069d5\" style=\"text-transform:uppercase\"><strong>aus pastoraler Tradition<\/strong><\/p>\n<\/div>\n\n\n\n<h2 class=\"wp-block-heading text-title\">\u00dcberreste der S\u00f6mmerung und erhaltenes l\u00e4ndliches Erbe<\/h2>\n\n\n\n<p class=\"has-m-font-size\" style=\"padding-left:2rem\">Diese Scheunen dienten fr\u00fcher den Hirten als Unterk\u00fcnfte w\u00e4hrend der Sommermonate. Heute zeugen sie von der l\u00e4ndlichen Architektur der Berge und dem Hirtenleben in Couserans. Einige wurden mit Respekt f\u00fcr die urspr\u00fcnglichen Materialien und Formen restauriert, was dem Ort einen authentischen Charme verleiht.  <\/p>\n<\/div>\n<\/div>\n<\/div>\n\n\n\n<div class=\"wp-block-group has-global-padding is-layout-constrained wp-block-group-is-layout-constrained\">\n<div class=\"wp-block-columns alignfull are-vertically-aligned-center is-layout-flex wp-container-core-columns-is-layout-0c0b91ec wp-block-columns-is-layout-flex\">\n<div class=\"wp-block-column is-vertically-aligned-center leftRight is-layout-flow wp-container-core-column-is-layout-58dbe9e9 wp-block-column-is-layout-flow\" style=\"padding-left:10rem;flex-basis:40%\">\n<div class=\"wp-block-group is-style-title-left is-layout-flow wp-block-group-is-layout-flow is-style-title-left--5\">\n<p class=\"has-secondary-color has-text-color has-link-color has-secondary-font-family has-xl-font-size wp-elements-51ba4863ea70fc6f3bad604b7bda010b\">Eine friedliche Ecke<\/p>\n\n\n\n<p class=\"has-primary-color has-text-color has-link-color has-primary-font-family has-sm-font-size wp-elements-d45213a0682f4377270e2c4f0a2ed430\" style=\"text-transform:uppercase\"><strong>f\u00fcr Liebhaber von Fotografie und Stille<\/strong><\/p>\n<\/div>\n\n\n\n<h2 class=\"wp-block-heading text-title\">Ein Muss bei Sonnenaufgang oder Sonnenuntergang<\/h2>\n\n\n\n<p class=\"has-m-font-size\" style=\"padding-left:2rem\">Die <strong>Granges de Cominac<\/strong> sind bei Fotografen und Landschaftsliebhabern sehr beliebt. In der Morgen- oder Abendd\u00e4mmerung werden die D\u00e4cher, H\u00fcgel und Berge durch das flache Licht hervorgehoben. Es ist auch ein perfekter Ort f\u00fcr ein gem\u00fctliches Picknick oder eine beschauliche Pause.  <\/p>\n<\/div>\n\n\n\n<div class=\"wp-block-column is-vertically-aligned-center rightLeft wp-block-image alignright size-large has-custom-border is-style-travel is-layout-flow wp-block-column-is-layout-flow is-style-travel--6\" style=\"flex-basis:60%\">\n<figure class=\"wp-block-image alignright size-large\"><img alt=\"\" decoding=\"async\" width=\"1024\" height=\"768\" src=\"https:\/\/www.vap-camping.fr\/wp-content\/uploads\/2025\/05\/AdobeStock_5474128-1024x768.jpeg\" alt=\"\" class=\"wp-image-1142\" srcset=\"https:\/\/www.vap-camping.fr\/wp-content\/uploads\/2025\/05\/AdobeStock_5474128-1024x768.jpeg 1024w, https:\/\/www.vap-camping.fr\/wp-content\/uploads\/2025\/05\/AdobeStock_5474128-600x450.jpeg 600w, https:\/\/www.vap-camping.fr\/wp-content\/uploads\/2025\/05\/AdobeStock_5474128-768x576.jpeg 768w, https:\/\/www.vap-camping.fr\/wp-content\/uploads\/2025\/05\/AdobeStock_5474128-1536x1152.jpeg 1536w, https:\/\/www.vap-camping.fr\/wp-content\/uploads\/2025\/05\/AdobeStock_5474128-2048x1536.jpeg 2048w\" sizes=\"(max-width: 1024px) 100vw, 1024px\" \/><\/figure>\n<\/div>\n<\/div>\n<\/div>\n\n\n\n<div class=\"wp-block-group reveal has-global-padding is-layout-constrained wp-block-group-is-layout-constrained\">\n<div class=\"wp-block-group alignwide is-style-title-simple is-layout-flow wp-block-group-is-layout-flow is-style-title-simple--7\" style=\"margin-top:4rem;margin-bottom:4rem\">\n<p class=\"has-text-align-center has-secondary-color has-text-color has-link-color has-secondary-font-family has-xl-font-size wp-elements-754a17b6465ac1fab313b12ad098c134\">\n  Unsere Einrichtungen<\/p>\n\n\n\n<p class=\"has-text-align-center has-primary-font-family has-sm-font-size\" style=\"text-transform:uppercase\">\n                <strong>in der N\u00e4he<\/strong>\n            <\/p>\n<\/div>\n\n\n<div class=\"campings-wrapper is-layout-flow wp-block-slider-campings-is-layout-flow\">\n            <div class=\"campings-list\">\n                            <div class=\"camping-item\"\n                    style=\"background-image: linear-gradient(to top, rgba(0, 0, 0, 0.6), transparent), url('https:\/\/www.vap-camping.fr\/wp-content\/uploads\/2025\/04\/4479-1024x461.jpeg');\">\n                    <a href=\"https:\/\/www.vap-camping.fr\/de\/campings\/camping-le-bourdieu\/\" title=\"Campingplatz Le Bourdieu\" class=\"camping-link\">\n                        <p class=\"title\">Campingplatz Le Bourdieu<\/p>\n                        <p class=\"camping-button\">Entdecken<\/p>\n                    <\/a>\n                <\/div>\n                    <\/div>\n    <\/div>\n\n<\/div>\n<\/div>\n","protected":false},"excerpt":{"rendered":"<p>Die Granges de Cominac mit ihrer einzigartigen Architektur sind ein Muss f\u00fcr Liebhaber von Wanderungen und authentischen Landschaften. Im Herbst erstrahlen die umliegenden Berge in warmen Farben und bieten eine perfekte Kulisse f\u00fcr einen Spaziergang. Ein idealer Ort, um die Sch\u00f6nheit des Herbstes in der Ari\u00e8ge zu genie\u00dfen.  <\/p>\n","protected":false},"author":1,"featured_media":2681,"parent":0,"template":"","format":"standard","tax-category-lieux":[50,48],"class_list":["post-2671","lieux","type-lieux","status-publish","format-standard","has-post-thumbnail","hentry","tax-category-lieux-aktivitaten","tax-category-lieux-stadte-dorfer"],"acf":{"latitude":"42.8662527","longitude":"1.2542033","distance":"","pm_lieu_url":"","pm_lieu_phone":"","adresse":"","pm_lieu_title_short":"","af_camping":[108]},"_links":{"self":[{"href":"https:\/\/www.vap-camping.fr\/de\/wp-json\/wp\/v2\/lieux\/2671","targetHints":{"allow":["GET"]}}],"collection":[{"href":"https:\/\/www.vap-camping.fr\/de\/wp-json\/wp\/v2\/lieux"}],"about":[{"href":"https:\/\/www.vap-camping.fr\/de\/wp-json\/wp\/v2\/types\/lieux"}],"author":[{"embeddable":true,"href":"https:\/\/www.vap-camping.fr\/de\/wp-json\/wp\/v2\/users\/1"}],"version-history":[{"count":1,"href":"https:\/\/www.vap-camping.fr\/de\/wp-json\/wp\/v2\/lieux\/2671\/revisions"}],"predecessor-version":[{"id":2683,"href":"https:\/\/www.vap-camping.fr\/de\/wp-json\/wp\/v2\/lieux\/2671\/revisions\/2683"}],"acf:post":[{"embeddable":true,"href":"https:\/\/www.vap-camping.fr\/de\/wp-json\/wp\/v2\/campings\/108"}],"wp:featuredmedia":[{"embeddable":true,"href":"https:\/\/www.vap-camping.fr\/de\/wp-json\/wp\/v2\/media\/2681"}],"wp:attachment":[{"href":"https:\/\/www.vap-camping.fr\/de\/wp-json\/wp\/v2\/media?parent=2671"}],"wp:term":[{"taxonomy":"tax-category-lieux","embeddable":true,"href":"https:\/\/www.vap-camping.fr\/de\/wp-json\/wp\/v2\/tax-category-lieux?post=2671"}],"curies":[{"name":"wp","href":"https:\/\/api.w.org\/{rel}","templated":true}]}}

<div class="wp-block-group alignfull is-layout-flow wp-container-core-group-is-layout-12cc3699 wp-block-group-is-layout-flow" style="padding-top:10rem">
<div class="wp-block-group has-global-padding is-layout-constrained wp-container-core-group-is-layout-2931b900 wp-block-group-is-layout-constrained">
<div class="wp-block-columns alignfull are-vertically-aligned-center is-layout-flex wp-container-core-columns-is-layout-0c0b91ec wp-block-columns-is-layout-flex">
<div class="wp-block-column is-vertically-aligned-center leftRight is-layout-flow wp-container-core-column-is-layout-58dbe9e9 wp-block-column-is-layout-flow" style="padding-left:10rem;flex-basis:40%">
<div class="wp-block-group is-style-title-left is-layout-flow wp-block-group-is-layout-flow is-style-title-left--1">
<p class="has-secondary-color has-text-color has-link-color has-secondary-font-family has-xl-font-size wp-elements-86ea1c89fe769db4ff0efc4ccf0c15db">Les Granges de Cominac</p>



<p class="has-primary-color has-text-color has-link-color has-primary-font-family has-sm-font-size wp-elements-02c82eb88a18febb77a69e9d4ae87976" style="text-transform:uppercase"><strong>Postkarte von Pyrénées ariégeoises</strong></p>
</div>



<h1 class="wp-block-heading text-title">Ein grandioser Blick auf den Mont Valier</h1>



<p class="has-m-font-size" style="padding-left:2rem">Der Weiler Les <strong>Granges de Cominac</strong> liegt im Alet-Tal, in der Nähe von Ercé und bietet eines der spektakulärsten Panoramen der Ariège. Die alten Scheunen aus Stein mit ihren Dächern aus Schiefer oder rostigem Blech bilden eine typische Kulisse vor der massiven Silhouette des <strong>Mont Valier</strong>. </p>
</div>



<div class="wp-block-column is-vertically-aligned-center rightLeft wp-block-image alignright size-large has-custom-border is-style-travel is-layout-flow wp-block-column-is-layout-flow is-style-travel--2" style="flex-basis:60%">
<figure class="wp-block-image alignright size-large"><img alt="" decoding="async" width="1024" height="683" src="https://www.vap-camping.fr/wp-content/uploads/2025/05/AdobeStock_334128502-1024x683.jpeg" alt="" class="wp-image-1146" srcset="https://www.vap-camping.fr/wp-content/uploads/2025/05/AdobeStock_334128502-1024x683.jpeg 1024w, https://www.vap-camping.fr/wp-content/uploads/2025/05/AdobeStock_334128502-600x400.jpeg 600w, https://www.vap-camping.fr/wp-content/uploads/2025/05/AdobeStock_334128502-768x513.jpeg 768w, https://www.vap-camping.fr/wp-content/uploads/2025/05/AdobeStock_334128502-1536x1025.jpeg 1536w, https://www.vap-camping.fr/wp-content/uploads/2025/05/AdobeStock_334128502-2048x1367.jpeg 2048w" sizes="(max-width: 1024px) 100vw, 1024px" /></figure>
</div>
</div>
</div>



<div class="wp-block-group has-global-padding is-layout-constrained wp-block-group-is-layout-constrained">
<div class="wp-block-columns alignfull are-vertically-aligned-center is-layout-flex wp-container-core-columns-is-layout-0c0b91ec wp-block-columns-is-layout-flex">
<div class="wp-block-column is-vertically-aligned-center wp-block-image alignright size-large has-custom-border is-style-simple-left leftRight is-layout-flow wp-block-column-is-layout-flow is-style-simple-left--3" style="flex-basis:60%">
<figure class="wp-block-image alignleft size-large"><img alt="" decoding="async" width="1024" height="611" src="https://www.vap-camping.fr/wp-content/uploads/2025/05/AdobeStock_61669775-1024x611.jpeg" alt="" class="wp-image-1144" srcset="https://www.vap-camping.fr/wp-content/uploads/2025/05/AdobeStock_61669775-1024x611.jpeg 1024w, https://www.vap-camping.fr/wp-content/uploads/2025/05/AdobeStock_61669775-600x358.jpeg 600w, https://www.vap-camping.fr/wp-content/uploads/2025/05/AdobeStock_61669775-768x458.jpeg 768w, https://www.vap-camping.fr/wp-content/uploads/2025/05/AdobeStock_61669775-1536x916.jpeg 1536w, https://www.vap-camping.fr/wp-content/uploads/2025/05/AdobeStock_61669775-2048x1222.jpeg 2048w" sizes="(max-width: 1024px) 100vw, 1024px" /></figure>
</div>



<div class="wp-block-column is-vertically-aligned-center rightLeft is-layout-flow wp-container-core-column-is-layout-58dbe9e9 wp-block-column-is-layout-flow" style="padding-left:10rem;flex-basis:40%">
<div class="wp-block-group is-style-title-left is-layout-flow wp-block-group-is-layout-flow is-style-title-left--4">
<p class="has-secondary-color has-text-color has-link-color has-secondary-font-family has-xl-font-size wp-elements-f9ce659cf9e95b152c8a154b8e987acd">Ein belasteter Ort</p>



<p class="has-primary-color has-text-color has-link-color has-primary-font-family has-sm-font-size wp-elements-1649f73162fcce57f7aaea12155069d5" style="text-transform:uppercase"><strong>aus pastoraler Tradition</strong></p>
</div>



<h2 class="wp-block-heading text-title">Überreste der Sömmerung und erhaltenes ländliches Erbe</h2>



<p class="has-m-font-size" style="padding-left:2rem">Diese Scheunen dienten früher den Hirten als Unterkünfte während der Sommermonate. Heute zeugen sie von der ländlichen Architektur der Berge und dem Hirtenleben in Couserans. Einige wurden mit Respekt für die ursprünglichen Materialien und Formen restauriert, was dem Ort einen authentischen Charme verleiht.  </p>
</div>
</div>
</div>



<div class="wp-block-group has-global-padding is-layout-constrained wp-block-group-is-layout-constrained">
<div class="wp-block-columns alignfull are-vertically-aligned-center is-layout-flex wp-container-core-columns-is-layout-0c0b91ec wp-block-columns-is-layout-flex">
<div class="wp-block-column is-vertically-aligned-center leftRight is-layout-flow wp-container-core-column-is-layout-58dbe9e9 wp-block-column-is-layout-flow" style="padding-left:10rem;flex-basis:40%">
<div class="wp-block-group is-style-title-left is-layout-flow wp-block-group-is-layout-flow is-style-title-left--5">
<p class="has-secondary-color has-text-color has-link-color has-secondary-font-family has-xl-font-size wp-elements-51ba4863ea70fc6f3bad604b7bda010b">Eine friedliche Ecke</p>



<p class="has-primary-color has-text-color has-link-color has-primary-font-family has-sm-font-size wp-elements-d45213a0682f4377270e2c4f0a2ed430" style="text-transform:uppercase"><strong>für Liebhaber von Fotografie und Stille</strong></p>
</div>



<h2 class="wp-block-heading text-title">Ein Muss bei Sonnenaufgang oder Sonnenuntergang</h2>



<p class="has-m-font-size" style="padding-left:2rem">Die <strong>Granges de Cominac</strong> sind bei Fotografen und Landschaftsliebhabern sehr beliebt. In der Morgen- oder Abenddämmerung werden die Dächer, Hügel und Berge durch das flache Licht hervorgehoben. Es ist auch ein perfekter Ort für ein gemütliches Picknick oder eine beschauliche Pause.  </p>
</div>



<div class="wp-block-column is-vertically-aligned-center rightLeft wp-block-image alignright size-large has-custom-border is-style-travel is-layout-flow wp-block-column-is-layout-flow is-style-travel--6" style="flex-basis:60%">
<figure class="wp-block-image alignright size-large"><img alt="" decoding="async" width="1024" height="768" src="https://www.vap-camping.fr/wp-content/uploads/2025/05/AdobeStock_5474128-1024x768.jpeg" alt="" class="wp-image-1142" srcset="https://www.vap-camping.fr/wp-content/uploads/2025/05/AdobeStock_5474128-1024x768.jpeg 1024w, https://www.vap-camping.fr/wp-content/uploads/2025/05/AdobeStock_5474128-600x450.jpeg 600w, https://www.vap-camping.fr/wp-content/uploads/2025/05/AdobeStock_5474128-768x576.jpeg 768w, https://www.vap-camping.fr/wp-content/uploads/2025/05/AdobeStock_5474128-1536x1152.jpeg 1536w, https://www.vap-camping.fr/wp-content/uploads/2025/05/AdobeStock_5474128-2048x1536.jpeg 2048w" sizes="(max-width: 1024px) 100vw, 1024px" /></figure>
</div>
</div>
</div>



<div class="wp-block-group reveal has-global-padding is-layout-constrained wp-block-group-is-layout-constrained">
<div class="wp-block-group alignwide is-style-title-simple is-layout-flow wp-block-group-is-layout-flow is-style-title-simple--7" style="margin-top:4rem;margin-bottom:4rem">
<p class="has-text-align-center has-secondary-color has-text-color has-link-color has-secondary-font-family has-xl-font-size wp-elements-754a17b6465ac1fab313b12ad098c134">
  Unsere Einrichtungen</p>



<p class="has-text-align-center has-primary-font-family has-sm-font-size" style="text-transform:uppercase">
                <strong>in der Nähe</strong>
            </p>
</div>


<div class="campings-wrapper is-layout-flow wp-block-slider-campings-is-layout-flow">
            <div class="campings-list">
                            <div class="camping-item"
                    style="background-image: linear-gradient(to top, rgba(0, 0, 0, 0.6), transparent), url('https://www.vap-camping.fr/wp-content/uploads/2025/04/4479-1024x461.jpeg');">
                    <a href="https://www.vap-camping.fr/de/campings/camping-le-bourdieu/" title="Campingplatz Le Bourdieu" class="camping-link">
                        <p class="title">Campingplatz Le Bourdieu</p>
                        <p class="camping-button">Entdecken</p>
                    </a>
                </div>
                    </div>
    </div>

</div>
</div>

<p>Die Granges de Cominac mit ihrer einzigartigen Architektur sind ein Muss für Liebhaber von Wanderungen und authentischen Landschaften. Im Herbst erstrahlen die umliegenden Berge in warmen Farben und bieten eine perfekte Kulisse für einen Spaziergang. Ein idealer Ort, um die Schönheit des Herbstes in der Ariège zu genießen.  </p>
