{"id":2684,"date":"2025-05-09T14:08:01","date_gmt":"2025-05-09T14:08:01","guid":{"rendered":"https:\/\/www.vap-camping.fr\/lieux\/camping-village-des-cabannes\/"},"modified":"2026-02-05T09:29:43","modified_gmt":"2026-02-05T09:29:43","slug":"camping-village-des-cabannes","status":"publish","type":"lieux","link":"https:\/\/www.vap-camping.fr\/de\/lieux\/camping-village-des-cabannes\/","title":{"rendered":"Dorf Les Cabannes"},"content":{"rendered":"\n<div class=\"wp-block-group alignfull is-layout-flow wp-container-core-group-is-layout-12cc3699 wp-block-group-is-layout-flow\" style=\"padding-top:10rem\">\n<div class=\"wp-block-group has-global-padding is-layout-constrained wp-container-core-group-is-layout-2931b900 wp-block-group-is-layout-constrained\">\n<div class=\"wp-block-columns alignfull are-vertically-aligned-center is-layout-flex wp-container-core-columns-is-layout-0c0b91ec wp-block-columns-is-layout-flex\">\n<div class=\"wp-block-column is-vertically-aligned-center leftRight is-layout-flow wp-container-core-column-is-layout-58dbe9e9 wp-block-column-is-layout-flow\" style=\"padding-left:10rem;flex-basis:40%\">\n<div class=\"wp-block-group is-style-title-left is-layout-flow wp-block-group-is-layout-flow is-style-title-left--1\">\n<p class=\"has-secondary-color has-text-color has-link-color has-secondary-font-family has-xl-font-size wp-elements-054b056a4a3ddce141ef4230594e253f\">Les Cabannes<\/p>\n\n\n\n<p class=\"has-primary-color has-text-color has-link-color has-primary-font-family has-sm-font-size wp-elements-27f25b98099829e5a50cb388fa43797d\" style=\"text-transform:uppercase\"><strong>Eingangstor zu den Ari\u00e8ge-Bergen<\/strong><\/p>\n<\/div>\n\n\n\n<h1 class=\"wp-block-heading text-title\">Ein friedliches Dorf zwischen dem Tal der Ari\u00e8ge und dem Plateau de Beille<\/h1>\n\n\n\n<p class=\"has-m-font-size\" style=\"padding-left:2rem\">Das Dorf Les <strong>Cabannes<\/strong> liegt auf 530 m H\u00f6he am Fu\u00dfe der Pyren\u00e4en und ist eine strategische Etappe f\u00fcr die Erkundung der oberen Ari\u00e8ge. Der Ort liegt am Fluss Ari\u00e8ge und besticht durch seine ruhige Atmosph\u00e4re, den lokalen Markt und den direkten Zugang zu zahlreichen Aktivit\u00e4ten in der freien Natur.<\/p>\n<\/div>\n\n\n\n<div class=\"wp-block-column is-vertically-aligned-center rightLeft wp-block-image alignright size-large has-custom-border is-style-travel is-layout-flow wp-block-column-is-layout-flow is-style-travel--2\" style=\"flex-basis:60%\">\n<figure class=\"wp-block-image alignright size-large\"><img alt=\"\" decoding=\"async\" width=\"1024\" height=\"683\" src=\"https:\/\/www.vap-camping.fr\/wp-content\/uploads\/2025\/05\/AdobeStock_124848611-1024x683.jpeg\" alt=\"\" class=\"wp-image-1132\" style=\"aspect-ratio:3\/2;object-fit:cover\" srcset=\"https:\/\/www.vap-camping.fr\/wp-content\/uploads\/2025\/05\/AdobeStock_124848611-1024x683.jpeg 1024w, https:\/\/www.vap-camping.fr\/wp-content\/uploads\/2025\/05\/AdobeStock_124848611-600x400.jpeg 600w, https:\/\/www.vap-camping.fr\/wp-content\/uploads\/2025\/05\/AdobeStock_124848611-768x512.jpeg 768w, https:\/\/www.vap-camping.fr\/wp-content\/uploads\/2025\/05\/AdobeStock_124848611-1536x1024.jpeg 1536w, https:\/\/www.vap-camping.fr\/wp-content\/uploads\/2025\/05\/AdobeStock_124848611-2048x1365.jpeg 2048w\" sizes=\"(max-width: 1024px) 100vw, 1024px\" \/><\/figure>\n<\/div>\n<\/div>\n<\/div>\n\n\n\n<div class=\"wp-block-group has-global-padding is-layout-constrained wp-block-group-is-layout-constrained\">\n<div class=\"wp-block-columns alignfull are-vertically-aligned-center is-layout-flex wp-container-core-columns-is-layout-0c0b91ec wp-block-columns-is-layout-flex\">\n<div class=\"wp-block-column is-vertically-aligned-center wp-block-image alignright size-large has-custom-border is-style-simple-left leftRight is-layout-flow wp-block-column-is-layout-flow is-style-simple-left--3\" style=\"flex-basis:60%\">\n<figure class=\"wp-block-image alignleft size-large\"><img alt=\"\" decoding=\"async\" width=\"1024\" height=\"576\" src=\"https:\/\/www.vap-camping.fr\/wp-content\/uploads\/2025\/05\/AdobeStock_125131383-1024x576.jpeg\" alt=\"\" class=\"wp-image-1134\" srcset=\"https:\/\/www.vap-camping.fr\/wp-content\/uploads\/2025\/05\/AdobeStock_125131383-1024x576.jpeg 1024w, https:\/\/www.vap-camping.fr\/wp-content\/uploads\/2025\/05\/AdobeStock_125131383-600x338.jpeg 600w, https:\/\/www.vap-camping.fr\/wp-content\/uploads\/2025\/05\/AdobeStock_125131383-768x432.jpeg 768w, https:\/\/www.vap-camping.fr\/wp-content\/uploads\/2025\/05\/AdobeStock_125131383-1536x864.jpeg 1536w, https:\/\/www.vap-camping.fr\/wp-content\/uploads\/2025\/05\/AdobeStock_125131383-2048x1152.jpeg 2048w\" sizes=\"(max-width: 1024px) 100vw, 1024px\" \/><\/figure>\n<\/div>\n\n\n\n<div class=\"wp-block-column is-vertically-aligned-center rightLeft is-layout-flow wp-container-core-column-is-layout-58dbe9e9 wp-block-column-is-layout-flow\" style=\"padding-left:10rem;flex-basis:40%\">\n<div class=\"wp-block-group is-style-title-left is-layout-flow wp-block-group-is-layout-flow is-style-title-left--4\">\n<p class=\"has-secondary-color has-text-color has-link-color has-secondary-font-family has-xl-font-size wp-elements-0263d0a9680ad43943dfaba1d6f6612f\">Ein authentisches Dorf<\/p>\n\n\n\n<p class=\"has-primary-color has-text-color has-link-color has-primary-font-family has-sm-font-size wp-elements-c9f37919a4a4fa51fe60a4d202d8b454\" style=\"text-transform:uppercase\"><strong>und einladend<\/strong><\/p>\n<\/div>\n\n\n\n<h2 class=\"wp-block-heading text-title\">Markt, Kunsthandwerk und l\u00e4ndliches Erbe im Hintergrund<\/h2>\n\n\n\n<p class=\"has-m-font-size\" style=\"padding-left:2rem\">In den Gassen von Les Cabannes finden Sie h\u00fcbsche traditionelle H\u00e4user, ein bescheidenes, aber gut erhaltenes Erbe und ein lebendiges Ortsleben. Auf dem kleinen Wochenmarkt werden Bergprodukte angeboten, und mehrere Unterk\u00fcnfte und Restaurants hei\u00dfen das ganze Jahr \u00fcber Besucher willkommen.<\/p>\n<\/div>\n<\/div>\n<\/div>\n\n\n\n<div class=\"wp-block-group has-global-padding is-layout-constrained wp-block-group-is-layout-constrained\">\n<div class=\"wp-block-columns alignfull are-vertically-aligned-center is-layout-flex wp-container-core-columns-is-layout-0c0b91ec wp-block-columns-is-layout-flex\">\n<div class=\"wp-block-column is-vertically-aligned-center leftRight is-layout-flow wp-container-core-column-is-layout-58dbe9e9 wp-block-column-is-layout-flow\" style=\"padding-left:10rem;flex-basis:40%\">\n<div class=\"wp-block-group is-style-title-left is-layout-flow wp-block-group-is-layout-flow is-style-title-left--5\">\n<p class=\"has-secondary-color has-text-color has-link-color has-secondary-font-family has-xl-font-size wp-elements-cacdb53a5bebb7793adf79fd4f330ae3\">Aktivit\u00e4ten f\u00fcr alle<\/p>\n\n\n\n<p class=\"has-primary-color has-text-color has-link-color has-primary-font-family has-sm-font-size wp-elements-4788bf93e19dffccaee69bb753e31e79\" style=\"text-transform:uppercase\"><strong>in allen Jahreszeiten<\/strong><\/p>\n<\/div>\n\n\n\n<h2 class=\"wp-block-heading text-title\">Schneeschuhwandern, Radfahren, Skilanglauf oder einfach nur ein Spaziergang in der Natur<\/h2>\n\n\n\n<p class=\"has-m-font-size\" style=\"padding-left:2rem\">Sowohl im Sommer als auch im Winter k\u00f6nnen Sie in der Gegend von Les Cabannes zahlreiche Aktivit\u00e4ten aus\u00fcben: <strong>Nordischer Skilauf in Beille<\/strong>, Mountainbiking, Ausritte, Wanderungen zum Col de Marmare&#8230; oder einfach nur Entspannung in den Bergen, weit weg von den Menschenmassen.<\/p>\n<\/div>\n\n\n\n<div class=\"wp-block-column is-vertically-aligned-center rightLeft wp-block-image alignright size-large has-custom-border is-style-simple-right is-layout-flow wp-block-column-is-layout-flow is-style-simple-right--6\" style=\"flex-basis:60%\">\n<figure class=\"wp-block-image alignright size-large\"><img alt=\"\" decoding=\"async\" width=\"1024\" height=\"466\" src=\"https:\/\/www.vap-camping.fr\/wp-content\/uploads\/2025\/05\/AdobeStock_179276794-1024x466.jpeg\" alt=\"\" class=\"wp-image-1136\" style=\"aspect-ratio:3\/2;object-fit:cover\" srcset=\"https:\/\/www.vap-camping.fr\/wp-content\/uploads\/2025\/05\/AdobeStock_179276794-1024x466.jpeg 1024w, https:\/\/www.vap-camping.fr\/wp-content\/uploads\/2025\/05\/AdobeStock_179276794-600x273.jpeg 600w, https:\/\/www.vap-camping.fr\/wp-content\/uploads\/2025\/05\/AdobeStock_179276794-768x349.jpeg 768w, https:\/\/www.vap-camping.fr\/wp-content\/uploads\/2025\/05\/AdobeStock_179276794-1536x698.jpeg 1536w, https:\/\/www.vap-camping.fr\/wp-content\/uploads\/2025\/05\/AdobeStock_179276794-2048x931.jpeg 2048w\" sizes=\"(max-width: 1024px) 100vw, 1024px\" \/><\/figure>\n<\/div>\n<\/div>\n<\/div>\n\n\n\n<div class=\"wp-block-group reveal has-global-padding is-layout-constrained wp-block-group-is-layout-constrained\">\n<div class=\"wp-block-group alignwide is-style-title-simple is-layout-flow wp-block-group-is-layout-flow is-style-title-simple--7\" style=\"margin-top:4rem;margin-bottom:4rem\">\n<p class=\"has-text-align-center has-secondary-color has-text-color has-link-color has-secondary-font-family has-xl-font-size wp-elements-754a17b6465ac1fab313b12ad098c134\">\n  Unsere Einrichtungen<\/p>\n\n\n\n<p class=\"has-text-align-center has-primary-font-family has-sm-font-size\" style=\"text-transform:uppercase\">\n                <strong>in der N\u00e4he<\/strong>\n            <\/p>\n<\/div>\n\n\n<div class=\"campings-wrapper is-layout-flow wp-block-slider-campings-is-layout-flow\">\n            <div class=\"campings-list\">\n                            <div class=\"camping-item\"\n                    style=\"background-image: linear-gradient(to top, rgba(0, 0, 0, 0.6), transparent), url('https:\/\/www.vap-camping.fr\/wp-content\/uploads\/2025\/04\/img_5291-1024x768-1.jpg');\">\n                    <a href=\"https:\/\/www.vap-camping.fr\/de\/campings\/complexe-des-oustalous\/\" title=\"Oustalous-Komplex\" class=\"camping-link\">\n                        <p class=\"title\">Oustalous-Komplex<\/p>\n                        <p class=\"camping-button\">Entdecken<\/p>\n                    <\/a>\n                <\/div>\n                    <\/div>\n    <\/div>\n\n<\/div>\n<\/div>\n","protected":false},"excerpt":{"rendered":"<p>Das Dorf Les Cabannes liegt am Fu\u00dfe des Plateau de Beille und bietet eine Vielzahl von Sommeraktivit\u00e4ten. Wer den Nervenkitzel liebt, kann sich im Kanu, Kajak oder Rafting auf dem Lac de Bouan mit der Wassersportbasis Waterploof versuchen. Naturliebhaber k\u00f6nnen auf dem Plateau de Beille wandern oder reiten.<\/p>\n","protected":false},"author":1,"featured_media":2688,"parent":0,"template":"","format":"standard","tax-category-lieux":[48],"class_list":["post-2684","lieux","type-lieux","status-publish","format-standard","has-post-thumbnail","hentry","tax-category-lieux-stadte-dorfer"],"acf":{"latitude":"42.784747","longitude":"  1.685754","distance":0.6,"pm_lieu_url":"","pm_lieu_phone":"","adresse":"","pm_lieu_title_short":"","af_camping":[105]},"_links":{"self":[{"href":"https:\/\/www.vap-camping.fr\/de\/wp-json\/wp\/v2\/lieux\/2684","targetHints":{"allow":["GET"]}}],"collection":[{"href":"https:\/\/www.vap-camping.fr\/de\/wp-json\/wp\/v2\/lieux"}],"about":[{"href":"https:\/\/www.vap-camping.fr\/de\/wp-json\/wp\/v2\/types\/lieux"}],"author":[{"embeddable":true,"href":"https:\/\/www.vap-camping.fr\/de\/wp-json\/wp\/v2\/users\/1"}],"version-history":[{"count":2,"href":"https:\/\/www.vap-camping.fr\/de\/wp-json\/wp\/v2\/lieux\/2684\/revisions"}],"predecessor-version":[{"id":6995,"href":"https:\/\/www.vap-camping.fr\/de\/wp-json\/wp\/v2\/lieux\/2684\/revisions\/6995"}],"acf:post":[{"embeddable":true,"href":"https:\/\/www.vap-camping.fr\/de\/wp-json\/wp\/v2\/campings\/105"}],"wp:featuredmedia":[{"embeddable":true,"href":"https:\/\/www.vap-camping.fr\/de\/wp-json\/wp\/v2\/media\/2688"}],"wp:attachment":[{"href":"https:\/\/www.vap-camping.fr\/de\/wp-json\/wp\/v2\/media?parent=2684"}],"wp:term":[{"taxonomy":"tax-category-lieux","embeddable":true,"href":"https:\/\/www.vap-camping.fr\/de\/wp-json\/wp\/v2\/tax-category-lieux?post=2684"}],"curies":[{"name":"wp","href":"https:\/\/api.w.org\/{rel}","templated":true}]}}

<div class="wp-block-group alignfull is-layout-flow wp-container-core-group-is-layout-12cc3699 wp-block-group-is-layout-flow" style="padding-top:10rem">
<div class="wp-block-group has-global-padding is-layout-constrained wp-container-core-group-is-layout-2931b900 wp-block-group-is-layout-constrained">
<div class="wp-block-columns alignfull are-vertically-aligned-center is-layout-flex wp-container-core-columns-is-layout-0c0b91ec wp-block-columns-is-layout-flex">
<div class="wp-block-column is-vertically-aligned-center leftRight is-layout-flow wp-container-core-column-is-layout-58dbe9e9 wp-block-column-is-layout-flow" style="padding-left:10rem;flex-basis:40%">
<div class="wp-block-group is-style-title-left is-layout-flow wp-block-group-is-layout-flow is-style-title-left--1">
<p class="has-secondary-color has-text-color has-link-color has-secondary-font-family has-xl-font-size wp-elements-054b056a4a3ddce141ef4230594e253f">Les Cabannes</p>



<p class="has-primary-color has-text-color has-link-color has-primary-font-family has-sm-font-size wp-elements-27f25b98099829e5a50cb388fa43797d" style="text-transform:uppercase"><strong>Eingangstor zu den Ariège-Bergen</strong></p>
</div>



<h1 class="wp-block-heading text-title">Ein friedliches Dorf zwischen dem Tal der Ariège und dem Plateau de Beille</h1>



<p class="has-m-font-size" style="padding-left:2rem">Das Dorf Les <strong>Cabannes</strong> liegt auf 530 m Höhe am Fuße der Pyrenäen und ist eine strategische Etappe für die Erkundung der oberen Ariège. Der Ort liegt am Fluss Ariège und besticht durch seine ruhige Atmosphäre, den lokalen Markt und den direkten Zugang zu zahlreichen Aktivitäten in der freien Natur.</p>
</div>



<div class="wp-block-column is-vertically-aligned-center rightLeft wp-block-image alignright size-large has-custom-border is-style-travel is-layout-flow wp-block-column-is-layout-flow is-style-travel--2" style="flex-basis:60%">
<figure class="wp-block-image alignright size-large"><img alt="" decoding="async" width="1024" height="683" src="https://www.vap-camping.fr/wp-content/uploads/2025/05/AdobeStock_124848611-1024x683.jpeg" alt="" class="wp-image-1132" style="aspect-ratio:3/2;object-fit:cover" srcset="https://www.vap-camping.fr/wp-content/uploads/2025/05/AdobeStock_124848611-1024x683.jpeg 1024w, https://www.vap-camping.fr/wp-content/uploads/2025/05/AdobeStock_124848611-600x400.jpeg 600w, https://www.vap-camping.fr/wp-content/uploads/2025/05/AdobeStock_124848611-768x512.jpeg 768w, https://www.vap-camping.fr/wp-content/uploads/2025/05/AdobeStock_124848611-1536x1024.jpeg 1536w, https://www.vap-camping.fr/wp-content/uploads/2025/05/AdobeStock_124848611-2048x1365.jpeg 2048w" sizes="(max-width: 1024px) 100vw, 1024px" /></figure>
</div>
</div>
</div>



<div class="wp-block-group has-global-padding is-layout-constrained wp-block-group-is-layout-constrained">
<div class="wp-block-columns alignfull are-vertically-aligned-center is-layout-flex wp-container-core-columns-is-layout-0c0b91ec wp-block-columns-is-layout-flex">
<div class="wp-block-column is-vertically-aligned-center wp-block-image alignright size-large has-custom-border is-style-simple-left leftRight is-layout-flow wp-block-column-is-layout-flow is-style-simple-left--3" style="flex-basis:60%">
<figure class="wp-block-image alignleft size-large"><img alt="" decoding="async" width="1024" height="576" src="https://www.vap-camping.fr/wp-content/uploads/2025/05/AdobeStock_125131383-1024x576.jpeg" alt="" class="wp-image-1134" srcset="https://www.vap-camping.fr/wp-content/uploads/2025/05/AdobeStock_125131383-1024x576.jpeg 1024w, https://www.vap-camping.fr/wp-content/uploads/2025/05/AdobeStock_125131383-600x338.jpeg 600w, https://www.vap-camping.fr/wp-content/uploads/2025/05/AdobeStock_125131383-768x432.jpeg 768w, https://www.vap-camping.fr/wp-content/uploads/2025/05/AdobeStock_125131383-1536x864.jpeg 1536w, https://www.vap-camping.fr/wp-content/uploads/2025/05/AdobeStock_125131383-2048x1152.jpeg 2048w" sizes="(max-width: 1024px) 100vw, 1024px" /></figure>
</div>



<div class="wp-block-column is-vertically-aligned-center rightLeft is-layout-flow wp-container-core-column-is-layout-58dbe9e9 wp-block-column-is-layout-flow" style="padding-left:10rem;flex-basis:40%">
<div class="wp-block-group is-style-title-left is-layout-flow wp-block-group-is-layout-flow is-style-title-left--4">
<p class="has-secondary-color has-text-color has-link-color has-secondary-font-family has-xl-font-size wp-elements-0263d0a9680ad43943dfaba1d6f6612f">Ein authentisches Dorf</p>



<p class="has-primary-color has-text-color has-link-color has-primary-font-family has-sm-font-size wp-elements-c9f37919a4a4fa51fe60a4d202d8b454" style="text-transform:uppercase"><strong>und einladend</strong></p>
</div>



<h2 class="wp-block-heading text-title">Markt, Kunsthandwerk und ländliches Erbe im Hintergrund</h2>



<p class="has-m-font-size" style="padding-left:2rem">In den Gassen von Les Cabannes finden Sie hübsche traditionelle Häuser, ein bescheidenes, aber gut erhaltenes Erbe und ein lebendiges Ortsleben. Auf dem kleinen Wochenmarkt werden Bergprodukte angeboten, und mehrere Unterkünfte und Restaurants heißen das ganze Jahr über Besucher willkommen.</p>
</div>
</div>
</div>



<div class="wp-block-group has-global-padding is-layout-constrained wp-block-group-is-layout-constrained">
<div class="wp-block-columns alignfull are-vertically-aligned-center is-layout-flex wp-container-core-columns-is-layout-0c0b91ec wp-block-columns-is-layout-flex">
<div class="wp-block-column is-vertically-aligned-center leftRight is-layout-flow wp-container-core-column-is-layout-58dbe9e9 wp-block-column-is-layout-flow" style="padding-left:10rem;flex-basis:40%">
<div class="wp-block-group is-style-title-left is-layout-flow wp-block-group-is-layout-flow is-style-title-left--5">
<p class="has-secondary-color has-text-color has-link-color has-secondary-font-family has-xl-font-size wp-elements-cacdb53a5bebb7793adf79fd4f330ae3">Aktivitäten für alle</p>



<p class="has-primary-color has-text-color has-link-color has-primary-font-family has-sm-font-size wp-elements-4788bf93e19dffccaee69bb753e31e79" style="text-transform:uppercase"><strong>in allen Jahreszeiten</strong></p>
</div>



<h2 class="wp-block-heading text-title">Schneeschuhwandern, Radfahren, Skilanglauf oder einfach nur ein Spaziergang in der Natur</h2>



<p class="has-m-font-size" style="padding-left:2rem">Sowohl im Sommer als auch im Winter können Sie in der Gegend von Les Cabannes zahlreiche Aktivitäten ausüben: <strong>Nordischer Skilauf in Beille</strong>, Mountainbiking, Ausritte, Wanderungen zum Col de Marmare&#8230; oder einfach nur Entspannung in den Bergen, weit weg von den Menschenmassen.</p>
</div>



<div class="wp-block-column is-vertically-aligned-center rightLeft wp-block-image alignright size-large has-custom-border is-style-simple-right is-layout-flow wp-block-column-is-layout-flow is-style-simple-right--6" style="flex-basis:60%">
<figure class="wp-block-image alignright size-large"><img alt="" decoding="async" width="1024" height="466" src="https://www.vap-camping.fr/wp-content/uploads/2025/05/AdobeStock_179276794-1024x466.jpeg" alt="" class="wp-image-1136" style="aspect-ratio:3/2;object-fit:cover" srcset="https://www.vap-camping.fr/wp-content/uploads/2025/05/AdobeStock_179276794-1024x466.jpeg 1024w, https://www.vap-camping.fr/wp-content/uploads/2025/05/AdobeStock_179276794-600x273.jpeg 600w, https://www.vap-camping.fr/wp-content/uploads/2025/05/AdobeStock_179276794-768x349.jpeg 768w, https://www.vap-camping.fr/wp-content/uploads/2025/05/AdobeStock_179276794-1536x698.jpeg 1536w, https://www.vap-camping.fr/wp-content/uploads/2025/05/AdobeStock_179276794-2048x931.jpeg 2048w" sizes="(max-width: 1024px) 100vw, 1024px" /></figure>
</div>
</div>
</div>



<div class="wp-block-group reveal has-global-padding is-layout-constrained wp-block-group-is-layout-constrained">
<div class="wp-block-group alignwide is-style-title-simple is-layout-flow wp-block-group-is-layout-flow is-style-title-simple--7" style="margin-top:4rem;margin-bottom:4rem">
<p class="has-text-align-center has-secondary-color has-text-color has-link-color has-secondary-font-family has-xl-font-size wp-elements-754a17b6465ac1fab313b12ad098c134">
  Unsere Einrichtungen</p>



<p class="has-text-align-center has-primary-font-family has-sm-font-size" style="text-transform:uppercase">
                <strong>in der Nähe</strong>
            </p>
</div>


<div class="campings-wrapper is-layout-flow wp-block-slider-campings-is-layout-flow">
            <div class="campings-list">
                            <div class="camping-item"
                    style="background-image: linear-gradient(to top, rgba(0, 0, 0, 0.6), transparent), url('https://www.vap-camping.fr/wp-content/uploads/2025/04/img_5291-1024x768-1.jpg');">
                    <a href="https://www.vap-camping.fr/de/campings/complexe-des-oustalous/" title="Oustalous-Komplex" class="camping-link">
                        <p class="title">Oustalous-Komplex</p>
                        <p class="camping-button">Entdecken</p>
                    </a>
                </div>
                    </div>
    </div>

</div>
</div>

<p>Das Dorf Les Cabannes liegt am Fuße des Plateau de Beille und bietet eine Vielzahl von Sommeraktivitäten. Wer den Nervenkitzel liebt, kann sich im Kanu, Kajak oder Rafting auf dem Lac de Bouan mit der Wassersportbasis Waterploof versuchen. Naturliebhaber können auf dem Plateau de Beille wandern oder reiten.</p>
