{"id":2698,"date":"2025-05-09T14:21:10","date_gmt":"2025-05-09T14:21:10","guid":{"rendered":"https:\/\/www.vap-camping.fr\/lieux\/chateau-de-roquefixade\/"},"modified":"2026-02-23T13:14:19","modified_gmt":"2026-02-23T13:14:19","slug":"chateau-de-roquefixade","status":"publish","type":"lieux","link":"https:\/\/www.vap-camping.fr\/de\/lieux\/chateau-de-roquefixade\/","title":{"rendered":"Schloss Roquefixade"},"content":{"rendered":"\n<div class=\"wp-block-group alignfull is-layout-flow wp-container-core-group-is-layout-12cc3699 wp-block-group-is-layout-flow\" style=\"padding-top:10rem\">\n<div class=\"wp-block-group has-global-padding is-layout-constrained wp-container-core-group-is-layout-2931b900 wp-block-group-is-layout-constrained\">\n<div class=\"wp-block-columns alignfull are-vertically-aligned-center is-layout-flex wp-container-core-columns-is-layout-0c0b91ec wp-block-columns-is-layout-flex\">\n<div class=\"wp-block-column is-vertically-aligned-center leftRight is-layout-flow wp-container-core-column-is-layout-58dbe9e9 wp-block-column-is-layout-flow\" style=\"padding-left:10rem;flex-basis:40%\">\n<div class=\"wp-block-group is-style-title-left is-layout-flow wp-block-group-is-layout-flow is-style-title-left--1\">\n<p class=\"has-secondary-color has-text-color has-link-color has-secondary-font-family has-xl-font-size wp-elements-f4956e2a26253132a72555db179c4528\">Schloss Roquefixade<\/p>\n\n\n\n<p class=\"has-primary-color has-text-color has-link-color has-primary-font-family has-sm-font-size wp-elements-f48cc3bcd3cd649674320a21ffda7cbc\" style=\"text-transform:uppercase\"><strong>Katharerfestung  <\/strong><\/p>\n<\/div>\n\n\n\n<h1 class=\"wp-block-heading text-title\">Ein geschichtstr\u00e4chtiger Ort mit einem au\u00dfergew\u00f6hnlichen Panorama!<\/h1>\n\n\n\n<p class=\"has-m-font-size\" style=\"padding-left:2rem\">Das Schloss Roquefixade liegt auf einer steilen Klippe in \u00fcber 900 Metern H\u00f6he und dominiert das Tal von Lavelanet und das Land von Olmes.  <\/p>\n\n\n\n<p class=\"has-m-font-size\" style=\"padding-left:2rem\">Weniger bekannt als Monts\u00e9gur, bietet dieser Ort der Katharer eine ebenso spektakul\u00e4re Atmosph\u00e4re, seltene Ruhe und einen Panoramablick \u00fcber die Pyren\u00e4en der Ari\u00e8ge.<\/p>\n<\/div>\n\n\n\n<div class=\"wp-block-column is-vertically-aligned-center rightLeft wp-block-image alignright size-large has-custom-border is-style-travel is-layout-flow wp-block-column-is-layout-flow is-style-travel--2\" style=\"flex-basis:60%\">\n<figure class=\"wp-block-image alignright size-full\"><img decoding=\"async\" width=\"1024\" height=\"683\" src=\"https:\/\/www.vap-camping.fr\/wp-content\/uploads\/2025\/04\/roquefixade__ariege_pyrenees_tourisme.jpg\" alt=\"Roquefixade Ari&#xE8;ge\" class=\"wp-image-4448\" srcset=\"https:\/\/www.vap-camping.fr\/wp-content\/uploads\/2025\/04\/roquefixade__ariege_pyrenees_tourisme.jpg 1024w, https:\/\/www.vap-camping.fr\/wp-content\/uploads\/2025\/04\/roquefixade__ariege_pyrenees_tourisme-600x400.jpg 600w, https:\/\/www.vap-camping.fr\/wp-content\/uploads\/2025\/04\/roquefixade__ariege_pyrenees_tourisme-768x512.jpg 768w\" sizes=\"(max-width: 1024px) 100vw, 1024px\" \/><\/figure>\n<\/div>\n<\/div>\n<\/div>\n\n\n\n<div class=\"wp-block-group has-global-padding is-layout-constrained wp-block-group-is-layout-constrained\">\n<div class=\"wp-block-columns alignfull are-vertically-aligned-center is-layout-flex wp-container-core-columns-is-layout-0c0b91ec wp-block-columns-is-layout-flex\">\n<div class=\"wp-block-column is-vertically-aligned-center wp-block-image alignright size-large has-custom-border is-style-simple-left leftRight is-layout-flow wp-block-column-is-layout-flow is-style-simple-left--3\" style=\"flex-basis:60%\">\n<figure class=\"wp-block-image alignleft size-large\"><img alt=\"\" decoding=\"async\" width=\"1024\" height=\"768\" src=\"https:\/\/www.vap-camping.fr\/wp-content\/uploads\/2025\/05\/img_1862-1024x768.jpeg\" alt=\"\" class=\"wp-image-4485\" srcset=\"https:\/\/www.vap-camping.fr\/wp-content\/uploads\/2025\/05\/img_1862-1024x768.jpeg 1024w, https:\/\/www.vap-camping.fr\/wp-content\/uploads\/2025\/05\/img_1862-600x450.jpeg 600w, https:\/\/www.vap-camping.fr\/wp-content\/uploads\/2025\/05\/img_1862-768x576.jpeg 768w, https:\/\/www.vap-camping.fr\/wp-content\/uploads\/2025\/05\/img_1862-1536x1152.jpeg 1536w, https:\/\/www.vap-camping.fr\/wp-content\/uploads\/2025\/05\/img_1862-2048x1536.jpeg 2048w\" sizes=\"(max-width: 1024px) 100vw, 1024px\" \/><\/figure>\n<\/div>\n\n\n\n<div class=\"wp-block-column is-vertically-aligned-center rightLeft is-layout-flow wp-container-core-column-is-layout-58dbe9e9 wp-block-column-is-layout-flow\" style=\"padding-left:10rem;flex-basis:40%\">\n<div class=\"wp-block-group is-style-title-left is-layout-flow wp-block-group-is-layout-flow is-style-title-left--4\">\n<p class=\"has-secondary-color has-text-color has-link-color has-secondary-font-family has-xl-font-size wp-elements-1f86429bdb1be9517447f69b85df3181\">Eine Wanderung <\/p>\n\n\n\n<p class=\"has-primary-color has-text-color has-link-color has-primary-font-family has-sm-font-size wp-elements-d2b7375e32a247b5ded52cb3e73d3f48\" style=\"text-transform:uppercase\"><strong>Einfach  <\/strong><\/p>\n<\/div>\n\n\n\n<h1 class=\"wp-block-heading text-title\">Vom Dorf aus sind <strong> es<\/strong> nur 30 bis 45 Minuten Aufstieg.<\/h1>\n\n\n\n<p class=\"has-m-font-size\" style=\"padding-left:2rem\">Der Weg beginnt im Herzen des Dorfes Roquefixade mit seinen h\u00fcbschen Steinh\u00e4usern. Der Weg f\u00fchrt durch den Wald, bevor er auf den Bergr\u00fccken m\u00fcndet. Die Ankunft am Schloss muss verdient werden, ist aber f\u00fcr die ganze Familie geeignet, mit sicheren Passagen und vielen Aussichtspunkten auf dem Weg.  <\/p>\n<\/div>\n<\/div>\n<\/div>\n\n\n\n<div class=\"wp-block-group has-global-padding is-layout-constrained wp-block-group-is-layout-constrained\">\n<div class=\"wp-block-columns alignfull are-vertically-aligned-center is-layout-flex wp-container-core-columns-is-layout-0c0b91ec wp-block-columns-is-layout-flex\">\n<div class=\"wp-block-column is-vertically-aligned-center leftRight is-layout-flow wp-container-core-column-is-layout-58dbe9e9 wp-block-column-is-layout-flow\" style=\"padding-left:10rem;flex-basis:40%\">\n<div class=\"wp-block-group is-style-title-left is-layout-flow wp-block-group-is-layout-flow is-style-title-left--5\">\n<p class=\"has-secondary-color has-text-color has-link-color has-secondary-font-family has-xl-font-size wp-elements-12f0eae81bc87da6bbe0c846f831a4bd\">Ein Panorama  <\/p>\n\n\n\n<p class=\"has-primary-color has-text-color has-link-color has-primary-font-family has-sm-font-size wp-elements-ea9e2dfcf81dc4f804bdc597b277e2a8\" style=\"text-transform:uppercase\"><strong>atemberaubend<\/strong><\/p>\n<\/div>\n\n\n\n<h2 class=\"wp-block-heading text-title\">Calm-Plateau: zu Fu\u00df oder mit dem Fahrrad, ein unvergessliches Panorama!<\/h2>\n\n\n\n<p class=\"has-m-font-size\" style=\"padding-left:2rem\">Das Plateau de la Calm (4 km hin und zur\u00fcck, 230 m H\u00f6henunterschied) ist einer der sch\u00f6nsten Aussichtspunkte \u00fcber Roquefixade und kann mit dem Mountainbike oder zu Fu\u00df erreicht werden.  <\/p>\n\n\n\n<p class=\"has-m-font-size\" style=\"padding-left:2rem\">Vom Dorf aus f\u00fchrt ein Weg zun\u00e4chst zu einem Orientierungstisch mit einer spektakul\u00e4ren Aussicht auf das Tabe-Massiv, das Lesponne-Tal und Monts\u00e9gur.  <\/p>\n\n\n\n<p class=\"has-m-font-size\" style=\"padding-left:2rem\">Der Aufstieg f\u00fchrt \u00fcber einen kleinen, steilen Weg zur Festung. Ganz oben erwartet Sie ein 360\u00b0-Panorama, das bei Sonnenuntergang noch magischer ist. <\/p>\n\n\n\n<p class=\"has-m-font-size\" style=\"padding-left:2rem\">  Unser Campingplatz am Lac de Foix ist nur 18 km von diesem wunderbaren Ort entfernt! Weitere Informationen \u00fcber die Website von Roquefixade: <a href=\"https:\/\/www.pyreneescathares.com\/decouvrir\/sur-la-route-des-chateaux\/forteresse-de-roquefixade\/\"><mark style=\"background-color:rgba(0, 0, 0, 0)\" class=\"has-inline-color has-secondary-color\">https:\/\/www.pyreneescathares.com\/decouvrir\/sur-la-route-des-chateaux\/forteresse-de-roquefixade\/<\/mark><\/a> <\/p>\n<\/div>\n\n\n\n<div class=\"wp-block-column is-vertically-aligned-center rightLeft wp-block-image alignright size-large has-custom-border is-style-travel is-layout-flow wp-block-column-is-layout-flow is-style-travel--6\" style=\"flex-basis:60%\">\n<figure class=\"wp-block-image alignright size-large\"><img decoding=\"async\" width=\"1024\" height=\"768\" src=\"https:\/\/www.vap-camping.fr\/wp-content\/uploads\/2025\/05\/img_1882-1024x768.jpeg\" alt=\"Sonnenuntergang auf dem Calm-Plateau\" class=\"wp-image-4493\" srcset=\"https:\/\/www.vap-camping.fr\/wp-content\/uploads\/2025\/05\/img_1882-1024x768.jpeg 1024w, https:\/\/www.vap-camping.fr\/wp-content\/uploads\/2025\/05\/img_1882-600x450.jpeg 600w, https:\/\/www.vap-camping.fr\/wp-content\/uploads\/2025\/05\/img_1882-768x576.jpeg 768w, https:\/\/www.vap-camping.fr\/wp-content\/uploads\/2025\/05\/img_1882-1536x1152.jpeg 1536w, https:\/\/www.vap-camping.fr\/wp-content\/uploads\/2025\/05\/img_1882-2048x1536.jpeg 2048w\" sizes=\"(max-width: 1024px) 100vw, 1024px\" \/><\/figure>\n<\/div>\n<\/div>\n<\/div>\n\n\n\n<div class=\"wp-block-group reveal has-global-padding is-layout-constrained wp-block-group-is-layout-constrained\">\n<div class=\"wp-block-group alignwide is-style-title-simple is-layout-flow wp-block-group-is-layout-flow is-style-title-simple--7\" style=\"margin-top:4rem;margin-bottom:4rem\">\n<p class=\"has-text-align-center has-secondary-color has-text-color has-link-color has-secondary-font-family has-xl-font-size wp-elements-754a17b6465ac1fab313b12ad098c134\">\n  Unsere Einrichtungen<\/p>\n\n\n\n<p class=\"has-text-align-center has-primary-font-family has-sm-font-size\" style=\"text-transform:uppercase\">\n                <strong>in der N\u00e4he<\/strong>\n            <\/p>\n<\/div>\n\n\n<div class=\"campings-wrapper is-layout-flow wp-block-slider-campings-is-layout-flow\">\n            <div class=\"campings-list\">\n                            <div class=\"camping-item\"\n                    style=\"background-image: linear-gradient(to top, rgba(0, 0, 0, 0.6), transparent), url('https:\/\/www.vap-camping.fr\/wp-content\/uploads\/2025\/04\/camping-avec-piscine-1024x767.jpg');\">\n                    <a href=\"https:\/\/www.vap-camping.fr\/de\/campings\/camping-du-lac\/\" title=\"Campingplatz du lac(Foix)\" class=\"camping-link\">\n                        <p class=\"title\">Campingplatz du lac(Foix)<\/p>\n                        <p class=\"camping-button\">Entdecken<\/p>\n                    <\/a>\n                <\/div>\n                    <\/div>\n    <\/div>\n\n<\/div>\n<\/div>\n","protected":false},"excerpt":{"rendered":"<p>Nur 18 km von Foix entfernt liegt die Festung Roquefixade auf dem Gipfel einer monumentalen Klippe. Die \u00dcberreste dieser Festung sind nach einem 30-min\u00fctigen Spaziergang frei zug\u00e4nglich und bieten einen atemberaubenden Ausblick und einen spannenden Einblick in das Katharer-Epos. <\/p>\n","protected":false},"author":1,"featured_media":4450,"parent":0,"template":"","format":"standard","tax-category-lieux":[52],"class_list":["post-2698","lieux","type-lieux","status-publish","format-standard","has-post-thumbnail","hentry","tax-category-lieux-schlosser"],"acf":{"latitude":"42.9385081","longitude":"1.7487842","distance":18,"pm_lieu_url":"","pm_lieu_phone":"","adresse":"","pm_lieu_title_short":"","af_camping":[22]},"_links":{"self":[{"href":"https:\/\/www.vap-camping.fr\/de\/wp-json\/wp\/v2\/lieux\/2698","targetHints":{"allow":["GET"]}}],"collection":[{"href":"https:\/\/www.vap-camping.fr\/de\/wp-json\/wp\/v2\/lieux"}],"about":[{"href":"https:\/\/www.vap-camping.fr\/de\/wp-json\/wp\/v2\/types\/lieux"}],"author":[{"embeddable":true,"href":"https:\/\/www.vap-camping.fr\/de\/wp-json\/wp\/v2\/users\/1"}],"version-history":[{"count":3,"href":"https:\/\/www.vap-camping.fr\/de\/wp-json\/wp\/v2\/lieux\/2698\/revisions"}],"predecessor-version":[{"id":7171,"href":"https:\/\/www.vap-camping.fr\/de\/wp-json\/wp\/v2\/lieux\/2698\/revisions\/7171"}],"acf:post":[{"embeddable":true,"href":"https:\/\/www.vap-camping.fr\/de\/wp-json\/wp\/v2\/campings\/22"}],"wp:featuredmedia":[{"embeddable":true,"href":"https:\/\/www.vap-camping.fr\/de\/wp-json\/wp\/v2\/media\/4450"}],"wp:attachment":[{"href":"https:\/\/www.vap-camping.fr\/de\/wp-json\/wp\/v2\/media?parent=2698"}],"wp:term":[{"taxonomy":"tax-category-lieux","embeddable":true,"href":"https:\/\/www.vap-camping.fr\/de\/wp-json\/wp\/v2\/tax-category-lieux?post=2698"}],"curies":[{"name":"wp","href":"https:\/\/api.w.org\/{rel}","templated":true}]}}

<div class="wp-block-group alignfull is-layout-flow wp-container-core-group-is-layout-12cc3699 wp-block-group-is-layout-flow" style="padding-top:10rem">
<div class="wp-block-group has-global-padding is-layout-constrained wp-container-core-group-is-layout-2931b900 wp-block-group-is-layout-constrained">
<div class="wp-block-columns alignfull are-vertically-aligned-center is-layout-flex wp-container-core-columns-is-layout-0c0b91ec wp-block-columns-is-layout-flex">
<div class="wp-block-column is-vertically-aligned-center leftRight is-layout-flow wp-container-core-column-is-layout-58dbe9e9 wp-block-column-is-layout-flow" style="padding-left:10rem;flex-basis:40%">
<div class="wp-block-group is-style-title-left is-layout-flow wp-block-group-is-layout-flow is-style-title-left--1">
<p class="has-secondary-color has-text-color has-link-color has-secondary-font-family has-xl-font-size wp-elements-f4956e2a26253132a72555db179c4528">Schloss Roquefixade</p>



<p class="has-primary-color has-text-color has-link-color has-primary-font-family has-sm-font-size wp-elements-f48cc3bcd3cd649674320a21ffda7cbc" style="text-transform:uppercase"><strong>Katharerfestung  </strong></p>
</div>



<h1 class="wp-block-heading text-title">Ein geschichtsträchtiger Ort mit einem außergewöhnlichen Panorama!</h1>



<p class="has-m-font-size" style="padding-left:2rem">Das Schloss Roquefixade liegt auf einer steilen Klippe in über 900 Metern Höhe und dominiert das Tal von Lavelanet und das Land von Olmes.  </p>



<p class="has-m-font-size" style="padding-left:2rem">Weniger bekannt als Montségur, bietet dieser Ort der Katharer eine ebenso spektakuläre Atmosphäre, seltene Ruhe und einen Panoramablick über die Pyrenäen der Ariège.</p>
</div>



<div class="wp-block-column is-vertically-aligned-center rightLeft wp-block-image alignright size-large has-custom-border is-style-travel is-layout-flow wp-block-column-is-layout-flow is-style-travel--2" style="flex-basis:60%">
<figure class="wp-block-image alignright size-full"><img decoding="async" width="1024" height="683" src="https://www.vap-camping.fr/wp-content/uploads/2025/04/roquefixade__ariege_pyrenees_tourisme.jpg" alt="Roquefixade Ari&#xE8;ge" class="wp-image-4448" srcset="https://www.vap-camping.fr/wp-content/uploads/2025/04/roquefixade__ariege_pyrenees_tourisme.jpg 1024w, https://www.vap-camping.fr/wp-content/uploads/2025/04/roquefixade__ariege_pyrenees_tourisme-600x400.jpg 600w, https://www.vap-camping.fr/wp-content/uploads/2025/04/roquefixade__ariege_pyrenees_tourisme-768x512.jpg 768w" sizes="(max-width: 1024px) 100vw, 1024px" /></figure>
</div>
</div>
</div>



<div class="wp-block-group has-global-padding is-layout-constrained wp-block-group-is-layout-constrained">
<div class="wp-block-columns alignfull are-vertically-aligned-center is-layout-flex wp-container-core-columns-is-layout-0c0b91ec wp-block-columns-is-layout-flex">
<div class="wp-block-column is-vertically-aligned-center wp-block-image alignright size-large has-custom-border is-style-simple-left leftRight is-layout-flow wp-block-column-is-layout-flow is-style-simple-left--3" style="flex-basis:60%">
<figure class="wp-block-image alignleft size-large"><img alt="" decoding="async" width="1024" height="768" src="https://www.vap-camping.fr/wp-content/uploads/2025/05/img_1862-1024x768.jpeg" alt="" class="wp-image-4485" srcset="https://www.vap-camping.fr/wp-content/uploads/2025/05/img_1862-1024x768.jpeg 1024w, https://www.vap-camping.fr/wp-content/uploads/2025/05/img_1862-600x450.jpeg 600w, https://www.vap-camping.fr/wp-content/uploads/2025/05/img_1862-768x576.jpeg 768w, https://www.vap-camping.fr/wp-content/uploads/2025/05/img_1862-1536x1152.jpeg 1536w, https://www.vap-camping.fr/wp-content/uploads/2025/05/img_1862-2048x1536.jpeg 2048w" sizes="(max-width: 1024px) 100vw, 1024px" /></figure>
</div>



<div class="wp-block-column is-vertically-aligned-center rightLeft is-layout-flow wp-container-core-column-is-layout-58dbe9e9 wp-block-column-is-layout-flow" style="padding-left:10rem;flex-basis:40%">
<div class="wp-block-group is-style-title-left is-layout-flow wp-block-group-is-layout-flow is-style-title-left--4">
<p class="has-secondary-color has-text-color has-link-color has-secondary-font-family has-xl-font-size wp-elements-1f86429bdb1be9517447f69b85df3181">Eine Wanderung </p>



<p class="has-primary-color has-text-color has-link-color has-primary-font-family has-sm-font-size wp-elements-d2b7375e32a247b5ded52cb3e73d3f48" style="text-transform:uppercase"><strong>Einfach  </strong></p>
</div>



<h1 class="wp-block-heading text-title">Vom Dorf aus sind <strong> es</strong> nur 30 bis 45 Minuten Aufstieg.</h1>



<p class="has-m-font-size" style="padding-left:2rem">Der Weg beginnt im Herzen des Dorfes Roquefixade mit seinen hübschen Steinhäusern. Der Weg führt durch den Wald, bevor er auf den Bergrücken mündet. Die Ankunft am Schloss muss verdient werden, ist aber für die ganze Familie geeignet, mit sicheren Passagen und vielen Aussichtspunkten auf dem Weg.  </p>
</div>
</div>
</div>



<div class="wp-block-group has-global-padding is-layout-constrained wp-block-group-is-layout-constrained">
<div class="wp-block-columns alignfull are-vertically-aligned-center is-layout-flex wp-container-core-columns-is-layout-0c0b91ec wp-block-columns-is-layout-flex">
<div class="wp-block-column is-vertically-aligned-center leftRight is-layout-flow wp-container-core-column-is-layout-58dbe9e9 wp-block-column-is-layout-flow" style="padding-left:10rem;flex-basis:40%">
<div class="wp-block-group is-style-title-left is-layout-flow wp-block-group-is-layout-flow is-style-title-left--5">
<p class="has-secondary-color has-text-color has-link-color has-secondary-font-family has-xl-font-size wp-elements-12f0eae81bc87da6bbe0c846f831a4bd">Ein Panorama  </p>



<p class="has-primary-color has-text-color has-link-color has-primary-font-family has-sm-font-size wp-elements-ea9e2dfcf81dc4f804bdc597b277e2a8" style="text-transform:uppercase"><strong>atemberaubend</strong></p>
</div>



<h2 class="wp-block-heading text-title">Calm-Plateau: zu Fuß oder mit dem Fahrrad, ein unvergessliches Panorama!</h2>



<p class="has-m-font-size" style="padding-left:2rem">Das Plateau de la Calm (4 km hin und zurück, 230 m Höhenunterschied) ist einer der schönsten Aussichtspunkte über Roquefixade und kann mit dem Mountainbike oder zu Fuß erreicht werden.  </p>



<p class="has-m-font-size" style="padding-left:2rem">Vom Dorf aus führt ein Weg zunächst zu einem Orientierungstisch mit einer spektakulären Aussicht auf das Tabe-Massiv, das Lesponne-Tal und Montségur.  </p>



<p class="has-m-font-size" style="padding-left:2rem">Der Aufstieg führt über einen kleinen, steilen Weg zur Festung. Ganz oben erwartet Sie ein 360°-Panorama, das bei Sonnenuntergang noch magischer ist. </p>



<p class="has-m-font-size" style="padding-left:2rem">  Unser Campingplatz am Lac de Foix ist nur 18 km von diesem wunderbaren Ort entfernt! Weitere Informationen über die Website von Roquefixade: <a href="https://www.pyreneescathares.com/decouvrir/sur-la-route-des-chateaux/forteresse-de-roquefixade/"><mark style="background-color:rgba(0, 0, 0, 0)" class="has-inline-color has-secondary-color">https://www.pyreneescathares.com/decouvrir/sur-la-route-des-chateaux/forteresse-de-roquefixade/</mark></a> </p>
</div>



<div class="wp-block-column is-vertically-aligned-center rightLeft wp-block-image alignright size-large has-custom-border is-style-travel is-layout-flow wp-block-column-is-layout-flow is-style-travel--6" style="flex-basis:60%">
<figure class="wp-block-image alignright size-large"><img decoding="async" width="1024" height="768" src="https://www.vap-camping.fr/wp-content/uploads/2025/05/img_1882-1024x768.jpeg" alt="Sonnenuntergang auf dem Calm-Plateau" class="wp-image-4493" srcset="https://www.vap-camping.fr/wp-content/uploads/2025/05/img_1882-1024x768.jpeg 1024w, https://www.vap-camping.fr/wp-content/uploads/2025/05/img_1882-600x450.jpeg 600w, https://www.vap-camping.fr/wp-content/uploads/2025/05/img_1882-768x576.jpeg 768w, https://www.vap-camping.fr/wp-content/uploads/2025/05/img_1882-1536x1152.jpeg 1536w, https://www.vap-camping.fr/wp-content/uploads/2025/05/img_1882-2048x1536.jpeg 2048w" sizes="(max-width: 1024px) 100vw, 1024px" /></figure>
</div>
</div>
</div>



<div class="wp-block-group reveal has-global-padding is-layout-constrained wp-block-group-is-layout-constrained">
<div class="wp-block-group alignwide is-style-title-simple is-layout-flow wp-block-group-is-layout-flow is-style-title-simple--7" style="margin-top:4rem;margin-bottom:4rem">
<p class="has-text-align-center has-secondary-color has-text-color has-link-color has-secondary-font-family has-xl-font-size wp-elements-754a17b6465ac1fab313b12ad098c134">
  Unsere Einrichtungen</p>



<p class="has-text-align-center has-primary-font-family has-sm-font-size" style="text-transform:uppercase">
                <strong>in der Nähe</strong>
            </p>
</div>


<div class="campings-wrapper is-layout-flow wp-block-slider-campings-is-layout-flow">
            <div class="campings-list">
                            <div class="camping-item"
                    style="background-image: linear-gradient(to top, rgba(0, 0, 0, 0.6), transparent), url('https://www.vap-camping.fr/wp-content/uploads/2025/04/camping-avec-piscine-1024x767.jpg');">
                    <a href="https://www.vap-camping.fr/de/campings/camping-du-lac/" title="Campingplatz du lac(Foix)" class="camping-link">
                        <p class="title">Campingplatz du lac(Foix)</p>
                        <p class="camping-button">Entdecken</p>
                    </a>
                </div>
                    </div>
    </div>

</div>
</div>

<p>Nur 18 km von Foix entfernt liegt die Festung Roquefixade auf dem Gipfel einer monumentalen Klippe. Die Überreste dieser Festung sind nach einem 30-minütigen Spaziergang frei zugänglich und bieten einen atemberaubenden Ausblick und einen spannenden Einblick in das Katharer-Epos. </p>
