{"id":2712,"date":"2025-05-09T14:29:51","date_gmt":"2025-05-09T14:29:51","guid":{"rendered":"https:\/\/www.vap-camping.fr\/lieux\/chemin-des-bonshommes\/"},"modified":"2025-07-28T07:24:16","modified_gmt":"2025-07-28T07:24:16","slug":"chemin-des-bonshommes","status":"publish","type":"lieux","link":"https:\/\/www.vap-camping.fr\/de\/lieux\/chemin-des-bonshommes\/","title":{"rendered":"Weg der Bonshommes"},"content":{"rendered":"\n<div class=\"wp-block-group alignfull is-layout-flow wp-container-core-group-is-layout-12cc3699 wp-block-group-is-layout-flow\" style=\"padding-top:10rem\">\n<div class=\"wp-block-group has-global-padding is-layout-constrained wp-container-core-group-is-layout-2931b900 wp-block-group-is-layout-constrained\">\n<div class=\"wp-block-columns alignfull are-vertically-aligned-center is-layout-flex wp-container-core-columns-is-layout-0c0b91ec wp-block-columns-is-layout-flex\">\n<div class=\"wp-block-column is-vertically-aligned-center leftRight is-layout-flow wp-container-core-column-is-layout-58dbe9e9 wp-block-column-is-layout-flow\" style=\"padding-left:10rem;flex-basis:40%\">\n<div class=\"wp-block-group is-style-title-left is-layout-flow wp-block-group-is-layout-flow is-style-title-left--1\">\n<p class=\"has-secondary-color has-text-color has-link-color has-secondary-font-family has-xl-font-size wp-elements-48f9dbb17a3f6374417877f5d5d8522a\">Der Weg der M\u00e4nnchen<\/p>\n\n\n\n<p class=\"has-primary-color has-text-color has-link-color has-primary-font-family has-sm-font-size wp-elements-e99deaa3c3c52941138fd899940cae4f\" style=\"text-transform:uppercase\"><strong>auf den Spuren der Katharer zwischen Ari\u00e8ge und Katalonien<\/strong><\/p>\n<\/div>\n\n\n\n<h1 class=\"wp-block-heading text-title\">Ein mythischer GR zwischen Bergen, Geschichte und Spiritualit\u00e4t<\/h1>\n\n\n\n<p class=\"has-m-font-size\" style=\"padding-left:2rem\">Der Chemin <strong>des Bonshommes<\/strong> (GR\u00ae107) ist ein Fernwanderweg, der von <strong>Foix<\/strong> nach <strong>Berga<\/strong> in Katalonien f\u00fchrt. Er ist 220 km lang und folgt der alten Exilroute, die von den letzten <strong>Katharern<\/strong>, genannt die &#8220;guten M\u00e4nner&#8221;, auf der Flucht vor der Inquisition im XIII\u1d49 Jahrhundert benutzt wurde. Es ist eine Route, die <strong>Erinnerungen, spektakul\u00e4re Landschaften und charaktervolle D\u00f6rfer<\/strong> miteinander verbindet.  <\/p>\n<\/div>\n\n\n\n<div class=\"wp-block-column is-vertically-aligned-center rightLeft wp-block-image alignright size-large has-custom-border is-style-travel is-layout-flow wp-block-column-is-layout-flow is-style-travel--2\" style=\"flex-basis:60%\">\n<figure class=\"wp-block-image alignright size-large\"><img alt=\"\" decoding=\"async\" width=\"1024\" height=\"683\" src=\"https:\/\/www.vap-camping.fr\/wp-content\/uploads\/2025\/05\/AdobeStock_319005766-1024x683.jpeg\" alt=\"\" class=\"wp-image-1170\" srcset=\"https:\/\/www.vap-camping.fr\/wp-content\/uploads\/2025\/05\/AdobeStock_319005766-1024x683.jpeg 1024w, https:\/\/www.vap-camping.fr\/wp-content\/uploads\/2025\/05\/AdobeStock_319005766-600x400.jpeg 600w, https:\/\/www.vap-camping.fr\/wp-content\/uploads\/2025\/05\/AdobeStock_319005766-768x512.jpeg 768w, https:\/\/www.vap-camping.fr\/wp-content\/uploads\/2025\/05\/AdobeStock_319005766-1536x1024.jpeg 1536w, https:\/\/www.vap-camping.fr\/wp-content\/uploads\/2025\/05\/AdobeStock_319005766-2048x1365.jpeg 2048w\" sizes=\"(max-width: 1024px) 100vw, 1024px\" \/><\/figure>\n<\/div>\n<\/div>\n<\/div>\n\n\n\n<div class=\"wp-block-group has-global-padding is-layout-constrained wp-block-group-is-layout-constrained\">\n<div class=\"wp-block-columns alignfull are-vertically-aligned-center is-layout-flex wp-container-core-columns-is-layout-0c0b91ec wp-block-columns-is-layout-flex\">\n<div class=\"wp-block-column is-vertically-aligned-center wp-block-image alignright size-large has-custom-border is-style-simple-left leftRight is-layout-flow wp-block-column-is-layout-flow is-style-simple-left--3\" style=\"flex-basis:60%\">\n<figure class=\"wp-block-image alignleft size-large\"><img alt=\"\" decoding=\"async\" width=\"1024\" height=\"683\" src=\"https:\/\/www.vap-camping.fr\/wp-content\/uploads\/2025\/05\/AdobeStock_1114434701-1024x683.jpeg\" alt=\"\" class=\"wp-image-1172\" srcset=\"https:\/\/www.vap-camping.fr\/wp-content\/uploads\/2025\/05\/AdobeStock_1114434701-1024x683.jpeg 1024w, https:\/\/www.vap-camping.fr\/wp-content\/uploads\/2025\/05\/AdobeStock_1114434701-600x400.jpeg 600w, https:\/\/www.vap-camping.fr\/wp-content\/uploads\/2025\/05\/AdobeStock_1114434701-768x512.jpeg 768w, https:\/\/www.vap-camping.fr\/wp-content\/uploads\/2025\/05\/AdobeStock_1114434701-1536x1024.jpeg 1536w, https:\/\/www.vap-camping.fr\/wp-content\/uploads\/2025\/05\/AdobeStock_1114434701-2048x1365.jpeg 2048w\" sizes=\"(max-width: 1024px) 100vw, 1024px\" \/><\/figure>\n<\/div>\n\n\n\n<div class=\"wp-block-column is-vertically-aligned-center rightLeft is-layout-flow wp-container-core-column-is-layout-58dbe9e9 wp-block-column-is-layout-flow\" style=\"padding-left:10rem;flex-basis:40%\">\n<div class=\"wp-block-group is-style-title-left is-layout-flow wp-block-group-is-layout-flow is-style-title-left--4\">\n<p class=\"has-secondary-color has-text-color has-link-color has-secondary-font-family has-xl-font-size wp-elements-e55e093e03bdc8dfdb69cea78c2677ab\">Zwischen katharischem Erbe<\/p>\n\n\n\n<p class=\"has-primary-color has-text-color has-link-color has-primary-font-family has-sm-font-size wp-elements-07314f5ac89a7b5edd833fc50fbd6a50\" style=\"text-transform:uppercase\"><strong>und wilde Natur<\/strong><\/p>\n<\/div>\n\n\n\n<h2 class=\"wp-block-heading text-title\">Ruinen, W\u00e4lder, Gebirgsk\u00e4mme und unber\u00fchrte T\u00e4ler<\/h2>\n\n\n\n<p class=\"has-m-font-size\" style=\"padding-left:2rem\">Der GR107 f\u00fchrt durch sehr unterschiedliche Landschaften: <strong>offene Bergk\u00e4mme<\/strong>, <strong>tiefe W\u00e4lder<\/strong>, <strong>mittelalterliche D\u00f6rfer<\/strong> und <strong>hochgelegene Hochebenen<\/strong>. Geschichtsliebhaber werden die Katharerburgen entdecken, w\u00e4hrend Naturliebhaber die <strong>Flora und Fauna der Ariege<\/strong> in wenig besuchten Gebieten genie\u00dfen k\u00f6nnen. <\/p>\n<\/div>\n<\/div>\n<\/div>\n\n\n\n<div class=\"wp-block-group has-global-padding is-layout-constrained wp-block-group-is-layout-constrained\">\n<div class=\"wp-block-columns alignfull are-vertically-aligned-center is-layout-flex wp-container-core-columns-is-layout-0c0b91ec wp-block-columns-is-layout-flex\">\n<div class=\"wp-block-column is-vertically-aligned-center leftRight is-layout-flow wp-container-core-column-is-layout-58dbe9e9 wp-block-column-is-layout-flow\" style=\"padding-left:10rem;flex-basis:40%\">\n<div class=\"wp-block-group is-style-title-left is-layout-flow wp-block-group-is-layout-flow is-style-title-left--5\">\n<p class=\"has-secondary-color has-text-color has-link-color has-secondary-font-family has-xl-font-size wp-elements-b5bc0b5a63fe12531463f1732c046039\">Eine Wanderung<\/p>\n\n\n\n<p class=\"has-primary-color has-text-color has-link-color has-primary-font-family has-sm-font-size wp-elements-95054351a3a7c6ccadc06ec3f2555be9\" style=\"text-transform:uppercase\"><strong>f\u00fcr Geist und Beine<\/strong><\/p>\n<\/div>\n\n\n\n<h2 class=\"wp-block-heading text-title\">Perfekt f\u00fcr einen kulturellen Wanderurlaub oder ein Wanderabenteuer.<\/h2>\n\n\n\n<p class=\"has-m-font-size\" style=\"padding-left:2rem\">Dieser Wanderweg ist auch ein Weg der Sinne. Er zieht Wanderer, Geschichtsinteressierte oder einfache Spazierg\u00e4nger an, die eine zeitlose Route suchen. <strong>Topoguides<\/strong> und klare Markierungen erm\u00f6glichen eine sichere Wanderung.  <\/p>\n<\/div>\n\n\n\n<div class=\"wp-block-column is-vertically-aligned-center rightLeft wp-block-image alignright size-large has-custom-border is-style-simple-right is-layout-flow wp-block-column-is-layout-flow is-style-simple-right--6\" style=\"flex-basis:60%\">\n<figure class=\"wp-block-image alignright size-large\"><img alt=\"S\u00e9jour en Ari\u00e8ge pr\u00e8s de la r\u00e9serve d\u2019Orlu pour les amateurs de camping et de randonn\u00e9e\" decoding=\"async\" width=\"1024\" height=\"683\" src=\"https:\/\/www.vap-camping.fr\/wp-content\/uploads\/2025\/05\/AdobeStock_87361103-1024x683.jpeg\" alt=\"\" class=\"wp-image-1168\" srcset=\"https:\/\/www.vap-camping.fr\/wp-content\/uploads\/2025\/05\/AdobeStock_87361103-1024x683.jpeg 1024w, https:\/\/www.vap-camping.fr\/wp-content\/uploads\/2025\/05\/AdobeStock_87361103-600x400.jpeg 600w, https:\/\/www.vap-camping.fr\/wp-content\/uploads\/2025\/05\/AdobeStock_87361103-768x512.jpeg 768w, https:\/\/www.vap-camping.fr\/wp-content\/uploads\/2025\/05\/AdobeStock_87361103-1536x1024.jpeg 1536w, https:\/\/www.vap-camping.fr\/wp-content\/uploads\/2025\/05\/AdobeStock_87361103-2048x1365.jpeg 2048w\" sizes=\"(max-width: 1024px) 100vw, 1024px\" \/><\/figure>\n<\/div>\n<\/div>\n<\/div>\n\n\n\n<div class=\"wp-block-group reveal has-global-padding is-layout-constrained wp-block-group-is-layout-constrained\">\n<div class=\"wp-block-group alignwide is-style-title-simple is-layout-flow wp-block-group-is-layout-flow is-style-title-simple--7\" style=\"margin-top:4rem;margin-bottom:4rem\">\n<p class=\"has-text-align-center has-secondary-color has-text-color has-link-color has-secondary-font-family has-xl-font-size wp-elements-754a17b6465ac1fab313b12ad098c134\">\n  Unsere Einrichtungen<\/p>\n\n\n\n<p class=\"has-text-align-center has-primary-font-family has-sm-font-size\" style=\"text-transform:uppercase\">\n                <strong>in der N\u00e4he<\/strong>\n            <\/p>\n<\/div>\n\n\n<div class=\"campings-wrapper is-layout-flow wp-block-slider-campings-is-layout-flow\">\n            <div class=\"campings-list\">\n                            <div class=\"camping-item\"\n                    style=\"background-image: linear-gradient(to top, rgba(0, 0, 0, 0.6), transparent), url('https:\/\/www.vap-camping.fr\/wp-content\/uploads\/2025\/04\/camping-avec-piscine-1024x767.jpg');\">\n                    <a href=\"https:\/\/www.vap-camping.fr\/de\/campings\/camping-du-lac\/\" title=\"Campingplatz du lac(Foix)\" class=\"camping-link\">\n                        <p class=\"title\">Campingplatz du lac(Foix)<\/p>\n                        <p class=\"camping-button\">Entdecken<\/p>\n                    <\/a>\n                <\/div>\n                    <\/div>\n    <\/div>\n\n<\/div>\n<\/div>\n","protected":false},"excerpt":{"rendered":"<p>Der Chemin des Bonshommes ist eine ber\u00fchmte Wanderroute, die Sie in die Geschichte der Katharer eintauchen l\u00e4sst und Ihnen gleichzeitig eine atemberaubende Landschaft bietet. Der Fr\u00fchling ist die ideale Zeit f\u00fcr dieses Abenteuer: das milde Klima und die bl\u00fchenden Farben der Landschaft machen das Wandern noch angenehmer. Entdecken Sie den kulturellen und nat\u00fcrlichen Reichtum der Ari\u00e8ge auf dieser unvergesslichen Wanderung!  <\/p>\n","protected":false},"author":1,"featured_media":2724,"parent":0,"template":"","format":"standard","tax-category-lieux":[50,47],"class_list":["post-2712","lieux","type-lieux","status-publish","format-standard","has-post-thumbnail","hentry","tax-category-lieux-aktivitaten","tax-category-lieux-parks-de"],"acf":{"latitude":"42.9558974","longitude":"1.630475","distance":"","pm_lieu_url":"","pm_lieu_phone":"","adresse":"","pm_lieu_title_short":"","af_camping":[22]},"_links":{"self":[{"href":"https:\/\/www.vap-camping.fr\/de\/wp-json\/wp\/v2\/lieux\/2712","targetHints":{"allow":["GET"]}}],"collection":[{"href":"https:\/\/www.vap-camping.fr\/de\/wp-json\/wp\/v2\/lieux"}],"about":[{"href":"https:\/\/www.vap-camping.fr\/de\/wp-json\/wp\/v2\/types\/lieux"}],"author":[{"embeddable":true,"href":"https:\/\/www.vap-camping.fr\/de\/wp-json\/wp\/v2\/users\/1"}],"version-history":[{"count":1,"href":"https:\/\/www.vap-camping.fr\/de\/wp-json\/wp\/v2\/lieux\/2712\/revisions"}],"predecessor-version":[{"id":2727,"href":"https:\/\/www.vap-camping.fr\/de\/wp-json\/wp\/v2\/lieux\/2712\/revisions\/2727"}],"acf:post":[{"embeddable":true,"href":"https:\/\/www.vap-camping.fr\/de\/wp-json\/wp\/v2\/campings\/22"}],"wp:featuredmedia":[{"embeddable":true,"href":"https:\/\/www.vap-camping.fr\/de\/wp-json\/wp\/v2\/media\/2724"}],"wp:attachment":[{"href":"https:\/\/www.vap-camping.fr\/de\/wp-json\/wp\/v2\/media?parent=2712"}],"wp:term":[{"taxonomy":"tax-category-lieux","embeddable":true,"href":"https:\/\/www.vap-camping.fr\/de\/wp-json\/wp\/v2\/tax-category-lieux?post=2712"}],"curies":[{"name":"wp","href":"https:\/\/api.w.org\/{rel}","templated":true}]}}

<div class="wp-block-group alignfull is-layout-flow wp-container-core-group-is-layout-12cc3699 wp-block-group-is-layout-flow" style="padding-top:10rem">
<div class="wp-block-group has-global-padding is-layout-constrained wp-container-core-group-is-layout-2931b900 wp-block-group-is-layout-constrained">
<div class="wp-block-columns alignfull are-vertically-aligned-center is-layout-flex wp-container-core-columns-is-layout-0c0b91ec wp-block-columns-is-layout-flex">
<div class="wp-block-column is-vertically-aligned-center leftRight is-layout-flow wp-container-core-column-is-layout-58dbe9e9 wp-block-column-is-layout-flow" style="padding-left:10rem;flex-basis:40%">
<div class="wp-block-group is-style-title-left is-layout-flow wp-block-group-is-layout-flow is-style-title-left--1">
<p class="has-secondary-color has-text-color has-link-color has-secondary-font-family has-xl-font-size wp-elements-48f9dbb17a3f6374417877f5d5d8522a">Der Weg der Männchen</p>



<p class="has-primary-color has-text-color has-link-color has-primary-font-family has-sm-font-size wp-elements-e99deaa3c3c52941138fd899940cae4f" style="text-transform:uppercase"><strong>auf den Spuren der Katharer zwischen Ariège und Katalonien</strong></p>
</div>



<h1 class="wp-block-heading text-title">Ein mythischer GR zwischen Bergen, Geschichte und Spiritualität</h1>



<p class="has-m-font-size" style="padding-left:2rem">Der Chemin <strong>des Bonshommes</strong> (GR®107) ist ein Fernwanderweg, der von <strong>Foix</strong> nach <strong>Berga</strong> in Katalonien führt. Er ist 220 km lang und folgt der alten Exilroute, die von den letzten <strong>Katharern</strong>, genannt die &#8220;guten Männer&#8221;, auf der Flucht vor der Inquisition im XIIIᵉ Jahrhundert benutzt wurde. Es ist eine Route, die <strong>Erinnerungen, spektakuläre Landschaften und charaktervolle Dörfer</strong> miteinander verbindet.  </p>
</div>



<div class="wp-block-column is-vertically-aligned-center rightLeft wp-block-image alignright size-large has-custom-border is-style-travel is-layout-flow wp-block-column-is-layout-flow is-style-travel--2" style="flex-basis:60%">
<figure class="wp-block-image alignright size-large"><img alt="" decoding="async" width="1024" height="683" src="https://www.vap-camping.fr/wp-content/uploads/2025/05/AdobeStock_319005766-1024x683.jpeg" alt="" class="wp-image-1170" srcset="https://www.vap-camping.fr/wp-content/uploads/2025/05/AdobeStock_319005766-1024x683.jpeg 1024w, https://www.vap-camping.fr/wp-content/uploads/2025/05/AdobeStock_319005766-600x400.jpeg 600w, https://www.vap-camping.fr/wp-content/uploads/2025/05/AdobeStock_319005766-768x512.jpeg 768w, https://www.vap-camping.fr/wp-content/uploads/2025/05/AdobeStock_319005766-1536x1024.jpeg 1536w, https://www.vap-camping.fr/wp-content/uploads/2025/05/AdobeStock_319005766-2048x1365.jpeg 2048w" sizes="(max-width: 1024px) 100vw, 1024px" /></figure>
</div>
</div>
</div>



<div class="wp-block-group has-global-padding is-layout-constrained wp-block-group-is-layout-constrained">
<div class="wp-block-columns alignfull are-vertically-aligned-center is-layout-flex wp-container-core-columns-is-layout-0c0b91ec wp-block-columns-is-layout-flex">
<div class="wp-block-column is-vertically-aligned-center wp-block-image alignright size-large has-custom-border is-style-simple-left leftRight is-layout-flow wp-block-column-is-layout-flow is-style-simple-left--3" style="flex-basis:60%">
<figure class="wp-block-image alignleft size-large"><img alt="" decoding="async" width="1024" height="683" src="https://www.vap-camping.fr/wp-content/uploads/2025/05/AdobeStock_1114434701-1024x683.jpeg" alt="" class="wp-image-1172" srcset="https://www.vap-camping.fr/wp-content/uploads/2025/05/AdobeStock_1114434701-1024x683.jpeg 1024w, https://www.vap-camping.fr/wp-content/uploads/2025/05/AdobeStock_1114434701-600x400.jpeg 600w, https://www.vap-camping.fr/wp-content/uploads/2025/05/AdobeStock_1114434701-768x512.jpeg 768w, https://www.vap-camping.fr/wp-content/uploads/2025/05/AdobeStock_1114434701-1536x1024.jpeg 1536w, https://www.vap-camping.fr/wp-content/uploads/2025/05/AdobeStock_1114434701-2048x1365.jpeg 2048w" sizes="(max-width: 1024px) 100vw, 1024px" /></figure>
</div>



<div class="wp-block-column is-vertically-aligned-center rightLeft is-layout-flow wp-container-core-column-is-layout-58dbe9e9 wp-block-column-is-layout-flow" style="padding-left:10rem;flex-basis:40%">
<div class="wp-block-group is-style-title-left is-layout-flow wp-block-group-is-layout-flow is-style-title-left--4">
<p class="has-secondary-color has-text-color has-link-color has-secondary-font-family has-xl-font-size wp-elements-e55e093e03bdc8dfdb69cea78c2677ab">Zwischen katharischem Erbe</p>



<p class="has-primary-color has-text-color has-link-color has-primary-font-family has-sm-font-size wp-elements-07314f5ac89a7b5edd833fc50fbd6a50" style="text-transform:uppercase"><strong>und wilde Natur</strong></p>
</div>



<h2 class="wp-block-heading text-title">Ruinen, Wälder, Gebirgskämme und unberührte Täler</h2>



<p class="has-m-font-size" style="padding-left:2rem">Der GR107 führt durch sehr unterschiedliche Landschaften: <strong>offene Bergkämme</strong>, <strong>tiefe Wälder</strong>, <strong>mittelalterliche Dörfer</strong> und <strong>hochgelegene Hochebenen</strong>. Geschichtsliebhaber werden die Katharerburgen entdecken, während Naturliebhaber die <strong>Flora und Fauna der Ariege</strong> in wenig besuchten Gebieten genießen können. </p>
</div>
</div>
</div>



<div class="wp-block-group has-global-padding is-layout-constrained wp-block-group-is-layout-constrained">
<div class="wp-block-columns alignfull are-vertically-aligned-center is-layout-flex wp-container-core-columns-is-layout-0c0b91ec wp-block-columns-is-layout-flex">
<div class="wp-block-column is-vertically-aligned-center leftRight is-layout-flow wp-container-core-column-is-layout-58dbe9e9 wp-block-column-is-layout-flow" style="padding-left:10rem;flex-basis:40%">
<div class="wp-block-group is-style-title-left is-layout-flow wp-block-group-is-layout-flow is-style-title-left--5">
<p class="has-secondary-color has-text-color has-link-color has-secondary-font-family has-xl-font-size wp-elements-b5bc0b5a63fe12531463f1732c046039">Eine Wanderung</p>



<p class="has-primary-color has-text-color has-link-color has-primary-font-family has-sm-font-size wp-elements-95054351a3a7c6ccadc06ec3f2555be9" style="text-transform:uppercase"><strong>für Geist und Beine</strong></p>
</div>



<h2 class="wp-block-heading text-title">Perfekt für einen kulturellen Wanderurlaub oder ein Wanderabenteuer.</h2>



<p class="has-m-font-size" style="padding-left:2rem">Dieser Wanderweg ist auch ein Weg der Sinne. Er zieht Wanderer, Geschichtsinteressierte oder einfache Spaziergänger an, die eine zeitlose Route suchen. <strong>Topoguides</strong> und klare Markierungen ermöglichen eine sichere Wanderung.  </p>
</div>



<div class="wp-block-column is-vertically-aligned-center rightLeft wp-block-image alignright size-large has-custom-border is-style-simple-right is-layout-flow wp-block-column-is-layout-flow is-style-simple-right--6" style="flex-basis:60%">
<figure class="wp-block-image alignright size-large"><img alt="Séjour en Ariège près de la réserve d’Orlu pour les amateurs de camping et de randonnée" decoding="async" width="1024" height="683" src="https://www.vap-camping.fr/wp-content/uploads/2025/05/AdobeStock_87361103-1024x683.jpeg" alt="" class="wp-image-1168" srcset="https://www.vap-camping.fr/wp-content/uploads/2025/05/AdobeStock_87361103-1024x683.jpeg 1024w, https://www.vap-camping.fr/wp-content/uploads/2025/05/AdobeStock_87361103-600x400.jpeg 600w, https://www.vap-camping.fr/wp-content/uploads/2025/05/AdobeStock_87361103-768x512.jpeg 768w, https://www.vap-camping.fr/wp-content/uploads/2025/05/AdobeStock_87361103-1536x1024.jpeg 1536w, https://www.vap-camping.fr/wp-content/uploads/2025/05/AdobeStock_87361103-2048x1365.jpeg 2048w" sizes="(max-width: 1024px) 100vw, 1024px" /></figure>
</div>
</div>
</div>



<div class="wp-block-group reveal has-global-padding is-layout-constrained wp-block-group-is-layout-constrained">
<div class="wp-block-group alignwide is-style-title-simple is-layout-flow wp-block-group-is-layout-flow is-style-title-simple--7" style="margin-top:4rem;margin-bottom:4rem">
<p class="has-text-align-center has-secondary-color has-text-color has-link-color has-secondary-font-family has-xl-font-size wp-elements-754a17b6465ac1fab313b12ad098c134">
  Unsere Einrichtungen</p>



<p class="has-text-align-center has-primary-font-family has-sm-font-size" style="text-transform:uppercase">
                <strong>in der Nähe</strong>
            </p>
</div>


<div class="campings-wrapper is-layout-flow wp-block-slider-campings-is-layout-flow">
            <div class="campings-list">
                            <div class="camping-item"
                    style="background-image: linear-gradient(to top, rgba(0, 0, 0, 0.6), transparent), url('https://www.vap-camping.fr/wp-content/uploads/2025/04/camping-avec-piscine-1024x767.jpg');">
                    <a href="https://www.vap-camping.fr/de/campings/camping-du-lac/" title="Campingplatz du lac(Foix)" class="camping-link">
                        <p class="title">Campingplatz du lac(Foix)</p>
                        <p class="camping-button">Entdecken</p>
                    </a>
                </div>
                    </div>
    </div>

</div>
</div>

<p>Der Chemin des Bonshommes ist eine berühmte Wanderroute, die Sie in die Geschichte der Katharer eintauchen lässt und Ihnen gleichzeitig eine atemberaubende Landschaft bietet. Der Frühling ist die ideale Zeit für dieses Abenteuer: das milde Klima und die blühenden Farben der Landschaft machen das Wandern noch angenehmer. Entdecken Sie den kulturellen und natürlichen Reichtum der Ariège auf dieser unvergesslichen Wanderung!  </p>
