{"id":2745,"date":"2025-05-09T14:32:28","date_gmt":"2025-05-09T14:32:28","guid":{"rendered":"https:\/\/www.vap-camping.fr\/lieux\/montcalm\/"},"modified":"2025-07-28T07:24:16","modified_gmt":"2025-07-28T07:24:16","slug":"montcalm","status":"publish","type":"lieux","link":"https:\/\/www.vap-camping.fr\/de\/lieux\/montcalm\/","title":{"rendered":"Montcalm"},"content":{"rendered":"\n<div class=\"wp-block-group alignfull is-layout-flow wp-container-core-group-is-layout-12cc3699 wp-block-group-is-layout-flow\" style=\"padding-top:10rem\">\n<div class=\"wp-block-group has-global-padding is-layout-constrained wp-container-core-group-is-layout-2931b900 wp-block-group-is-layout-constrained\">\n<div class=\"wp-block-columns alignfull are-vertically-aligned-center is-layout-flex wp-container-core-columns-is-layout-0c0b91ec wp-block-columns-is-layout-flex\">\n<div class=\"wp-block-column is-vertically-aligned-center leftRight is-layout-flow wp-container-core-column-is-layout-58dbe9e9 wp-block-column-is-layout-flow\" style=\"padding-left:10rem;flex-basis:40%\">\n<div class=\"wp-block-group is-style-title-left is-layout-flow wp-block-group-is-layout-flow is-style-title-left--1\">\n<p class=\"has-secondary-color has-text-color has-link-color has-secondary-font-family has-xl-font-size wp-elements-97fcd4c0dd18da117143706978a404ea\">Le Montcalm<\/p>\n\n\n\n<p class=\"has-primary-color has-text-color has-link-color has-primary-font-family has-sm-font-size wp-elements-b50ff0ad030e4fe36c2309ff997012b4\" style=\"text-transform:uppercase\"><strong>Dach der Ari\u00e8ge auf 3.077 Meter<\/strong><\/p>\n<\/div>\n\n\n\n<h1 class=\"wp-block-heading text-title\">Ein symboltr\u00e4chtiger Gipfel f\u00fcr erfahrene Wanderer<\/h1>\n\n\n\n<p class=\"has-m-font-size\" style=\"padding-left:2rem\">Der <strong>Montcalm<\/strong> ist der h\u00f6chste Berg der Ari\u00e8ge und thront mit <strong>3.077 m H\u00f6he<\/strong> an der Grenze zwischen Frankreich und Spanien. Er wird auch das &#8220;Dach der Ari\u00e8ge&#8221; genannt und zieht jeden Sommer Hunderte von Wanderern an, die sich der Herausforderung des Aufstiegs stellen. Es ist ein mythischer, anspruchsvoller, aber unvergesslicher Lauf, der nur f\u00fcr gut vorbereitete Wanderer geeignet ist.  <\/p>\n<\/div>\n\n\n\n<div class=\"wp-block-column is-vertically-aligned-center rightLeft wp-block-image alignright size-large has-custom-border is-style-travel is-layout-flow wp-block-column-is-layout-flow is-style-travel--2\" style=\"flex-basis:60%\">\n<figure class=\"wp-block-image alignright size-large\"><img alt=\"\" decoding=\"async\" width=\"1024\" height=\"768\" src=\"https:\/\/www.vap-camping.fr\/wp-content\/uploads\/2025\/05\/AdobeStock_375810490-1024x768.jpeg\" alt=\"\" class=\"wp-image-1154\" srcset=\"https:\/\/www.vap-camping.fr\/wp-content\/uploads\/2025\/05\/AdobeStock_375810490-1024x768.jpeg 1024w, https:\/\/www.vap-camping.fr\/wp-content\/uploads\/2025\/05\/AdobeStock_375810490-600x450.jpeg 600w, https:\/\/www.vap-camping.fr\/wp-content\/uploads\/2025\/05\/AdobeStock_375810490-768x576.jpeg 768w, https:\/\/www.vap-camping.fr\/wp-content\/uploads\/2025\/05\/AdobeStock_375810490-1536x1152.jpeg 1536w, https:\/\/www.vap-camping.fr\/wp-content\/uploads\/2025\/05\/AdobeStock_375810490-2048x1536.jpeg 2048w\" sizes=\"(max-width: 1024px) 100vw, 1024px\" \/><\/figure>\n<\/div>\n<\/div>\n<\/div>\n\n\n\n<div class=\"wp-block-group has-global-padding is-layout-constrained wp-block-group-is-layout-constrained\">\n<div class=\"wp-block-columns alignfull are-vertically-aligned-center is-layout-flex wp-container-core-columns-is-layout-0c0b91ec wp-block-columns-is-layout-flex\">\n<div class=\"wp-block-column is-vertically-aligned-center wp-block-image alignright size-large has-custom-border is-style-simple-left leftRight is-layout-flow wp-block-column-is-layout-flow is-style-simple-left--3\" style=\"flex-basis:60%\">\n<figure class=\"wp-block-image alignleft size-large\"><img alt=\"\" decoding=\"async\" width=\"1024\" height=\"683\" src=\"https:\/\/www.vap-camping.fr\/wp-content\/uploads\/2025\/05\/AdobeStock_610758526-1024x683.jpeg\" alt=\"\" class=\"wp-image-1156\" srcset=\"https:\/\/www.vap-camping.fr\/wp-content\/uploads\/2025\/05\/AdobeStock_610758526-1024x683.jpeg 1024w, https:\/\/www.vap-camping.fr\/wp-content\/uploads\/2025\/05\/AdobeStock_610758526-600x400.jpeg 600w, https:\/\/www.vap-camping.fr\/wp-content\/uploads\/2025\/05\/AdobeStock_610758526-768x512.jpeg 768w, https:\/\/www.vap-camping.fr\/wp-content\/uploads\/2025\/05\/AdobeStock_610758526-1536x1024.jpeg 1536w, https:\/\/www.vap-camping.fr\/wp-content\/uploads\/2025\/05\/AdobeStock_610758526-2048x1365.jpeg 2048w\" sizes=\"(max-width: 1024px) 100vw, 1024px\" \/><\/figure>\n<\/div>\n\n\n\n<div class=\"wp-block-column is-vertically-aligned-center rightLeft is-layout-flow wp-container-core-column-is-layout-58dbe9e9 wp-block-column-is-layout-flow\" style=\"padding-left:10rem;flex-basis:40%\">\n<div class=\"wp-block-group is-style-title-left is-layout-flow wp-block-group-is-layout-flow is-style-title-left--4\">\n<p class=\"has-secondary-color has-text-color has-link-color has-secondary-font-family has-xl-font-size wp-elements-14c47d6b58e67fd0f02b362f1b40a36b\">Ein Aufstieg<\/p>\n\n\n\n<p class=\"has-primary-color has-text-color has-link-color has-primary-font-family has-sm-font-size wp-elements-5cb67bb87b0035d912e19f7528791b9c\" style=\"text-transform:uppercase\"><strong>lang und nachhaltig<\/strong><\/p>\n<\/div>\n\n\n\n<h2 class=\"wp-block-heading text-title\">Ca. 10-12 Std. Hin- und R\u00fcckmarsch vom Parkplatz Artigue.<\/h2>\n\n\n\n<p class=\"has-m-font-size\" style=\"padding-left:2rem\">Der Start erfolgt vom <strong>Parkplatz Artigue<\/strong>, oberhalb von Auzat. Der markierte Weg f\u00fchrt \u00fcber die <strong>Pinet-H\u00fctte<\/strong> (2.240 m), die oft f\u00fcr eine Etappen\u00fcbernachtung genutzt wird. Der Aufstieg geht dann weiter zum <strong>Montcalm-Sattel<\/strong> und dann zum Gipfel, mit einem kumulierten H\u00f6henunterschied von etwa <strong>+2.100 m.<\/strong> Ausdauer, Ausr\u00fcstung und gutes Wetter sind erforderlich.   <\/p>\n<\/div>\n<\/div>\n<\/div>\n\n\n\n<div class=\"wp-block-group has-global-padding is-layout-constrained wp-block-group-is-layout-constrained\">\n<div class=\"wp-block-columns alignfull are-vertically-aligned-center is-layout-flex wp-container-core-columns-is-layout-0c0b91ec wp-block-columns-is-layout-flex\">\n<div class=\"wp-block-column is-vertically-aligned-center leftRight is-layout-flow wp-container-core-column-is-layout-58dbe9e9 wp-block-column-is-layout-flow\" style=\"padding-left:10rem;flex-basis:40%\">\n<div class=\"wp-block-group is-style-title-left is-layout-flow wp-block-group-is-layout-flow is-style-title-left--5\">\n<p class=\"has-secondary-color has-text-color has-link-color has-secondary-font-family has-xl-font-size wp-elements-4ed1c46a9f41bc1e3d181453b2334d42\">Ein au\u00dfergew\u00f6hnliches Panorama<\/p>\n\n\n\n<p class=\"has-primary-color has-text-color has-link-color has-primary-font-family has-sm-font-size wp-elements-cf0247435c7d461fc0d0819be151c1f9\" style=\"text-transform:uppercase\"><strong>vom Gipfel aus<\/strong><\/p>\n<\/div>\n\n\n\n<h2 class=\"wp-block-heading text-title\">Blick auf die 3.000 Ari\u00e8ge, den Aneto und die spanischen Massive<\/h2>\n\n\n\n<p class=\"has-m-font-size\" style=\"padding-left:2rem\">Vom Gipfel aus haben Sie einen weiten Blick \u00fcber die <strong>hohen Gipfel der Pyren\u00e4en<\/strong>, einschlie\u00dflich des <strong>Pic d&#8217;Estats<\/strong> (3.143 m), den Sie in weiteren 45 Minuten erreichen k\u00f6nnen. An klaren Tagen kann man sogar die katalanischen und andorranischen Gipfel sehen. Eine mineralische, wilde und beeindruckende Kulisse.  <\/p>\n<\/div>\n\n\n\n<div class=\"wp-block-column is-vertically-aligned-center rightLeft wp-block-image alignright size-large has-custom-border is-style-travel is-layout-flow wp-block-column-is-layout-flow is-style-travel--6\" style=\"flex-basis:60%\">\n<figure class=\"wp-block-image alignright size-large\"><img alt=\"\" decoding=\"async\" width=\"1024\" height=\"684\" src=\"https:\/\/www.vap-camping.fr\/wp-content\/uploads\/2025\/05\/AdobeStock_295645470-1024x684.jpeg\" alt=\"\" class=\"wp-image-1152\" srcset=\"https:\/\/www.vap-camping.fr\/wp-content\/uploads\/2025\/05\/AdobeStock_295645470-1024x684.jpeg 1024w, https:\/\/www.vap-camping.fr\/wp-content\/uploads\/2025\/05\/AdobeStock_295645470-600x401.jpeg 600w, https:\/\/www.vap-camping.fr\/wp-content\/uploads\/2025\/05\/AdobeStock_295645470-768x513.jpeg 768w, https:\/\/www.vap-camping.fr\/wp-content\/uploads\/2025\/05\/AdobeStock_295645470-1536x1026.jpeg 1536w, https:\/\/www.vap-camping.fr\/wp-content\/uploads\/2025\/05\/AdobeStock_295645470-2048x1368.jpeg 2048w\" sizes=\"(max-width: 1024px) 100vw, 1024px\" \/><\/figure>\n<\/div>\n<\/div>\n<\/div>\n\n\n\n<div class=\"wp-block-group reveal has-global-padding is-layout-constrained wp-block-group-is-layout-constrained\">\n<div class=\"wp-block-group alignwide is-style-title-simple is-layout-flow wp-block-group-is-layout-flow is-style-title-simple--7\" style=\"margin-top:4rem;margin-bottom:4rem\">\n<p class=\"has-text-align-center has-secondary-color has-text-color has-link-color has-secondary-font-family has-xl-font-size wp-elements-754a17b6465ac1fab313b12ad098c134\">\n  Unsere Einrichtungen<\/p>\n\n\n\n<p class=\"has-text-align-center has-primary-font-family has-sm-font-size\" style=\"text-transform:uppercase\">\n                <strong>in der N\u00e4he<\/strong>\n            <\/p>\n<\/div>\n\n\n<div class=\"campings-wrapper is-layout-flow wp-block-slider-campings-is-layout-flow\">\n            <div class=\"campings-list\">\n                            <div class=\"camping-item\"\n                    style=\"background-image: linear-gradient(to top, rgba(0, 0, 0, 0.6), transparent), url('https:\/\/www.vap-camping.fr\/wp-content\/uploads\/2025\/04\/img_5291-1024x768-1.jpg');\">\n                    <a href=\"https:\/\/www.vap-camping.fr\/de\/campings\/complexe-des-oustalous\/\" title=\"Oustalous-Komplex\" class=\"camping-link\">\n                        <p class=\"title\">Oustalous-Komplex<\/p>\n                        <p class=\"camping-button\">Entdecken<\/p>\n                    <\/a>\n                <\/div>\n                    <\/div>\n    <\/div>\n\n<\/div>\n<\/div>\n","protected":false},"excerpt":{"rendered":"<p>Der Montcalm, einer der h\u00f6chsten Gipfel der Ari\u00e8ge, bietet Ihnen eine unvergessliche Wanderung. Der Fr\u00fchling ist die ideale Jahreszeit: die angenehmen Temperaturen und die bl\u00fchenden Landschaften werden Sie w\u00e4hrend Ihres Aufstiegs begleiten. Genie\u00dfen Sie die spektakul\u00e4re Aussicht auf die umliegenden Seen und Berge &#8211; ein erholsames Erlebnis, das Sie sich nicht entgehen lassen sollten!  <\/p>\n","protected":false},"author":1,"featured_media":2748,"parent":0,"template":"","format":"standard","tax-category-lieux":[47],"class_list":["post-2745","lieux","type-lieux","status-publish","format-standard","has-post-thumbnail","hentry","tax-category-lieux-parks-de"],"acf":{"latitude":"42.6725148","longitude":"1.3960892","distance":"","pm_lieu_url":"","pm_lieu_phone":"","adresse":"","pm_lieu_title_short":"","af_camping":null},"_links":{"self":[{"href":"https:\/\/www.vap-camping.fr\/de\/wp-json\/wp\/v2\/lieux\/2745","targetHints":{"allow":["GET"]}}],"collection":[{"href":"https:\/\/www.vap-camping.fr\/de\/wp-json\/wp\/v2\/lieux"}],"about":[{"href":"https:\/\/www.vap-camping.fr\/de\/wp-json\/wp\/v2\/types\/lieux"}],"author":[{"embeddable":true,"href":"https:\/\/www.vap-camping.fr\/de\/wp-json\/wp\/v2\/users\/1"}],"version-history":[{"count":1,"href":"https:\/\/www.vap-camping.fr\/de\/wp-json\/wp\/v2\/lieux\/2745\/revisions"}],"predecessor-version":[{"id":2754,"href":"https:\/\/www.vap-camping.fr\/de\/wp-json\/wp\/v2\/lieux\/2745\/revisions\/2754"}],"wp:featuredmedia":[{"embeddable":true,"href":"https:\/\/www.vap-camping.fr\/de\/wp-json\/wp\/v2\/media\/2748"}],"wp:attachment":[{"href":"https:\/\/www.vap-camping.fr\/de\/wp-json\/wp\/v2\/media?parent=2745"}],"wp:term":[{"taxonomy":"tax-category-lieux","embeddable":true,"href":"https:\/\/www.vap-camping.fr\/de\/wp-json\/wp\/v2\/tax-category-lieux?post=2745"}],"curies":[{"name":"wp","href":"https:\/\/api.w.org\/{rel}","templated":true}]}}

<div class="wp-block-group alignfull is-layout-flow wp-container-core-group-is-layout-12cc3699 wp-block-group-is-layout-flow" style="padding-top:10rem">
<div class="wp-block-group has-global-padding is-layout-constrained wp-container-core-group-is-layout-2931b900 wp-block-group-is-layout-constrained">
<div class="wp-block-columns alignfull are-vertically-aligned-center is-layout-flex wp-container-core-columns-is-layout-0c0b91ec wp-block-columns-is-layout-flex">
<div class="wp-block-column is-vertically-aligned-center leftRight is-layout-flow wp-container-core-column-is-layout-58dbe9e9 wp-block-column-is-layout-flow" style="padding-left:10rem;flex-basis:40%">
<div class="wp-block-group is-style-title-left is-layout-flow wp-block-group-is-layout-flow is-style-title-left--1">
<p class="has-secondary-color has-text-color has-link-color has-secondary-font-family has-xl-font-size wp-elements-97fcd4c0dd18da117143706978a404ea">Le Montcalm</p>



<p class="has-primary-color has-text-color has-link-color has-primary-font-family has-sm-font-size wp-elements-b50ff0ad030e4fe36c2309ff997012b4" style="text-transform:uppercase"><strong>Dach der Ariège auf 3.077 Meter</strong></p>
</div>



<h1 class="wp-block-heading text-title">Ein symbolträchtiger Gipfel für erfahrene Wanderer</h1>



<p class="has-m-font-size" style="padding-left:2rem">Der <strong>Montcalm</strong> ist der höchste Berg der Ariège und thront mit <strong>3.077 m Höhe</strong> an der Grenze zwischen Frankreich und Spanien. Er wird auch das &#8220;Dach der Ariège&#8221; genannt und zieht jeden Sommer Hunderte von Wanderern an, die sich der Herausforderung des Aufstiegs stellen. Es ist ein mythischer, anspruchsvoller, aber unvergesslicher Lauf, der nur für gut vorbereitete Wanderer geeignet ist.  </p>
</div>



<div class="wp-block-column is-vertically-aligned-center rightLeft wp-block-image alignright size-large has-custom-border is-style-travel is-layout-flow wp-block-column-is-layout-flow is-style-travel--2" style="flex-basis:60%">
<figure class="wp-block-image alignright size-large"><img alt="" decoding="async" width="1024" height="768" src="https://www.vap-camping.fr/wp-content/uploads/2025/05/AdobeStock_375810490-1024x768.jpeg" alt="" class="wp-image-1154" srcset="https://www.vap-camping.fr/wp-content/uploads/2025/05/AdobeStock_375810490-1024x768.jpeg 1024w, https://www.vap-camping.fr/wp-content/uploads/2025/05/AdobeStock_375810490-600x450.jpeg 600w, https://www.vap-camping.fr/wp-content/uploads/2025/05/AdobeStock_375810490-768x576.jpeg 768w, https://www.vap-camping.fr/wp-content/uploads/2025/05/AdobeStock_375810490-1536x1152.jpeg 1536w, https://www.vap-camping.fr/wp-content/uploads/2025/05/AdobeStock_375810490-2048x1536.jpeg 2048w" sizes="(max-width: 1024px) 100vw, 1024px" /></figure>
</div>
</div>
</div>



<div class="wp-block-group has-global-padding is-layout-constrained wp-block-group-is-layout-constrained">
<div class="wp-block-columns alignfull are-vertically-aligned-center is-layout-flex wp-container-core-columns-is-layout-0c0b91ec wp-block-columns-is-layout-flex">
<div class="wp-block-column is-vertically-aligned-center wp-block-image alignright size-large has-custom-border is-style-simple-left leftRight is-layout-flow wp-block-column-is-layout-flow is-style-simple-left--3" style="flex-basis:60%">
<figure class="wp-block-image alignleft size-large"><img alt="" decoding="async" width="1024" height="683" src="https://www.vap-camping.fr/wp-content/uploads/2025/05/AdobeStock_610758526-1024x683.jpeg" alt="" class="wp-image-1156" srcset="https://www.vap-camping.fr/wp-content/uploads/2025/05/AdobeStock_610758526-1024x683.jpeg 1024w, https://www.vap-camping.fr/wp-content/uploads/2025/05/AdobeStock_610758526-600x400.jpeg 600w, https://www.vap-camping.fr/wp-content/uploads/2025/05/AdobeStock_610758526-768x512.jpeg 768w, https://www.vap-camping.fr/wp-content/uploads/2025/05/AdobeStock_610758526-1536x1024.jpeg 1536w, https://www.vap-camping.fr/wp-content/uploads/2025/05/AdobeStock_610758526-2048x1365.jpeg 2048w" sizes="(max-width: 1024px) 100vw, 1024px" /></figure>
</div>



<div class="wp-block-column is-vertically-aligned-center rightLeft is-layout-flow wp-container-core-column-is-layout-58dbe9e9 wp-block-column-is-layout-flow" style="padding-left:10rem;flex-basis:40%">
<div class="wp-block-group is-style-title-left is-layout-flow wp-block-group-is-layout-flow is-style-title-left--4">
<p class="has-secondary-color has-text-color has-link-color has-secondary-font-family has-xl-font-size wp-elements-14c47d6b58e67fd0f02b362f1b40a36b">Ein Aufstieg</p>



<p class="has-primary-color has-text-color has-link-color has-primary-font-family has-sm-font-size wp-elements-5cb67bb87b0035d912e19f7528791b9c" style="text-transform:uppercase"><strong>lang und nachhaltig</strong></p>
</div>



<h2 class="wp-block-heading text-title">Ca. 10-12 Std. Hin- und Rückmarsch vom Parkplatz Artigue.</h2>



<p class="has-m-font-size" style="padding-left:2rem">Der Start erfolgt vom <strong>Parkplatz Artigue</strong>, oberhalb von Auzat. Der markierte Weg führt über die <strong>Pinet-Hütte</strong> (2.240 m), die oft für eine Etappenübernachtung genutzt wird. Der Aufstieg geht dann weiter zum <strong>Montcalm-Sattel</strong> und dann zum Gipfel, mit einem kumulierten Höhenunterschied von etwa <strong>+2.100 m.</strong> Ausdauer, Ausrüstung und gutes Wetter sind erforderlich.   </p>
</div>
</div>
</div>



<div class="wp-block-group has-global-padding is-layout-constrained wp-block-group-is-layout-constrained">
<div class="wp-block-columns alignfull are-vertically-aligned-center is-layout-flex wp-container-core-columns-is-layout-0c0b91ec wp-block-columns-is-layout-flex">
<div class="wp-block-column is-vertically-aligned-center leftRight is-layout-flow wp-container-core-column-is-layout-58dbe9e9 wp-block-column-is-layout-flow" style="padding-left:10rem;flex-basis:40%">
<div class="wp-block-group is-style-title-left is-layout-flow wp-block-group-is-layout-flow is-style-title-left--5">
<p class="has-secondary-color has-text-color has-link-color has-secondary-font-family has-xl-font-size wp-elements-4ed1c46a9f41bc1e3d181453b2334d42">Ein außergewöhnliches Panorama</p>



<p class="has-primary-color has-text-color has-link-color has-primary-font-family has-sm-font-size wp-elements-cf0247435c7d461fc0d0819be151c1f9" style="text-transform:uppercase"><strong>vom Gipfel aus</strong></p>
</div>



<h2 class="wp-block-heading text-title">Blick auf die 3.000 Ariège, den Aneto und die spanischen Massive</h2>



<p class="has-m-font-size" style="padding-left:2rem">Vom Gipfel aus haben Sie einen weiten Blick über die <strong>hohen Gipfel der Pyrenäen</strong>, einschließlich des <strong>Pic d&#8217;Estats</strong> (3.143 m), den Sie in weiteren 45 Minuten erreichen können. An klaren Tagen kann man sogar die katalanischen und andorranischen Gipfel sehen. Eine mineralische, wilde und beeindruckende Kulisse.  </p>
</div>



<div class="wp-block-column is-vertically-aligned-center rightLeft wp-block-image alignright size-large has-custom-border is-style-travel is-layout-flow wp-block-column-is-layout-flow is-style-travel--6" style="flex-basis:60%">
<figure class="wp-block-image alignright size-large"><img alt="" decoding="async" width="1024" height="684" src="https://www.vap-camping.fr/wp-content/uploads/2025/05/AdobeStock_295645470-1024x684.jpeg" alt="" class="wp-image-1152" srcset="https://www.vap-camping.fr/wp-content/uploads/2025/05/AdobeStock_295645470-1024x684.jpeg 1024w, https://www.vap-camping.fr/wp-content/uploads/2025/05/AdobeStock_295645470-600x401.jpeg 600w, https://www.vap-camping.fr/wp-content/uploads/2025/05/AdobeStock_295645470-768x513.jpeg 768w, https://www.vap-camping.fr/wp-content/uploads/2025/05/AdobeStock_295645470-1536x1026.jpeg 1536w, https://www.vap-camping.fr/wp-content/uploads/2025/05/AdobeStock_295645470-2048x1368.jpeg 2048w" sizes="(max-width: 1024px) 100vw, 1024px" /></figure>
</div>
</div>
</div>



<div class="wp-block-group reveal has-global-padding is-layout-constrained wp-block-group-is-layout-constrained">
<div class="wp-block-group alignwide is-style-title-simple is-layout-flow wp-block-group-is-layout-flow is-style-title-simple--7" style="margin-top:4rem;margin-bottom:4rem">
<p class="has-text-align-center has-secondary-color has-text-color has-link-color has-secondary-font-family has-xl-font-size wp-elements-754a17b6465ac1fab313b12ad098c134">
  Unsere Einrichtungen</p>



<p class="has-text-align-center has-primary-font-family has-sm-font-size" style="text-transform:uppercase">
                <strong>in der Nähe</strong>
            </p>
</div>


<div class="campings-wrapper is-layout-flow wp-block-slider-campings-is-layout-flow">
            <div class="campings-list">
                            <div class="camping-item"
                    style="background-image: linear-gradient(to top, rgba(0, 0, 0, 0.6), transparent), url('https://www.vap-camping.fr/wp-content/uploads/2025/04/img_5291-1024x768-1.jpg');">
                    <a href="https://www.vap-camping.fr/de/campings/complexe-des-oustalous/" title="Oustalous-Komplex" class="camping-link">
                        <p class="title">Oustalous-Komplex</p>
                        <p class="camping-button">Entdecken</p>
                    </a>
                </div>
                    </div>
    </div>

</div>
</div>

<p>Der Montcalm, einer der höchsten Gipfel der Ariège, bietet Ihnen eine unvergessliche Wanderung. Der Frühling ist die ideale Jahreszeit: die angenehmen Temperaturen und die blühenden Landschaften werden Sie während Ihres Aufstiegs begleiten. Genießen Sie die spektakuläre Aussicht auf die umliegenden Seen und Berge &#8211; ein erholsames Erlebnis, das Sie sich nicht entgehen lassen sollten!  </p>
