{"id":2757,"date":"2025-05-09T14:27:04","date_gmt":"2025-05-09T14:27:04","guid":{"rendered":"https:\/\/www.vap-camping.fr\/lieux\/cascade-d-ars\/"},"modified":"2025-07-28T07:24:17","modified_gmt":"2025-07-28T07:24:17","slug":"cascade-d-ars","status":"publish","type":"lieux","link":"https:\/\/www.vap-camping.fr\/de\/lieux\/cascade-d-ars\/","title":{"rendered":"Wasserfall von Ars"},"content":{"rendered":"\n<div class=\"wp-block-group alignfull is-layout-flow wp-container-core-group-is-layout-12cc3699 wp-block-group-is-layout-flow\" style=\"padding-top:10rem\">\n<div class=\"wp-block-group has-global-padding is-layout-constrained wp-container-core-group-is-layout-2931b900 wp-block-group-is-layout-constrained\">\n<div class=\"wp-block-columns alignfull are-vertically-aligned-center is-layout-flex wp-container-core-columns-is-layout-0c0b91ec wp-block-columns-is-layout-flex\">\n<div class=\"wp-block-column is-vertically-aligned-center leftRight is-layout-flow wp-container-core-column-is-layout-58dbe9e9 wp-block-column-is-layout-flow\" style=\"padding-left:10rem;flex-basis:40%\">\n<div class=\"wp-block-group is-style-title-left is-layout-flow wp-block-group-is-layout-flow is-style-title-left--1\">\n<p class=\"has-secondary-color has-text-color has-link-color has-secondary-font-family has-xl-font-size wp-elements-e5eac03c3500a7383794e4adf95abf3a\">Wasserfall von Ars<\/p>\n\n\n\n<p class=\"has-primary-color has-text-color has-link-color has-primary-font-family has-sm-font-size wp-elements-300e9e36b1ec48f1c1d98ffd829fddea\" style=\"text-transform:uppercase\"><strong>einer der sch\u00f6nsten Wasserf\u00e4lle der Pyren\u00e4en<\/strong><\/p>\n<\/div>\n\n\n\n<h1 class=\"wp-block-heading text-title\">Ein spektakul\u00e4res Naturgebiet im Herzen von Couserans<\/h1>\n\n\n\n<p class=\"has-m-font-size\" style=\"padding-left:2rem\">Der <strong>Wasserfall von Ars<\/strong> liegt in der N\u00e4he des Dorfes Aulus-les-Bains im Garbet-Tal und ist einer der h\u00f6chsten und eindrucksvollsten Wasserf\u00e4lle der Pyren\u00e4en. Mit einem H\u00f6henunterschied von insgesamt 246 Metern in drei Stufen bietet er ein beeindruckendes Schauspiel, vor allem im Fr\u00fchling, wenn der Schnee schmilzt. <\/p>\n<\/div>\n\n\n\n<div class=\"wp-block-column is-vertically-aligned-center rightLeft wp-block-image alignright size-large has-custom-border is-style-travel is-layout-flow wp-block-column-is-layout-flow is-style-travel--2\" style=\"flex-basis:60%\">\n<figure class=\"wp-block-image alignright size-large\"><img alt=\"\" decoding=\"async\" width=\"1024\" height=\"683\" src=\"https:\/\/www.vap-camping.fr\/wp-content\/uploads\/2025\/05\/AdobeStock_223242688-1024x683.jpeg\" alt=\"\" class=\"wp-image-1229\" srcset=\"https:\/\/www.vap-camping.fr\/wp-content\/uploads\/2025\/05\/AdobeStock_223242688-1024x683.jpeg 1024w, https:\/\/www.vap-camping.fr\/wp-content\/uploads\/2025\/05\/AdobeStock_223242688-600x400.jpeg 600w, https:\/\/www.vap-camping.fr\/wp-content\/uploads\/2025\/05\/AdobeStock_223242688-768x512.jpeg 768w, https:\/\/www.vap-camping.fr\/wp-content\/uploads\/2025\/05\/AdobeStock_223242688-1536x1024.jpeg 1536w, https:\/\/www.vap-camping.fr\/wp-content\/uploads\/2025\/05\/AdobeStock_223242688-2048x1365.jpeg 2048w\" sizes=\"(max-width: 1024px) 100vw, 1024px\" \/><\/figure>\n<\/div>\n<\/div>\n<\/div>\n\n\n\n<div class=\"wp-block-group has-global-padding is-layout-constrained wp-block-group-is-layout-constrained\">\n<div class=\"wp-block-columns alignfull are-vertically-aligned-center is-layout-flex wp-container-core-columns-is-layout-0c0b91ec wp-block-columns-is-layout-flex\">\n<div class=\"wp-block-column is-vertically-aligned-center wp-block-image alignright size-large has-custom-border is-style-simple-left leftRight is-layout-flow wp-block-column-is-layout-flow is-style-simple-left--3\" style=\"flex-basis:60%\">\n<figure class=\"wp-block-image alignleft size-large\"><img alt=\"\" decoding=\"async\" width=\"1024\" height=\"673\" src=\"https:\/\/www.vap-camping.fr\/wp-content\/uploads\/2025\/05\/AdobeStock_285782136-1024x673.jpeg\" alt=\"\" class=\"wp-image-1231\" srcset=\"https:\/\/www.vap-camping.fr\/wp-content\/uploads\/2025\/05\/AdobeStock_285782136-1024x673.jpeg 1024w, https:\/\/www.vap-camping.fr\/wp-content\/uploads\/2025\/05\/AdobeStock_285782136-600x395.jpeg 600w, https:\/\/www.vap-camping.fr\/wp-content\/uploads\/2025\/05\/AdobeStock_285782136-768x505.jpeg 768w, https:\/\/www.vap-camping.fr\/wp-content\/uploads\/2025\/05\/AdobeStock_285782136-1536x1010.jpeg 1536w, https:\/\/www.vap-camping.fr\/wp-content\/uploads\/2025\/05\/AdobeStock_285782136-2048x1347.jpeg 2048w\" sizes=\"(max-width: 1024px) 100vw, 1024px\" \/><\/figure>\n<\/div>\n\n\n\n<div class=\"wp-block-column is-vertically-aligned-center rightLeft is-layout-flow wp-container-core-column-is-layout-58dbe9e9 wp-block-column-is-layout-flow\" style=\"padding-left:10rem;flex-basis:40%\">\n<div class=\"wp-block-group is-style-title-left is-layout-flow wp-block-group-is-layout-flow is-style-title-left--4\">\n<p class=\"has-secondary-color has-text-color has-link-color has-secondary-font-family has-xl-font-size wp-elements-6fe684800a9738a1948791393e0dc48e\">Eine unumg\u00e4ngliche Wanderung<\/p>\n\n\n\n<p class=\"has-primary-color has-text-color has-link-color has-primary-font-family has-sm-font-size wp-elements-9aaef77c2afcf9bec3bc8cae05222fc7\" style=\"text-transform:uppercase\"><strong>und zug\u00e4nglich<\/strong><\/p>\n<\/div>\n\n\n\n<h2 class=\"wp-block-heading text-title\">Ca. 2,5 Stunden hin und zur\u00fcck auf einem gut markierten Weg.<\/h2>\n\n\n\n<p class=\"has-m-font-size\" style=\"padding-left:2rem\">Der Weg beginnt in Aulus-les-Bains auf 750 m H\u00f6he. Der Weg steigt im Wald allm\u00e4hlich an, folgt einem Bach und m\u00fcndet dann in Lichtungen mit Blick auf den Wasserfall. Die Strecke ist <strong>f\u00fcr Familien geeignet, die an Wanderungen gew\u00f6hnt<\/strong> sind. Der positive H\u00f6henunterschied betr\u00e4gt ca. 500 m.  <\/p>\n<\/div>\n<\/div>\n<\/div>\n\n\n\n<div class=\"wp-block-group has-global-padding is-layout-constrained wp-block-group-is-layout-constrained\">\n<div class=\"wp-block-columns alignfull are-vertically-aligned-center is-layout-flex wp-container-core-columns-is-layout-0c0b91ec wp-block-columns-is-layout-flex\">\n<div class=\"wp-block-column is-vertically-aligned-center leftRight is-layout-flow wp-container-core-column-is-layout-58dbe9e9 wp-block-column-is-layout-flow\" style=\"padding-left:10rem;flex-basis:40%\">\n<div class=\"wp-block-group is-style-title-left is-layout-flow wp-block-group-is-layout-flow is-style-title-left--5\">\n<p class=\"has-secondary-color has-text-color has-link-color has-secondary-font-family has-xl-font-size wp-elements-bbb3a23f5680af5f6b13896db89725d6\">Ein wechselndes Dekor<\/p>\n\n\n\n<p class=\"has-primary-color has-text-color has-link-color has-primary-font-family has-sm-font-size wp-elements-d79f7c85ec3dc38b1d1c52a278ccf4c4\" style=\"text-transform:uppercase\"><strong>im Laufe der Jahreszeiten<\/strong><\/p>\n<\/div>\n\n\n\n<h2 class=\"wp-block-heading text-title\">Kraftvoller Wasserfall im Fr\u00fchling, friedlich und schattig im Sommer<\/h2>\n\n\n\n<p class=\"has-m-font-size\" style=\"padding-left:2rem\">Der Wasserfall erreicht seine <strong>volle Wassermenge zwischen Mai und Juni<\/strong> mit einem beeindruckenden L\u00e4rm. Im Sommer bleibt er spektakul\u00e4r, aber ruhiger und bietet eine k\u00fchle Pause im Herzen des Waldes. Der Herbst bietet eine feurige Landschaft mit bunten W\u00e4ldern und weichem Licht.  <\/p>\n<\/div>\n\n\n\n<div class=\"wp-block-column is-vertically-aligned-center rightLeft wp-block-image alignright size-large has-custom-border is-style-simple-right is-layout-flow wp-block-column-is-layout-flow is-style-simple-right--6\" style=\"flex-basis:60%\">\n<figure class=\"wp-block-image alignright size-large\"><img alt=\"\" decoding=\"async\" width=\"1024\" height=\"767\" src=\"https:\/\/www.vap-camping.fr\/wp-content\/uploads\/2025\/05\/AdobeStock_287764779-1024x767.jpeg\" alt=\"\" class=\"wp-image-1233\" srcset=\"https:\/\/www.vap-camping.fr\/wp-content\/uploads\/2025\/05\/AdobeStock_287764779-1024x767.jpeg 1024w, https:\/\/www.vap-camping.fr\/wp-content\/uploads\/2025\/05\/AdobeStock_287764779-600x449.jpeg 600w, https:\/\/www.vap-camping.fr\/wp-content\/uploads\/2025\/05\/AdobeStock_287764779-768x575.jpeg 768w, https:\/\/www.vap-camping.fr\/wp-content\/uploads\/2025\/05\/AdobeStock_287764779-1536x1150.jpeg 1536w, https:\/\/www.vap-camping.fr\/wp-content\/uploads\/2025\/05\/AdobeStock_287764779-2048x1534.jpeg 2048w\" sizes=\"(max-width: 1024px) 100vw, 1024px\" \/><\/figure>\n<\/div>\n<\/div>\n<\/div>\n\n\n\n<div class=\"wp-block-group reveal has-global-padding is-layout-constrained wp-block-group-is-layout-constrained\">\n<div class=\"wp-block-group alignwide is-style-title-simple is-layout-flow wp-block-group-is-layout-flow is-style-title-simple--7\" style=\"margin-top:4rem;margin-bottom:4rem\">\n<p class=\"has-text-align-center has-secondary-color has-text-color has-link-color has-secondary-font-family has-xl-font-size wp-elements-754a17b6465ac1fab313b12ad098c134\">\n  Unsere Einrichtungen<\/p>\n\n\n\n<p class=\"has-text-align-center has-primary-font-family has-sm-font-size\" style=\"text-transform:uppercase\">\n                <strong>in der N\u00e4he<\/strong>\n            <\/p>\n<\/div>\n\n\n<div class=\"campings-wrapper is-layout-flow wp-block-slider-campings-is-layout-flow\">\n            <div class=\"campings-list\">\n                            <div class=\"camping-item\"\n                    style=\"background-image: linear-gradient(to top, rgba(0, 0, 0, 0.6), transparent), url('https:\/\/www.vap-camping.fr\/wp-content\/uploads\/2025\/04\/dsc03930-1024x500.jpg');\">\n                    <a href=\"https:\/\/www.vap-camping.fr\/de\/campings\/camping-le-rupe\/\" title=\"Campingplatz le Rup\u00e9(Toulouse)\" class=\"camping-link\">\n                        <p class=\"title\">Campingplatz le Rup\u00e9(Toulouse)<\/p>\n                        <p class=\"camping-button\">Entdecken<\/p>\n                    <\/a>\n                <\/div>\n                    <\/div>\n    <\/div>\n\n<\/div>\n<\/div>\n","protected":false},"excerpt":{"rendered":"<p>Im Fr\u00fchling zeigen die Wasserf\u00e4lle in der Ari\u00e8ge ihre ganze Pracht, wenn der Schnee schmilzt. Entdecken Sie den majest\u00e4tischen, 246 m hohen Wasserfall von Ars und die Wasserf\u00e4lle von Roquefort, die in einer gr\u00fcnen Umgebung liegen. Zwei Wanderungen, die Sie sich nicht entgehen lassen sollten, um die m\u00e4chtigen Wasserf\u00e4lle und die erholsame Landschaft zu bewundern.  <\/p>\n","protected":false},"author":1,"featured_media":2761,"parent":0,"template":"","format":"standard","tax-category-lieux":[47,54],"class_list":["post-2757","lieux","type-lieux","status-publish","format-standard","has-post-thumbnail","hentry","tax-category-lieux-parks-de","tax-category-lieux-see-teiche"],"acf":{"latitude":"42.7629067","longitude":"1.3511613","distance":"","pm_lieu_url":"","pm_lieu_phone":"","adresse":"","pm_lieu_title_short":"","af_camping":[22]},"_links":{"self":[{"href":"https:\/\/www.vap-camping.fr\/de\/wp-json\/wp\/v2\/lieux\/2757","targetHints":{"allow":["GET"]}}],"collection":[{"href":"https:\/\/www.vap-camping.fr\/de\/wp-json\/wp\/v2\/lieux"}],"about":[{"href":"https:\/\/www.vap-camping.fr\/de\/wp-json\/wp\/v2\/types\/lieux"}],"author":[{"embeddable":true,"href":"https:\/\/www.vap-camping.fr\/de\/wp-json\/wp\/v2\/users\/1"}],"version-history":[{"count":1,"href":"https:\/\/www.vap-camping.fr\/de\/wp-json\/wp\/v2\/lieux\/2757\/revisions"}],"predecessor-version":[{"id":2765,"href":"https:\/\/www.vap-camping.fr\/de\/wp-json\/wp\/v2\/lieux\/2757\/revisions\/2765"}],"acf:post":[{"embeddable":true,"href":"https:\/\/www.vap-camping.fr\/de\/wp-json\/wp\/v2\/campings\/22"}],"wp:featuredmedia":[{"embeddable":true,"href":"https:\/\/www.vap-camping.fr\/de\/wp-json\/wp\/v2\/media\/2761"}],"wp:attachment":[{"href":"https:\/\/www.vap-camping.fr\/de\/wp-json\/wp\/v2\/media?parent=2757"}],"wp:term":[{"taxonomy":"tax-category-lieux","embeddable":true,"href":"https:\/\/www.vap-camping.fr\/de\/wp-json\/wp\/v2\/tax-category-lieux?post=2757"}],"curies":[{"name":"wp","href":"https:\/\/api.w.org\/{rel}","templated":true}]}}

<div class="wp-block-group alignfull is-layout-flow wp-container-core-group-is-layout-12cc3699 wp-block-group-is-layout-flow" style="padding-top:10rem">
<div class="wp-block-group has-global-padding is-layout-constrained wp-container-core-group-is-layout-2931b900 wp-block-group-is-layout-constrained">
<div class="wp-block-columns alignfull are-vertically-aligned-center is-layout-flex wp-container-core-columns-is-layout-0c0b91ec wp-block-columns-is-layout-flex">
<div class="wp-block-column is-vertically-aligned-center leftRight is-layout-flow wp-container-core-column-is-layout-58dbe9e9 wp-block-column-is-layout-flow" style="padding-left:10rem;flex-basis:40%">
<div class="wp-block-group is-style-title-left is-layout-flow wp-block-group-is-layout-flow is-style-title-left--1">
<p class="has-secondary-color has-text-color has-link-color has-secondary-font-family has-xl-font-size wp-elements-e5eac03c3500a7383794e4adf95abf3a">Wasserfall von Ars</p>



<p class="has-primary-color has-text-color has-link-color has-primary-font-family has-sm-font-size wp-elements-300e9e36b1ec48f1c1d98ffd829fddea" style="text-transform:uppercase"><strong>einer der schönsten Wasserfälle der Pyrenäen</strong></p>
</div>



<h1 class="wp-block-heading text-title">Ein spektakuläres Naturgebiet im Herzen von Couserans</h1>



<p class="has-m-font-size" style="padding-left:2rem">Der <strong>Wasserfall von Ars</strong> liegt in der Nähe des Dorfes Aulus-les-Bains im Garbet-Tal und ist einer der höchsten und eindrucksvollsten Wasserfälle der Pyrenäen. Mit einem Höhenunterschied von insgesamt 246 Metern in drei Stufen bietet er ein beeindruckendes Schauspiel, vor allem im Frühling, wenn der Schnee schmilzt. </p>
</div>



<div class="wp-block-column is-vertically-aligned-center rightLeft wp-block-image alignright size-large has-custom-border is-style-travel is-layout-flow wp-block-column-is-layout-flow is-style-travel--2" style="flex-basis:60%">
<figure class="wp-block-image alignright size-large"><img alt="" decoding="async" width="1024" height="683" src="https://www.vap-camping.fr/wp-content/uploads/2025/05/AdobeStock_223242688-1024x683.jpeg" alt="" class="wp-image-1229" srcset="https://www.vap-camping.fr/wp-content/uploads/2025/05/AdobeStock_223242688-1024x683.jpeg 1024w, https://www.vap-camping.fr/wp-content/uploads/2025/05/AdobeStock_223242688-600x400.jpeg 600w, https://www.vap-camping.fr/wp-content/uploads/2025/05/AdobeStock_223242688-768x512.jpeg 768w, https://www.vap-camping.fr/wp-content/uploads/2025/05/AdobeStock_223242688-1536x1024.jpeg 1536w, https://www.vap-camping.fr/wp-content/uploads/2025/05/AdobeStock_223242688-2048x1365.jpeg 2048w" sizes="(max-width: 1024px) 100vw, 1024px" /></figure>
</div>
</div>
</div>



<div class="wp-block-group has-global-padding is-layout-constrained wp-block-group-is-layout-constrained">
<div class="wp-block-columns alignfull are-vertically-aligned-center is-layout-flex wp-container-core-columns-is-layout-0c0b91ec wp-block-columns-is-layout-flex">
<div class="wp-block-column is-vertically-aligned-center wp-block-image alignright size-large has-custom-border is-style-simple-left leftRight is-layout-flow wp-block-column-is-layout-flow is-style-simple-left--3" style="flex-basis:60%">
<figure class="wp-block-image alignleft size-large"><img alt="" decoding="async" width="1024" height="673" src="https://www.vap-camping.fr/wp-content/uploads/2025/05/AdobeStock_285782136-1024x673.jpeg" alt="" class="wp-image-1231" srcset="https://www.vap-camping.fr/wp-content/uploads/2025/05/AdobeStock_285782136-1024x673.jpeg 1024w, https://www.vap-camping.fr/wp-content/uploads/2025/05/AdobeStock_285782136-600x395.jpeg 600w, https://www.vap-camping.fr/wp-content/uploads/2025/05/AdobeStock_285782136-768x505.jpeg 768w, https://www.vap-camping.fr/wp-content/uploads/2025/05/AdobeStock_285782136-1536x1010.jpeg 1536w, https://www.vap-camping.fr/wp-content/uploads/2025/05/AdobeStock_285782136-2048x1347.jpeg 2048w" sizes="(max-width: 1024px) 100vw, 1024px" /></figure>
</div>



<div class="wp-block-column is-vertically-aligned-center rightLeft is-layout-flow wp-container-core-column-is-layout-58dbe9e9 wp-block-column-is-layout-flow" style="padding-left:10rem;flex-basis:40%">
<div class="wp-block-group is-style-title-left is-layout-flow wp-block-group-is-layout-flow is-style-title-left--4">
<p class="has-secondary-color has-text-color has-link-color has-secondary-font-family has-xl-font-size wp-elements-6fe684800a9738a1948791393e0dc48e">Eine unumgängliche Wanderung</p>



<p class="has-primary-color has-text-color has-link-color has-primary-font-family has-sm-font-size wp-elements-9aaef77c2afcf9bec3bc8cae05222fc7" style="text-transform:uppercase"><strong>und zugänglich</strong></p>
</div>



<h2 class="wp-block-heading text-title">Ca. 2,5 Stunden hin und zurück auf einem gut markierten Weg.</h2>



<p class="has-m-font-size" style="padding-left:2rem">Der Weg beginnt in Aulus-les-Bains auf 750 m Höhe. Der Weg steigt im Wald allmählich an, folgt einem Bach und mündet dann in Lichtungen mit Blick auf den Wasserfall. Die Strecke ist <strong>für Familien geeignet, die an Wanderungen gewöhnt</strong> sind. Der positive Höhenunterschied beträgt ca. 500 m.  </p>
</div>
</div>
</div>



<div class="wp-block-group has-global-padding is-layout-constrained wp-block-group-is-layout-constrained">
<div class="wp-block-columns alignfull are-vertically-aligned-center is-layout-flex wp-container-core-columns-is-layout-0c0b91ec wp-block-columns-is-layout-flex">
<div class="wp-block-column is-vertically-aligned-center leftRight is-layout-flow wp-container-core-column-is-layout-58dbe9e9 wp-block-column-is-layout-flow" style="padding-left:10rem;flex-basis:40%">
<div class="wp-block-group is-style-title-left is-layout-flow wp-block-group-is-layout-flow is-style-title-left--5">
<p class="has-secondary-color has-text-color has-link-color has-secondary-font-family has-xl-font-size wp-elements-bbb3a23f5680af5f6b13896db89725d6">Ein wechselndes Dekor</p>



<p class="has-primary-color has-text-color has-link-color has-primary-font-family has-sm-font-size wp-elements-d79f7c85ec3dc38b1d1c52a278ccf4c4" style="text-transform:uppercase"><strong>im Laufe der Jahreszeiten</strong></p>
</div>



<h2 class="wp-block-heading text-title">Kraftvoller Wasserfall im Frühling, friedlich und schattig im Sommer</h2>



<p class="has-m-font-size" style="padding-left:2rem">Der Wasserfall erreicht seine <strong>volle Wassermenge zwischen Mai und Juni</strong> mit einem beeindruckenden Lärm. Im Sommer bleibt er spektakulär, aber ruhiger und bietet eine kühle Pause im Herzen des Waldes. Der Herbst bietet eine feurige Landschaft mit bunten Wäldern und weichem Licht.  </p>
</div>



<div class="wp-block-column is-vertically-aligned-center rightLeft wp-block-image alignright size-large has-custom-border is-style-simple-right is-layout-flow wp-block-column-is-layout-flow is-style-simple-right--6" style="flex-basis:60%">
<figure class="wp-block-image alignright size-large"><img alt="" decoding="async" width="1024" height="767" src="https://www.vap-camping.fr/wp-content/uploads/2025/05/AdobeStock_287764779-1024x767.jpeg" alt="" class="wp-image-1233" srcset="https://www.vap-camping.fr/wp-content/uploads/2025/05/AdobeStock_287764779-1024x767.jpeg 1024w, https://www.vap-camping.fr/wp-content/uploads/2025/05/AdobeStock_287764779-600x449.jpeg 600w, https://www.vap-camping.fr/wp-content/uploads/2025/05/AdobeStock_287764779-768x575.jpeg 768w, https://www.vap-camping.fr/wp-content/uploads/2025/05/AdobeStock_287764779-1536x1150.jpeg 1536w, https://www.vap-camping.fr/wp-content/uploads/2025/05/AdobeStock_287764779-2048x1534.jpeg 2048w" sizes="(max-width: 1024px) 100vw, 1024px" /></figure>
</div>
</div>
</div>



<div class="wp-block-group reveal has-global-padding is-layout-constrained wp-block-group-is-layout-constrained">
<div class="wp-block-group alignwide is-style-title-simple is-layout-flow wp-block-group-is-layout-flow is-style-title-simple--7" style="margin-top:4rem;margin-bottom:4rem">
<p class="has-text-align-center has-secondary-color has-text-color has-link-color has-secondary-font-family has-xl-font-size wp-elements-754a17b6465ac1fab313b12ad098c134">
  Unsere Einrichtungen</p>



<p class="has-text-align-center has-primary-font-family has-sm-font-size" style="text-transform:uppercase">
                <strong>in der Nähe</strong>
            </p>
</div>


<div class="campings-wrapper is-layout-flow wp-block-slider-campings-is-layout-flow">
            <div class="campings-list">
                            <div class="camping-item"
                    style="background-image: linear-gradient(to top, rgba(0, 0, 0, 0.6), transparent), url('https://www.vap-camping.fr/wp-content/uploads/2025/04/dsc03930-1024x500.jpg');">
                    <a href="https://www.vap-camping.fr/de/campings/camping-le-rupe/" title="Campingplatz le Rupé(Toulouse)" class="camping-link">
                        <p class="title">Campingplatz le Rupé(Toulouse)</p>
                        <p class="camping-button">Entdecken</p>
                    </a>
                </div>
                    </div>
    </div>

</div>
</div>

<p>Im Frühling zeigen die Wasserfälle in der Ariège ihre ganze Pracht, wenn der Schnee schmilzt. Entdecken Sie den majestätischen, 246 m hohen Wasserfall von Ars und die Wasserfälle von Roquefort, die in einer grünen Umgebung liegen. Zwei Wanderungen, die Sie sich nicht entgehen lassen sollten, um die mächtigen Wasserfälle und die erholsame Landschaft zu bewundern.  </p>
