{"id":2767,"date":"2025-05-09T14:35:35","date_gmt":"2025-05-09T14:35:35","guid":{"rendered":"https:\/\/www.vap-camping.fr\/lieux\/camping-saint-lizier\/"},"modified":"2026-01-30T01:49:15","modified_gmt":"2026-01-30T01:49:15","slug":"camping-saint-lizier","status":"publish","type":"lieux","link":"https:\/\/www.vap-camping.fr\/de\/lieux\/camping-saint-lizier\/","title":{"rendered":"Bischofspalast in Saint-Lizier"},"content":{"rendered":"\n<div class=\"wp-block-group alignfull is-layout-flow wp-container-core-group-is-layout-12cc3699 wp-block-group-is-layout-flow\" style=\"padding-top:10rem\">\n<div class=\"wp-block-group has-global-padding is-layout-constrained wp-container-core-group-is-layout-2931b900 wp-block-group-is-layout-constrained\">\n<div class=\"wp-block-columns alignfull are-vertically-aligned-center is-layout-flex wp-container-core-columns-is-layout-0c0b91ec wp-block-columns-is-layout-flex\">\n<div class=\"wp-block-column is-vertically-aligned-center leftRight is-layout-flow wp-container-core-column-is-layout-58dbe9e9 wp-block-column-is-layout-flow\" style=\"padding-left:10rem;flex-basis:40%\">\n<div class=\"wp-block-group is-style-title-left is-layout-flow wp-block-group-is-layout-flow is-style-title-left--1\">\n<p class=\"has-secondary-color has-text-color has-link-color has-secondary-font-family has-xl-font-size wp-elements-8d579001283f23b81e9242ae1d81bd25\">Palast der Bisch\u00f6fe von Saint-Lizier<\/p>\n\n\n\n<p class=\"has-primary-color has-text-color has-link-color has-primary-font-family has-sm-font-size wp-elements-25a357765adf9187de1de81147fef0dc\" style=\"text-transform:uppercase\"><strong>Kunst und Geschichte in einer au\u00dfergew\u00f6hnlichen Umgebung<\/strong><\/p>\n<\/div>\n\n\n\n<h1 class=\"wp-block-heading text-title\">Ein denkmalgesch\u00fctztes Gebiet zwischen religi\u00f6sem Erbe und dem Panorama der Pyren\u00e4en<\/h1>\n\n\n\n<p class=\"has-m-font-size\" style=\"padding-left:2rem\">Der <strong>Bischofspalast<\/strong> ist ein bemerkenswertes architektonisches Ensemble, das das Tal des Salat in dem charmanten Dorf <strong>Saint-Lizier<\/strong> \u00fcberragt. Die ehemalige Bischofsresidenz beherbergt heute ein Museum f\u00fcr Kunst und Geschichte des Couserans und eine bemalte Kapelle, die als historisches Monument klassifiziert ist. Ein Muss zwischen <strong>Kultur, Spiritualit\u00e4t und spektakul\u00e4ren Ausblicken<\/strong>.<\/p>\n<\/div>\n\n\n\n<div class=\"wp-block-column is-vertically-aligned-center rightLeft wp-block-image alignright size-large has-custom-border is-style-travel is-layout-flow wp-block-column-is-layout-flow is-style-travel--2\" style=\"flex-basis:60%\">\n<figure class=\"wp-block-image alignright size-large\"><img alt=\"\" decoding=\"async\" width=\"1024\" height=\"638\" src=\"https:\/\/www.vap-camping.fr\/wp-content\/uploads\/2025\/05\/AdobeStock_515690445-1024x638.jpeg\" alt=\"\" class=\"wp-image-1110\" srcset=\"https:\/\/www.vap-camping.fr\/wp-content\/uploads\/2025\/05\/AdobeStock_515690445-1024x638.jpeg 1024w, https:\/\/www.vap-camping.fr\/wp-content\/uploads\/2025\/05\/AdobeStock_515690445-600x374.jpeg 600w, https:\/\/www.vap-camping.fr\/wp-content\/uploads\/2025\/05\/AdobeStock_515690445-768x479.jpeg 768w, https:\/\/www.vap-camping.fr\/wp-content\/uploads\/2025\/05\/AdobeStock_515690445-1536x957.jpeg 1536w, https:\/\/www.vap-camping.fr\/wp-content\/uploads\/2025\/05\/AdobeStock_515690445-2048x1276.jpeg 2048w\" sizes=\"(max-width: 1024px) 100vw, 1024px\" \/><\/figure>\n<\/div>\n<\/div>\n<\/div>\n\n\n\n<div class=\"wp-block-group has-global-padding is-layout-constrained wp-block-group-is-layout-constrained\">\n<div class=\"wp-block-columns alignfull are-vertically-aligned-center is-layout-flex wp-container-core-columns-is-layout-0c0b91ec wp-block-columns-is-layout-flex\">\n<div class=\"wp-block-column is-vertically-aligned-center wp-block-image alignright size-large has-custom-border is-style-simple-left leftRight is-layout-flow wp-block-column-is-layout-flow is-style-simple-left--3\" style=\"flex-basis:60%\">\n<figure class=\"wp-block-image alignleft size-large\"><img alt=\"\" decoding=\"async\" width=\"1024\" height=\"453\" src=\"https:\/\/www.vap-camping.fr\/wp-content\/uploads\/2025\/05\/AdobeStock_452759126-1024x453.jpeg\" alt=\"\" class=\"wp-image-1108\" style=\"aspect-ratio:3\/2;object-fit:cover\" srcset=\"https:\/\/www.vap-camping.fr\/wp-content\/uploads\/2025\/05\/AdobeStock_452759126-1024x453.jpeg 1024w, https:\/\/www.vap-camping.fr\/wp-content\/uploads\/2025\/05\/AdobeStock_452759126-600x266.jpeg 600w, https:\/\/www.vap-camping.fr\/wp-content\/uploads\/2025\/05\/AdobeStock_452759126-768x340.jpeg 768w, https:\/\/www.vap-camping.fr\/wp-content\/uploads\/2025\/05\/AdobeStock_452759126-1536x680.jpeg 1536w, https:\/\/www.vap-camping.fr\/wp-content\/uploads\/2025\/05\/AdobeStock_452759126-2048x907.jpeg 2048w\" sizes=\"(max-width: 1024px) 100vw, 1024px\" \/><\/figure>\n<\/div>\n\n\n\n<div class=\"wp-block-column is-vertically-aligned-center rightLeft is-layout-flow wp-container-core-column-is-layout-58dbe9e9 wp-block-column-is-layout-flow\" style=\"padding-left:10rem;flex-basis:40%\">\n<div class=\"wp-block-group is-style-title-left is-layout-flow wp-block-group-is-layout-flow is-style-title-left--4\">\n<p class=\"has-secondary-color has-text-color has-link-color has-secondary-font-family has-xl-font-size wp-elements-14efca49b81a3bcca6b34a0fc03eca4e\">Ein Ort der Erinnerung<\/p>\n\n\n\n<p class=\"has-primary-color has-text-color has-link-color has-primary-font-family has-sm-font-size wp-elements-ef7e81c7e354bf86605fdfc2de46abc6\" style=\"text-transform:uppercase\"><strong>und wundersch\u00f6n restauriert<\/strong><\/p>\n<\/div>\n\n\n\n<h2 class=\"wp-block-heading text-title\">Architektur, sakrale Kunst und modernes Museum an einem Ort<\/h2>\n\n\n\n<p class=\"has-m-font-size\" style=\"padding-left:2rem\">Der Palast ist eine Mischung aus <strong>romanischen, gotischen und klassischen Stilen<\/strong>, die die jahrhundertelange religi\u00f6se Geschichte der Region widerspiegeln. Der <strong>Kreuzgang<\/strong>, die gew\u00f6lbten S\u00e4le und die <strong>Kapelle Notre-Dame-de-la-S\u00e8de<\/strong>, die f\u00fcr ihre Wandfresken aus dem XV\u1d49 Jahrhundert ber\u00fchmt ist, bieten einen Einblick in die Vergangenheit. Das renovierte Museum bietet eine moderne und zug\u00e4ngliche Szenographie.<\/p>\n<\/div>\n<\/div>\n<\/div>\n\n\n\n<div class=\"wp-block-group has-global-padding is-layout-constrained wp-block-group-is-layout-constrained\">\n<div class=\"wp-block-columns alignfull are-vertically-aligned-center is-layout-flex wp-container-core-columns-is-layout-0c0b91ec wp-block-columns-is-layout-flex\">\n<div class=\"wp-block-column is-vertically-aligned-center leftRight is-layout-flow wp-container-core-column-is-layout-58dbe9e9 wp-block-column-is-layout-flow\" style=\"padding-left:10rem;flex-basis:40%\">\n<div class=\"wp-block-group is-style-title-left is-layout-flow wp-block-group-is-layout-flow is-style-title-left--5\">\n<p class=\"has-secondary-color has-text-color has-link-color has-secondary-font-family has-xl-font-size wp-elements-3b70432c97b94d8b4a90592ce870bcef\">Ein kultureller Besuch<\/p>\n\n\n\n<p class=\"has-primary-color has-text-color has-link-color has-primary-font-family has-sm-font-size wp-elements-08eefd67573284e9a5245caf16a80106\" style=\"text-transform:uppercase\"><strong>umfassend f\u00fcr alle Zuschauer<\/strong><\/p>\n<\/div>\n\n\n\n<h2 class=\"wp-block-heading text-title\">Interaktives Museum, wechselnde Ausstellungen und Blick auf die Berge<\/h2>\n\n\n\n<p class=\"has-m-font-size\" style=\"padding-left:2rem\">Der Rundgang erm\u00f6glicht ein besseres Verst\u00e4ndnis der Geschichte von Couserans, des Christentums in den Pyren\u00e4en und der Rolle der Bisch\u00f6fe in der Region. <strong>Digitale Hilfsmittel, Modelle und Filme<\/strong> machen den Besuch f\u00fcr Kinder und Erwachsene gleicherma\u00dfen unterhaltsam. Die Website bietet auch <strong>tempor\u00e4re Ausstellungen<\/strong>, oft \u00fcber Kunst oder das lokale Erbe.<\/p>\n<\/div>\n\n\n\n<div class=\"wp-block-column is-vertically-aligned-center rightLeft wp-block-image alignright size-large has-custom-border is-style-travel is-layout-flow wp-block-column-is-layout-flow is-style-travel--6\" style=\"flex-basis:60%\">\n<figure class=\"wp-block-image alignright size-large\"><img alt=\"\" decoding=\"async\" width=\"1024\" height=\"683\" src=\"https:\/\/www.vap-camping.fr\/wp-content\/uploads\/2025\/05\/AdobeStock_133001114-1024x683.jpeg\" alt=\"\" class=\"wp-image-1106\" srcset=\"https:\/\/www.vap-camping.fr\/wp-content\/uploads\/2025\/05\/AdobeStock_133001114-1024x683.jpeg 1024w, https:\/\/www.vap-camping.fr\/wp-content\/uploads\/2025\/05\/AdobeStock_133001114-600x400.jpeg 600w, https:\/\/www.vap-camping.fr\/wp-content\/uploads\/2025\/05\/AdobeStock_133001114-768x512.jpeg 768w, https:\/\/www.vap-camping.fr\/wp-content\/uploads\/2025\/05\/AdobeStock_133001114-1536x1024.jpeg 1536w, https:\/\/www.vap-camping.fr\/wp-content\/uploads\/2025\/05\/AdobeStock_133001114-2048x1365.jpeg 2048w\" sizes=\"(max-width: 1024px) 100vw, 1024px\" \/><\/figure>\n<\/div>\n<\/div>\n<\/div>\n\n\n\n<div class=\"wp-block-group reveal has-global-padding is-layout-constrained wp-block-group-is-layout-constrained\">\n<div class=\"wp-block-group alignwide is-style-title-simple is-layout-flow wp-block-group-is-layout-flow is-style-title-simple--7\" style=\"margin-top:4rem;margin-bottom:4rem\">\n<p class=\"has-text-align-center has-secondary-color has-text-color has-link-color has-secondary-font-family has-xl-font-size wp-elements-754a17b6465ac1fab313b12ad098c134\">\n  Unsere Einrichtungen<\/p>\n\n\n\n<p class=\"has-text-align-center has-primary-font-family has-sm-font-size\" style=\"text-transform:uppercase\">\n                <strong>in der N\u00e4he<\/strong>\n            <\/p>\n<\/div>\n\n\n<div class=\"campings-wrapper is-layout-flow wp-block-slider-campings-is-layout-flow\">\n            <div class=\"campings-list\">\n                            <div class=\"camping-item\"\n                    style=\"background-image: linear-gradient(to top, rgba(0, 0, 0, 0.6), transparent), url('https:\/\/www.vap-camping.fr\/wp-content\/uploads\/2025\/04\/4479-1024x461.jpeg');\">\n                    <a href=\"https:\/\/www.vap-camping.fr\/de\/campings\/camping-le-bourdieu\/\" title=\"Campingplatz Le Bourdieu\" class=\"camping-link\">\n                        <p class=\"title\">Campingplatz Le Bourdieu<\/p>\n                        <p class=\"camping-button\">Entdecken<\/p>\n                    <\/a>\n                <\/div>\n                    <\/div>\n    <\/div>\n\n<\/div>\n<\/div>\n","protected":false},"excerpt":{"rendered":"<p>Reisen Sie mit dem Fahrrad von Foix nach Saint-Girons, vorbei am Bischofspalast in Saint-Lizier. Entdecken Sie die Geschichte und die mittelalterliche Architektur, w\u00e4hrend Sie die au\u00dfergew\u00f6hnliche Landschaft von Couserans erkunden. Ein Abenteuer reich an Kulturerbe und Natur, ideal f\u00fcr Reisende, die Ruhe suchen.<\/p>\n","protected":false},"author":1,"featured_media":2773,"parent":0,"template":"","format":"standard","tax-category-lieux":[50,48],"class_list":["post-2767","lieux","type-lieux","status-publish","format-standard","has-post-thumbnail","hentry","tax-category-lieux-aktivitaten","tax-category-lieux-stadte-dorfer"],"acf":{"latitude":"43.0028496","longitude":"1.1349878","distance":51,"pm_lieu_url":"","pm_lieu_phone":"","adresse":"","pm_lieu_title_short":"","af_camping":[108]},"_links":{"self":[{"href":"https:\/\/www.vap-camping.fr\/de\/wp-json\/wp\/v2\/lieux\/2767","targetHints":{"allow":["GET"]}}],"collection":[{"href":"https:\/\/www.vap-camping.fr\/de\/wp-json\/wp\/v2\/lieux"}],"about":[{"href":"https:\/\/www.vap-camping.fr\/de\/wp-json\/wp\/v2\/types\/lieux"}],"author":[{"embeddable":true,"href":"https:\/\/www.vap-camping.fr\/de\/wp-json\/wp\/v2\/users\/1"}],"version-history":[{"count":2,"href":"https:\/\/www.vap-camping.fr\/de\/wp-json\/wp\/v2\/lieux\/2767\/revisions"}],"predecessor-version":[{"id":6857,"href":"https:\/\/www.vap-camping.fr\/de\/wp-json\/wp\/v2\/lieux\/2767\/revisions\/6857"}],"acf:post":[{"embeddable":true,"href":"https:\/\/www.vap-camping.fr\/de\/wp-json\/wp\/v2\/campings\/108"}],"wp:featuredmedia":[{"embeddable":true,"href":"https:\/\/www.vap-camping.fr\/de\/wp-json\/wp\/v2\/media\/2773"}],"wp:attachment":[{"href":"https:\/\/www.vap-camping.fr\/de\/wp-json\/wp\/v2\/media?parent=2767"}],"wp:term":[{"taxonomy":"tax-category-lieux","embeddable":true,"href":"https:\/\/www.vap-camping.fr\/de\/wp-json\/wp\/v2\/tax-category-lieux?post=2767"}],"curies":[{"name":"wp","href":"https:\/\/api.w.org\/{rel}","templated":true}]}}

<div class="wp-block-group alignfull is-layout-flow wp-container-core-group-is-layout-12cc3699 wp-block-group-is-layout-flow" style="padding-top:10rem">
<div class="wp-block-group has-global-padding is-layout-constrained wp-container-core-group-is-layout-2931b900 wp-block-group-is-layout-constrained">
<div class="wp-block-columns alignfull are-vertically-aligned-center is-layout-flex wp-container-core-columns-is-layout-0c0b91ec wp-block-columns-is-layout-flex">
<div class="wp-block-column is-vertically-aligned-center leftRight is-layout-flow wp-container-core-column-is-layout-58dbe9e9 wp-block-column-is-layout-flow" style="padding-left:10rem;flex-basis:40%">
<div class="wp-block-group is-style-title-left is-layout-flow wp-block-group-is-layout-flow is-style-title-left--1">
<p class="has-secondary-color has-text-color has-link-color has-secondary-font-family has-xl-font-size wp-elements-8d579001283f23b81e9242ae1d81bd25">Palast der Bischöfe von Saint-Lizier</p>



<p class="has-primary-color has-text-color has-link-color has-primary-font-family has-sm-font-size wp-elements-25a357765adf9187de1de81147fef0dc" style="text-transform:uppercase"><strong>Kunst und Geschichte in einer außergewöhnlichen Umgebung</strong></p>
</div>



<h1 class="wp-block-heading text-title">Ein denkmalgeschütztes Gebiet zwischen religiösem Erbe und dem Panorama der Pyrenäen</h1>



<p class="has-m-font-size" style="padding-left:2rem">Der <strong>Bischofspalast</strong> ist ein bemerkenswertes architektonisches Ensemble, das das Tal des Salat in dem charmanten Dorf <strong>Saint-Lizier</strong> überragt. Die ehemalige Bischofsresidenz beherbergt heute ein Museum für Kunst und Geschichte des Couserans und eine bemalte Kapelle, die als historisches Monument klassifiziert ist. Ein Muss zwischen <strong>Kultur, Spiritualität und spektakulären Ausblicken</strong>.</p>
</div>



<div class="wp-block-column is-vertically-aligned-center rightLeft wp-block-image alignright size-large has-custom-border is-style-travel is-layout-flow wp-block-column-is-layout-flow is-style-travel--2" style="flex-basis:60%">
<figure class="wp-block-image alignright size-large"><img alt="" decoding="async" width="1024" height="638" src="https://www.vap-camping.fr/wp-content/uploads/2025/05/AdobeStock_515690445-1024x638.jpeg" alt="" class="wp-image-1110" srcset="https://www.vap-camping.fr/wp-content/uploads/2025/05/AdobeStock_515690445-1024x638.jpeg 1024w, https://www.vap-camping.fr/wp-content/uploads/2025/05/AdobeStock_515690445-600x374.jpeg 600w, https://www.vap-camping.fr/wp-content/uploads/2025/05/AdobeStock_515690445-768x479.jpeg 768w, https://www.vap-camping.fr/wp-content/uploads/2025/05/AdobeStock_515690445-1536x957.jpeg 1536w, https://www.vap-camping.fr/wp-content/uploads/2025/05/AdobeStock_515690445-2048x1276.jpeg 2048w" sizes="(max-width: 1024px) 100vw, 1024px" /></figure>
</div>
</div>
</div>



<div class="wp-block-group has-global-padding is-layout-constrained wp-block-group-is-layout-constrained">
<div class="wp-block-columns alignfull are-vertically-aligned-center is-layout-flex wp-container-core-columns-is-layout-0c0b91ec wp-block-columns-is-layout-flex">
<div class="wp-block-column is-vertically-aligned-center wp-block-image alignright size-large has-custom-border is-style-simple-left leftRight is-layout-flow wp-block-column-is-layout-flow is-style-simple-left--3" style="flex-basis:60%">
<figure class="wp-block-image alignleft size-large"><img alt="" decoding="async" width="1024" height="453" src="https://www.vap-camping.fr/wp-content/uploads/2025/05/AdobeStock_452759126-1024x453.jpeg" alt="" class="wp-image-1108" style="aspect-ratio:3/2;object-fit:cover" srcset="https://www.vap-camping.fr/wp-content/uploads/2025/05/AdobeStock_452759126-1024x453.jpeg 1024w, https://www.vap-camping.fr/wp-content/uploads/2025/05/AdobeStock_452759126-600x266.jpeg 600w, https://www.vap-camping.fr/wp-content/uploads/2025/05/AdobeStock_452759126-768x340.jpeg 768w, https://www.vap-camping.fr/wp-content/uploads/2025/05/AdobeStock_452759126-1536x680.jpeg 1536w, https://www.vap-camping.fr/wp-content/uploads/2025/05/AdobeStock_452759126-2048x907.jpeg 2048w" sizes="(max-width: 1024px) 100vw, 1024px" /></figure>
</div>



<div class="wp-block-column is-vertically-aligned-center rightLeft is-layout-flow wp-container-core-column-is-layout-58dbe9e9 wp-block-column-is-layout-flow" style="padding-left:10rem;flex-basis:40%">
<div class="wp-block-group is-style-title-left is-layout-flow wp-block-group-is-layout-flow is-style-title-left--4">
<p class="has-secondary-color has-text-color has-link-color has-secondary-font-family has-xl-font-size wp-elements-14efca49b81a3bcca6b34a0fc03eca4e">Ein Ort der Erinnerung</p>



<p class="has-primary-color has-text-color has-link-color has-primary-font-family has-sm-font-size wp-elements-ef7e81c7e354bf86605fdfc2de46abc6" style="text-transform:uppercase"><strong>und wunderschön restauriert</strong></p>
</div>



<h2 class="wp-block-heading text-title">Architektur, sakrale Kunst und modernes Museum an einem Ort</h2>



<p class="has-m-font-size" style="padding-left:2rem">Der Palast ist eine Mischung aus <strong>romanischen, gotischen und klassischen Stilen</strong>, die die jahrhundertelange religiöse Geschichte der Region widerspiegeln. Der <strong>Kreuzgang</strong>, die gewölbten Säle und die <strong>Kapelle Notre-Dame-de-la-Sède</strong>, die für ihre Wandfresken aus dem XVᵉ Jahrhundert berühmt ist, bieten einen Einblick in die Vergangenheit. Das renovierte Museum bietet eine moderne und zugängliche Szenographie.</p>
</div>
</div>
</div>



<div class="wp-block-group has-global-padding is-layout-constrained wp-block-group-is-layout-constrained">
<div class="wp-block-columns alignfull are-vertically-aligned-center is-layout-flex wp-container-core-columns-is-layout-0c0b91ec wp-block-columns-is-layout-flex">
<div class="wp-block-column is-vertically-aligned-center leftRight is-layout-flow wp-container-core-column-is-layout-58dbe9e9 wp-block-column-is-layout-flow" style="padding-left:10rem;flex-basis:40%">
<div class="wp-block-group is-style-title-left is-layout-flow wp-block-group-is-layout-flow is-style-title-left--5">
<p class="has-secondary-color has-text-color has-link-color has-secondary-font-family has-xl-font-size wp-elements-3b70432c97b94d8b4a90592ce870bcef">Ein kultureller Besuch</p>



<p class="has-primary-color has-text-color has-link-color has-primary-font-family has-sm-font-size wp-elements-08eefd67573284e9a5245caf16a80106" style="text-transform:uppercase"><strong>umfassend für alle Zuschauer</strong></p>
</div>



<h2 class="wp-block-heading text-title">Interaktives Museum, wechselnde Ausstellungen und Blick auf die Berge</h2>



<p class="has-m-font-size" style="padding-left:2rem">Der Rundgang ermöglicht ein besseres Verständnis der Geschichte von Couserans, des Christentums in den Pyrenäen und der Rolle der Bischöfe in der Region. <strong>Digitale Hilfsmittel, Modelle und Filme</strong> machen den Besuch für Kinder und Erwachsene gleichermaßen unterhaltsam. Die Website bietet auch <strong>temporäre Ausstellungen</strong>, oft über Kunst oder das lokale Erbe.</p>
</div>



<div class="wp-block-column is-vertically-aligned-center rightLeft wp-block-image alignright size-large has-custom-border is-style-travel is-layout-flow wp-block-column-is-layout-flow is-style-travel--6" style="flex-basis:60%">
<figure class="wp-block-image alignright size-large"><img alt="" decoding="async" width="1024" height="683" src="https://www.vap-camping.fr/wp-content/uploads/2025/05/AdobeStock_133001114-1024x683.jpeg" alt="" class="wp-image-1106" srcset="https://www.vap-camping.fr/wp-content/uploads/2025/05/AdobeStock_133001114-1024x683.jpeg 1024w, https://www.vap-camping.fr/wp-content/uploads/2025/05/AdobeStock_133001114-600x400.jpeg 600w, https://www.vap-camping.fr/wp-content/uploads/2025/05/AdobeStock_133001114-768x512.jpeg 768w, https://www.vap-camping.fr/wp-content/uploads/2025/05/AdobeStock_133001114-1536x1024.jpeg 1536w, https://www.vap-camping.fr/wp-content/uploads/2025/05/AdobeStock_133001114-2048x1365.jpeg 2048w" sizes="(max-width: 1024px) 100vw, 1024px" /></figure>
</div>
</div>
</div>



<div class="wp-block-group reveal has-global-padding is-layout-constrained wp-block-group-is-layout-constrained">
<div class="wp-block-group alignwide is-style-title-simple is-layout-flow wp-block-group-is-layout-flow is-style-title-simple--7" style="margin-top:4rem;margin-bottom:4rem">
<p class="has-text-align-center has-secondary-color has-text-color has-link-color has-secondary-font-family has-xl-font-size wp-elements-754a17b6465ac1fab313b12ad098c134">
  Unsere Einrichtungen</p>



<p class="has-text-align-center has-primary-font-family has-sm-font-size" style="text-transform:uppercase">
                <strong>in der Nähe</strong>
            </p>
</div>


<div class="campings-wrapper is-layout-flow wp-block-slider-campings-is-layout-flow">
            <div class="campings-list">
                            <div class="camping-item"
                    style="background-image: linear-gradient(to top, rgba(0, 0, 0, 0.6), transparent), url('https://www.vap-camping.fr/wp-content/uploads/2025/04/4479-1024x461.jpeg');">
                    <a href="https://www.vap-camping.fr/de/campings/camping-le-bourdieu/" title="Campingplatz Le Bourdieu" class="camping-link">
                        <p class="title">Campingplatz Le Bourdieu</p>
                        <p class="camping-button">Entdecken</p>
                    </a>
                </div>
                    </div>
    </div>

</div>
</div>

<p>Reisen Sie mit dem Fahrrad von Foix nach Saint-Girons, vorbei am Bischofspalast in Saint-Lizier. Entdecken Sie die Geschichte und die mittelalterliche Architektur, während Sie die außergewöhnliche Landschaft von Couserans erkunden. Ein Abenteuer reich an Kulturerbe und Natur, ideal für Reisende, die Ruhe suchen.</p>
