{"id":2797,"date":"2025-05-09T14:50:49","date_gmt":"2025-05-09T14:50:49","guid":{"rendered":"https:\/\/www.vap-camping.fr\/lieux\/pays-de-tarascon\/"},"modified":"2025-07-28T07:24:27","modified_gmt":"2025-07-28T07:24:27","slug":"pays-de-tarascon","status":"publish","type":"lieux","link":"https:\/\/www.vap-camping.fr\/de\/lieux\/pays-de-tarascon\/","title":{"rendered":"Land von Tarascon"},"content":{"rendered":"\n<div class=\"wp-block-group alignfull is-layout-flow wp-container-core-group-is-layout-12cc3699 wp-block-group-is-layout-flow\" style=\"padding-top:10rem\">\n<div class=\"wp-block-group has-global-padding is-layout-constrained wp-container-core-group-is-layout-2931b900 wp-block-group-is-layout-constrained\">\n<div class=\"wp-block-columns alignfull are-vertically-aligned-center is-layout-flex wp-container-core-columns-is-layout-0c0b91ec wp-block-columns-is-layout-flex\">\n<div class=\"wp-block-column is-vertically-aligned-center leftRight is-layout-flow wp-container-core-column-is-layout-58dbe9e9 wp-block-column-is-layout-flow\" style=\"padding-left:10rem;flex-basis:40%\">\n<div class=\"wp-block-group is-style-title-left is-layout-flow wp-block-group-is-layout-flow is-style-title-left--1\">\n<p class=\"has-secondary-color has-text-color has-link-color has-secondary-font-family has-xl-font-size wp-elements-5772e13d10f58421e72bacab8e8e0d72\">Das Land von Tarascon<\/p>\n\n\n\n<p class=\"has-primary-color has-text-color has-link-color has-primary-font-family has-sm-font-size wp-elements-df6be561d1e770525a2fed6f018112f4\" style=\"text-transform:uppercase\"><strong>zwischen Bergen, H\u00f6hlen und D\u00f6rfern der Ari\u00e8ge<\/strong><\/p>\n<\/div>\n\n\n\n<h1 class=\"wp-block-heading text-title\">Ein authentisches Gebiet an der Schnittstelle von Geschichte und Natur<\/h1>\n\n\n\n<p class=\"has-m-font-size\" style=\"padding-left:2rem\">Das <strong>Pays de Tarascon<\/strong> liegt zwischen Foix und den hohen Pyren\u00e4engipfeln und umfasst mehrere D\u00f6rfer und T\u00e4ler rund um <strong>Tarascon-sur-Ari\u00e8ge<\/strong>, dem Tor zum <strong>regionalen Naturpark der Pyren\u00e4en<\/strong>. Es ist ein ideales Reiseziel, um <strong>Wanderungen, mittelalterliches Erbe und ber\u00fchmte pr\u00e4historische St\u00e4tten<\/strong> miteinander zu verbinden. <\/p>\n<\/div>\n\n\n\n<div class=\"wp-block-column is-vertically-aligned-center rightLeft wp-block-image alignright size-large has-custom-border is-style-travel is-layout-flow wp-block-column-is-layout-flow is-style-travel--2\" style=\"flex-basis:60%\">\n<figure class=\"wp-block-image alignright size-large\"><img decoding=\"async\" src=\"https:\/\/www.vap-camping.fr\/wp-content\/themes\/vap\/assets\/img\/placeholder.jpg\" alt=\"VAP\" class=\"wp-image-123\"\/><\/figure>\n<\/div>\n<\/div>\n<\/div>\n\n\n\n<div class=\"wp-block-group has-global-padding is-layout-constrained wp-block-group-is-layout-constrained\">\n<div class=\"wp-block-columns alignfull are-vertically-aligned-center is-layout-flex wp-container-core-columns-is-layout-0c0b91ec wp-block-columns-is-layout-flex\">\n<div class=\"wp-block-column is-vertically-aligned-center wp-block-image alignright size-large has-custom-border is-style-simple-left leftRight is-layout-flow wp-block-column-is-layout-flow is-style-simple-left--3\" style=\"flex-basis:60%\">\n<figure class=\"wp-block-image alignleft size-large\"><img decoding=\"async\" src=\"https:\/\/www.vap-camping.fr\/wp-content\/themes\/vap\/assets\/img\/placeholder.jpg\" alt=\"VAP\" class=\"wp-image-123\"\/><\/figure>\n<\/div>\n\n\n\n<div class=\"wp-block-column is-vertically-aligned-center rightLeft is-layout-flow wp-container-core-column-is-layout-58dbe9e9 wp-block-column-is-layout-flow\" style=\"padding-left:10rem;flex-basis:40%\">\n<div class=\"wp-block-group is-style-title-left is-layout-flow wp-block-group-is-layout-flow is-style-title-left--4\">\n<p class=\"has-secondary-color has-text-color has-link-color has-secondary-font-family has-xl-font-size wp-elements-f962d3a091477675b0d916c4b70b4528\">Land der H\u00f6hlen<\/p>\n\n\n\n<p class=\"has-primary-color has-text-color has-link-color has-primary-font-family has-sm-font-size wp-elements-7191927c5e9662311c258546bce33f33\" style=\"text-transform:uppercase\"><strong>und Legenden<\/strong><\/p>\n<\/div>\n\n\n\n<h2 class=\"wp-block-heading text-title\">Niaux, Lombrives, B\u00e9deilhac: Pr\u00e4historie in Naturgr\u00f6\u00dfe<\/h2>\n\n\n\n<p class=\"has-m-font-size\" style=\"padding-left:2rem\">Das Gebiet ist ber\u00fchmt f\u00fcr seine <strong>verzierten H\u00f6hlen<\/strong>, die zu den bemerkenswertesten in Europa geh\u00f6ren: die H\u00f6hle <strong>von Niaux<\/strong> mit ihren Magdal\u00e9nien-Malereien, die gro\u00dfe und geschichtstr\u00e4chtige H\u00f6hle <strong>von Lombrives<\/strong> oder <strong>B\u00e9deilhac<\/strong> mit ihren spektakul\u00e4ren Volumen. Der <strong>Parc de la Pr\u00e9histoire<\/strong> in Tarascon vervollst\u00e4ndigt diesen Ausflug f\u00fcr die ganze Familie. <\/p>\n<\/div>\n<\/div>\n<\/div>\n\n\n\n<div class=\"wp-block-group has-global-padding is-layout-constrained wp-block-group-is-layout-constrained\">\n<div class=\"wp-block-columns alignfull are-vertically-aligned-center is-layout-flex wp-container-core-columns-is-layout-0c0b91ec wp-block-columns-is-layout-flex\">\n<div class=\"wp-block-column is-vertically-aligned-center leftRight is-layout-flow wp-container-core-column-is-layout-58dbe9e9 wp-block-column-is-layout-flow\" style=\"padding-left:10rem;flex-basis:40%\">\n<div class=\"wp-block-group is-style-title-left is-layout-flow wp-block-group-is-layout-flow is-style-title-left--5\">\n<p class=\"has-secondary-color has-text-color has-link-color has-secondary-font-family has-xl-font-size wp-elements-216e7a60fe5b4bd1b756c4624cbe6771\">D\u00f6rfer, Schl\u00f6sser<\/p>\n\n\n\n<p class=\"has-primary-color has-text-color has-link-color has-primary-font-family has-sm-font-size wp-elements-f9b55099310c872c64de81531f006e9d\" style=\"text-transform:uppercase\"><strong>und katharisches Ged\u00e4chtnis<\/strong><\/p>\n<\/div>\n\n\n\n<h2 class=\"wp-block-heading text-title\">Ein lebendiges Erbe zwischen Gassen, Stadtmauern und mittelalterlichen Ruinen<\/h2>\n\n\n\n<p class=\"has-m-font-size\" style=\"padding-left:2rem\">Neben Tarascon gibt es viele malerische D\u00f6rfer wie <strong>Surba<\/strong>, <strong>Banat<\/strong> oder <strong>Ornolac-Ussat-les-Bains<\/strong> mit seinen Thermalb\u00e4dern. \u00dcberreste der Katharer wie das <strong>Schloss Lordat<\/strong> \u00fcberragen das Tal und viele markierte Wanderwege verbinden diese Orte zu Fu\u00df. <\/p>\n<\/div>\n\n\n\n<div class=\"wp-block-column is-vertically-aligned-center rightLeft wp-block-image alignright size-large has-custom-border is-style-travel is-layout-flow wp-block-column-is-layout-flow is-style-travel--6\" style=\"flex-basis:60%\">\n<figure class=\"wp-block-image alignright size-large\"><img decoding=\"async\" src=\"https:\/\/www.vap-camping.fr\/wp-content\/themes\/vap\/assets\/img\/placeholder.jpg\" alt=\"VAP\" class=\"wp-image-123\"\/><\/figure>\n<\/div>\n<\/div>\n<\/div>\n\n\n\n<div class=\"wp-block-group reveal has-global-padding is-layout-constrained wp-block-group-is-layout-constrained\">\n<div class=\"wp-block-group alignwide is-style-title-simple is-layout-flow wp-block-group-is-layout-flow is-style-title-simple--7\" style=\"margin-top:4rem;margin-bottom:4rem\">\n<p class=\"has-text-align-center has-secondary-color has-text-color has-link-color has-secondary-font-family has-xl-font-size wp-elements-754a17b6465ac1fab313b12ad098c134\">\n  Unsere Einrichtungen<\/p>\n\n\n\n<p class=\"has-text-align-center has-primary-font-family has-sm-font-size\" style=\"text-transform:uppercase\">\n                <strong>in der N\u00e4he<\/strong>\n            <\/p>\n<\/div>\n\n\n<div class=\"campings-wrapper is-layout-flow wp-block-slider-campings-is-layout-flow\">\n            <div class=\"campings-list\">\n                            <div class=\"camping-item\"\n                    style=\"background-image: linear-gradient(to top, rgba(0, 0, 0, 0.6), transparent), url('https:\/\/www.vap-camping.fr\/wp-content\/uploads\/2025\/04\/camping-avec-piscine-1024x767.jpg');\">\n                    <a href=\"https:\/\/www.vap-camping.fr\/de\/campings\/camping-du-lac\/\" title=\"Campingplatz du lac(Foix)\" class=\"camping-link\">\n                        <p class=\"title\">Campingplatz du lac(Foix)<\/p>\n                        <p class=\"camping-button\">Entdecken<\/p>\n                    <\/a>\n                <\/div>\n                            <div class=\"camping-item\"\n                    style=\"background-image: linear-gradient(to top, rgba(0, 0, 0, 0.6), transparent), url('https:\/\/www.vap-camping.fr\/wp-content\/uploads\/2025\/07\/dji_0589-2-1024x767.jpg');\">\n                    <a href=\"https:\/\/www.vap-camping.fr\/de\/campings\/camping-la-bastide\/\" title=\"Campingplatz la Bastide(Maz\u00e8res)\" class=\"camping-link\">\n                        <p class=\"title\">Campingplatz la Bastide(Maz\u00e8res)<\/p>\n                        <p class=\"camping-button\">Entdecken<\/p>\n                    <\/a>\n                <\/div>\n                            <div class=\"camping-item\"\n                    style=\"background-image: linear-gradient(to top, rgba(0, 0, 0, 0.6), transparent), url('https:\/\/www.vap-camping.fr\/wp-content\/uploads\/2025\/04\/dsc03930-1024x500.jpg');\">\n                    <a href=\"https:\/\/www.vap-camping.fr\/de\/campings\/camping-le-rupe\/\" title=\"Campingplatz le Rup\u00e9(Toulouse)\" class=\"camping-link\">\n                        <p class=\"title\">Campingplatz le Rup\u00e9(Toulouse)<\/p>\n                        <p class=\"camping-button\">Entdecken<\/p>\n                    <\/a>\n                <\/div>\n                            <div class=\"camping-item\"\n                    style=\"background-image: linear-gradient(to top, rgba(0, 0, 0, 0.6), transparent), url('https:\/\/www.vap-camping.fr\/wp-content\/uploads\/2025\/04\/img_5291-1024x768-1.jpg');\">\n                    <a href=\"https:\/\/www.vap-camping.fr\/de\/campings\/complexe-des-oustalous\/\" title=\"Oustalous-Komplex\" class=\"camping-link\">\n                        <p class=\"title\">Oustalous-Komplex<\/p>\n                        <p class=\"camping-button\">Entdecken<\/p>\n                    <\/a>\n                <\/div>\n                            <div class=\"camping-item\"\n                    style=\"background-image: linear-gradient(to top, rgba(0, 0, 0, 0.6), transparent), url('https:\/\/www.vap-camping.fr\/wp-content\/uploads\/2025\/04\/4479-1024x461.jpeg');\">\n                    <a href=\"https:\/\/www.vap-camping.fr\/de\/campings\/camping-le-bourdieu\/\" title=\"Campingplatz Le Bourdieu\" class=\"camping-link\">\n                        <p class=\"title\">Campingplatz Le Bourdieu<\/p>\n                        <p class=\"camping-button\">Entdecken<\/p>\n                    <\/a>\n                <\/div>\n                    <\/div>\n    <\/div>\n\n<\/div>\n<\/div>\n","protected":false},"excerpt":{"rendered":"<p>Fahren Sie mit dem Mountainbike durch das Pays de Tarascon und lassen Sie sich von der Sch\u00f6nheit der T\u00e4ler, W\u00e4lder und malerischen D\u00f6rfer verzaubern. Diese Strecke bietet spektakul\u00e4re Ausblicke auf die umliegenden Berge und Routen f\u00fcr jedes Niveau. <\/p>\n","protected":false},"author":1,"featured_media":2799,"parent":0,"template":"","format":"standard","tax-category-lieux":[47],"class_list":["post-2797","lieux","type-lieux","status-publish","format-standard","has-post-thumbnail","hentry","tax-category-lieux-parks-de"],"acf":{"latitude":"42.829068","longitude":"1.4991393","distance":"","pm_lieu_url":"","pm_lieu_phone":"","adresse":"","pm_lieu_title_short":"","af_camping":null},"_links":{"self":[{"href":"https:\/\/www.vap-camping.fr\/de\/wp-json\/wp\/v2\/lieux\/2797","targetHints":{"allow":["GET"]}}],"collection":[{"href":"https:\/\/www.vap-camping.fr\/de\/wp-json\/wp\/v2\/lieux"}],"about":[{"href":"https:\/\/www.vap-camping.fr\/de\/wp-json\/wp\/v2\/types\/lieux"}],"author":[{"embeddable":true,"href":"https:\/\/www.vap-camping.fr\/de\/wp-json\/wp\/v2\/users\/1"}],"version-history":[{"count":1,"href":"https:\/\/www.vap-camping.fr\/de\/wp-json\/wp\/v2\/lieux\/2797\/revisions"}],"predecessor-version":[{"id":2801,"href":"https:\/\/www.vap-camping.fr\/de\/wp-json\/wp\/v2\/lieux\/2797\/revisions\/2801"}],"wp:featuredmedia":[{"embeddable":true,"href":"https:\/\/www.vap-camping.fr\/de\/wp-json\/wp\/v2\/media\/2799"}],"wp:attachment":[{"href":"https:\/\/www.vap-camping.fr\/de\/wp-json\/wp\/v2\/media?parent=2797"}],"wp:term":[{"taxonomy":"tax-category-lieux","embeddable":true,"href":"https:\/\/www.vap-camping.fr\/de\/wp-json\/wp\/v2\/tax-category-lieux?post=2797"}],"curies":[{"name":"wp","href":"https:\/\/api.w.org\/{rel}","templated":true}]}}

<div class="wp-block-group alignfull is-layout-flow wp-container-core-group-is-layout-12cc3699 wp-block-group-is-layout-flow" style="padding-top:10rem">
<div class="wp-block-group has-global-padding is-layout-constrained wp-container-core-group-is-layout-2931b900 wp-block-group-is-layout-constrained">
<div class="wp-block-columns alignfull are-vertically-aligned-center is-layout-flex wp-container-core-columns-is-layout-0c0b91ec wp-block-columns-is-layout-flex">
<div class="wp-block-column is-vertically-aligned-center leftRight is-layout-flow wp-container-core-column-is-layout-58dbe9e9 wp-block-column-is-layout-flow" style="padding-left:10rem;flex-basis:40%">
<div class="wp-block-group is-style-title-left is-layout-flow wp-block-group-is-layout-flow is-style-title-left--1">
<p class="has-secondary-color has-text-color has-link-color has-secondary-font-family has-xl-font-size wp-elements-5772e13d10f58421e72bacab8e8e0d72">Das Land von Tarascon</p>



<p class="has-primary-color has-text-color has-link-color has-primary-font-family has-sm-font-size wp-elements-df6be561d1e770525a2fed6f018112f4" style="text-transform:uppercase"><strong>zwischen Bergen, Höhlen und Dörfern der Ariège</strong></p>
</div>



<h1 class="wp-block-heading text-title">Ein authentisches Gebiet an der Schnittstelle von Geschichte und Natur</h1>



<p class="has-m-font-size" style="padding-left:2rem">Das <strong>Pays de Tarascon</strong> liegt zwischen Foix und den hohen Pyrenäengipfeln und umfasst mehrere Dörfer und Täler rund um <strong>Tarascon-sur-Ariège</strong>, dem Tor zum <strong>regionalen Naturpark der Pyrenäen</strong>. Es ist ein ideales Reiseziel, um <strong>Wanderungen, mittelalterliches Erbe und berühmte prähistorische Stätten</strong> miteinander zu verbinden. </p>
</div>



<div class="wp-block-column is-vertically-aligned-center rightLeft wp-block-image alignright size-large has-custom-border is-style-travel is-layout-flow wp-block-column-is-layout-flow is-style-travel--2" style="flex-basis:60%">
<figure class="wp-block-image alignright size-large"><img decoding="async" src="https://www.vap-camping.fr/wp-content/themes/vap/assets/img/placeholder.jpg" alt="VAP" class="wp-image-123"/></figure>
</div>
</div>
</div>



<div class="wp-block-group has-global-padding is-layout-constrained wp-block-group-is-layout-constrained">
<div class="wp-block-columns alignfull are-vertically-aligned-center is-layout-flex wp-container-core-columns-is-layout-0c0b91ec wp-block-columns-is-layout-flex">
<div class="wp-block-column is-vertically-aligned-center wp-block-image alignright size-large has-custom-border is-style-simple-left leftRight is-layout-flow wp-block-column-is-layout-flow is-style-simple-left--3" style="flex-basis:60%">
<figure class="wp-block-image alignleft size-large"><img decoding="async" src="https://www.vap-camping.fr/wp-content/themes/vap/assets/img/placeholder.jpg" alt="VAP" class="wp-image-123"/></figure>
</div>



<div class="wp-block-column is-vertically-aligned-center rightLeft is-layout-flow wp-container-core-column-is-layout-58dbe9e9 wp-block-column-is-layout-flow" style="padding-left:10rem;flex-basis:40%">
<div class="wp-block-group is-style-title-left is-layout-flow wp-block-group-is-layout-flow is-style-title-left--4">
<p class="has-secondary-color has-text-color has-link-color has-secondary-font-family has-xl-font-size wp-elements-f962d3a091477675b0d916c4b70b4528">Land der Höhlen</p>



<p class="has-primary-color has-text-color has-link-color has-primary-font-family has-sm-font-size wp-elements-7191927c5e9662311c258546bce33f33" style="text-transform:uppercase"><strong>und Legenden</strong></p>
</div>



<h2 class="wp-block-heading text-title">Niaux, Lombrives, Bédeilhac: Prähistorie in Naturgröße</h2>



<p class="has-m-font-size" style="padding-left:2rem">Das Gebiet ist berühmt für seine <strong>verzierten Höhlen</strong>, die zu den bemerkenswertesten in Europa gehören: die Höhle <strong>von Niaux</strong> mit ihren Magdalénien-Malereien, die große und geschichtsträchtige Höhle <strong>von Lombrives</strong> oder <strong>Bédeilhac</strong> mit ihren spektakulären Volumen. Der <strong>Parc de la Préhistoire</strong> in Tarascon vervollständigt diesen Ausflug für die ganze Familie. </p>
</div>
</div>
</div>



<div class="wp-block-group has-global-padding is-layout-constrained wp-block-group-is-layout-constrained">
<div class="wp-block-columns alignfull are-vertically-aligned-center is-layout-flex wp-container-core-columns-is-layout-0c0b91ec wp-block-columns-is-layout-flex">
<div class="wp-block-column is-vertically-aligned-center leftRight is-layout-flow wp-container-core-column-is-layout-58dbe9e9 wp-block-column-is-layout-flow" style="padding-left:10rem;flex-basis:40%">
<div class="wp-block-group is-style-title-left is-layout-flow wp-block-group-is-layout-flow is-style-title-left--5">
<p class="has-secondary-color has-text-color has-link-color has-secondary-font-family has-xl-font-size wp-elements-216e7a60fe5b4bd1b756c4624cbe6771">Dörfer, Schlösser</p>



<p class="has-primary-color has-text-color has-link-color has-primary-font-family has-sm-font-size wp-elements-f9b55099310c872c64de81531f006e9d" style="text-transform:uppercase"><strong>und katharisches Gedächtnis</strong></p>
</div>



<h2 class="wp-block-heading text-title">Ein lebendiges Erbe zwischen Gassen, Stadtmauern und mittelalterlichen Ruinen</h2>



<p class="has-m-font-size" style="padding-left:2rem">Neben Tarascon gibt es viele malerische Dörfer wie <strong>Surba</strong>, <strong>Banat</strong> oder <strong>Ornolac-Ussat-les-Bains</strong> mit seinen Thermalbädern. Überreste der Katharer wie das <strong>Schloss Lordat</strong> überragen das Tal und viele markierte Wanderwege verbinden diese Orte zu Fuß. </p>
</div>



<div class="wp-block-column is-vertically-aligned-center rightLeft wp-block-image alignright size-large has-custom-border is-style-travel is-layout-flow wp-block-column-is-layout-flow is-style-travel--6" style="flex-basis:60%">
<figure class="wp-block-image alignright size-large"><img decoding="async" src="https://www.vap-camping.fr/wp-content/themes/vap/assets/img/placeholder.jpg" alt="VAP" class="wp-image-123"/></figure>
</div>
</div>
</div>



<div class="wp-block-group reveal has-global-padding is-layout-constrained wp-block-group-is-layout-constrained">
<div class="wp-block-group alignwide is-style-title-simple is-layout-flow wp-block-group-is-layout-flow is-style-title-simple--7" style="margin-top:4rem;margin-bottom:4rem">
<p class="has-text-align-center has-secondary-color has-text-color has-link-color has-secondary-font-family has-xl-font-size wp-elements-754a17b6465ac1fab313b12ad098c134">
  Unsere Einrichtungen</p>



<p class="has-text-align-center has-primary-font-family has-sm-font-size" style="text-transform:uppercase">
                <strong>in der Nähe</strong>
            </p>
</div>


<div class="campings-wrapper is-layout-flow wp-block-slider-campings-is-layout-flow">
            <div class="campings-list">
                            <div class="camping-item"
                    style="background-image: linear-gradient(to top, rgba(0, 0, 0, 0.6), transparent), url('https://www.vap-camping.fr/wp-content/uploads/2025/04/camping-avec-piscine-1024x767.jpg');">
                    <a href="https://www.vap-camping.fr/de/campings/camping-du-lac/" title="Campingplatz du lac(Foix)" class="camping-link">
                        <p class="title">Campingplatz du lac(Foix)</p>
                        <p class="camping-button">Entdecken</p>
                    </a>
                </div>
                            <div class="camping-item"
                    style="background-image: linear-gradient(to top, rgba(0, 0, 0, 0.6), transparent), url('https://www.vap-camping.fr/wp-content/uploads/2025/07/dji_0589-2-1024x767.jpg');">
                    <a href="https://www.vap-camping.fr/de/campings/camping-la-bastide/" title="Campingplatz la Bastide(Mazères)" class="camping-link">
                        <p class="title">Campingplatz la Bastide(Mazères)</p>
                        <p class="camping-button">Entdecken</p>
                    </a>
                </div>
                            <div class="camping-item"
                    style="background-image: linear-gradient(to top, rgba(0, 0, 0, 0.6), transparent), url('https://www.vap-camping.fr/wp-content/uploads/2025/04/dsc03930-1024x500.jpg');">
                    <a href="https://www.vap-camping.fr/de/campings/camping-le-rupe/" title="Campingplatz le Rupé(Toulouse)" class="camping-link">
                        <p class="title">Campingplatz le Rupé(Toulouse)</p>
                        <p class="camping-button">Entdecken</p>
                    </a>
                </div>
                            <div class="camping-item"
                    style="background-image: linear-gradient(to top, rgba(0, 0, 0, 0.6), transparent), url('https://www.vap-camping.fr/wp-content/uploads/2025/04/img_5291-1024x768-1.jpg');">
                    <a href="https://www.vap-camping.fr/de/campings/complexe-des-oustalous/" title="Oustalous-Komplex" class="camping-link">
                        <p class="title">Oustalous-Komplex</p>
                        <p class="camping-button">Entdecken</p>
                    </a>
                </div>
                            <div class="camping-item"
                    style="background-image: linear-gradient(to top, rgba(0, 0, 0, 0.6), transparent), url('https://www.vap-camping.fr/wp-content/uploads/2025/04/4479-1024x461.jpeg');">
                    <a href="https://www.vap-camping.fr/de/campings/camping-le-bourdieu/" title="Campingplatz Le Bourdieu" class="camping-link">
                        <p class="title">Campingplatz Le Bourdieu</p>
                        <p class="camping-button">Entdecken</p>
                    </a>
                </div>
                    </div>
    </div>

</div>
</div>

<p>Fahren Sie mit dem Mountainbike durch das Pays de Tarascon und lassen Sie sich von der Schönheit der Täler, Wälder und malerischen Dörfer verzaubern. Diese Strecke bietet spektakuläre Ausblicke auf die umliegenden Berge und Routen für jedes Niveau. </p>
