{"id":2808,"date":"2025-05-09T14:45:21","date_gmt":"2025-05-09T14:45:21","guid":{"rendered":"https:\/\/www.vap-camping.fr\/lieux\/camping-carla-bayle\/"},"modified":"2026-01-30T01:41:47","modified_gmt":"2026-01-30T01:41:47","slug":"camping-carla-bayle","status":"publish","type":"lieux","link":"https:\/\/www.vap-camping.fr\/de\/lieux\/camping-carla-bayle\/","title":{"rendered":"Carla Bayle"},"content":{"rendered":"\n<div class=\"wp-block-group alignfull is-layout-flow wp-container-core-group-is-layout-12cc3699 wp-block-group-is-layout-flow\" style=\"padding-top:10rem\">\n<div class=\"wp-block-group has-global-padding is-layout-constrained wp-container-core-group-is-layout-2931b900 wp-block-group-is-layout-constrained\">\n<div class=\"wp-block-columns alignfull are-vertically-aligned-center is-layout-flex wp-container-core-columns-is-layout-0c0b91ec wp-block-columns-is-layout-flex\">\n<div class=\"wp-block-column is-vertically-aligned-center leftRight is-layout-flow wp-container-core-column-is-layout-58dbe9e9 wp-block-column-is-layout-flow\" style=\"padding-left:10rem;flex-basis:40%\">\n<div class=\"wp-block-group is-style-title-left is-layout-flow wp-block-group-is-layout-flow is-style-title-left--1\">\n<p class=\"has-secondary-color has-text-color has-link-color has-secondary-font-family has-xl-font-size wp-elements-7a401731489eb757f64c1154f3f05897\">Carla-Bayle<\/p>\n\n\n\n<p class=\"has-primary-color has-text-color has-link-color has-primary-font-family has-sm-font-size wp-elements-244518122873c9764737d8445259f218\" style=\"text-transform:uppercase\"><strong>Kunstdorf auf einem H\u00fcgel mit Blick auf die Pyren\u00e4en<\/strong><\/p>\n<\/div>\n\n\n\n<h1 class=\"wp-block-heading text-title\">Geschichte, Galerien und Panorama in einem der sch\u00f6nsten D\u00f6rfer der Ari\u00e8ge<\/h1>\n\n\n\n<p class=\"has-m-font-size\" style=\"padding-left:2rem\"><strong>Carla-Bayle<\/strong> liegt auf einem Vorgebirge \u00fcber dem Tal der L\u00e8ze und besticht durch sein <strong>mittelalterliches Erbe<\/strong>, seine <strong>k\u00fcnstlerische Atmosph\u00e4re<\/strong> und seine <strong>spektakul\u00e4re Aussicht auf die Pyren\u00e4enkette<\/strong>. Als eines der D\u00f6rfer mit Charakter klassifiziert, ist es ein ideales Ziel f\u00fcr einen Spaziergang, um Kunstwerke zu entdecken oder einfach die Ruhe zu genie\u00dfen.<\/p>\n<\/div>\n\n\n\n<div class=\"wp-block-column is-vertically-aligned-center rightLeft wp-block-image alignright size-large has-custom-border is-style-simple-right is-layout-flow wp-block-column-is-layout-flow is-style-simple-right--2\" style=\"flex-basis:60%\">\n<figure class=\"wp-block-image alignright size-large\"><img alt=\"\" decoding=\"async\" width=\"1024\" height=\"683\" src=\"https:\/\/www.vap-camping.fr\/wp-content\/uploads\/2025\/05\/AdobeStock_906786868_Editorial_Use_Only-1024x683.jpeg\" alt=\"\" class=\"wp-image-1221\" srcset=\"https:\/\/www.vap-camping.fr\/wp-content\/uploads\/2025\/05\/AdobeStock_906786868_Editorial_Use_Only-1024x683.jpeg 1024w, https:\/\/www.vap-camping.fr\/wp-content\/uploads\/2025\/05\/AdobeStock_906786868_Editorial_Use_Only-600x400.jpeg 600w, https:\/\/www.vap-camping.fr\/wp-content\/uploads\/2025\/05\/AdobeStock_906786868_Editorial_Use_Only-768x512.jpeg 768w, https:\/\/www.vap-camping.fr\/wp-content\/uploads\/2025\/05\/AdobeStock_906786868_Editorial_Use_Only-1536x1024.jpeg 1536w, https:\/\/www.vap-camping.fr\/wp-content\/uploads\/2025\/05\/AdobeStock_906786868_Editorial_Use_Only-2048x1365.jpeg 2048w\" sizes=\"(max-width: 1024px) 100vw, 1024px\" \/><\/figure>\n<\/div>\n<\/div>\n<\/div>\n\n\n\n<div class=\"wp-block-group has-global-padding is-layout-constrained wp-block-group-is-layout-constrained\">\n<div class=\"wp-block-columns alignfull are-vertically-aligned-center is-layout-flex wp-container-core-columns-is-layout-0c0b91ec wp-block-columns-is-layout-flex\">\n<div class=\"wp-block-column is-vertically-aligned-center wp-block-image alignright size-large has-custom-border is-style-simple-left leftRight is-layout-flow wp-block-column-is-layout-flow is-style-simple-left--3\" style=\"flex-basis:60%\">\n<figure class=\"wp-block-image alignleft size-large\"><img alt=\"\" decoding=\"async\" width=\"1024\" height=\"683\" src=\"https:\/\/www.vap-camping.fr\/wp-content\/uploads\/2025\/05\/AdobeStock_906786913_Editorial_Use_Only-1024x683.jpeg\" alt=\"\" class=\"wp-image-1223\" srcset=\"https:\/\/www.vap-camping.fr\/wp-content\/uploads\/2025\/05\/AdobeStock_906786913_Editorial_Use_Only-1024x683.jpeg 1024w, https:\/\/www.vap-camping.fr\/wp-content\/uploads\/2025\/05\/AdobeStock_906786913_Editorial_Use_Only-600x400.jpeg 600w, https:\/\/www.vap-camping.fr\/wp-content\/uploads\/2025\/05\/AdobeStock_906786913_Editorial_Use_Only-768x512.jpeg 768w, https:\/\/www.vap-camping.fr\/wp-content\/uploads\/2025\/05\/AdobeStock_906786913_Editorial_Use_Only-1536x1024.jpeg 1536w, https:\/\/www.vap-camping.fr\/wp-content\/uploads\/2025\/05\/AdobeStock_906786913_Editorial_Use_Only-2048x1365.jpeg 2048w\" sizes=\"(max-width: 1024px) 100vw, 1024px\" \/><\/figure>\n<\/div>\n\n\n\n<div class=\"wp-block-column is-vertically-aligned-center rightLeft is-layout-flow wp-container-core-column-is-layout-58dbe9e9 wp-block-column-is-layout-flow\" style=\"padding-left:10rem;flex-basis:40%\">\n<div class=\"wp-block-group is-style-title-left is-layout-flow wp-block-group-is-layout-flow is-style-title-left--4\">\n<p class=\"has-secondary-color has-text-color has-link-color has-secondary-font-family has-xl-font-size wp-elements-5a8ebcfb50dc5a64f48e68272c0fb0fc\">Ein K\u00fcnstlerdorf<\/p>\n\n\n\n<p class=\"has-primary-color has-text-color has-link-color has-primary-font-family has-sm-font-size wp-elements-4735fb2c6f83d134cd294d73b6ae3022\" style=\"text-transform:uppercase\"><strong>das ganze Jahr \u00fcber lebendig<\/strong><\/p>\n<\/div>\n\n\n\n<h2 class=\"wp-block-heading text-title\">Ateliers, Ausstellungen und Galerien in den Gassen<\/h2>\n\n\n\n<p class=\"has-m-font-size\" style=\"padding-left:2rem\">Carla-Bayle ist heute ein <strong>K\u00fcnstlerdorf<\/strong> mit einem Dutzend st\u00e4ndiger Galerien und Ateliers f\u00fcr die \u00d6ffentlichkeit. Im Sommer verwandelt das <strong>Festival &#8220;\u00c9t\u00e9 de l&#8217;art&#8221;<\/strong> das Dorf in eine Galerie unter freiem Himmel. Hier k\u00f6nnen Sie Malerei, Skulptur, Keramik und Fotografie in einem einzigartigen Rahmen erleben.<\/p>\n<\/div>\n<\/div>\n<\/div>\n\n\n\n<div class=\"wp-block-group has-global-padding is-layout-constrained wp-block-group-is-layout-constrained\">\n<div class=\"wp-block-columns alignfull are-vertically-aligned-center is-layout-flex wp-container-core-columns-is-layout-0c0b91ec wp-block-columns-is-layout-flex\">\n<div class=\"wp-block-column is-vertically-aligned-center leftRight is-layout-flow wp-container-core-column-is-layout-58dbe9e9 wp-block-column-is-layout-flow\" style=\"padding-left:10rem;flex-basis:40%\">\n<div class=\"wp-block-group is-style-title-left is-layout-flow wp-block-group-is-layout-flow is-style-title-left--5\">\n<p class=\"has-secondary-color has-text-color has-link-color has-secondary-font-family has-xl-font-size wp-elements-9287faca4c79bb24f357276548c9d7fb\">Ein reiches Erbe<\/p>\n\n\n\n<p class=\"has-primary-color has-text-color has-link-color has-primary-font-family has-sm-font-size wp-elements-4896df0220c206cfa163c27eec92a4e4\" style=\"text-transform:uppercase\"><strong>und engagiert<\/strong><\/p>\n<\/div>\n\n\n\n<h2 class=\"wp-block-heading text-title\">Geburtsort des Philosophen Pierre Bayle, Wiege der Gedankenfreiheit<\/h2>\n\n\n\n<p class=\"has-m-font-size\" style=\"padding-left:2rem\">Carla-Bayle war der Geburtsort von <strong>Pierre Bayle<\/strong>, einem protestantischen Philosophen des XVII\u1d49 Jahrhunderts und Verfechter religi\u00f6ser Toleranz. Das <strong>Pierre Bayle Museum<\/strong> zeigt sein Werk und die bewegte Vergangenheit des Dorfes, die von den Religionskriegen gepr\u00e4gt war. In den Gassen sind sch\u00f6ne Elemente der alten Architektur erhalten geblieben.<\/p>\n<\/div>\n\n\n\n<div class=\"wp-block-column is-vertically-aligned-center rightLeft wp-block-image alignright size-large has-custom-border is-style-travel is-layout-flow wp-block-column-is-layout-flow is-style-travel--6\" style=\"flex-basis:60%\">\n<figure class=\"wp-block-image alignright size-large\"><img alt=\"\" decoding=\"async\" width=\"1024\" height=\"683\" src=\"https:\/\/www.vap-camping.fr\/wp-content\/uploads\/2025\/05\/AdobeStock_906786959-1024x683.jpeg\" alt=\"\" class=\"wp-image-1225\" srcset=\"https:\/\/www.vap-camping.fr\/wp-content\/uploads\/2025\/05\/AdobeStock_906786959-1024x683.jpeg 1024w, https:\/\/www.vap-camping.fr\/wp-content\/uploads\/2025\/05\/AdobeStock_906786959-600x400.jpeg 600w, https:\/\/www.vap-camping.fr\/wp-content\/uploads\/2025\/05\/AdobeStock_906786959-768x512.jpeg 768w, https:\/\/www.vap-camping.fr\/wp-content\/uploads\/2025\/05\/AdobeStock_906786959-1536x1024.jpeg 1536w, https:\/\/www.vap-camping.fr\/wp-content\/uploads\/2025\/05\/AdobeStock_906786959-2048x1365.jpeg 2048w\" sizes=\"(max-width: 1024px) 100vw, 1024px\" \/><\/figure>\n<\/div>\n<\/div>\n<\/div>\n\n\n\n<div class=\"wp-block-group reveal has-global-padding is-layout-constrained wp-block-group-is-layout-constrained\">\n<div class=\"wp-block-group alignwide is-style-title-simple is-layout-flow wp-block-group-is-layout-flow is-style-title-simple--7\" style=\"margin-top:4rem;margin-bottom:4rem\">\n<p class=\"has-text-align-center has-secondary-color has-text-color has-link-color has-secondary-font-family has-xl-font-size wp-elements-754a17b6465ac1fab313b12ad098c134\">\n  Unsere Einrichtungen<\/p>\n\n\n\n<p class=\"has-text-align-center has-primary-font-family has-sm-font-size\" style=\"text-transform:uppercase\">\n                <strong>in der N\u00e4he<\/strong>\n            <\/p>\n<\/div>\n\n\n<div class=\"campings-wrapper is-layout-flow wp-block-slider-campings-is-layout-flow\">\n            <div class=\"campings-list\">\n                            <div class=\"camping-item\"\n                    style=\"background-image: linear-gradient(to top, rgba(0, 0, 0, 0.6), transparent), url('https:\/\/www.vap-camping.fr\/wp-content\/uploads\/2025\/04\/camping-avec-piscine-1024x767.jpg');\">\n                    <a href=\"https:\/\/www.vap-camping.fr\/de\/campings\/camping-du-lac\/\" title=\"Campingplatz du lac(Foix)\" class=\"camping-link\">\n                        <p class=\"title\">Campingplatz du lac(Foix)<\/p>\n                        <p class=\"camping-button\">Entdecken<\/p>\n                    <\/a>\n                <\/div>\n                    <\/div>\n    <\/div>\n\n<\/div>\n<\/div>\n","protected":false},"excerpt":{"rendered":"<p>Carla-Bayle, die &#8220;Stadt der K\u00fcnste&#8221;, ist ein malerisches Dorf, in dem sich Kunst und Geschichte vermischen. Es gibt viele Galerien, Ateliers und Kunstausstellungen, die den Besuchern die M\u00f6glichkeit bieten, in die lokale Kreativit\u00e4t einzutauchen. Dieser charmante Ort ist ideal, um Kunst in all ihren Formen in einer bukolischen Umgebung zu entdecken.<\/p>\n","protected":false},"author":1,"featured_media":2811,"parent":0,"template":"","format":"standard","tax-category-lieux":[48],"class_list":["post-2808","lieux","type-lieux","status-publish","format-standard","has-post-thumbnail","hentry","tax-category-lieux-stadte-dorfer"],"acf":{"latitude":"43.1595118","longitude":"1.3376265","distance":10,"pm_lieu_url":"","pm_lieu_phone":"","adresse":"","pm_lieu_title_short":"","af_camping":[108]},"_links":{"self":[{"href":"https:\/\/www.vap-camping.fr\/de\/wp-json\/wp\/v2\/lieux\/2808","targetHints":{"allow":["GET"]}}],"collection":[{"href":"https:\/\/www.vap-camping.fr\/de\/wp-json\/wp\/v2\/lieux"}],"about":[{"href":"https:\/\/www.vap-camping.fr\/de\/wp-json\/wp\/v2\/types\/lieux"}],"author":[{"embeddable":true,"href":"https:\/\/www.vap-camping.fr\/de\/wp-json\/wp\/v2\/users\/1"}],"version-history":[{"count":3,"href":"https:\/\/www.vap-camping.fr\/de\/wp-json\/wp\/v2\/lieux\/2808\/revisions"}],"predecessor-version":[{"id":6844,"href":"https:\/\/www.vap-camping.fr\/de\/wp-json\/wp\/v2\/lieux\/2808\/revisions\/6844"}],"acf:post":[{"embeddable":true,"href":"https:\/\/www.vap-camping.fr\/de\/wp-json\/wp\/v2\/campings\/108"}],"wp:featuredmedia":[{"embeddable":true,"href":"https:\/\/www.vap-camping.fr\/de\/wp-json\/wp\/v2\/media\/2811"}],"wp:attachment":[{"href":"https:\/\/www.vap-camping.fr\/de\/wp-json\/wp\/v2\/media?parent=2808"}],"wp:term":[{"taxonomy":"tax-category-lieux","embeddable":true,"href":"https:\/\/www.vap-camping.fr\/de\/wp-json\/wp\/v2\/tax-category-lieux?post=2808"}],"curies":[{"name":"wp","href":"https:\/\/api.w.org\/{rel}","templated":true}]}}

<div class="wp-block-group alignfull is-layout-flow wp-container-core-group-is-layout-12cc3699 wp-block-group-is-layout-flow" style="padding-top:10rem">
<div class="wp-block-group has-global-padding is-layout-constrained wp-container-core-group-is-layout-2931b900 wp-block-group-is-layout-constrained">
<div class="wp-block-columns alignfull are-vertically-aligned-center is-layout-flex wp-container-core-columns-is-layout-0c0b91ec wp-block-columns-is-layout-flex">
<div class="wp-block-column is-vertically-aligned-center leftRight is-layout-flow wp-container-core-column-is-layout-58dbe9e9 wp-block-column-is-layout-flow" style="padding-left:10rem;flex-basis:40%">
<div class="wp-block-group is-style-title-left is-layout-flow wp-block-group-is-layout-flow is-style-title-left--1">
<p class="has-secondary-color has-text-color has-link-color has-secondary-font-family has-xl-font-size wp-elements-7a401731489eb757f64c1154f3f05897">Carla-Bayle</p>



<p class="has-primary-color has-text-color has-link-color has-primary-font-family has-sm-font-size wp-elements-244518122873c9764737d8445259f218" style="text-transform:uppercase"><strong>Kunstdorf auf einem Hügel mit Blick auf die Pyrenäen</strong></p>
</div>



<h1 class="wp-block-heading text-title">Geschichte, Galerien und Panorama in einem der schönsten Dörfer der Ariège</h1>



<p class="has-m-font-size" style="padding-left:2rem"><strong>Carla-Bayle</strong> liegt auf einem Vorgebirge über dem Tal der Lèze und besticht durch sein <strong>mittelalterliches Erbe</strong>, seine <strong>künstlerische Atmosphäre</strong> und seine <strong>spektakuläre Aussicht auf die Pyrenäenkette</strong>. Als eines der Dörfer mit Charakter klassifiziert, ist es ein ideales Ziel für einen Spaziergang, um Kunstwerke zu entdecken oder einfach die Ruhe zu genießen.</p>
</div>



<div class="wp-block-column is-vertically-aligned-center rightLeft wp-block-image alignright size-large has-custom-border is-style-simple-right is-layout-flow wp-block-column-is-layout-flow is-style-simple-right--2" style="flex-basis:60%">
<figure class="wp-block-image alignright size-large"><img alt="" decoding="async" width="1024" height="683" src="https://www.vap-camping.fr/wp-content/uploads/2025/05/AdobeStock_906786868_Editorial_Use_Only-1024x683.jpeg" alt="" class="wp-image-1221" srcset="https://www.vap-camping.fr/wp-content/uploads/2025/05/AdobeStock_906786868_Editorial_Use_Only-1024x683.jpeg 1024w, https://www.vap-camping.fr/wp-content/uploads/2025/05/AdobeStock_906786868_Editorial_Use_Only-600x400.jpeg 600w, https://www.vap-camping.fr/wp-content/uploads/2025/05/AdobeStock_906786868_Editorial_Use_Only-768x512.jpeg 768w, https://www.vap-camping.fr/wp-content/uploads/2025/05/AdobeStock_906786868_Editorial_Use_Only-1536x1024.jpeg 1536w, https://www.vap-camping.fr/wp-content/uploads/2025/05/AdobeStock_906786868_Editorial_Use_Only-2048x1365.jpeg 2048w" sizes="(max-width: 1024px) 100vw, 1024px" /></figure>
</div>
</div>
</div>



<div class="wp-block-group has-global-padding is-layout-constrained wp-block-group-is-layout-constrained">
<div class="wp-block-columns alignfull are-vertically-aligned-center is-layout-flex wp-container-core-columns-is-layout-0c0b91ec wp-block-columns-is-layout-flex">
<div class="wp-block-column is-vertically-aligned-center wp-block-image alignright size-large has-custom-border is-style-simple-left leftRight is-layout-flow wp-block-column-is-layout-flow is-style-simple-left--3" style="flex-basis:60%">
<figure class="wp-block-image alignleft size-large"><img alt="" decoding="async" width="1024" height="683" src="https://www.vap-camping.fr/wp-content/uploads/2025/05/AdobeStock_906786913_Editorial_Use_Only-1024x683.jpeg" alt="" class="wp-image-1223" srcset="https://www.vap-camping.fr/wp-content/uploads/2025/05/AdobeStock_906786913_Editorial_Use_Only-1024x683.jpeg 1024w, https://www.vap-camping.fr/wp-content/uploads/2025/05/AdobeStock_906786913_Editorial_Use_Only-600x400.jpeg 600w, https://www.vap-camping.fr/wp-content/uploads/2025/05/AdobeStock_906786913_Editorial_Use_Only-768x512.jpeg 768w, https://www.vap-camping.fr/wp-content/uploads/2025/05/AdobeStock_906786913_Editorial_Use_Only-1536x1024.jpeg 1536w, https://www.vap-camping.fr/wp-content/uploads/2025/05/AdobeStock_906786913_Editorial_Use_Only-2048x1365.jpeg 2048w" sizes="(max-width: 1024px) 100vw, 1024px" /></figure>
</div>



<div class="wp-block-column is-vertically-aligned-center rightLeft is-layout-flow wp-container-core-column-is-layout-58dbe9e9 wp-block-column-is-layout-flow" style="padding-left:10rem;flex-basis:40%">
<div class="wp-block-group is-style-title-left is-layout-flow wp-block-group-is-layout-flow is-style-title-left--4">
<p class="has-secondary-color has-text-color has-link-color has-secondary-font-family has-xl-font-size wp-elements-5a8ebcfb50dc5a64f48e68272c0fb0fc">Ein Künstlerdorf</p>



<p class="has-primary-color has-text-color has-link-color has-primary-font-family has-sm-font-size wp-elements-4735fb2c6f83d134cd294d73b6ae3022" style="text-transform:uppercase"><strong>das ganze Jahr über lebendig</strong></p>
</div>



<h2 class="wp-block-heading text-title">Ateliers, Ausstellungen und Galerien in den Gassen</h2>



<p class="has-m-font-size" style="padding-left:2rem">Carla-Bayle ist heute ein <strong>Künstlerdorf</strong> mit einem Dutzend ständiger Galerien und Ateliers für die Öffentlichkeit. Im Sommer verwandelt das <strong>Festival &#8220;Été de l&#8217;art&#8221;</strong> das Dorf in eine Galerie unter freiem Himmel. Hier können Sie Malerei, Skulptur, Keramik und Fotografie in einem einzigartigen Rahmen erleben.</p>
</div>
</div>
</div>



<div class="wp-block-group has-global-padding is-layout-constrained wp-block-group-is-layout-constrained">
<div class="wp-block-columns alignfull are-vertically-aligned-center is-layout-flex wp-container-core-columns-is-layout-0c0b91ec wp-block-columns-is-layout-flex">
<div class="wp-block-column is-vertically-aligned-center leftRight is-layout-flow wp-container-core-column-is-layout-58dbe9e9 wp-block-column-is-layout-flow" style="padding-left:10rem;flex-basis:40%">
<div class="wp-block-group is-style-title-left is-layout-flow wp-block-group-is-layout-flow is-style-title-left--5">
<p class="has-secondary-color has-text-color has-link-color has-secondary-font-family has-xl-font-size wp-elements-9287faca4c79bb24f357276548c9d7fb">Ein reiches Erbe</p>



<p class="has-primary-color has-text-color has-link-color has-primary-font-family has-sm-font-size wp-elements-4896df0220c206cfa163c27eec92a4e4" style="text-transform:uppercase"><strong>und engagiert</strong></p>
</div>



<h2 class="wp-block-heading text-title">Geburtsort des Philosophen Pierre Bayle, Wiege der Gedankenfreiheit</h2>



<p class="has-m-font-size" style="padding-left:2rem">Carla-Bayle war der Geburtsort von <strong>Pierre Bayle</strong>, einem protestantischen Philosophen des XVIIᵉ Jahrhunderts und Verfechter religiöser Toleranz. Das <strong>Pierre Bayle Museum</strong> zeigt sein Werk und die bewegte Vergangenheit des Dorfes, die von den Religionskriegen geprägt war. In den Gassen sind schöne Elemente der alten Architektur erhalten geblieben.</p>
</div>



<div class="wp-block-column is-vertically-aligned-center rightLeft wp-block-image alignright size-large has-custom-border is-style-travel is-layout-flow wp-block-column-is-layout-flow is-style-travel--6" style="flex-basis:60%">
<figure class="wp-block-image alignright size-large"><img alt="" decoding="async" width="1024" height="683" src="https://www.vap-camping.fr/wp-content/uploads/2025/05/AdobeStock_906786959-1024x683.jpeg" alt="" class="wp-image-1225" srcset="https://www.vap-camping.fr/wp-content/uploads/2025/05/AdobeStock_906786959-1024x683.jpeg 1024w, https://www.vap-camping.fr/wp-content/uploads/2025/05/AdobeStock_906786959-600x400.jpeg 600w, https://www.vap-camping.fr/wp-content/uploads/2025/05/AdobeStock_906786959-768x512.jpeg 768w, https://www.vap-camping.fr/wp-content/uploads/2025/05/AdobeStock_906786959-1536x1024.jpeg 1536w, https://www.vap-camping.fr/wp-content/uploads/2025/05/AdobeStock_906786959-2048x1365.jpeg 2048w" sizes="(max-width: 1024px) 100vw, 1024px" /></figure>
</div>
</div>
</div>



<div class="wp-block-group reveal has-global-padding is-layout-constrained wp-block-group-is-layout-constrained">
<div class="wp-block-group alignwide is-style-title-simple is-layout-flow wp-block-group-is-layout-flow is-style-title-simple--7" style="margin-top:4rem;margin-bottom:4rem">
<p class="has-text-align-center has-secondary-color has-text-color has-link-color has-secondary-font-family has-xl-font-size wp-elements-754a17b6465ac1fab313b12ad098c134">
  Unsere Einrichtungen</p>



<p class="has-text-align-center has-primary-font-family has-sm-font-size" style="text-transform:uppercase">
                <strong>in der Nähe</strong>
            </p>
</div>


<div class="campings-wrapper is-layout-flow wp-block-slider-campings-is-layout-flow">
            <div class="campings-list">
                            <div class="camping-item"
                    style="background-image: linear-gradient(to top, rgba(0, 0, 0, 0.6), transparent), url('https://www.vap-camping.fr/wp-content/uploads/2025/04/camping-avec-piscine-1024x767.jpg');">
                    <a href="https://www.vap-camping.fr/de/campings/camping-du-lac/" title="Campingplatz du lac(Foix)" class="camping-link">
                        <p class="title">Campingplatz du lac(Foix)</p>
                        <p class="camping-button">Entdecken</p>
                    </a>
                </div>
                    </div>
    </div>

</div>
</div>

<p>Carla-Bayle, die &#8220;Stadt der Künste&#8221;, ist ein malerisches Dorf, in dem sich Kunst und Geschichte vermischen. Es gibt viele Galerien, Ateliers und Kunstausstellungen, die den Besuchern die Möglichkeit bieten, in die lokale Kreativität einzutauchen. Dieser charmante Ort ist ideal, um Kunst in all ihren Formen in einer bukolischen Umgebung zu entdecken.</p>
