{"id":2825,"date":"2025-05-09T14:57:57","date_gmt":"2025-05-09T14:57:57","guid":{"rendered":"https:\/\/www.vap-camping.fr\/lieux\/etang-bleu\/"},"modified":"2025-07-28T07:24:40","modified_gmt":"2025-07-28T07:24:40","slug":"etang-bleu","status":"publish","type":"lieux","link":"https:\/\/www.vap-camping.fr\/de\/lieux\/etang-bleu\/","title":{"rendered":"Blauer Teich"},"content":{"rendered":"\n<div class=\"wp-block-group alignfull is-layout-flow wp-container-core-group-is-layout-12cc3699 wp-block-group-is-layout-flow\" style=\"padding-top:10rem\">\n<div class=\"wp-block-group has-global-padding is-layout-constrained wp-container-core-group-is-layout-2931b900 wp-block-group-is-layout-constrained\">\n<div class=\"wp-block-columns alignfull are-vertically-aligned-center is-layout-flex wp-container-core-columns-is-layout-0c0b91ec wp-block-columns-is-layout-flex\">\n<div class=\"wp-block-column is-vertically-aligned-center leftRight is-layout-flow wp-container-core-column-is-layout-58dbe9e9 wp-block-column-is-layout-flow\" style=\"padding-left:10rem;flex-basis:40%\">\n<div class=\"wp-block-group is-style-title-left is-layout-flow wp-block-group-is-layout-flow is-style-title-left--1\">\n<p class=\"has-secondary-color has-text-color has-link-color has-secondary-font-family has-xl-font-size wp-elements-37368c2516a424dc18403bdd0257f786\">L&#8217;\u00c9tang Bleu (Blauer Teich)<\/p>\n\n\n\n<p class=\"has-primary-color has-text-color has-link-color has-primary-font-family has-sm-font-size wp-elements-dd48262e933f93dc90dd39b6d121149a\" style=\"text-transform:uppercase\"><strong>H\u00f6henperle im Garbet-Tal<\/strong><\/p>\n<\/div>\n\n\n\n<h1 class=\"wp-block-heading text-title\">Ein intensiv reflektierender Bergsee, der \u00fcber eine sch\u00f6ne Wanderung erreichbar ist.<\/h1>\n\n\n\n<p class=\"has-m-font-size\" style=\"padding-left:2rem\"><strong>Der \u00c9tang Bleu<\/strong> liegt auf 1.930 m H\u00f6he im <strong>Aston-Massiv<\/strong> und tr\u00e4gt seinen Namen zu Recht: sein klares Wasser schimmert in der Sonne t\u00fcrkis und steht im Kontrast zu den felsigen H\u00e4ngen, die ihn umgeben. Er ist einer der <strong>spektakul\u00e4rsten Seen der Ari\u00e8ge<\/strong> und kann von Liebhabern der unber\u00fchrten Natur zu Fu\u00df erreicht werden. <\/p>\n<\/div>\n\n\n\n<div class=\"wp-block-column is-vertically-aligned-center rightLeft wp-block-image alignright size-large has-custom-border is-style-travel is-layout-flow wp-block-column-is-layout-flow is-style-travel--2\" style=\"flex-basis:60%\">\n<figure class=\"wp-block-image alignright size-large\"><img decoding=\"async\" src=\"https:\/\/www.vap-camping.fr\/wp-content\/themes\/vap\/assets\/img\/placeholder.jpg\" alt=\"VAP\" class=\"wp-image-123\"\/><\/figure>\n<\/div>\n<\/div>\n<\/div>\n\n\n\n<div class=\"wp-block-group has-global-padding is-layout-constrained wp-block-group-is-layout-constrained\">\n<div class=\"wp-block-columns alignfull are-vertically-aligned-center is-layout-flex wp-container-core-columns-is-layout-0c0b91ec wp-block-columns-is-layout-flex\">\n<div class=\"wp-block-column is-vertically-aligned-center wp-block-image alignright size-large has-custom-border is-style-simple-left leftRight is-layout-flow wp-block-column-is-layout-flow is-style-simple-left--3\" style=\"flex-basis:60%\">\n<figure class=\"wp-block-image alignleft size-large\"><img decoding=\"async\" src=\"https:\/\/www.vap-camping.fr\/wp-content\/themes\/vap\/assets\/img\/placeholder.jpg\" alt=\"VAP\" class=\"wp-image-123\"\/><\/figure>\n<\/div>\n\n\n\n<div class=\"wp-block-column is-vertically-aligned-center rightLeft is-layout-flow wp-container-core-column-is-layout-58dbe9e9 wp-block-column-is-layout-flow\" style=\"padding-left:10rem;flex-basis:40%\">\n<div class=\"wp-block-group is-style-title-left is-layout-flow wp-block-group-is-layout-flow is-style-title-left--4\">\n<p class=\"has-secondary-color has-text-color has-link-color has-secondary-font-family has-xl-font-size wp-elements-e72b760dbb30142a121ec0580cbbc6fc\">Eine nachhaltige Wanderung<\/p>\n\n\n\n<p class=\"has-primary-color has-text-color has-link-color has-primary-font-family has-sm-font-size wp-elements-cc48caf7a0c40e396e4082b48bd439ae\" style=\"text-transform:uppercase\"><strong>aber zug\u00e4nglich<\/strong><\/p>\n<\/div>\n\n\n\n<h2 class=\"wp-block-heading text-title\">Ca. 4-5 Stunden Hin- und R\u00fcckweg vom Parkplatz Artigue.<\/h2>\n\n\n\n<p class=\"has-m-font-size\" style=\"padding-left:2rem\">Der Weg beginnt in <strong>L&#8217;Artigue<\/strong>, oberhalb von Auzat, mit einem <strong>positiven H\u00f6henunterschied von etwa 900 Metern<\/strong>. Der Aufstieg erfolgt zun\u00e4chst durch den Wald, dann \u00fcber Almwiesen und durch mineralische Landschaften. Die Anstrengung wird mit <strong>der pl\u00f6tzlichen Entdeckung des Sees<\/strong> belohnt, der in einem wilden Talkessel liegt.  <\/p>\n<\/div>\n<\/div>\n<\/div>\n\n\n\n<div class=\"wp-block-group has-global-padding is-layout-constrained wp-block-group-is-layout-constrained\">\n<div class=\"wp-block-columns alignfull are-vertically-aligned-center is-layout-flex wp-container-core-columns-is-layout-0c0b91ec wp-block-columns-is-layout-flex\">\n<div class=\"wp-block-column is-vertically-aligned-center leftRight is-layout-flow wp-container-core-column-is-layout-58dbe9e9 wp-block-column-is-layout-flow\" style=\"padding-left:10rem;flex-basis:40%\">\n<div class=\"wp-block-group is-style-title-left is-layout-flow wp-block-group-is-layout-flow is-style-title-left--5\">\n<p class=\"has-secondary-color has-text-color has-link-color has-secondary-font-family has-xl-font-size wp-elements-d32f001d94737555460382b036f8dc7b\">Ein gesch\u00fctztes Naturgebiet<\/p>\n\n\n\n<p class=\"has-primary-color has-text-color has-link-color has-primary-font-family has-sm-font-size wp-elements-4ff54eaf5a6f5e2155e1002e71b5c441\" style=\"text-transform:uppercase\"><strong>zwischen Stille und Kontemplation<\/strong><\/p>\n<\/div>\n\n\n\n<h2 class=\"wp-block-heading text-title\">Perfekt f\u00fcr ein Picknick, eine Pause oder ein Bad in der Natur.<\/h2>\n\n\n\n<p class=\"has-m-font-size\" style=\"padding-left:2rem\">L&#8217;\u00c9tang Bleu ist ideal f\u00fcr <strong>Wanderer auf der Suche nach Ruhe<\/strong>, Weite und Sommerfrische. Hier kann man sich ausruhen, Murmeltiere beobachten oder einfach der Stille lauschen. Aus R\u00fccksicht auf diese empfindliche Umwelt wird vom Baden abgeraten und der Ort ist nicht erschlossen.  <\/p>\n<\/div>\n\n\n\n<div class=\"wp-block-column is-vertically-aligned-center rightLeft wp-block-image alignright size-large has-custom-border is-style-travel is-layout-flow wp-block-column-is-layout-flow is-style-travel--6\" style=\"flex-basis:60%\">\n<figure class=\"wp-block-image alignright size-large\"><img decoding=\"async\" src=\"https:\/\/www.vap-camping.fr\/wp-content\/themes\/vap\/assets\/img\/placeholder.jpg\" alt=\"VAP\" class=\"wp-image-123\"\/><\/figure>\n<\/div>\n<\/div>\n<\/div>\n\n\n\n<div class=\"wp-block-group reveal has-global-padding is-layout-constrained wp-block-group-is-layout-constrained\">\n<div class=\"wp-block-group alignwide is-style-title-simple is-layout-flow wp-block-group-is-layout-flow is-style-title-simple--7\" style=\"margin-top:4rem;margin-bottom:4rem\">\n<p class=\"has-text-align-center has-secondary-color has-text-color has-link-color has-secondary-font-family has-xl-font-size wp-elements-754a17b6465ac1fab313b12ad098c134\">\n  Unsere Einrichtungen<\/p>\n\n\n\n<p class=\"has-text-align-center has-primary-font-family has-sm-font-size\" style=\"text-transform:uppercase\">\n                <strong>in der N\u00e4he<\/strong>\n            <\/p>\n<\/div>\n\n\n<div class=\"campings-wrapper is-layout-flow wp-block-slider-campings-is-layout-flow\">\n            <div class=\"campings-list\">\n                            <div class=\"camping-item\"\n                    style=\"background-image: linear-gradient(to top, rgba(0, 0, 0, 0.6), transparent), url('https:\/\/www.vap-camping.fr\/wp-content\/uploads\/2025\/04\/img_5291-1024x768-1.jpg');\">\n                    <a href=\"https:\/\/www.vap-camping.fr\/de\/campings\/complexe-des-oustalous\/\" title=\"Oustalous-Komplex\" class=\"camping-link\">\n                        <p class=\"title\">Oustalous-Komplex<\/p>\n                        <p class=\"camping-button\">Entdecken<\/p>\n                    <\/a>\n                <\/div>\n                    <\/div>\n    <\/div>\n\n<\/div>\n<\/div>\n","protected":false},"excerpt":{"rendered":"<p>L&#8217;\u00c9tang bleu, ein atemberaubendes Naturgebiet, in dem Sie eine Wanderung um den Teich genie\u00dfen k\u00f6nnen, w\u00e4hrend Sie die Aussicht und die Artenvielfalt der Region bewundern. Diese friedliche und wilde Umgebung ist ideal f\u00fcr Naturliebhaber.   <\/p>\n","protected":false},"author":1,"featured_media":2827,"parent":0,"template":"","format":"standard","tax-category-lieux":[54],"class_list":["post-2825","lieux","type-lieux","status-publish","format-standard","has-post-thumbnail","hentry","tax-category-lieux-see-teiche"],"acf":{"latitude":"42.7413408","longitude":"1.3749931","distance":"","pm_lieu_url":"","pm_lieu_phone":"","adresse":"","pm_lieu_title_short":"","af_camping":[105]},"_links":{"self":[{"href":"https:\/\/www.vap-camping.fr\/de\/wp-json\/wp\/v2\/lieux\/2825","targetHints":{"allow":["GET"]}}],"collection":[{"href":"https:\/\/www.vap-camping.fr\/de\/wp-json\/wp\/v2\/lieux"}],"about":[{"href":"https:\/\/www.vap-camping.fr\/de\/wp-json\/wp\/v2\/types\/lieux"}],"author":[{"embeddable":true,"href":"https:\/\/www.vap-camping.fr\/de\/wp-json\/wp\/v2\/users\/1"}],"version-history":[{"count":1,"href":"https:\/\/www.vap-camping.fr\/de\/wp-json\/wp\/v2\/lieux\/2825\/revisions"}],"predecessor-version":[{"id":2829,"href":"https:\/\/www.vap-camping.fr\/de\/wp-json\/wp\/v2\/lieux\/2825\/revisions\/2829"}],"acf:post":[{"embeddable":true,"href":"https:\/\/www.vap-camping.fr\/de\/wp-json\/wp\/v2\/campings\/105"}],"wp:featuredmedia":[{"embeddable":true,"href":"https:\/\/www.vap-camping.fr\/de\/wp-json\/wp\/v2\/media\/2827"}],"wp:attachment":[{"href":"https:\/\/www.vap-camping.fr\/de\/wp-json\/wp\/v2\/media?parent=2825"}],"wp:term":[{"taxonomy":"tax-category-lieux","embeddable":true,"href":"https:\/\/www.vap-camping.fr\/de\/wp-json\/wp\/v2\/tax-category-lieux?post=2825"}],"curies":[{"name":"wp","href":"https:\/\/api.w.org\/{rel}","templated":true}]}}

<div class="wp-block-group alignfull is-layout-flow wp-container-core-group-is-layout-12cc3699 wp-block-group-is-layout-flow" style="padding-top:10rem">
<div class="wp-block-group has-global-padding is-layout-constrained wp-container-core-group-is-layout-2931b900 wp-block-group-is-layout-constrained">
<div class="wp-block-columns alignfull are-vertically-aligned-center is-layout-flex wp-container-core-columns-is-layout-0c0b91ec wp-block-columns-is-layout-flex">
<div class="wp-block-column is-vertically-aligned-center leftRight is-layout-flow wp-container-core-column-is-layout-58dbe9e9 wp-block-column-is-layout-flow" style="padding-left:10rem;flex-basis:40%">
<div class="wp-block-group is-style-title-left is-layout-flow wp-block-group-is-layout-flow is-style-title-left--1">
<p class="has-secondary-color has-text-color has-link-color has-secondary-font-family has-xl-font-size wp-elements-37368c2516a424dc18403bdd0257f786">L&#8217;Étang Bleu (Blauer Teich)</p>



<p class="has-primary-color has-text-color has-link-color has-primary-font-family has-sm-font-size wp-elements-dd48262e933f93dc90dd39b6d121149a" style="text-transform:uppercase"><strong>Höhenperle im Garbet-Tal</strong></p>
</div>



<h1 class="wp-block-heading text-title">Ein intensiv reflektierender Bergsee, der über eine schöne Wanderung erreichbar ist.</h1>



<p class="has-m-font-size" style="padding-left:2rem"><strong>Der Étang Bleu</strong> liegt auf 1.930 m Höhe im <strong>Aston-Massiv</strong> und trägt seinen Namen zu Recht: sein klares Wasser schimmert in der Sonne türkis und steht im Kontrast zu den felsigen Hängen, die ihn umgeben. Er ist einer der <strong>spektakulärsten Seen der Ariège</strong> und kann von Liebhabern der unberührten Natur zu Fuß erreicht werden. </p>
</div>



<div class="wp-block-column is-vertically-aligned-center rightLeft wp-block-image alignright size-large has-custom-border is-style-travel is-layout-flow wp-block-column-is-layout-flow is-style-travel--2" style="flex-basis:60%">
<figure class="wp-block-image alignright size-large"><img decoding="async" src="https://www.vap-camping.fr/wp-content/themes/vap/assets/img/placeholder.jpg" alt="VAP" class="wp-image-123"/></figure>
</div>
</div>
</div>



<div class="wp-block-group has-global-padding is-layout-constrained wp-block-group-is-layout-constrained">
<div class="wp-block-columns alignfull are-vertically-aligned-center is-layout-flex wp-container-core-columns-is-layout-0c0b91ec wp-block-columns-is-layout-flex">
<div class="wp-block-column is-vertically-aligned-center wp-block-image alignright size-large has-custom-border is-style-simple-left leftRight is-layout-flow wp-block-column-is-layout-flow is-style-simple-left--3" style="flex-basis:60%">
<figure class="wp-block-image alignleft size-large"><img decoding="async" src="https://www.vap-camping.fr/wp-content/themes/vap/assets/img/placeholder.jpg" alt="VAP" class="wp-image-123"/></figure>
</div>



<div class="wp-block-column is-vertically-aligned-center rightLeft is-layout-flow wp-container-core-column-is-layout-58dbe9e9 wp-block-column-is-layout-flow" style="padding-left:10rem;flex-basis:40%">
<div class="wp-block-group is-style-title-left is-layout-flow wp-block-group-is-layout-flow is-style-title-left--4">
<p class="has-secondary-color has-text-color has-link-color has-secondary-font-family has-xl-font-size wp-elements-e72b760dbb30142a121ec0580cbbc6fc">Eine nachhaltige Wanderung</p>



<p class="has-primary-color has-text-color has-link-color has-primary-font-family has-sm-font-size wp-elements-cc48caf7a0c40e396e4082b48bd439ae" style="text-transform:uppercase"><strong>aber zugänglich</strong></p>
</div>



<h2 class="wp-block-heading text-title">Ca. 4-5 Stunden Hin- und Rückweg vom Parkplatz Artigue.</h2>



<p class="has-m-font-size" style="padding-left:2rem">Der Weg beginnt in <strong>L&#8217;Artigue</strong>, oberhalb von Auzat, mit einem <strong>positiven Höhenunterschied von etwa 900 Metern</strong>. Der Aufstieg erfolgt zunächst durch den Wald, dann über Almwiesen und durch mineralische Landschaften. Die Anstrengung wird mit <strong>der plötzlichen Entdeckung des Sees</strong> belohnt, der in einem wilden Talkessel liegt.  </p>
</div>
</div>
</div>



<div class="wp-block-group has-global-padding is-layout-constrained wp-block-group-is-layout-constrained">
<div class="wp-block-columns alignfull are-vertically-aligned-center is-layout-flex wp-container-core-columns-is-layout-0c0b91ec wp-block-columns-is-layout-flex">
<div class="wp-block-column is-vertically-aligned-center leftRight is-layout-flow wp-container-core-column-is-layout-58dbe9e9 wp-block-column-is-layout-flow" style="padding-left:10rem;flex-basis:40%">
<div class="wp-block-group is-style-title-left is-layout-flow wp-block-group-is-layout-flow is-style-title-left--5">
<p class="has-secondary-color has-text-color has-link-color has-secondary-font-family has-xl-font-size wp-elements-d32f001d94737555460382b036f8dc7b">Ein geschütztes Naturgebiet</p>



<p class="has-primary-color has-text-color has-link-color has-primary-font-family has-sm-font-size wp-elements-4ff54eaf5a6f5e2155e1002e71b5c441" style="text-transform:uppercase"><strong>zwischen Stille und Kontemplation</strong></p>
</div>



<h2 class="wp-block-heading text-title">Perfekt für ein Picknick, eine Pause oder ein Bad in der Natur.</h2>



<p class="has-m-font-size" style="padding-left:2rem">L&#8217;Étang Bleu ist ideal für <strong>Wanderer auf der Suche nach Ruhe</strong>, Weite und Sommerfrische. Hier kann man sich ausruhen, Murmeltiere beobachten oder einfach der Stille lauschen. Aus Rücksicht auf diese empfindliche Umwelt wird vom Baden abgeraten und der Ort ist nicht erschlossen.  </p>
</div>



<div class="wp-block-column is-vertically-aligned-center rightLeft wp-block-image alignright size-large has-custom-border is-style-travel is-layout-flow wp-block-column-is-layout-flow is-style-travel--6" style="flex-basis:60%">
<figure class="wp-block-image alignright size-large"><img decoding="async" src="https://www.vap-camping.fr/wp-content/themes/vap/assets/img/placeholder.jpg" alt="VAP" class="wp-image-123"/></figure>
</div>
</div>
</div>



<div class="wp-block-group reveal has-global-padding is-layout-constrained wp-block-group-is-layout-constrained">
<div class="wp-block-group alignwide is-style-title-simple is-layout-flow wp-block-group-is-layout-flow is-style-title-simple--7" style="margin-top:4rem;margin-bottom:4rem">
<p class="has-text-align-center has-secondary-color has-text-color has-link-color has-secondary-font-family has-xl-font-size wp-elements-754a17b6465ac1fab313b12ad098c134">
  Unsere Einrichtungen</p>



<p class="has-text-align-center has-primary-font-family has-sm-font-size" style="text-transform:uppercase">
                <strong>in der Nähe</strong>
            </p>
</div>


<div class="campings-wrapper is-layout-flow wp-block-slider-campings-is-layout-flow">
            <div class="campings-list">
                            <div class="camping-item"
                    style="background-image: linear-gradient(to top, rgba(0, 0, 0, 0.6), transparent), url('https://www.vap-camping.fr/wp-content/uploads/2025/04/img_5291-1024x768-1.jpg');">
                    <a href="https://www.vap-camping.fr/de/campings/complexe-des-oustalous/" title="Oustalous-Komplex" class="camping-link">
                        <p class="title">Oustalous-Komplex</p>
                        <p class="camping-button">Entdecken</p>
                    </a>
                </div>
                    </div>
    </div>

</div>
</div>

<p>L&#8217;Étang bleu, ein atemberaubendes Naturgebiet, in dem Sie eine Wanderung um den Teich genießen können, während Sie die Aussicht und die Artenvielfalt der Region bewundern. Diese friedliche und wilde Umgebung ist ideal für Naturliebhaber.   </p>
