{"id":3182,"date":"2025-05-24T13:12:06","date_gmt":"2025-05-24T13:12:06","guid":{"rendered":"https:\/\/www.vap-camping.fr\/lieux\/marche-noel\/"},"modified":"2025-07-28T07:27:06","modified_gmt":"2025-07-28T07:27:06","slug":"marche-noel","status":"publish","type":"lieux","link":"https:\/\/www.vap-camping.fr\/de\/lieux\/marche-noel\/","title":{"rendered":"Weihnachtsmarkt"},"content":{"rendered":"\n<div class=\"wp-block-group alignfull is-layout-flow wp-container-core-group-is-layout-12cc3699 wp-block-group-is-layout-flow\" style=\"padding-top:10rem\">\n<div class=\"wp-block-group has-global-padding is-layout-constrained wp-container-core-group-is-layout-2931b900 wp-block-group-is-layout-constrained\">\n<div class=\"wp-block-columns alignfull are-vertically-aligned-center is-layout-flex wp-container-core-columns-is-layout-0c0b91ec wp-block-columns-is-layout-flex\">\n<div class=\"wp-block-column is-vertically-aligned-center leftRight is-layout-flow wp-container-core-column-is-layout-58dbe9e9 wp-block-column-is-layout-flow\" style=\"padding-left:10rem;flex-basis:40%\">\n<div class=\"wp-block-group is-style-title-left is-layout-flow wp-block-group-is-layout-flow is-style-title-left--1\">\n<p class=\"has-secondary-color has-text-color has-link-color has-secondary-font-family has-xl-font-size wp-elements-6faf3aef502088a4cf0a242fa88538e1\">Weihnachtsm\u00e4rkte  <\/p>\n\n\n\n<p class=\"has-primary-color has-text-color has-link-color has-primary-font-family has-sm-font-size wp-elements-48117e5992a7d88f243068c6cfb0600c\" style=\"text-transform:uppercase\"><strong><strong>Eine festliche Atmosph\u00e4re im Herzen der rosafarbenen Stadt<\/strong><\/strong><\/p>\n<\/div>\n\n\n\n<h1 class=\"wp-block-heading text-title\">Wenn der Dezember kommt, verwandelt sich Toulouse: glitzernde Girlanden, Gl\u00fchweinduft, Holzh\u00fctten und fr\u00f6hliche Musik bev\u00f6lkern den Place du Capitole.<\/h1>\n\n\n\n<p class=\"has-m-font-size\" style=\"padding-left:2rem\">Mit handgefertigten Geschenken, lokalen Leckereien und gemeinsamen Momenten bieten die Weihnachtsm\u00e4rkte ein m\u00e4rchenhaftes Erlebnis f\u00fcr die ganze Familie, Paare oder Freunde.<\/p>\n<\/div>\n\n\n\n<div class=\"wp-block-column is-vertically-aligned-center rightLeft wp-block-image alignright size-large has-custom-border is-style-travel is-layout-flow wp-block-column-is-layout-flow is-style-travel--2\" style=\"flex-basis:60%\">\n<figure class=\"wp-block-image alignright size-full\"><img decoding=\"async\" width=\"1024\" height=\"768\" src=\"https:\/\/www.vap-camping.fr\/wp-content\/uploads\/2025\/05\/hiver-en-ariege.jpg\" alt=\"Winter\" class=\"wp-image-766\" srcset=\"https:\/\/www.vap-camping.fr\/wp-content\/uploads\/2025\/05\/hiver-en-ariege.jpg 1024w, https:\/\/www.vap-camping.fr\/wp-content\/uploads\/2025\/05\/hiver-en-ariege-600x450.jpg 600w, https:\/\/www.vap-camping.fr\/wp-content\/uploads\/2025\/05\/hiver-en-ariege-768x576.jpg 768w\" sizes=\"(max-width: 1024px) 100vw, 1024px\" \/><\/figure>\n<\/div>\n<\/div>\n<\/div>\n\n\n\n<div class=\"wp-block-group has-global-padding is-layout-constrained wp-block-group-is-layout-constrained\">\n<div class=\"wp-block-columns alignfull are-vertically-aligned-center is-layout-flex wp-container-core-columns-is-layout-0c0b91ec wp-block-columns-is-layout-flex\">\n<div class=\"wp-block-column is-vertically-aligned-center wp-block-image alignright size-large has-custom-border is-style-simple-left leftRight is-layout-flow wp-block-column-is-layout-flow is-style-simple-left--3\" style=\"flex-basis:60%\">\n<figure class=\"wp-block-image alignleft size-large\"><img decoding=\"async\" src=\"https:\/\/www.vap-camping.fr\/wp-content\/themes\/vap\/assets\/img\/placeholder.jpg\" alt=\"VAP\" class=\"wp-image-123\"\/><\/figure>\n<\/div>\n\n\n\n<div class=\"wp-block-column is-vertically-aligned-center rightLeft is-layout-flow wp-container-core-column-is-layout-58dbe9e9 wp-block-column-is-layout-flow\" style=\"padding-left:10rem;flex-basis:40%\">\n<div class=\"wp-block-group is-style-title-left is-layout-flow wp-block-group-is-layout-flow is-style-title-left--4\">\n<p class=\"has-secondary-color has-text-color has-link-color has-secondary-font-family has-xl-font-size wp-elements-e0824f4e4498c883a3ee6199483521da\"><strong>Warme Atmosph\u00e4re<\/strong><\/p>\n\n\n\n<p class=\"has-primary-color has-text-color has-link-color has-primary-font-family has-sm-font-size wp-elements-cef107b587f00da6698d4d92bbee3cb0\" style=\"text-transform:uppercase\"><strong><strong>Winter im Rhythmus der Traditionen<\/strong><\/strong><\/p>\n<\/div>\n\n\n\n<h1 class=\"wp-block-heading text-title\">Haben Sie Lust, in den Zauber des Toulouser Weihnachtsmarktes einzutauchen und Ihre Kindheitserinnerungen wieder aufleben zu lassen?<\/h1>\n\n\n\n<p class=\"has-m-font-size\" style=\"padding-left:2rem\">Es ist unm\u00f6glich, dem Charme der Weihnachtsm\u00e4rkte in Toulouse zu widerstehen: Bummeln Sie zwischen den St\u00e4nden, finden Sie einzigartige lokale Kreationen, genie\u00dfen Sie einen Cr\u00eape unter der Beleuchtung&#8230; Alles ist da, um den Zauber der Kindheit zu wecken. Eine zauberhafte Pause, um zu entschleunigen und die einfachen Freuden des Winters zu genie\u00dfen. <\/p>\n<\/div>\n<\/div>\n<\/div>\n\n\n\n<div class=\"wp-block-group has-global-padding is-layout-constrained wp-block-group-is-layout-constrained\">\n<div class=\"wp-block-columns alignfull are-vertically-aligned-center is-layout-flex wp-container-core-columns-is-layout-0c0b91ec wp-block-columns-is-layout-flex\">\n<div class=\"wp-block-column is-vertically-aligned-center leftRight is-layout-flow wp-container-core-column-is-layout-58dbe9e9 wp-block-column-is-layout-flow\" style=\"padding-left:10rem;flex-basis:40%\">\n<div class=\"wp-block-group is-style-title-left is-layout-flow wp-block-group-is-layout-flow is-style-title-left--5\">\n<p class=\"has-secondary-color has-text-color has-link-color has-secondary-font-family has-xl-font-size wp-elements-4e3eb5a657efc5844bcdeaa789236aad\"><strong>Winter in der Stadt<\/strong><\/p>\n\n\n\n<p class=\"has-primary-color has-text-color has-link-color has-primary-font-family has-sm-font-size wp-elements-1b5c23585df8a9638cfa63cf2dd051e4\" style=\"text-transform:uppercase\"><strong><strong><strong>zwischen Licht und Sanftheit<\/strong><\/strong><\/strong><\/p>\n<\/div>\n\n\n\n<h1 class=\"wp-block-heading text-title\">Es ist Winter in Toulouse und die Stadt erstrahlt im Lichterglanz.<\/h1>\n\n\n\n<p class=\"has-m-font-size\" style=\"padding-left:2rem\">Die Weihnachtsm\u00e4rkte laden zum Tr\u00e4umen und Schlemmen ein: Kunsthandwerk, s\u00fc\u00dfe Spezialit\u00e4ten, Unterhaltung f\u00fcr Gro\u00df und Klein&#8230; Hier findet man menschliche W\u00e4rme, den Geschmack des Wiedersehens und ein wenig Magie in jedem Winkel.<\/p>\n<\/div>\n\n\n\n<div class=\"wp-block-column is-vertically-aligned-center rightLeft wp-block-image alignright size-large has-custom-border is-style-travel is-layout-flow wp-block-column-is-layout-flow is-style-travel--6\" style=\"flex-basis:60%\">\n<figure class=\"wp-block-image alignright size-large\"><img decoding=\"async\" src=\"https:\/\/www.vap-camping.fr\/wp-content\/themes\/vap\/assets\/img\/placeholder.jpg\" alt=\"VAP\" class=\"wp-image-123\"\/><\/figure>\n<\/div>\n<\/div>\n<\/div>\n\n\n\n<div class=\"wp-block-group reveal has-global-padding is-layout-constrained wp-block-group-is-layout-constrained\">\n<div class=\"wp-block-group alignwide is-style-title-simple is-layout-flow wp-block-group-is-layout-flow is-style-title-simple--7\" style=\"margin-top:4rem;margin-bottom:4rem\">\n<p class=\"has-text-align-center has-secondary-color has-text-color has-link-color has-secondary-font-family has-xl-font-size wp-elements-754a17b6465ac1fab313b12ad098c134\">\n  Unsere Einrichtungen<\/p>\n\n\n\n<p class=\"has-text-align-center has-primary-font-family has-sm-font-size\" style=\"text-transform:uppercase\">\n                <strong>in der N\u00e4he<\/strong>\n            <\/p>\n<\/div>\n\n\n<div class=\"campings-wrapper is-layout-flow wp-block-slider-campings-is-layout-flow\">\n            <div class=\"campings-list\">\n                            <div class=\"camping-item\"\n                    style=\"background-image: linear-gradient(to top, rgba(0, 0, 0, 0.6), transparent), url('https:\/\/www.vap-camping.fr\/wp-content\/uploads\/2025\/04\/dsc03930-1024x500.jpg');\">\n                    <a href=\"https:\/\/www.vap-camping.fr\/de\/campings\/camping-le-rupe\/\" title=\"Campingplatz le Rup\u00e9(Toulouse)\" class=\"camping-link\">\n                        <p class=\"title\">Campingplatz le Rup\u00e9(Toulouse)<\/p>\n                        <p class=\"camping-button\">Entdecken<\/p>\n                    <\/a>\n                <\/div>\n                    <\/div>\n    <\/div>\n\n<\/div>\n<\/div>\n","protected":false},"excerpt":{"rendered":"<p>Weihnachtsm\u00e4rkte Eine festliche Atmosph\u00e4re im Herzen der rosafarbenen Stadt Wenn der Dezember kommt, verwandelt sich Toulouse: glitzernde Girlanden, Gl\u00fchweinduft, Holzh\u00fctten und fr\u00f6hliche Musik bev\u00f6lkern den Place du Capitole. Mit handgefertigten Geschenken, lokalen Leckereien und gemeinsamen Momenten bieten die Weihnachtsm\u00e4rkte ein m\u00e4rchenhaftes Erlebnis f\u00fcr die ganze Familie, Paare oder Freunde. Warme Atmosph\u00e4re Winter im Rhythmus der [&hellip;]<\/p>\n","protected":false},"author":1,"featured_media":3183,"parent":0,"template":"","format":"standard","tax-category-lieux":[50],"class_list":["post-3182","lieux","type-lieux","status-publish","format-standard","has-post-thumbnail","hentry","tax-category-lieux-aktivitaten"],"acf":{"latitude":"43.604464","longitude":" 1.444008","distance":9.5,"pm_lieu_url":"","pm_lieu_phone":"","adresse":"","pm_lieu_title_short":"","af_camping":null},"_links":{"self":[{"href":"https:\/\/www.vap-camping.fr\/de\/wp-json\/wp\/v2\/lieux\/3182","targetHints":{"allow":["GET"]}}],"collection":[{"href":"https:\/\/www.vap-camping.fr\/de\/wp-json\/wp\/v2\/lieux"}],"about":[{"href":"https:\/\/www.vap-camping.fr\/de\/wp-json\/wp\/v2\/types\/lieux"}],"author":[{"embeddable":true,"href":"https:\/\/www.vap-camping.fr\/de\/wp-json\/wp\/v2\/users\/1"}],"version-history":[{"count":1,"href":"https:\/\/www.vap-camping.fr\/de\/wp-json\/wp\/v2\/lieux\/3182\/revisions"}],"predecessor-version":[{"id":3184,"href":"https:\/\/www.vap-camping.fr\/de\/wp-json\/wp\/v2\/lieux\/3182\/revisions\/3184"}],"wp:featuredmedia":[{"embeddable":true,"href":"https:\/\/www.vap-camping.fr\/de\/wp-json\/wp\/v2\/media\/3183"}],"wp:attachment":[{"href":"https:\/\/www.vap-camping.fr\/de\/wp-json\/wp\/v2\/media?parent=3182"}],"wp:term":[{"taxonomy":"tax-category-lieux","embeddable":true,"href":"https:\/\/www.vap-camping.fr\/de\/wp-json\/wp\/v2\/tax-category-lieux?post=3182"}],"curies":[{"name":"wp","href":"https:\/\/api.w.org\/{rel}","templated":true}]}}

<div class="wp-block-group alignfull is-layout-flow wp-container-core-group-is-layout-12cc3699 wp-block-group-is-layout-flow" style="padding-top:10rem">
<div class="wp-block-group has-global-padding is-layout-constrained wp-container-core-group-is-layout-2931b900 wp-block-group-is-layout-constrained">
<div class="wp-block-columns alignfull are-vertically-aligned-center is-layout-flex wp-container-core-columns-is-layout-0c0b91ec wp-block-columns-is-layout-flex">
<div class="wp-block-column is-vertically-aligned-center leftRight is-layout-flow wp-container-core-column-is-layout-58dbe9e9 wp-block-column-is-layout-flow" style="padding-left:10rem;flex-basis:40%">
<div class="wp-block-group is-style-title-left is-layout-flow wp-block-group-is-layout-flow is-style-title-left--1">
<p class="has-secondary-color has-text-color has-link-color has-secondary-font-family has-xl-font-size wp-elements-6faf3aef502088a4cf0a242fa88538e1">Weihnachtsmärkte  </p>



<p class="has-primary-color has-text-color has-link-color has-primary-font-family has-sm-font-size wp-elements-48117e5992a7d88f243068c6cfb0600c" style="text-transform:uppercase"><strong><strong>Eine festliche Atmosphäre im Herzen der rosafarbenen Stadt</strong></strong></p>
</div>



<h1 class="wp-block-heading text-title">Wenn der Dezember kommt, verwandelt sich Toulouse: glitzernde Girlanden, Glühweinduft, Holzhütten und fröhliche Musik bevölkern den Place du Capitole.</h1>



<p class="has-m-font-size" style="padding-left:2rem">Mit handgefertigten Geschenken, lokalen Leckereien und gemeinsamen Momenten bieten die Weihnachtsmärkte ein märchenhaftes Erlebnis für die ganze Familie, Paare oder Freunde.</p>
</div>



<div class="wp-block-column is-vertically-aligned-center rightLeft wp-block-image alignright size-large has-custom-border is-style-travel is-layout-flow wp-block-column-is-layout-flow is-style-travel--2" style="flex-basis:60%">
<figure class="wp-block-image alignright size-full"><img decoding="async" width="1024" height="768" src="https://www.vap-camping.fr/wp-content/uploads/2025/05/hiver-en-ariege.jpg" alt="Winter" class="wp-image-766" srcset="https://www.vap-camping.fr/wp-content/uploads/2025/05/hiver-en-ariege.jpg 1024w, https://www.vap-camping.fr/wp-content/uploads/2025/05/hiver-en-ariege-600x450.jpg 600w, https://www.vap-camping.fr/wp-content/uploads/2025/05/hiver-en-ariege-768x576.jpg 768w" sizes="(max-width: 1024px) 100vw, 1024px" /></figure>
</div>
</div>
</div>



<div class="wp-block-group has-global-padding is-layout-constrained wp-block-group-is-layout-constrained">
<div class="wp-block-columns alignfull are-vertically-aligned-center is-layout-flex wp-container-core-columns-is-layout-0c0b91ec wp-block-columns-is-layout-flex">
<div class="wp-block-column is-vertically-aligned-center wp-block-image alignright size-large has-custom-border is-style-simple-left leftRight is-layout-flow wp-block-column-is-layout-flow is-style-simple-left--3" style="flex-basis:60%">
<figure class="wp-block-image alignleft size-large"><img decoding="async" src="https://www.vap-camping.fr/wp-content/themes/vap/assets/img/placeholder.jpg" alt="VAP" class="wp-image-123"/></figure>
</div>



<div class="wp-block-column is-vertically-aligned-center rightLeft is-layout-flow wp-container-core-column-is-layout-58dbe9e9 wp-block-column-is-layout-flow" style="padding-left:10rem;flex-basis:40%">
<div class="wp-block-group is-style-title-left is-layout-flow wp-block-group-is-layout-flow is-style-title-left--4">
<p class="has-secondary-color has-text-color has-link-color has-secondary-font-family has-xl-font-size wp-elements-e0824f4e4498c883a3ee6199483521da"><strong>Warme Atmosphäre</strong></p>



<p class="has-primary-color has-text-color has-link-color has-primary-font-family has-sm-font-size wp-elements-cef107b587f00da6698d4d92bbee3cb0" style="text-transform:uppercase"><strong><strong>Winter im Rhythmus der Traditionen</strong></strong></p>
</div>



<h1 class="wp-block-heading text-title">Haben Sie Lust, in den Zauber des Toulouser Weihnachtsmarktes einzutauchen und Ihre Kindheitserinnerungen wieder aufleben zu lassen?</h1>



<p class="has-m-font-size" style="padding-left:2rem">Es ist unmöglich, dem Charme der Weihnachtsmärkte in Toulouse zu widerstehen: Bummeln Sie zwischen den Ständen, finden Sie einzigartige lokale Kreationen, genießen Sie einen Crêpe unter der Beleuchtung&#8230; Alles ist da, um den Zauber der Kindheit zu wecken. Eine zauberhafte Pause, um zu entschleunigen und die einfachen Freuden des Winters zu genießen. </p>
</div>
</div>
</div>



<div class="wp-block-group has-global-padding is-layout-constrained wp-block-group-is-layout-constrained">
<div class="wp-block-columns alignfull are-vertically-aligned-center is-layout-flex wp-container-core-columns-is-layout-0c0b91ec wp-block-columns-is-layout-flex">
<div class="wp-block-column is-vertically-aligned-center leftRight is-layout-flow wp-container-core-column-is-layout-58dbe9e9 wp-block-column-is-layout-flow" style="padding-left:10rem;flex-basis:40%">
<div class="wp-block-group is-style-title-left is-layout-flow wp-block-group-is-layout-flow is-style-title-left--5">
<p class="has-secondary-color has-text-color has-link-color has-secondary-font-family has-xl-font-size wp-elements-4e3eb5a657efc5844bcdeaa789236aad"><strong>Winter in der Stadt</strong></p>



<p class="has-primary-color has-text-color has-link-color has-primary-font-family has-sm-font-size wp-elements-1b5c23585df8a9638cfa63cf2dd051e4" style="text-transform:uppercase"><strong><strong><strong>zwischen Licht und Sanftheit</strong></strong></strong></p>
</div>



<h1 class="wp-block-heading text-title">Es ist Winter in Toulouse und die Stadt erstrahlt im Lichterglanz.</h1>



<p class="has-m-font-size" style="padding-left:2rem">Die Weihnachtsmärkte laden zum Träumen und Schlemmen ein: Kunsthandwerk, süße Spezialitäten, Unterhaltung für Groß und Klein&#8230; Hier findet man menschliche Wärme, den Geschmack des Wiedersehens und ein wenig Magie in jedem Winkel.</p>
</div>



<div class="wp-block-column is-vertically-aligned-center rightLeft wp-block-image alignright size-large has-custom-border is-style-travel is-layout-flow wp-block-column-is-layout-flow is-style-travel--6" style="flex-basis:60%">
<figure class="wp-block-image alignright size-large"><img decoding="async" src="https://www.vap-camping.fr/wp-content/themes/vap/assets/img/placeholder.jpg" alt="VAP" class="wp-image-123"/></figure>
</div>
</div>
</div>



<div class="wp-block-group reveal has-global-padding is-layout-constrained wp-block-group-is-layout-constrained">
<div class="wp-block-group alignwide is-style-title-simple is-layout-flow wp-block-group-is-layout-flow is-style-title-simple--7" style="margin-top:4rem;margin-bottom:4rem">
<p class="has-text-align-center has-secondary-color has-text-color has-link-color has-secondary-font-family has-xl-font-size wp-elements-754a17b6465ac1fab313b12ad098c134">
  Unsere Einrichtungen</p>



<p class="has-text-align-center has-primary-font-family has-sm-font-size" style="text-transform:uppercase">
                <strong>in der Nähe</strong>
            </p>
</div>


<div class="campings-wrapper is-layout-flow wp-block-slider-campings-is-layout-flow">
            <div class="campings-list">
                            <div class="camping-item"
                    style="background-image: linear-gradient(to top, rgba(0, 0, 0, 0.6), transparent), url('https://www.vap-camping.fr/wp-content/uploads/2025/04/dsc03930-1024x500.jpg');">
                    <a href="https://www.vap-camping.fr/de/campings/camping-le-rupe/" title="Campingplatz le Rupé(Toulouse)" class="camping-link">
                        <p class="title">Campingplatz le Rupé(Toulouse)</p>
                        <p class="camping-button">Entdecken</p>
                    </a>
                </div>
                    </div>
    </div>

</div>
</div>

<p>Weihnachtsmärkte Eine festliche Atmosphäre im Herzen der rosafarbenen Stadt Wenn der Dezember kommt, verwandelt sich Toulouse: glitzernde Girlanden, Glühweinduft, Holzhütten und fröhliche Musik bevölkern den Place du Capitole. Mit handgefertigten Geschenken, lokalen Leckereien und gemeinsamen Momenten bieten die Weihnachtsmärkte ein märchenhaftes Erlebnis für die ganze Familie, Paare oder Freunde. Warme Atmosphäre Winter im Rhythmus der [&hellip;]</p>
