{"id":3846,"date":"2025-08-28T14:27:09","date_gmt":"2025-08-28T14:27:09","guid":{"rendered":"https:\/\/www.vap-camping.fr\/lieux\/velo-depuis-la-bastide\/"},"modified":"2025-10-02T08:14:07","modified_gmt":"2025-10-02T08:14:07","slug":"velo-depuis-la-bastide","status":"publish","type":"lieux","link":"https:\/\/www.vap-camping.fr\/de\/lieux\/velo-depuis-la-bastide\/","title":{"rendered":"Radfahren von La bastide"},"content":{"rendered":"\n<div class=\"wp-block-group alignfull is-layout-flow wp-block-group-is-layout-flow\">\n<div class=\"wp-block-group has-global-padding is-layout-constrained wp-block-group-is-layout-constrained\">\n<div class=\"wp-block-columns alignfull are-vertically-aligned-center m-ti is-layout-flex wp-container-core-columns-is-layout-0c0b91ec wp-block-columns-is-layout-flex\">\n<div class=\"wp-block-column is-vertically-aligned-center m-ti-text is-layout-flow wp-container-core-column-is-layout-58dbe9e9 wp-block-column-is-layout-flow\" style=\"padding-left:10rem;flex-basis:40%\">\n<div class=\"wp-block-group is-style-title-left is-layout-flow wp-block-group-is-layout-flow is-style-title-left--1\">\n<p class=\"has-secondary-color has-text-color has-link-color has-secondary-font-family has-xl-font-size wp-elements-2c1bcff6e739f3306a2be928e6b2652b\"><strong>VON MAZ\u00c8RES NACH SAVERDUN  <\/strong><\/p>\n\n\n\n<p class=\"has-primary-color has-text-color has-link-color has-primary-font-family has-sm-font-size wp-elements-74662f995e57292faa60a0b8bdf0aefe\" style=\"text-transform:uppercase\"><strong><strong>EIN SPAZIERGANG ZWISCHEN GESCHICHTE UND NATUR<\/strong><\/strong><\/p>\n<\/div>\n\n\n\n<h1 class=\"wp-block-heading text-title\">Ein Familienausflug mit dem Fahrrad in die N\u00e4he von Toulouse mit mittelalterlichen Geschichten!<\/h1>\n\n\n\n<p class=\"has-m-font-size\" style=\"padding-left:2rem\">Beginnen Sie Ihre Radtour vom Campingplatz La Bastide in Maz\u00e8res aus in der Bastide von Maz\u00e8res, die von den Grafen von Foix gegr\u00fcndet wurde. Lassen Sie die geschichtstr\u00e4chtigen Gassen, die gotische Kirche und die Platanenalleen hinter sich, bevor Sie in die Landschaft der Ariege fahren. <\/p>\n<\/div>\n\n\n\n<div class=\"wp-block-column is-vertically-aligned-center wp-block-image alignright size-large has-custom-border is-style-travel m-ti-image is-layout-flow wp-block-column-is-layout-flow is-style-travel--2\" style=\"flex-basis:60%\">\n<figure class=\"wp-block-image alignright size-large\"><img decoding=\"async\" width=\"1024\" height=\"683\" src=\"https:\/\/www.vap-camping.fr\/wp-content\/uploads\/2025\/08\/activites-nature-ariege-1024x683.webp\" alt=\"Naturaktivit&#xE4;ten in der N&#xE4;he unserer Campingpl&#xE4;tze in der Ari&#xE8;ge.\" class=\"wp-image-3373\" srcset=\"https:\/\/www.vap-camping.fr\/wp-content\/uploads\/2025\/08\/activites-nature-ariege-1024x683.webp 1024w, https:\/\/www.vap-camping.fr\/wp-content\/uploads\/2025\/08\/activites-nature-ariege-600x400.webp 600w, https:\/\/www.vap-camping.fr\/wp-content\/uploads\/2025\/08\/activites-nature-ariege-768x512.webp 768w, https:\/\/www.vap-camping.fr\/wp-content\/uploads\/2025\/08\/activites-nature-ariege-1536x1025.webp 1536w, https:\/\/www.vap-camping.fr\/wp-content\/uploads\/2025\/08\/activites-nature-ariege.webp 1920w\" sizes=\"(max-width: 1024px) 100vw, 1024px\" \/><\/figure>\n<\/div>\n<\/div>\n<\/div>\n\n\n\n<div class=\"wp-block-group has-global-padding is-layout-constrained wp-block-group-is-layout-constrained\">\n<div class=\"wp-block-columns alignfull are-vertically-aligned-center m-ti is-layout-flex wp-container-core-columns-is-layout-0c0b91ec wp-block-columns-is-layout-flex\">\n<div class=\"wp-block-column is-vertically-aligned-center wp-block-image alignright size-large has-custom-border is-style-simple-left m-ti-image is-layout-flow wp-block-column-is-layout-flow is-style-simple-left--3\" style=\"flex-basis:60%\">\n<figure class=\"wp-block-image alignleft size-full\"><img alt=\"\" decoding=\"async\" width=\"934\" height=\"523\" src=\"https:\/\/www.vap-camping.fr\/wp-content\/uploads\/2025\/08\/img_4728.jpeg\" alt=\"\" class=\"wp-image-3532\" srcset=\"https:\/\/www.vap-camping.fr\/wp-content\/uploads\/2025\/08\/img_4728.jpeg 934w, https:\/\/www.vap-camping.fr\/wp-content\/uploads\/2025\/08\/img_4728-600x336.jpeg 600w, https:\/\/www.vap-camping.fr\/wp-content\/uploads\/2025\/08\/img_4728-768x430.jpeg 768w\" sizes=\"(max-width: 934px) 100vw, 934px\" \/><\/figure>\n<\/div>\n\n\n\n<div class=\"wp-block-column is-vertically-aligned-center m-ti-text is-layout-flow wp-container-core-column-is-layout-58dbe9e9 wp-block-column-is-layout-flow\" style=\"padding-left:10rem;flex-basis:40%\">\n<div class=\"wp-block-group is-style-title-left is-layout-flow wp-block-group-is-layout-flow is-style-title-left--4\">\n<p class=\"has-secondary-color has-text-color has-link-color has-secondary-font-family has-xl-font-size wp-elements-d75372f024e658a54bb8f26dfa750471\">EINE ROUTE  <\/p>\n\n\n\n<p class=\"has-primary-color has-text-color has-link-color has-primary-font-family has-sm-font-size wp-elements-a8f5436467040af846737b27786e43a3\" style=\"text-transform:uppercase\"><strong><strong>PATRIMONIAL UND MALERISCH  <\/strong><\/strong><\/p>\n<\/div>\n\n\n\n<h1 class=\"wp-block-heading text-title\">Ein Tag durch kleine D\u00f6rfer und Schl\u00f6sser in der Ari\u00e8ge!<\/h1>\n\n\n\n<p class=\"has-m-font-size\" style=\"padding-left:2rem\">Auf dem Weg passieren Sie Montaut, ein charmantes mittelalterliches Dorf mit einer Kirche aus dem 15. Jahrhundert und einem Panoramablick vom Burgh\u00fcgel. Jahrhundert. Die Route f\u00fchrt auch an Schl\u00f6ssern, Taubenschl\u00e4gen und authentischen Landschaften vorbei. <br\/><\/p>\n<\/div>\n<\/div>\n<\/div>\n\n\n\n<div class=\"wp-block-group has-global-padding is-layout-constrained wp-block-group-is-layout-constrained\">\n<div class=\"wp-block-columns alignfull are-vertically-aligned-center m-ti is-layout-flex wp-container-core-columns-is-layout-0c0b91ec wp-block-columns-is-layout-flex\">\n<div class=\"wp-block-column is-vertically-aligned-center m-ti-text is-layout-flow wp-container-core-column-is-layout-58dbe9e9 wp-block-column-is-layout-flow\" style=\"padding-left:10rem;flex-basis:40%\">\n<div class=\"wp-block-group is-style-title-left is-layout-flow wp-block-group-is-layout-flow is-style-title-left--5\">\n<p class=\"has-secondary-color has-text-color has-link-color has-secondary-font-family has-xl-font-size wp-elements-878cf2b1fd90df1213046c60dafe1c74\">R\u00fcckfahrt mit dem Fahrrad<\/p>\n\n\n\n<p class=\"has-primary-color has-text-color has-link-color has-primary-font-family has-sm-font-size wp-elements-9b1e028f80afc7d283ca108424360bb4\" style=\"text-transform:uppercase\"><strong><strong>  auf dem Campingplatz La Bastide<\/strong><\/strong><\/p>\n<\/div>\n\n\n\n<h1 class=\"wp-block-heading text-title\">Komfort und Gastfreundschaft nach der Anstrengung auf dem Campingplatz am Flussufer!<\/h1>\n\n\n\n<p>Bevor Sie Saverdun erreichen, sollten Sie sich von der Domaine des Oiseaux \u00fcberraschen lassen, einem bemerkenswerten Naturgebiet, das der Beobachtung von V\u00f6geln gewidmet ist. Beenden Sie Ihren Rundgang im Herzen der Bastide und genie\u00dfen Sie die freundliche Atmosph\u00e4re.   <\/p>\n\n\n\n<p>Nach diesem sch\u00f6nen Ausflug empf\u00e4ngt Sie der Campingplatz La Bastide und sein Team in einer gr\u00fcnen und erholsamen Umgebung. Sie k\u00f6nnen sich am Flussufer entspannen oder die Einrichtungen des Campingplatzes nutzen. Das Personal steht Ihnen gerne zur Verf\u00fcgung, um Ihnen weitere Radwege oder lokale Aktivit\u00e4ten zu empfehlen, damit Sie Ihren Aufenthalt in der Ari\u00e8ge in aller Ruhe verl\u00e4ngern k\u00f6nnen.  <br\/><br\/><\/p>\n<\/div>\n\n\n\n<div class=\"wp-block-column is-vertically-aligned-center wp-block-image alignright size-large has-custom-border is-style-travel m-ti-image is-layout-flow wp-block-column-is-layout-flow is-style-travel--6\" style=\"flex-basis:60%\">\n<figure class=\"wp-block-image alignright size-large\"><img alt=\"camping la bastide\" decoding=\"async\" width=\"1024\" height=\"767\" src=\"https:\/\/www.vap-camping.fr\/wp-content\/uploads\/2025\/07\/dji_0589-2-1024x767.jpg\" alt=\"\" class=\"wp-image-2276\" srcset=\"https:\/\/www.vap-camping.fr\/wp-content\/uploads\/2025\/07\/dji_0589-2-1024x767.jpg 1024w, https:\/\/www.vap-camping.fr\/wp-content\/uploads\/2025\/07\/dji_0589-2-600x450.jpg 600w, https:\/\/www.vap-camping.fr\/wp-content\/uploads\/2025\/07\/dji_0589-2-768x575.jpg 768w, https:\/\/www.vap-camping.fr\/wp-content\/uploads\/2025\/07\/dji_0589-2-1536x1151.jpg 1536w, https:\/\/www.vap-camping.fr\/wp-content\/uploads\/2025\/07\/dji_0589-2-2048x1534.jpg 2048w\" sizes=\"(max-width: 1024px) 100vw, 1024px\" \/><\/figure>\n<\/div>\n<\/div>\n<\/div>\n\n\n\n<div class=\"wp-block-group has-global-padding is-layout-constrained wp-block-group-is-layout-constrained\">\n<div class=\"wp-block-group alignwide is-style-title-simple is-layout-flow wp-block-group-is-layout-flow is-style-title-simple--7\" style=\"margin-top:4rem;margin-bottom:4rem\">\n<p class=\"has-text-align-center has-secondary-color has-text-color has-link-color has-secondary-font-family has-xl-font-size wp-elements-556809578379f13a67076d882d7982ec\">Unsere Einrichtungen<\/p>\n\n\n\n<p class=\"has-text-align-center has-primary-font-family has-sm-font-size\" style=\"text-transform:uppercase\"><strong>a N\u00e4he<\/strong><\/p>\n<\/div>\n\n\n<div class=\"campings-wrapper is-layout-flow wp-block-slider-campings-is-layout-flow\">\n            <div class=\"campings-list\">\n                            <div class=\"camping-item\"\n                    style=\"background-image: linear-gradient(to top, rgba(0, 0, 0, 0.6), transparent), url('https:\/\/www.vap-camping.fr\/wp-content\/uploads\/2025\/07\/dji_0589-2-1024x767.jpg');\">\n                    <a href=\"https:\/\/www.vap-camping.fr\/de\/campings\/camping-la-bastide\/\" title=\"Campingplatz la Bastide(Maz\u00e8res)\" class=\"camping-link\">\n                        <p class=\"title\">Campingplatz la Bastide(Maz\u00e8res)<\/p>\n                        <p class=\"camping-button\">Entdecken<\/p>\n                    <\/a>\n                <\/div>\n                    <\/div>\n    <\/div>\n\n<\/div>\n\n\n\n<div class=\"wp-block-group has-global-padding is-content-justification-center is-layout-constrained wp-container-core-group-is-layout-9bd213a8 wp-block-group-is-layout-constrained\">\n<div class=\"wp-block-group alignwide is-style-title-simple is-layout-flow wp-block-group-is-layout-flow is-style-title-simple--8\" style=\"margin-top:4rem;margin-bottom:4rem\">\n<p class=\"has-text-align-center has-secondary-color has-text-color has-link-color has-secondary-font-family has-xl-font-size wp-elements-6c9934edc8e197d38f3ea5589eb11f66\">Okzitanien  <\/p>\n\n\n\n<p class=\"has-text-align-center has-primary-font-family has-sm-font-size\" style=\"text-transform:uppercase\"><strong>ohne Auto<\/strong><\/p>\n<\/div>\n\n\n\n<h2 class=\"wp-block-heading\">Entdecken Sie Okzitanien und Ari\u00e8ge mit dem Fahrrad auf unseren 3- und 4-Sterne-Campingpl\u00e4tzen und in unserem Ferienhaus!<\/h2>\n\n\n\n<p class=\"has-text-align-left\" style=\"padding-left:2rem\">Die VAP-Campingpl\u00e4tze sind ideal f\u00fcr Radsportfans. Pyren\u00e4enp\u00e4sse von L&#8217;Oustalous aus, Ausfl\u00fcge in die Ebene von Maz\u00e8res oder St\u00e4dtetrips von Toulouse aus: jeder Standort bietet ein einzigartiges Terrain. Ob Sie nun ein Radtourist oder ein erfahrener Sportler sind, Sie werden von angepassten Strecken, wundersch\u00f6nen Landschaften und Dienstleistungen profitieren, die auf Radfahrer zugeschnitten sind. Schwingen Sie sich auf Ihr Fahrrad und entdecken Sie den S\u00fcdwesten auf eine andere Art und Weise, zwischen Natur, Kulturerbe und frischer Luft.   <br\/><br\/><\/p>\n<\/div>\n<\/div>\n","protected":false},"excerpt":{"rendered":"<p>Pyren\u00e4enp\u00e4sse von Oustalous aus, Spazierg\u00e4nge in der Ebene in Maz\u00e8res oder St\u00e4dtetrips von Toulouse aus.<\/p>\n","protected":false},"author":1,"featured_media":3534,"parent":0,"template":"","format":"standard","tax-category-lieux":[50],"class_list":["post-3846","lieux","type-lieux","status-publish","format-standard","has-post-thumbnail","hentry","tax-category-lieux-aktivitaten"],"acf":{"latitude":"43.235254","longitude":"1.575411","distance":0,"pm_lieu_url":"","pm_lieu_phone":"","adresse":"","pm_lieu_title_short":"","af_camping":[101]},"_links":{"self":[{"href":"https:\/\/www.vap-camping.fr\/de\/wp-json\/wp\/v2\/lieux\/3846","targetHints":{"allow":["GET"]}}],"collection":[{"href":"https:\/\/www.vap-camping.fr\/de\/wp-json\/wp\/v2\/lieux"}],"about":[{"href":"https:\/\/www.vap-camping.fr\/de\/wp-json\/wp\/v2\/types\/lieux"}],"author":[{"embeddable":true,"href":"https:\/\/www.vap-camping.fr\/de\/wp-json\/wp\/v2\/users\/1"}],"version-history":[{"count":1,"href":"https:\/\/www.vap-camping.fr\/de\/wp-json\/wp\/v2\/lieux\/3846\/revisions"}],"predecessor-version":[{"id":3848,"href":"https:\/\/www.vap-camping.fr\/de\/wp-json\/wp\/v2\/lieux\/3846\/revisions\/3848"}],"acf:post":[{"embeddable":true,"href":"https:\/\/www.vap-camping.fr\/de\/wp-json\/wp\/v2\/campings\/101"}],"wp:featuredmedia":[{"embeddable":true,"href":"https:\/\/www.vap-camping.fr\/de\/wp-json\/wp\/v2\/media\/3534"}],"wp:attachment":[{"href":"https:\/\/www.vap-camping.fr\/de\/wp-json\/wp\/v2\/media?parent=3846"}],"wp:term":[{"taxonomy":"tax-category-lieux","embeddable":true,"href":"https:\/\/www.vap-camping.fr\/de\/wp-json\/wp\/v2\/tax-category-lieux?post=3846"}],"curies":[{"name":"wp","href":"https:\/\/api.w.org\/{rel}","templated":true}]}}

<div class="wp-block-group alignfull is-layout-flow wp-block-group-is-layout-flow">
<div class="wp-block-group has-global-padding is-layout-constrained wp-block-group-is-layout-constrained">
<div class="wp-block-columns alignfull are-vertically-aligned-center m-ti is-layout-flex wp-container-core-columns-is-layout-0c0b91ec wp-block-columns-is-layout-flex">
<div class="wp-block-column is-vertically-aligned-center m-ti-text is-layout-flow wp-container-core-column-is-layout-58dbe9e9 wp-block-column-is-layout-flow" style="padding-left:10rem;flex-basis:40%">
<div class="wp-block-group is-style-title-left is-layout-flow wp-block-group-is-layout-flow is-style-title-left--1">
<p class="has-secondary-color has-text-color has-link-color has-secondary-font-family has-xl-font-size wp-elements-2c1bcff6e739f3306a2be928e6b2652b"><strong>VON MAZÈRES NACH SAVERDUN  </strong></p>



<p class="has-primary-color has-text-color has-link-color has-primary-font-family has-sm-font-size wp-elements-74662f995e57292faa60a0b8bdf0aefe" style="text-transform:uppercase"><strong><strong>EIN SPAZIERGANG ZWISCHEN GESCHICHTE UND NATUR</strong></strong></p>
</div>



<h1 class="wp-block-heading text-title">Ein Familienausflug mit dem Fahrrad in die Nähe von Toulouse mit mittelalterlichen Geschichten!</h1>



<p class="has-m-font-size" style="padding-left:2rem">Beginnen Sie Ihre Radtour vom Campingplatz La Bastide in Mazères aus in der Bastide von Mazères, die von den Grafen von Foix gegründet wurde. Lassen Sie die geschichtsträchtigen Gassen, die gotische Kirche und die Platanenalleen hinter sich, bevor Sie in die Landschaft der Ariege fahren. </p>
</div>



<div class="wp-block-column is-vertically-aligned-center wp-block-image alignright size-large has-custom-border is-style-travel m-ti-image is-layout-flow wp-block-column-is-layout-flow is-style-travel--2" style="flex-basis:60%">
<figure class="wp-block-image alignright size-large"><img decoding="async" width="1024" height="683" src="https://www.vap-camping.fr/wp-content/uploads/2025/08/activites-nature-ariege-1024x683.webp" alt="Naturaktivit&#xE4;ten in der N&#xE4;he unserer Campingpl&#xE4;tze in der Ari&#xE8;ge." class="wp-image-3373" srcset="https://www.vap-camping.fr/wp-content/uploads/2025/08/activites-nature-ariege-1024x683.webp 1024w, https://www.vap-camping.fr/wp-content/uploads/2025/08/activites-nature-ariege-600x400.webp 600w, https://www.vap-camping.fr/wp-content/uploads/2025/08/activites-nature-ariege-768x512.webp 768w, https://www.vap-camping.fr/wp-content/uploads/2025/08/activites-nature-ariege-1536x1025.webp 1536w, https://www.vap-camping.fr/wp-content/uploads/2025/08/activites-nature-ariege.webp 1920w" sizes="(max-width: 1024px) 100vw, 1024px" /></figure>
</div>
</div>
</div>



<div class="wp-block-group has-global-padding is-layout-constrained wp-block-group-is-layout-constrained">
<div class="wp-block-columns alignfull are-vertically-aligned-center m-ti is-layout-flex wp-container-core-columns-is-layout-0c0b91ec wp-block-columns-is-layout-flex">
<div class="wp-block-column is-vertically-aligned-center wp-block-image alignright size-large has-custom-border is-style-simple-left m-ti-image is-layout-flow wp-block-column-is-layout-flow is-style-simple-left--3" style="flex-basis:60%">
<figure class="wp-block-image alignleft size-full"><img alt="" decoding="async" width="934" height="523" src="https://www.vap-camping.fr/wp-content/uploads/2025/08/img_4728.jpeg" alt="" class="wp-image-3532" srcset="https://www.vap-camping.fr/wp-content/uploads/2025/08/img_4728.jpeg 934w, https://www.vap-camping.fr/wp-content/uploads/2025/08/img_4728-600x336.jpeg 600w, https://www.vap-camping.fr/wp-content/uploads/2025/08/img_4728-768x430.jpeg 768w" sizes="(max-width: 934px) 100vw, 934px" /></figure>
</div>



<div class="wp-block-column is-vertically-aligned-center m-ti-text is-layout-flow wp-container-core-column-is-layout-58dbe9e9 wp-block-column-is-layout-flow" style="padding-left:10rem;flex-basis:40%">
<div class="wp-block-group is-style-title-left is-layout-flow wp-block-group-is-layout-flow is-style-title-left--4">
<p class="has-secondary-color has-text-color has-link-color has-secondary-font-family has-xl-font-size wp-elements-d75372f024e658a54bb8f26dfa750471">EINE ROUTE  </p>



<p class="has-primary-color has-text-color has-link-color has-primary-font-family has-sm-font-size wp-elements-a8f5436467040af846737b27786e43a3" style="text-transform:uppercase"><strong><strong>PATRIMONIAL UND MALERISCH  </strong></strong></p>
</div>



<h1 class="wp-block-heading text-title">Ein Tag durch kleine Dörfer und Schlösser in der Ariège!</h1>



<p class="has-m-font-size" style="padding-left:2rem">Auf dem Weg passieren Sie Montaut, ein charmantes mittelalterliches Dorf mit einer Kirche aus dem 15. Jahrhundert und einem Panoramablick vom Burghügel. Jahrhundert. Die Route führt auch an Schlössern, Taubenschlägen und authentischen Landschaften vorbei. <br/></p>
</div>
</div>
</div>



<div class="wp-block-group has-global-padding is-layout-constrained wp-block-group-is-layout-constrained">
<div class="wp-block-columns alignfull are-vertically-aligned-center m-ti is-layout-flex wp-container-core-columns-is-layout-0c0b91ec wp-block-columns-is-layout-flex">
<div class="wp-block-column is-vertically-aligned-center m-ti-text is-layout-flow wp-container-core-column-is-layout-58dbe9e9 wp-block-column-is-layout-flow" style="padding-left:10rem;flex-basis:40%">
<div class="wp-block-group is-style-title-left is-layout-flow wp-block-group-is-layout-flow is-style-title-left--5">
<p class="has-secondary-color has-text-color has-link-color has-secondary-font-family has-xl-font-size wp-elements-878cf2b1fd90df1213046c60dafe1c74">Rückfahrt mit dem Fahrrad</p>



<p class="has-primary-color has-text-color has-link-color has-primary-font-family has-sm-font-size wp-elements-9b1e028f80afc7d283ca108424360bb4" style="text-transform:uppercase"><strong><strong>  auf dem Campingplatz La Bastide</strong></strong></p>
</div>



<h1 class="wp-block-heading text-title">Komfort und Gastfreundschaft nach der Anstrengung auf dem Campingplatz am Flussufer!</h1>



<p>Bevor Sie Saverdun erreichen, sollten Sie sich von der Domaine des Oiseaux überraschen lassen, einem bemerkenswerten Naturgebiet, das der Beobachtung von Vögeln gewidmet ist. Beenden Sie Ihren Rundgang im Herzen der Bastide und genießen Sie die freundliche Atmosphäre.   </p>



<p>Nach diesem schönen Ausflug empfängt Sie der Campingplatz La Bastide und sein Team in einer grünen und erholsamen Umgebung. Sie können sich am Flussufer entspannen oder die Einrichtungen des Campingplatzes nutzen. Das Personal steht Ihnen gerne zur Verfügung, um Ihnen weitere Radwege oder lokale Aktivitäten zu empfehlen, damit Sie Ihren Aufenthalt in der Ariège in aller Ruhe verlängern können.  <br/><br/></p>
</div>



<div class="wp-block-column is-vertically-aligned-center wp-block-image alignright size-large has-custom-border is-style-travel m-ti-image is-layout-flow wp-block-column-is-layout-flow is-style-travel--6" style="flex-basis:60%">
<figure class="wp-block-image alignright size-large"><img alt="camping la bastide" decoding="async" width="1024" height="767" src="https://www.vap-camping.fr/wp-content/uploads/2025/07/dji_0589-2-1024x767.jpg" alt="" class="wp-image-2276" srcset="https://www.vap-camping.fr/wp-content/uploads/2025/07/dji_0589-2-1024x767.jpg 1024w, https://www.vap-camping.fr/wp-content/uploads/2025/07/dji_0589-2-600x450.jpg 600w, https://www.vap-camping.fr/wp-content/uploads/2025/07/dji_0589-2-768x575.jpg 768w, https://www.vap-camping.fr/wp-content/uploads/2025/07/dji_0589-2-1536x1151.jpg 1536w, https://www.vap-camping.fr/wp-content/uploads/2025/07/dji_0589-2-2048x1534.jpg 2048w" sizes="(max-width: 1024px) 100vw, 1024px" /></figure>
</div>
</div>
</div>



<div class="wp-block-group has-global-padding is-layout-constrained wp-block-group-is-layout-constrained">
<div class="wp-block-group alignwide is-style-title-simple is-layout-flow wp-block-group-is-layout-flow is-style-title-simple--7" style="margin-top:4rem;margin-bottom:4rem">
<p class="has-text-align-center has-secondary-color has-text-color has-link-color has-secondary-font-family has-xl-font-size wp-elements-556809578379f13a67076d882d7982ec">Unsere Einrichtungen</p>



<p class="has-text-align-center has-primary-font-family has-sm-font-size" style="text-transform:uppercase"><strong>a Nähe</strong></p>
</div>


<div class="campings-wrapper is-layout-flow wp-block-slider-campings-is-layout-flow">
            <div class="campings-list">
                            <div class="camping-item"
                    style="background-image: linear-gradient(to top, rgba(0, 0, 0, 0.6), transparent), url('https://www.vap-camping.fr/wp-content/uploads/2025/07/dji_0589-2-1024x767.jpg');">
                    <a href="https://www.vap-camping.fr/de/campings/camping-la-bastide/" title="Campingplatz la Bastide(Mazères)" class="camping-link">
                        <p class="title">Campingplatz la Bastide(Mazères)</p>
                        <p class="camping-button">Entdecken</p>
                    </a>
                </div>
                    </div>
    </div>

</div>



<div class="wp-block-group has-global-padding is-content-justification-center is-layout-constrained wp-container-core-group-is-layout-9bd213a8 wp-block-group-is-layout-constrained">
<div class="wp-block-group alignwide is-style-title-simple is-layout-flow wp-block-group-is-layout-flow is-style-title-simple--8" style="margin-top:4rem;margin-bottom:4rem">
<p class="has-text-align-center has-secondary-color has-text-color has-link-color has-secondary-font-family has-xl-font-size wp-elements-6c9934edc8e197d38f3ea5589eb11f66">Okzitanien  </p>



<p class="has-text-align-center has-primary-font-family has-sm-font-size" style="text-transform:uppercase"><strong>ohne Auto</strong></p>
</div>



<h2 class="wp-block-heading">Entdecken Sie Okzitanien und Ariège mit dem Fahrrad auf unseren 3- und 4-Sterne-Campingplätzen und in unserem Ferienhaus!</h2>



<p class="has-text-align-left" style="padding-left:2rem">Die VAP-Campingplätze sind ideal für Radsportfans. Pyrenäenpässe von L&#8217;Oustalous aus, Ausflüge in die Ebene von Mazères oder Städtetrips von Toulouse aus: jeder Standort bietet ein einzigartiges Terrain. Ob Sie nun ein Radtourist oder ein erfahrener Sportler sind, Sie werden von angepassten Strecken, wunderschönen Landschaften und Dienstleistungen profitieren, die auf Radfahrer zugeschnitten sind. Schwingen Sie sich auf Ihr Fahrrad und entdecken Sie den Südwesten auf eine andere Art und Weise, zwischen Natur, Kulturerbe und frischer Luft.   <br/><br/></p>
</div>
</div>

<p>Pyrenäenpässe von Oustalous aus, Spaziergänge in der Ebene in Mazères oder Städtetrips von Toulouse aus.</p>
