{"id":3847,"date":"2025-11-27T20:33:15","date_gmt":"2025-11-27T20:33:15","guid":{"rendered":"https:\/\/www.vap-camping.fr\/?post_type=lieux&#038;p=3847"},"modified":"2025-11-27T20:33:16","modified_gmt":"2025-11-27T20:33:16","slug":"bourdieu-auf-dem-fahrrad","status":"publish","type":"lieux","link":"https:\/\/www.vap-camping.fr\/de\/lieux\/bourdieu-auf-dem-fahrrad\/","title":{"rendered":"Bourdieu auf dem Fahrrad"},"content":{"rendered":"\n<div class=\"wp-block-group alignfull is-layout-flow wp-block-group-is-layout-flow\">\n<div class=\"wp-block-group has-global-padding is-layout-constrained wp-block-group-is-layout-constrained\">\n<div class=\"wp-block-columns alignfull are-vertically-aligned-center m-ti is-layout-flex wp-container-core-columns-is-layout-0c0b91ec wp-block-columns-is-layout-flex\">\n<div class=\"wp-block-column is-vertically-aligned-center m-ti-text is-layout-flow wp-container-core-column-is-layout-58dbe9e9 wp-block-column-is-layout-flow\" style=\"padding-left:10rem;flex-basis:40%\">\n<div class=\"wp-block-group is-style-title-left is-layout-flow wp-block-group-is-layout-flow is-style-title-left--1\">\n<p class=\"has-secondary-color has-text-color has-link-color has-secondary-font-family has-xl-font-size wp-elements-e1438a70e81766a13b48c72d61b2a8e8\">Camon<\/p>\n\n\n\n<p class=\"has-primary-color has-text-color has-link-color has-primary-font-family has-sm-font-size wp-elements-19de38622985dae92f7db85b87939a4b\" style=\"text-transform:uppercase\"><strong><strong>Der Radweg Durfort &#8211; Camon<\/strong><\/strong><\/p>\n<\/div>\n\n\n\n<h1 class=\"wp-block-heading text-title\"><strong>Ein l\u00e4ndlicher Spaziergang im Herzen des Pays d&#8217;Olmes<\/strong><\/h1>\n\n\n\n<p class=\"has-m-font-size\" style=\"padding-left:2rem\">Vom Campingplatz Le Bourdieu in Durfort aus k\u00f6nnen Sie einen ruhigen Radweg von Durfort nach Camon nehmen. Diese Strecke von etwa 20 km f\u00fchrt Sie durch landwirtschaftliche Landschaften, kleine typische D\u00f6rfer und ruhige W\u00e4lder. Die Strecke ist f\u00fcr alle zug\u00e4nglich und bietet ein sch\u00f6nes Gleichgewicht zwischen Natur und lokalem Erbe. Perfekt f\u00fcr einen Familienausflug oder eine sanfte Entdeckung der Ari\u00e8ge.  <\/p>\n<\/div>\n\n\n\n<div class=\"wp-block-column is-vertically-aligned-center wp-block-image alignright size-large has-custom-border is-style-travel m-ti-image is-layout-flow wp-block-column-is-layout-flow is-style-travel--2\" style=\"flex-basis:60%\">\n<figure class=\"wp-block-image alignright size-large\"><img decoding=\"async\" src=\"https:\/\/www.vap-camping.fr\/wp-content\/themes\/vap\/assets\/img\/placeholder.jpg\" alt=\"VAP\" class=\"wp-image-123\"\/><\/figure>\n<\/div>\n<\/div>\n<\/div>\n\n\n\n<div class=\"wp-block-group has-global-padding is-layout-constrained wp-block-group-is-layout-constrained\">\n<div class=\"wp-block-columns alignfull are-vertically-aligned-center m-ti is-layout-flex wp-container-core-columns-is-layout-0c0b91ec wp-block-columns-is-layout-flex\">\n<div class=\"wp-block-column is-vertically-aligned-center wp-block-image alignright size-large has-custom-border is-style-simple-left m-ti-image is-layout-flow wp-block-column-is-layout-flow is-style-simple-left--3\" style=\"flex-basis:60%\">\n<figure class=\"wp-block-image alignleft size-large\"><img decoding=\"async\" src=\"https:\/\/www.vap-camping.fr\/wp-content\/themes\/vap\/assets\/img\/placeholder.jpg\" alt=\"VAP\" class=\"wp-image-123\"\/><\/figure>\n<\/div>\n\n\n\n<div class=\"wp-block-column is-vertically-aligned-center m-ti-text is-layout-flow wp-container-core-column-is-layout-58dbe9e9 wp-block-column-is-layout-flow\" style=\"padding-left:10rem;flex-basis:40%\">\n<div class=\"wp-block-group is-style-title-left is-layout-flow wp-block-group-is-layout-flow is-style-title-left--4\">\n<p class=\"has-secondary-color has-text-color has-link-color has-secondary-font-family has-xl-font-size wp-elements-8055bf26f2aa0b0502ca5bdd5dcc7929\"><strong>Ein denkmalgesch\u00fctztes Juwel<\/strong><\/p>\n\n\n\n<p class=\"has-primary-color has-text-color has-link-color has-primary-font-family has-sm-font-size wp-elements-a34d1ebba0d1929260839ad47e226b02\" style=\"text-transform:uppercase\"><strong>nicht zu verpassen<\/strong><\/p>\n<\/div>\n\n\n\n<h1 class=\"wp-block-heading text-title\"><strong>Entdecken Sie das mittelalterliche Dorf Camon<\/strong><\/h1>\n\n\n\n<p class=\"has-m-font-size\" style=\"padding-left:2rem\">Auf Ihrem Weg machen Sie einen Halt in Camon, einem der sch\u00f6nsten D\u00f6rfer Frankreichs. Die malerischen Gassen, die romanische Kirche und die alten H\u00e4user lassen Sie in die Geschichte der Ariege eintauchen. Das Dorf bietet auch Bauernm\u00e4rkte und lokale Kunsthandwerker, eine gute Gelegenheit, die regionalen K\u00f6stlichkeiten zu probieren, bevor Sie sich wieder auf Ihr Fahrrad schwingen.  <\/p>\n<\/div>\n<\/div>\n<\/div>\n\n\n\n<div class=\"wp-block-group has-global-padding is-layout-constrained wp-block-group-is-layout-constrained\">\n<div class=\"wp-block-columns alignfull are-vertically-aligned-center m-ti is-layout-flex wp-container-core-columns-is-layout-0c0b91ec wp-block-columns-is-layout-flex\">\n<div class=\"wp-block-column is-vertically-aligned-center m-ti-text is-layout-flow wp-container-core-column-is-layout-58dbe9e9 wp-block-column-is-layout-flow\" style=\"padding-left:10rem;flex-basis:40%\">\n<div class=\"wp-block-group is-style-title-left is-layout-flow wp-block-group-is-layout-flow is-style-title-left--5\">\n<p class=\"has-secondary-color has-text-color has-link-color has-secondary-font-family has-xl-font-size wp-elements-057bc1edb227343e10754c45ca29427b\"><strong>Komfort und Entspannung<\/strong><\/p>\n\n\n\n<p class=\"has-primary-color has-text-color has-link-color has-primary-font-family has-sm-font-size wp-elements-440116110063b8b65961ade765ca1cd6\" style=\"text-transform:uppercase\"><strong>nach der Anstrengung<\/strong><\/p>\n<\/div>\n\n\n\n<h1 class=\"wp-block-heading text-title\"><strong>Friedliche R\u00fcckkehr zum Campingplatz Le Bourdieu<\/strong><\/h1>\n\n\n\n<p class=\"has-m-font-size\" style=\"padding-left:2rem\">Nach dieser Radtour finden Sie die Ruhe des Campingplatzes Le Bourdieu, der mitten in der Natur liegt. Genie\u00dfen Sie die Gr\u00fcnfl\u00e4chen, die Einrichtungen zum Entspannen und die pers\u00f6nliche Beratung f\u00fcr Ihre n\u00e4chsten Touren. Ob Sie Anf\u00e4nger oder begeisterter Radfahrer sind, der Campingplatz ist ein idealer Ausgangspunkt, um die Ari\u00e8ge auf andere Weise zu erkunden.  <br\/><br\/>.<\/p>\n<\/div>\n\n\n\n<div class=\"wp-block-column is-vertically-aligned-center wp-block-image alignright size-large has-custom-border is-style-travel m-ti-image is-layout-flow wp-block-column-is-layout-flow is-style-travel--6\" style=\"flex-basis:60%\">\n<figure class=\"wp-block-image alignright size-large\"><img decoding=\"async\" src=\"https:\/\/www.vap-camping.fr\/wp-content\/themes\/vap\/assets\/img\/placeholder.jpg\" alt=\"VAP\" class=\"wp-image-123\"\/><\/figure>\n<\/div>\n<\/div>\n<\/div>\n\n\n\n<div class=\"wp-block-group has-global-padding is-layout-constrained wp-block-group-is-layout-constrained\">\n<div class=\"wp-block-group alignwide is-style-title-simple is-layout-flow wp-block-group-is-layout-flow is-style-title-simple--7\" style=\"margin-top:4rem;margin-bottom:4rem\">\n<p class=\"has-text-align-center has-secondary-color has-text-color has-link-color has-secondary-font-family has-xl-font-size wp-elements-556809578379f13a67076d882d7982ec\">Unsere Einrichtungen<\/p>\n\n\n\n<p class=\"has-text-align-center has-primary-font-family has-sm-font-size\" style=\"text-transform:uppercase\"><strong>a N\u00e4he<\/strong><\/p>\n<\/div>\n\n\n<div class=\"campings-wrapper is-layout-flow wp-block-slider-campings-is-layout-flow\">\n            <div class=\"campings-list\">\n                            <div class=\"camping-item\"\n                    style=\"background-image: linear-gradient(to top, rgba(0, 0, 0, 0.6), transparent), url('https:\/\/www.vap-camping.fr\/wp-content\/uploads\/2025\/04\/4479-1024x461.jpeg');\">\n                    <a href=\"https:\/\/www.vap-camping.fr\/de\/campings\/camping-le-bourdieu\/\" title=\"Campingplatz Le Bourdieu\" class=\"camping-link\">\n                        <p class=\"title\">Campingplatz Le Bourdieu<\/p>\n                        <p class=\"camping-button\">Entdecken<\/p>\n                    <\/a>\n                <\/div>\n                    <\/div>\n    <\/div>\n\n<\/div>\n\n\n\n<div class=\"wp-block-group has-global-padding is-layout-constrained wp-container-core-group-is-layout-1cfdb9ee wp-block-group-is-layout-constrained\">\n<div class=\"wp-block-group alignwide is-style-title-simple is-layout-flow wp-block-group-is-layout-flow is-style-title-simple--8\" style=\"margin-top:4rem;margin-bottom:4rem\">\n<p class=\"has-text-align-center has-secondary-color has-text-color has-link-color has-secondary-font-family has-xl-font-size wp-elements-e2527ef581ded24a6aaf34b645d7fb4e\">Okzitanien<\/p>\n\n\n\n<p class=\"has-text-align-center has-primary-font-family has-sm-font-size\" style=\"text-transform:uppercase\"><strong>mit dem Fahrrad<\/strong><\/p>\n<\/div>\n\n\n\n<h1 class=\"wp-block-heading text-title\"><strong>Erkunden Sie verschiedene Routen von unseren Campingpl\u00e4tzen aus.<\/strong><\/h1>\n\n\n\n<p class=\"has-text-align-left\" style=\"padding-left:2rem\">Die VAP-Campingpl\u00e4tze sind ideal f\u00fcr Radsportfans. Pyren\u00e4enp\u00e4sse von L&#8217;Oustalous aus, Ausfl\u00fcge in die Ebene von Maz\u00e8res oder St\u00e4dtetrips von Toulouse aus: jeder Standort bietet ein einzigartiges Terrain. Ob Sie nun ein Radtourist oder ein erfahrener Sportler sind, Sie werden von angepassten Strecken, wundersch\u00f6nen Landschaften und Dienstleistungen profitieren, die auf Radfahrer zugeschnitten sind. Schwingen Sie sich auf Ihr Fahrrad und entdecken Sie den S\u00fcdwesten auf eine andere Art und Weise, zwischen Natur, Kulturerbe und frischer Luft.   <\/p>\n<\/div>\n<\/div>\n","protected":false},"excerpt":{"rendered":"<p>Camon Der Radweg Durfort &#8211; Camon Ein l\u00e4ndlicher Spaziergang im Herzen des Pays d&#8217;Olmes Vom Campingplatz Le Bourdieu in Durfort aus k\u00f6nnen Sie einen ruhigen Radweg von Durfort nach Camon nehmen. Diese Strecke von etwa 20 km f\u00fchrt Sie durch landwirtschaftliche Landschaften, kleine typische D\u00f6rfer und ruhige W\u00e4lder. Die Strecke ist f\u00fcr alle zug\u00e4nglich und [&hellip;]<\/p>\n","protected":false},"author":1,"featured_media":4353,"parent":0,"template":"","format":"standard","tax-category-lieux":[],"class_list":["post-3847","lieux","type-lieux","status-publish","format-standard","has-post-thumbnail","hentry"],"acf":{"latitude":"43.021666","longitude":" 1.966468","distance":63,"pm_lieu_url":"","pm_lieu_phone":"","adresse":"","pm_lieu_title_short":"","af_camping":[108]},"_links":{"self":[{"href":"https:\/\/www.vap-camping.fr\/de\/wp-json\/wp\/v2\/lieux\/3847","targetHints":{"allow":["GET"]}}],"collection":[{"href":"https:\/\/www.vap-camping.fr\/de\/wp-json\/wp\/v2\/lieux"}],"about":[{"href":"https:\/\/www.vap-camping.fr\/de\/wp-json\/wp\/v2\/types\/lieux"}],"author":[{"embeddable":true,"href":"https:\/\/www.vap-camping.fr\/de\/wp-json\/wp\/v2\/users\/1"}],"version-history":[{"count":1,"href":"https:\/\/www.vap-camping.fr\/de\/wp-json\/wp\/v2\/lieux\/3847\/revisions"}],"predecessor-version":[{"id":3849,"href":"https:\/\/www.vap-camping.fr\/de\/wp-json\/wp\/v2\/lieux\/3847\/revisions\/3849"}],"acf:post":[{"embeddable":true,"href":"https:\/\/www.vap-camping.fr\/de\/wp-json\/wp\/v2\/campings\/108"}],"wp:featuredmedia":[{"embeddable":true,"href":"https:\/\/www.vap-camping.fr\/de\/wp-json\/wp\/v2\/media\/4353"}],"wp:attachment":[{"href":"https:\/\/www.vap-camping.fr\/de\/wp-json\/wp\/v2\/media?parent=3847"}],"wp:term":[{"taxonomy":"tax-category-lieux","embeddable":true,"href":"https:\/\/www.vap-camping.fr\/de\/wp-json\/wp\/v2\/tax-category-lieux?post=3847"}],"curies":[{"name":"wp","href":"https:\/\/api.w.org\/{rel}","templated":true}]}}

<div class="wp-block-group alignfull is-layout-flow wp-block-group-is-layout-flow">
<div class="wp-block-group has-global-padding is-layout-constrained wp-block-group-is-layout-constrained">
<div class="wp-block-columns alignfull are-vertically-aligned-center m-ti is-layout-flex wp-container-core-columns-is-layout-0c0b91ec wp-block-columns-is-layout-flex">
<div class="wp-block-column is-vertically-aligned-center m-ti-text is-layout-flow wp-container-core-column-is-layout-58dbe9e9 wp-block-column-is-layout-flow" style="padding-left:10rem;flex-basis:40%">
<div class="wp-block-group is-style-title-left is-layout-flow wp-block-group-is-layout-flow is-style-title-left--1">
<p class="has-secondary-color has-text-color has-link-color has-secondary-font-family has-xl-font-size wp-elements-e1438a70e81766a13b48c72d61b2a8e8">Camon</p>



<p class="has-primary-color has-text-color has-link-color has-primary-font-family has-sm-font-size wp-elements-19de38622985dae92f7db85b87939a4b" style="text-transform:uppercase"><strong><strong>Der Radweg Durfort &#8211; Camon</strong></strong></p>
</div>



<h1 class="wp-block-heading text-title"><strong>Ein ländlicher Spaziergang im Herzen des Pays d&#8217;Olmes</strong></h1>



<p class="has-m-font-size" style="padding-left:2rem">Vom Campingplatz Le Bourdieu in Durfort aus können Sie einen ruhigen Radweg von Durfort nach Camon nehmen. Diese Strecke von etwa 20 km führt Sie durch landwirtschaftliche Landschaften, kleine typische Dörfer und ruhige Wälder. Die Strecke ist für alle zugänglich und bietet ein schönes Gleichgewicht zwischen Natur und lokalem Erbe. Perfekt für einen Familienausflug oder eine sanfte Entdeckung der Ariège.  </p>
</div>



<div class="wp-block-column is-vertically-aligned-center wp-block-image alignright size-large has-custom-border is-style-travel m-ti-image is-layout-flow wp-block-column-is-layout-flow is-style-travel--2" style="flex-basis:60%">
<figure class="wp-block-image alignright size-large"><img decoding="async" src="https://www.vap-camping.fr/wp-content/themes/vap/assets/img/placeholder.jpg" alt="VAP" class="wp-image-123"/></figure>
</div>
</div>
</div>



<div class="wp-block-group has-global-padding is-layout-constrained wp-block-group-is-layout-constrained">
<div class="wp-block-columns alignfull are-vertically-aligned-center m-ti is-layout-flex wp-container-core-columns-is-layout-0c0b91ec wp-block-columns-is-layout-flex">
<div class="wp-block-column is-vertically-aligned-center wp-block-image alignright size-large has-custom-border is-style-simple-left m-ti-image is-layout-flow wp-block-column-is-layout-flow is-style-simple-left--3" style="flex-basis:60%">
<figure class="wp-block-image alignleft size-large"><img decoding="async" src="https://www.vap-camping.fr/wp-content/themes/vap/assets/img/placeholder.jpg" alt="VAP" class="wp-image-123"/></figure>
</div>



<div class="wp-block-column is-vertically-aligned-center m-ti-text is-layout-flow wp-container-core-column-is-layout-58dbe9e9 wp-block-column-is-layout-flow" style="padding-left:10rem;flex-basis:40%">
<div class="wp-block-group is-style-title-left is-layout-flow wp-block-group-is-layout-flow is-style-title-left--4">
<p class="has-secondary-color has-text-color has-link-color has-secondary-font-family has-xl-font-size wp-elements-8055bf26f2aa0b0502ca5bdd5dcc7929"><strong>Ein denkmalgeschütztes Juwel</strong></p>



<p class="has-primary-color has-text-color has-link-color has-primary-font-family has-sm-font-size wp-elements-a34d1ebba0d1929260839ad47e226b02" style="text-transform:uppercase"><strong>nicht zu verpassen</strong></p>
</div>



<h1 class="wp-block-heading text-title"><strong>Entdecken Sie das mittelalterliche Dorf Camon</strong></h1>



<p class="has-m-font-size" style="padding-left:2rem">Auf Ihrem Weg machen Sie einen Halt in Camon, einem der schönsten Dörfer Frankreichs. Die malerischen Gassen, die romanische Kirche und die alten Häuser lassen Sie in die Geschichte der Ariege eintauchen. Das Dorf bietet auch Bauernmärkte und lokale Kunsthandwerker, eine gute Gelegenheit, die regionalen Köstlichkeiten zu probieren, bevor Sie sich wieder auf Ihr Fahrrad schwingen.  </p>
</div>
</div>
</div>



<div class="wp-block-group has-global-padding is-layout-constrained wp-block-group-is-layout-constrained">
<div class="wp-block-columns alignfull are-vertically-aligned-center m-ti is-layout-flex wp-container-core-columns-is-layout-0c0b91ec wp-block-columns-is-layout-flex">
<div class="wp-block-column is-vertically-aligned-center m-ti-text is-layout-flow wp-container-core-column-is-layout-58dbe9e9 wp-block-column-is-layout-flow" style="padding-left:10rem;flex-basis:40%">
<div class="wp-block-group is-style-title-left is-layout-flow wp-block-group-is-layout-flow is-style-title-left--5">
<p class="has-secondary-color has-text-color has-link-color has-secondary-font-family has-xl-font-size wp-elements-057bc1edb227343e10754c45ca29427b"><strong>Komfort und Entspannung</strong></p>



<p class="has-primary-color has-text-color has-link-color has-primary-font-family has-sm-font-size wp-elements-440116110063b8b65961ade765ca1cd6" style="text-transform:uppercase"><strong>nach der Anstrengung</strong></p>
</div>



<h1 class="wp-block-heading text-title"><strong>Friedliche Rückkehr zum Campingplatz Le Bourdieu</strong></h1>



<p class="has-m-font-size" style="padding-left:2rem">Nach dieser Radtour finden Sie die Ruhe des Campingplatzes Le Bourdieu, der mitten in der Natur liegt. Genießen Sie die Grünflächen, die Einrichtungen zum Entspannen und die persönliche Beratung für Ihre nächsten Touren. Ob Sie Anfänger oder begeisterter Radfahrer sind, der Campingplatz ist ein idealer Ausgangspunkt, um die Ariège auf andere Weise zu erkunden.  <br/><br/>.</p>
</div>



<div class="wp-block-column is-vertically-aligned-center wp-block-image alignright size-large has-custom-border is-style-travel m-ti-image is-layout-flow wp-block-column-is-layout-flow is-style-travel--6" style="flex-basis:60%">
<figure class="wp-block-image alignright size-large"><img decoding="async" src="https://www.vap-camping.fr/wp-content/themes/vap/assets/img/placeholder.jpg" alt="VAP" class="wp-image-123"/></figure>
</div>
</div>
</div>



<div class="wp-block-group has-global-padding is-layout-constrained wp-block-group-is-layout-constrained">
<div class="wp-block-group alignwide is-style-title-simple is-layout-flow wp-block-group-is-layout-flow is-style-title-simple--7" style="margin-top:4rem;margin-bottom:4rem">
<p class="has-text-align-center has-secondary-color has-text-color has-link-color has-secondary-font-family has-xl-font-size wp-elements-556809578379f13a67076d882d7982ec">Unsere Einrichtungen</p>



<p class="has-text-align-center has-primary-font-family has-sm-font-size" style="text-transform:uppercase"><strong>a Nähe</strong></p>
</div>


<div class="campings-wrapper is-layout-flow wp-block-slider-campings-is-layout-flow">
            <div class="campings-list">
                            <div class="camping-item"
                    style="background-image: linear-gradient(to top, rgba(0, 0, 0, 0.6), transparent), url('https://www.vap-camping.fr/wp-content/uploads/2025/04/4479-1024x461.jpeg');">
                    <a href="https://www.vap-camping.fr/de/campings/camping-le-bourdieu/" title="Campingplatz Le Bourdieu" class="camping-link">
                        <p class="title">Campingplatz Le Bourdieu</p>
                        <p class="camping-button">Entdecken</p>
                    </a>
                </div>
                    </div>
    </div>

</div>



<div class="wp-block-group has-global-padding is-layout-constrained wp-container-core-group-is-layout-1cfdb9ee wp-block-group-is-layout-constrained">
<div class="wp-block-group alignwide is-style-title-simple is-layout-flow wp-block-group-is-layout-flow is-style-title-simple--8" style="margin-top:4rem;margin-bottom:4rem">
<p class="has-text-align-center has-secondary-color has-text-color has-link-color has-secondary-font-family has-xl-font-size wp-elements-e2527ef581ded24a6aaf34b645d7fb4e">Okzitanien</p>



<p class="has-text-align-center has-primary-font-family has-sm-font-size" style="text-transform:uppercase"><strong>mit dem Fahrrad</strong></p>
</div>



<h1 class="wp-block-heading text-title"><strong>Erkunden Sie verschiedene Routen von unseren Campingplätzen aus.</strong></h1>



<p class="has-text-align-left" style="padding-left:2rem">Die VAP-Campingplätze sind ideal für Radsportfans. Pyrenäenpässe von L&#8217;Oustalous aus, Ausflüge in die Ebene von Mazères oder Städtetrips von Toulouse aus: jeder Standort bietet ein einzigartiges Terrain. Ob Sie nun ein Radtourist oder ein erfahrener Sportler sind, Sie werden von angepassten Strecken, wunderschönen Landschaften und Dienstleistungen profitieren, die auf Radfahrer zugeschnitten sind. Schwingen Sie sich auf Ihr Fahrrad und entdecken Sie den Südwesten auf eine andere Art und Weise, zwischen Natur, Kulturerbe und frischer Luft.   </p>
</div>
</div>

<p>Camon Der Radweg Durfort &#8211; Camon Ein ländlicher Spaziergang im Herzen des Pays d&#8217;Olmes Vom Campingplatz Le Bourdieu in Durfort aus können Sie einen ruhigen Radweg von Durfort nach Camon nehmen. Diese Strecke von etwa 20 km führt Sie durch landwirtschaftliche Landschaften, kleine typische Dörfer und ruhige Wälder. Die Strecke ist für alle zugänglich und [&hellip;]</p>
