{"id":3871,"date":"2025-09-24T09:41:28","date_gmt":"2025-09-24T09:41:28","guid":{"rendered":"https:\/\/www.vap-camping.fr\/lieux\/edf-toulouse\/"},"modified":"2026-02-23T13:17:40","modified_gmt":"2026-02-23T13:17:40","slug":"edf-toulouse","status":"publish","type":"lieux","link":"https:\/\/www.vap-camping.fr\/de\/lieux\/edf-toulouse\/","title":{"rendered":"Bazacle, Kunst, Energie &amp; Kulturerbe"},"content":{"rendered":"\n<div class=\"wp-block-group alignfull is-layout-flow wp-block-group-is-layout-flow\">\n<div class=\"wp-block-group has-global-padding is-layout-constrained wp-block-group-is-layout-constrained\">\n<div class=\"wp-block-columns alignfull are-vertically-aligned-center m-ti is-layout-flex wp-container-core-columns-is-layout-0c0b91ec wp-block-columns-is-layout-flex\">\n<div class=\"wp-block-column is-vertically-aligned-center m-ti-text is-layout-flow wp-container-core-column-is-layout-58dbe9e9 wp-block-column-is-layout-flow\" style=\"padding-left:10rem;flex-basis:40%\">\n<div class=\"wp-block-group is-style-title-left is-layout-flow wp-block-group-is-layout-flow is-style-title-left--1\">\n<p class=\"has-secondary-color has-text-color has-link-color has-secondary-font-family has-xl-font-size wp-elements-6971d87f3ba00d8e2edd6c4d41d34f26\">Bazacle<\/p>\n\n\n\n<p class=\"has-primary-color has-text-color has-link-color has-primary-font-family has-sm-font-size wp-elements-59716fdc80e0637d2bd330ea354de3ed\" style=\"text-transform:uppercase\"><strong>Energiezentrum  <\/strong><\/p>\n<\/div>\n\n\n\n<h1 class=\"wp-block-heading text-title\"><em>Ein Besuch der Espaces EDF Bazacle in Toulouse, der Kunst, Energie und kulturelles Erbe miteinander verbindet.<\/em> <\/h1>\n\n\n\n<p class=\"has-m-font-size\" style=\"padding-left:2rem\">Die Espaces EDF Bazacle liegen mitten im Stadtzentrum an der Garonne und sind auf 2.000 m\u00b2 der Industriegeschichte, der lokalen Kultur und der Umwelt gewidmet. Dieser einzigartige Ort, der nur 8 km vom Campingplatz Le Rup\u00e9 entfernt ist, bietet eine interaktive Szenographie mit H\u00f6rstationen, Videos und Modellen, um das Bewusstsein f\u00fcr die Themen Energie, Wasser und Biodiversit\u00e4t zu sch\u00e4rfen. Das Geb\u00e4ude beherbergt auch ein funktionierendes Wasserkraftwerk und verbindet so die technische Vergangenheit mit der kulturellen Gegenwart.  <\/p>\n<\/div>\n\n\n\n<div class=\"wp-block-column is-vertically-aligned-center wp-block-image alignright size-large has-custom-border is-style-travel m-ti-image is-layout-flow wp-block-column-is-layout-flow is-style-travel--2\" style=\"flex-basis:60%\">\n<figure class=\"wp-block-image alignright size-large\"><img decoding=\"async\" src=\"https:\/\/www.vap-camping.fr\/wp-content\/themes\/vap\/assets\/img\/placeholder.jpg\" alt=\"VAP\" class=\"wp-image-123\"\/><\/figure>\n<\/div>\n<\/div>\n<\/div>\n\n\n\n<div class=\"wp-block-group has-global-padding is-layout-constrained wp-block-group-is-layout-constrained\">\n<div class=\"wp-block-columns alignfull are-vertically-aligned-center m-ti is-layout-flex wp-container-core-columns-is-layout-0c0b91ec wp-block-columns-is-layout-flex\">\n<div class=\"wp-block-column is-vertically-aligned-center wp-block-image alignright size-large has-custom-border is-style-simple-left m-ti-image is-layout-flow wp-block-column-is-layout-flow is-style-simple-left--3\" style=\"flex-basis:60%\">\n<figure class=\"wp-block-image alignleft size-large\"><img decoding=\"async\" src=\"https:\/\/www.vap-camping.fr\/wp-content\/themes\/vap\/assets\/img\/placeholder.jpg\" alt=\"VAP\" class=\"wp-image-123\"\/><\/figure>\n<\/div>\n\n\n\n<div class=\"wp-block-column is-vertically-aligned-center m-ti-text is-layout-flow wp-container-core-column-is-layout-58dbe9e9 wp-block-column-is-layout-flow\" style=\"padding-left:10rem;flex-basis:40%\">\n<div class=\"wp-block-group is-style-title-left is-layout-flow wp-block-group-is-layout-flow is-style-title-left--4\">\n<p class=\"has-secondary-color has-text-color has-link-color has-secondary-font-family has-xl-font-size wp-elements-550e8e6f754a589139b86b611f9f6582\">KUNST &amp; EINTAUCHEN<\/p>\n\n\n\n<p class=\"has-primary-color has-text-color has-link-color has-primary-font-family has-sm-font-size wp-elements-35fa65784baf748da527aa96d435b344\" style=\"text-transform:uppercase\"><strong>TEMPOR\u00c4RE AUSSTELLUNGEN  <\/strong><\/p>\n<\/div>\n\n\n\n<h1 class=\"wp-block-heading text-title\"><em>Ein immersiver Rundgang im Bazacle, bei dem digitale Werke und bedeutende zeitgen\u00f6ssische K\u00fcnstler ausgestellt werden.<\/em> <\/h1>\n\n\n\n<p class=\"has-m-font-size\" style=\"padding-left:2rem\">Die aktuelle Hauptausstellung ist Claude Monet: The Immersive Experience, mit mehr als 300 Werken, die in einem 360\u00b0-Raum mit Licht- und Tonshow und einer immersiven Virtual Reality-Erfahrung pr\u00e4sentiert werden. Andere Ausstellungen, wie die \u00fcber M.C. Escher, haben den Raum bereits bespielt und Kunst, Technologie und visuelle Fragen miteinander verbunden.   <\/p>\n<\/div>\n<\/div>\n<\/div>\n\n\n\n<div class=\"wp-block-group has-global-padding is-layout-constrained wp-block-group-is-layout-constrained\">\n<div class=\"wp-block-columns alignfull are-vertically-aligned-center m-ti is-layout-flex wp-container-core-columns-is-layout-0c0b91ec wp-block-columns-is-layout-flex\">\n<div class=\"wp-block-column is-vertically-aligned-center m-ti-text is-layout-flow wp-container-core-column-is-layout-58dbe9e9 wp-block-column-is-layout-flow\" style=\"padding-left:10rem;flex-basis:40%\">\n<div class=\"wp-block-group is-style-title-left is-layout-flow wp-block-group-is-layout-flow is-style-title-left--5\">\n<p class=\"has-secondary-color has-text-color has-link-color has-secondary-font-family has-xl-font-size wp-elements-8b990061d9268f89c26818299b23b781\"><strong>PATRIMOINE<\/strong><\/p>\n\n\n\n<p class=\"has-primary-color has-text-color has-link-color has-primary-font-family has-sm-font-size wp-elements-5f93af1221c243938303c6a80a3c000e\" style=\"text-transform:uppercase\"><strong><strong>ENERGIE UND <\/strong> BLICK AUF DIE GARONNE<\/strong><\/p>\n<\/div>\n\n\n\n<h1 class=\"wp-block-heading text-title\"><em>Ein Rundgang zwischen der Geschichte des Bazacle, Wasserkraft und einem Balkon \u00fcber den Fluss.<\/em> <\/h1>\n\n\n\n<p class=\"has-m-font-size\" style=\"padding-left:2rem\">Einer der Reize des Gel\u00e4ndes ist auch die 400 m\u00b2 gro\u00dfe Panoramaterrasse \u00fcber der Garonne, die einen atemberaubenden Blick auf Toulouse bietet. Neben den Ausstellungen k\u00f6nnen die Besucher auch die Fischtreppe mit einem Unterwasserfenster besichtigen, um die wandernden Arten des Flusses zu beobachten. Diese Umgebung verbindet architektonisches Erbe, Technologie und Natur und macht den Besuch zu einem multidisziplin\u00e4ren Erlebnis.  <\/p>\n<\/div>\n\n\n\n<div class=\"wp-block-column is-vertically-aligned-center wp-block-image alignright size-large has-custom-border is-style-travel m-ti-image is-layout-flow wp-block-column-is-layout-flow is-style-travel--6\" style=\"flex-basis:60%\">\n<figure class=\"wp-block-image alignright size-large\"><img decoding=\"async\" src=\"https:\/\/www.vap-camping.fr\/wp-content\/themes\/vap\/assets\/img\/placeholder.jpg\" alt=\"VAP\" class=\"wp-image-123\"\/><\/figure>\n<\/div>\n<\/div>\n<\/div>\n\n\n\n<div class=\"wp-block-group has-global-padding is-layout-constrained wp-block-group-is-layout-constrained\">\n<div class=\"wp-block-group alignwide is-style-title-simple is-layout-flow wp-block-group-is-layout-flow is-style-title-simple--7\" style=\"margin-top:4rem;margin-bottom:4rem\">\n<p class=\"has-text-align-center has-secondary-color has-text-color has-link-color has-secondary-font-family has-xl-font-size wp-elements-a3c853a699b9166a14f51cf1e209aa0c\">Unsere Einrichtungen  <\/p>\n\n\n\n<p class=\"has-text-align-center has-primary-font-family has-sm-font-size\" style=\"text-transform:uppercase\"><strong>In der N\u00e4he<\/strong><\/p>\n<\/div>\n\n\n<div class=\"campings-wrapper is-layout-flow wp-block-slider-campings-is-layout-flow\">\n            <div class=\"campings-list\">\n                            <div class=\"camping-item\"\n                    style=\"background-image: linear-gradient(to top, rgba(0, 0, 0, 0.6), transparent), url('https:\/\/www.vap-camping.fr\/wp-content\/uploads\/2025\/04\/dsc03930-1024x500.jpg');\">\n                    <a href=\"https:\/\/www.vap-camping.fr\/de\/campings\/camping-le-rupe\/\" title=\"Campingplatz le Rup\u00e9(Toulouse)\" class=\"camping-link\">\n                        <p class=\"title\">Campingplatz le Rup\u00e9(Toulouse)<\/p>\n                        <p class=\"camping-button\">Entdecken<\/p>\n                    <\/a>\n                <\/div>\n                    <\/div>\n    <\/div>\n\n<\/div>\n<\/div>\n","protected":false},"excerpt":{"rendered":"<p>Toulouse<\/p>\n","protected":false},"author":1,"featured_media":2901,"parent":0,"template":"","format":"standard","tax-category-lieux":[50],"class_list":["post-3871","lieux","type-lieux","status-publish","format-standard","has-post-thumbnail","hentry","tax-category-lieux-aktivitaten"],"acf":{"latitude":"43.604548","longitude":"1.432444","distance":8,"pm_lieu_url":"https:\/\/www.edf.fr\/groupe-edf\/agir-en-entreprise-responsable\/fondation-et-mecenat-patrimoine-sport\/espaces-edf-bazacle\/presentation-des-espaces","pm_lieu_phone":"","adresse":"","pm_lieu_title_short":"","af_camping":[103]},"_links":{"self":[{"href":"https:\/\/www.vap-camping.fr\/de\/wp-json\/wp\/v2\/lieux\/3871","targetHints":{"allow":["GET"]}}],"collection":[{"href":"https:\/\/www.vap-camping.fr\/de\/wp-json\/wp\/v2\/lieux"}],"about":[{"href":"https:\/\/www.vap-camping.fr\/de\/wp-json\/wp\/v2\/types\/lieux"}],"author":[{"embeddable":true,"href":"https:\/\/www.vap-camping.fr\/de\/wp-json\/wp\/v2\/users\/1"}],"version-history":[{"count":2,"href":"https:\/\/www.vap-camping.fr\/de\/wp-json\/wp\/v2\/lieux\/3871\/revisions"}],"predecessor-version":[{"id":7189,"href":"https:\/\/www.vap-camping.fr\/de\/wp-json\/wp\/v2\/lieux\/3871\/revisions\/7189"}],"acf:post":[{"embeddable":true,"href":"https:\/\/www.vap-camping.fr\/de\/wp-json\/wp\/v2\/campings\/103"}],"wp:featuredmedia":[{"embeddable":true,"href":"https:\/\/www.vap-camping.fr\/de\/wp-json\/wp\/v2\/media\/2901"}],"wp:attachment":[{"href":"https:\/\/www.vap-camping.fr\/de\/wp-json\/wp\/v2\/media?parent=3871"}],"wp:term":[{"taxonomy":"tax-category-lieux","embeddable":true,"href":"https:\/\/www.vap-camping.fr\/de\/wp-json\/wp\/v2\/tax-category-lieux?post=3871"}],"curies":[{"name":"wp","href":"https:\/\/api.w.org\/{rel}","templated":true}]}}

<div class="wp-block-group alignfull is-layout-flow wp-block-group-is-layout-flow">
<div class="wp-block-group has-global-padding is-layout-constrained wp-block-group-is-layout-constrained">
<div class="wp-block-columns alignfull are-vertically-aligned-center m-ti is-layout-flex wp-container-core-columns-is-layout-0c0b91ec wp-block-columns-is-layout-flex">
<div class="wp-block-column is-vertically-aligned-center m-ti-text is-layout-flow wp-container-core-column-is-layout-58dbe9e9 wp-block-column-is-layout-flow" style="padding-left:10rem;flex-basis:40%">
<div class="wp-block-group is-style-title-left is-layout-flow wp-block-group-is-layout-flow is-style-title-left--1">
<p class="has-secondary-color has-text-color has-link-color has-secondary-font-family has-xl-font-size wp-elements-6971d87f3ba00d8e2edd6c4d41d34f26">Bazacle</p>



<p class="has-primary-color has-text-color has-link-color has-primary-font-family has-sm-font-size wp-elements-59716fdc80e0637d2bd330ea354de3ed" style="text-transform:uppercase"><strong>Energiezentrum  </strong></p>
</div>



<h1 class="wp-block-heading text-title"><em>Ein Besuch der Espaces EDF Bazacle in Toulouse, der Kunst, Energie und kulturelles Erbe miteinander verbindet.</em> </h1>



<p class="has-m-font-size" style="padding-left:2rem">Die Espaces EDF Bazacle liegen mitten im Stadtzentrum an der Garonne und sind auf 2.000 m² der Industriegeschichte, der lokalen Kultur und der Umwelt gewidmet. Dieser einzigartige Ort, der nur 8 km vom Campingplatz Le Rupé entfernt ist, bietet eine interaktive Szenographie mit Hörstationen, Videos und Modellen, um das Bewusstsein für die Themen Energie, Wasser und Biodiversität zu schärfen. Das Gebäude beherbergt auch ein funktionierendes Wasserkraftwerk und verbindet so die technische Vergangenheit mit der kulturellen Gegenwart.  </p>
</div>



<div class="wp-block-column is-vertically-aligned-center wp-block-image alignright size-large has-custom-border is-style-travel m-ti-image is-layout-flow wp-block-column-is-layout-flow is-style-travel--2" style="flex-basis:60%">
<figure class="wp-block-image alignright size-large"><img decoding="async" src="https://www.vap-camping.fr/wp-content/themes/vap/assets/img/placeholder.jpg" alt="VAP" class="wp-image-123"/></figure>
</div>
</div>
</div>



<div class="wp-block-group has-global-padding is-layout-constrained wp-block-group-is-layout-constrained">
<div class="wp-block-columns alignfull are-vertically-aligned-center m-ti is-layout-flex wp-container-core-columns-is-layout-0c0b91ec wp-block-columns-is-layout-flex">
<div class="wp-block-column is-vertically-aligned-center wp-block-image alignright size-large has-custom-border is-style-simple-left m-ti-image is-layout-flow wp-block-column-is-layout-flow is-style-simple-left--3" style="flex-basis:60%">
<figure class="wp-block-image alignleft size-large"><img decoding="async" src="https://www.vap-camping.fr/wp-content/themes/vap/assets/img/placeholder.jpg" alt="VAP" class="wp-image-123"/></figure>
</div>



<div class="wp-block-column is-vertically-aligned-center m-ti-text is-layout-flow wp-container-core-column-is-layout-58dbe9e9 wp-block-column-is-layout-flow" style="padding-left:10rem;flex-basis:40%">
<div class="wp-block-group is-style-title-left is-layout-flow wp-block-group-is-layout-flow is-style-title-left--4">
<p class="has-secondary-color has-text-color has-link-color has-secondary-font-family has-xl-font-size wp-elements-550e8e6f754a589139b86b611f9f6582">KUNST &amp; EINTAUCHEN</p>



<p class="has-primary-color has-text-color has-link-color has-primary-font-family has-sm-font-size wp-elements-35fa65784baf748da527aa96d435b344" style="text-transform:uppercase"><strong>TEMPORÄRE AUSSTELLUNGEN  </strong></p>
</div>



<h1 class="wp-block-heading text-title"><em>Ein immersiver Rundgang im Bazacle, bei dem digitale Werke und bedeutende zeitgenössische Künstler ausgestellt werden.</em> </h1>



<p class="has-m-font-size" style="padding-left:2rem">Die aktuelle Hauptausstellung ist Claude Monet: The Immersive Experience, mit mehr als 300 Werken, die in einem 360°-Raum mit Licht- und Tonshow und einer immersiven Virtual Reality-Erfahrung präsentiert werden. Andere Ausstellungen, wie die über M.C. Escher, haben den Raum bereits bespielt und Kunst, Technologie und visuelle Fragen miteinander verbunden.   </p>
</div>
</div>
</div>



<div class="wp-block-group has-global-padding is-layout-constrained wp-block-group-is-layout-constrained">
<div class="wp-block-columns alignfull are-vertically-aligned-center m-ti is-layout-flex wp-container-core-columns-is-layout-0c0b91ec wp-block-columns-is-layout-flex">
<div class="wp-block-column is-vertically-aligned-center m-ti-text is-layout-flow wp-container-core-column-is-layout-58dbe9e9 wp-block-column-is-layout-flow" style="padding-left:10rem;flex-basis:40%">
<div class="wp-block-group is-style-title-left is-layout-flow wp-block-group-is-layout-flow is-style-title-left--5">
<p class="has-secondary-color has-text-color has-link-color has-secondary-font-family has-xl-font-size wp-elements-8b990061d9268f89c26818299b23b781"><strong>PATRIMOINE</strong></p>



<p class="has-primary-color has-text-color has-link-color has-primary-font-family has-sm-font-size wp-elements-5f93af1221c243938303c6a80a3c000e" style="text-transform:uppercase"><strong><strong>ENERGIE UND </strong> BLICK AUF DIE GARONNE</strong></p>
</div>



<h1 class="wp-block-heading text-title"><em>Ein Rundgang zwischen der Geschichte des Bazacle, Wasserkraft und einem Balkon über den Fluss.</em> </h1>



<p class="has-m-font-size" style="padding-left:2rem">Einer der Reize des Geländes ist auch die 400 m² große Panoramaterrasse über der Garonne, die einen atemberaubenden Blick auf Toulouse bietet. Neben den Ausstellungen können die Besucher auch die Fischtreppe mit einem Unterwasserfenster besichtigen, um die wandernden Arten des Flusses zu beobachten. Diese Umgebung verbindet architektonisches Erbe, Technologie und Natur und macht den Besuch zu einem multidisziplinären Erlebnis.  </p>
</div>



<div class="wp-block-column is-vertically-aligned-center wp-block-image alignright size-large has-custom-border is-style-travel m-ti-image is-layout-flow wp-block-column-is-layout-flow is-style-travel--6" style="flex-basis:60%">
<figure class="wp-block-image alignright size-large"><img decoding="async" src="https://www.vap-camping.fr/wp-content/themes/vap/assets/img/placeholder.jpg" alt="VAP" class="wp-image-123"/></figure>
</div>
</div>
</div>



<div class="wp-block-group has-global-padding is-layout-constrained wp-block-group-is-layout-constrained">
<div class="wp-block-group alignwide is-style-title-simple is-layout-flow wp-block-group-is-layout-flow is-style-title-simple--7" style="margin-top:4rem;margin-bottom:4rem">
<p class="has-text-align-center has-secondary-color has-text-color has-link-color has-secondary-font-family has-xl-font-size wp-elements-a3c853a699b9166a14f51cf1e209aa0c">Unsere Einrichtungen  </p>



<p class="has-text-align-center has-primary-font-family has-sm-font-size" style="text-transform:uppercase"><strong>In der Nähe</strong></p>
</div>


<div class="campings-wrapper is-layout-flow wp-block-slider-campings-is-layout-flow">
            <div class="campings-list">
                            <div class="camping-item"
                    style="background-image: linear-gradient(to top, rgba(0, 0, 0, 0.6), transparent), url('https://www.vap-camping.fr/wp-content/uploads/2025/04/dsc03930-1024x500.jpg');">
                    <a href="https://www.vap-camping.fr/de/campings/camping-le-rupe/" title="Campingplatz le Rupé(Toulouse)" class="camping-link">
                        <p class="title">Campingplatz le Rupé(Toulouse)</p>
                        <p class="camping-button">Entdecken</p>
                    </a>
                </div>
                    </div>
    </div>

</div>
</div>
