{"id":3886,"date":"2025-09-24T10:21:58","date_gmt":"2025-09-24T10:21:58","guid":{"rendered":"https:\/\/www.vap-camping.fr\/lieux\/carmel-de-pamiers\/"},"modified":"2026-01-30T01:51:04","modified_gmt":"2026-01-30T01:51:04","slug":"carmel-de-pamiers","status":"publish","type":"lieux","link":"https:\/\/www.vap-camping.fr\/de\/lieux\/carmel-de-pamiers\/","title":{"rendered":"Der Karmel von Pamiers"},"content":{"rendered":"\n<div class=\"wp-block-group alignfull is-layout-flow wp-block-group-is-layout-flow\">\n<div class=\"wp-block-group has-global-padding is-layout-constrained wp-block-group-is-layout-constrained\">\n<div class=\"wp-block-columns alignfull are-vertically-aligned-center m-ti is-layout-flex wp-container-core-columns-is-layout-0c0b91ec wp-block-columns-is-layout-flex\">\n<div class=\"wp-block-column is-vertically-aligned-center m-ti-text is-layout-flow wp-container-core-column-is-layout-58dbe9e9 wp-block-column-is-layout-flow\" style=\"padding-left:10rem;flex-basis:40%\">\n<div class=\"wp-block-group is-style-title-left is-layout-flow wp-block-group-is-layout-flow is-style-title-left--1\">\n<p class=\"has-secondary-color has-text-color has-link-color has-secondary-font-family has-xl-font-size wp-elements-68b842cf259c3ede78171da43c2992ee\">Karmel<\/p>\n\n\n\n<p class=\"has-primary-color has-text-color has-link-color has-primary-font-family has-sm-font-size wp-elements-c539e4902c3b35d541d7bf3361f264a6\" style=\"text-transform:uppercase\"><strong>ORT DER ZEITGEN\u00d6SSISCHEN KUNST UND DES KULTURERBES<\/strong><\/p>\n<\/div>\n\n\n\n<h1 class=\"wp-block-heading text-title\"><em>Ein Raum in Pamiers, der der zeitgen\u00f6ssischen Kunst und der Geschichte dieses bemerkenswerten Klosters aus dem XVII\u1d49 Jahrhundert gewidmet ist.<\/em><\/h1>\n\n\n\n<p class=\"has-m-font-size\" style=\"padding-left:2rem\">Der Karmel von Pamiers, ein ehemaliges Karmeliterkloster, das 1648 gegr\u00fcndet wurde, ist heute ein lebendiger und kostenloser Ausstellungsort. Es befindet sich auf dem Place du Mercadal und bietet der \u00d6ffentlichkeit die M\u00f6glichkeit, verschiedene Ausstellungen in einem ruhigen historischen Rahmen zu sehen. Das Geb\u00e4ude wurde sorgf\u00e4ltig restauriert und beherbergt einen Kreuzgang, eine Kapelle und Ausstellungsr\u00e4ume, die das religi\u00f6se Erbe mit modernen k\u00fcnstlerischen Angeboten verbinden.  <\/p>\n<\/div>\n\n\n\n<div class=\"wp-block-column is-vertically-aligned-center wp-block-image alignright size-large has-custom-border is-style-travel m-ti-image is-layout-flow wp-block-column-is-layout-flow is-style-travel--2\" style=\"flex-basis:60%\">\n<figure class=\"wp-block-image alignright size-full\"><img alt=\"\" decoding=\"async\" width=\"885\" height=\"500\" src=\"https:\/\/www.vap-camping.fr\/wp-content\/uploads\/2025\/09\/image-2-1.jpeg\" alt=\"\" class=\"wp-image-4355\" srcset=\"https:\/\/www.vap-camping.fr\/wp-content\/uploads\/2025\/09\/image-2-1.jpeg 885w, https:\/\/www.vap-camping.fr\/wp-content\/uploads\/2025\/09\/image-2-1-600x339.jpeg 600w, https:\/\/www.vap-camping.fr\/wp-content\/uploads\/2025\/09\/image-2-1-768x434.jpeg 768w\" sizes=\"(max-width: 885px) 100vw, 885px\" \/><\/figure>\n<\/div>\n<\/div>\n<\/div>\n\n\n\n<div class=\"wp-block-group has-global-padding is-layout-constrained wp-block-group-is-layout-constrained\">\n<div class=\"wp-block-columns alignfull are-vertically-aligned-center m-ti is-layout-flex wp-container-core-columns-is-layout-0c0b91ec wp-block-columns-is-layout-flex\">\n<div class=\"wp-block-column is-vertically-aligned-center wp-block-image alignright size-large has-custom-border is-style-simple-left m-ti-image is-layout-flow wp-block-column-is-layout-flow is-style-simple-left--3\" style=\"flex-basis:60%\">\n<figure class=\"wp-block-image alignleft size-large\"><img alt=\"\" decoding=\"async\" width=\"1024\" height=\"767\" src=\"https:\/\/www.vap-camping.fr\/wp-content\/uploads\/2025\/05\/AdobeStock_527710554-1024x767.jpeg\" alt=\"\" class=\"wp-image-1324\" srcset=\"https:\/\/www.vap-camping.fr\/wp-content\/uploads\/2025\/05\/AdobeStock_527710554-1024x767.jpeg 1024w, https:\/\/www.vap-camping.fr\/wp-content\/uploads\/2025\/05\/AdobeStock_527710554-600x450.jpeg 600w, https:\/\/www.vap-camping.fr\/wp-content\/uploads\/2025\/05\/AdobeStock_527710554-768x576.jpeg 768w, https:\/\/www.vap-camping.fr\/wp-content\/uploads\/2025\/05\/AdobeStock_527710554-1536x1151.jpeg 1536w, https:\/\/www.vap-camping.fr\/wp-content\/uploads\/2025\/05\/AdobeStock_527710554-2048x1535.jpeg 2048w\" sizes=\"(max-width: 1024px) 100vw, 1024px\" \/><\/figure>\n<\/div>\n\n\n\n<div class=\"wp-block-column is-vertically-aligned-center m-ti-text is-layout-flow wp-container-core-column-is-layout-58dbe9e9 wp-block-column-is-layout-flow\" style=\"padding-left:10rem;flex-basis:40%\">\n<div class=\"wp-block-group is-style-title-left is-layout-flow wp-block-group-is-layout-flow is-style-title-left--4\">\n<p class=\"has-secondary-color has-text-color has-link-color has-secondary-font-family has-xl-font-size wp-elements-636829cbd4477acca54d09983274d41d\">Eine Kulturreise<\/p>\n\n\n\n<p class=\"has-primary-color has-text-color has-link-color has-primary-font-family has-sm-font-size wp-elements-1efc7df4e6c01cc2dc254862c7b7e1a9\" style=\"text-transform:uppercase\"><strong>ZUG\u00c4NGLICH UND OFFEN F\u00dcR ALLE<\/strong><\/p>\n<\/div>\n\n\n\n<h1 class=\"wp-block-heading text-title\"><em>Kostenlose Ausstellungen, angepasste \u00d6ffnungszeiten: Der Karmel f\u00f6rdert die gemeinsame Nutzung von Kultur ohne Barrieren.<\/em><\/h1>\n\n\n\n<p class=\"has-m-font-size\" style=\"padding-left:2rem\">Das Karmeliterkloster ist das ganze Jahr \u00fcber von Dienstag bis Freitag nachmittags sowie samstags vormittags und nachmittags ge\u00f6ffnet und beherbergt Ausstellungen, Auff\u00fchrungen und kulturelle Veranstaltungen, die f\u00fcr alle zug\u00e4nglich sind. Der Eintritt ist frei, was zu spontanen Entdeckungen einl\u00e4dt. Neue R\u00e4ume, neu gestaltete G\u00e4rten, eine Buchhandlung und ein Laden bereichern die Erfahrung des Besuchers, indem sie Orte der Ruhe und des Flanierens bieten.    <\/p>\n\n\n\n<p>Um weitere Informationen zu erhalten und Ihren Besuch zu organisieren, klicken Sie bitte auf diesen Link: <a href=\"https:\/\/www.ariegepyrenees.com\/patrimoine-culturel\/le-carmel-ancien-couvent\/\"><mark style=\"background-color:rgba(0, 0, 0, 0)\" class=\"has-inline-color has-secondary-color\">https:\/\/www.ariegepyrenees.com\/patrimoine-culturel\/le-carmel-ancien-couvent\/<\/mark><\/a> .<\/p>\n<\/div>\n<\/div>\n\n\n\n<div class=\"wp-block-columns alignfull are-vertically-aligned-center m-ti is-layout-flex wp-container-core-columns-is-layout-0c0b91ec wp-block-columns-is-layout-flex\">\n<div class=\"wp-block-column is-vertically-aligned-center m-ti-text is-layout-flow wp-container-core-column-is-layout-58dbe9e9 wp-block-column-is-layout-flow\" style=\"padding-left:10rem;flex-basis:40%\">\n<div class=\"wp-block-group is-style-title-left is-layout-flow wp-block-group-is-layout-flow is-style-title-left--5\">\n<p class=\"has-secondary-color has-text-color has-link-color has-secondary-font-family has-xl-font-size wp-elements-dc7c65517b597a6aa4ba80fbf74afac1\">EIN HISTORISCHES DENKMAL<\/p>\n\n\n\n<p class=\"has-primary-color has-text-color has-link-color has-primary-font-family has-sm-font-size wp-elements-a8b9f7a36d64f74d04f12c59372856d3\" style=\"text-transform:uppercase\"><strong>UMGEWANDELT IN EINEN RAUM DES AUSDRUCKS<\/strong><\/p>\n<\/div>\n\n\n\n<h1 class=\"wp-block-heading text-title\"><em>Das ehemalige Karmeliterkloster wird als Plattform f\u00fcr Kreativit\u00e4t und zeitgen\u00f6ssische Kunst in Pamiers wiedergeboren.<\/em><\/h1>\n\n\n\n<p class=\"has-m-font-size\" style=\"padding-left:2rem\">Nach der Schlie\u00dfung der religi\u00f6sen Gemeinschaft im Jahr 2008 erweckte die Stadt Pamiers dieses Kulturerbe zu neuem Leben, indem sie die Geb\u00e4ude renovierte: K\u00fcchen, Vorratsr\u00e4ume und gro\u00dfe R\u00e4ume wurden restauriert und beherbergen nun K\u00fcnstler in Residenz, zeitgen\u00f6ssische Ausstellungen und visuelle Kreationen. Der Kreuzgang, die Kapelle, der Turm des Bischofs und die Hinweise auf eine spirituelle Architektur bieten eine einzigartige Kulisse f\u00fcr die ausgestellten Werke, die religi\u00f6ses Erbe, historische Struktur und k\u00fcnstlerischen Ausdruck miteinander verbinden. <\/p>\n<\/div>\n\n\n\n<div class=\"wp-block-column is-vertically-aligned-center wp-block-image alignright size-large has-custom-border is-style-simple-left m-ti-image is-layout-flow wp-block-column-is-layout-flow is-style-simple-left--6\" style=\"flex-basis:60%\">\n<figure class=\"wp-block-image alignleft size-full is-resized\"><img alt=\"\" decoding=\"async\" width=\"1200\" height=\"800\" src=\"https:\/\/www.vap-camping.fr\/wp-content\/uploads\/2025\/09\/image-1-1.jpeg\" alt=\"\" class=\"wp-image-4359\" style=\"width:473px;height:auto\" srcset=\"https:\/\/www.vap-camping.fr\/wp-content\/uploads\/2025\/09\/image-1-1.jpeg 1200w, https:\/\/www.vap-camping.fr\/wp-content\/uploads\/2025\/09\/image-1-1-600x400.jpeg 600w, https:\/\/www.vap-camping.fr\/wp-content\/uploads\/2025\/09\/image-1-1-1024x683.jpeg 1024w, https:\/\/www.vap-camping.fr\/wp-content\/uploads\/2025\/09\/image-1-1-768x512.jpeg 768w\" sizes=\"(max-width: 1200px) 100vw, 1200px\" \/><\/figure>\n<\/div>\n<\/div>\n<\/div>\n\n\n\n<div class=\"wp-block-group has-global-padding is-layout-constrained wp-block-group-is-layout-constrained\">\n<div class=\"wp-block-group alignwide is-style-title-simple is-layout-flow wp-block-group-is-layout-flow is-style-title-simple--7\" style=\"margin-top:4rem;margin-bottom:4rem\">\n<p class=\"has-text-align-center has-secondary-color has-text-color has-link-color has-secondary-font-family has-xl-font-size wp-elements-556809578379f13a67076d882d7982ec\">Unsere Einrichtungen<\/p>\n\n\n\n<p class=\"has-text-align-center has-primary-font-family has-sm-font-size\" style=\"text-transform:uppercase\"><strong>in der N\u00e4he<\/strong><\/p>\n<\/div>\n\n\n<div class=\"campings-wrapper is-layout-flow wp-block-slider-campings-is-layout-flow\">\n            <div class=\"campings-list\">\n                            <div class=\"camping-item\"\n                    style=\"background-image: linear-gradient(to top, rgba(0, 0, 0, 0.6), transparent), url('https:\/\/www.vap-camping.fr\/wp-content\/uploads\/2025\/07\/dji_0589-2-1024x767.jpg');\">\n                    <a href=\"https:\/\/www.vap-camping.fr\/de\/campings\/camping-la-bastide\/\" title=\"Campingplatz la Bastide(Maz\u00e8res)\" class=\"camping-link\">\n                        <p class=\"title\">Campingplatz la Bastide(Maz\u00e8res)<\/p>\n                        <p class=\"camping-button\">Entdecken<\/p>\n                    <\/a>\n                <\/div>\n                    <\/div>\n    <\/div>\n\n<\/div>\n<\/div>\n","protected":false},"excerpt":{"rendered":"<p>Der Karmel von Pamier 21 km vom Campingplatz La Bastide entfernt.<\/p>\n","protected":false},"author":1,"featured_media":4361,"parent":0,"template":"","format":"standard","tax-category-lieux":[50],"class_list":["post-3886","lieux","type-lieux","status-publish","format-standard","has-post-thumbnail","hentry","tax-category-lieux-aktivitaten"],"acf":{"latitude":"43.113778","longitude":"1.609402","distance":21,"pm_lieu_url":"https:\/\/www.ariegepyrenees.com\/patrimoine-culturel\/le-carmel-ancien-couvent\/","pm_lieu_phone":"","adresse":"","pm_lieu_title_short":"","af_camping":[101]},"_links":{"self":[{"href":"https:\/\/www.vap-camping.fr\/de\/wp-json\/wp\/v2\/lieux\/3886","targetHints":{"allow":["GET"]}}],"collection":[{"href":"https:\/\/www.vap-camping.fr\/de\/wp-json\/wp\/v2\/lieux"}],"about":[{"href":"https:\/\/www.vap-camping.fr\/de\/wp-json\/wp\/v2\/types\/lieux"}],"author":[{"embeddable":true,"href":"https:\/\/www.vap-camping.fr\/de\/wp-json\/wp\/v2\/users\/1"}],"version-history":[{"count":3,"href":"https:\/\/www.vap-camping.fr\/de\/wp-json\/wp\/v2\/lieux\/3886\/revisions"}],"predecessor-version":[{"id":6865,"href":"https:\/\/www.vap-camping.fr\/de\/wp-json\/wp\/v2\/lieux\/3886\/revisions\/6865"}],"acf:post":[{"embeddable":true,"href":"https:\/\/www.vap-camping.fr\/de\/wp-json\/wp\/v2\/campings\/101"}],"wp:featuredmedia":[{"embeddable":true,"href":"https:\/\/www.vap-camping.fr\/de\/wp-json\/wp\/v2\/media\/4361"}],"wp:attachment":[{"href":"https:\/\/www.vap-camping.fr\/de\/wp-json\/wp\/v2\/media?parent=3886"}],"wp:term":[{"taxonomy":"tax-category-lieux","embeddable":true,"href":"https:\/\/www.vap-camping.fr\/de\/wp-json\/wp\/v2\/tax-category-lieux?post=3886"}],"curies":[{"name":"wp","href":"https:\/\/api.w.org\/{rel}","templated":true}]}}

<div class="wp-block-group alignfull is-layout-flow wp-block-group-is-layout-flow">
<div class="wp-block-group has-global-padding is-layout-constrained wp-block-group-is-layout-constrained">
<div class="wp-block-columns alignfull are-vertically-aligned-center m-ti is-layout-flex wp-container-core-columns-is-layout-0c0b91ec wp-block-columns-is-layout-flex">
<div class="wp-block-column is-vertically-aligned-center m-ti-text is-layout-flow wp-container-core-column-is-layout-58dbe9e9 wp-block-column-is-layout-flow" style="padding-left:10rem;flex-basis:40%">
<div class="wp-block-group is-style-title-left is-layout-flow wp-block-group-is-layout-flow is-style-title-left--1">
<p class="has-secondary-color has-text-color has-link-color has-secondary-font-family has-xl-font-size wp-elements-68b842cf259c3ede78171da43c2992ee">Karmel</p>



<p class="has-primary-color has-text-color has-link-color has-primary-font-family has-sm-font-size wp-elements-c539e4902c3b35d541d7bf3361f264a6" style="text-transform:uppercase"><strong>ORT DER ZEITGENÖSSISCHEN KUNST UND DES KULTURERBES</strong></p>
</div>



<h1 class="wp-block-heading text-title"><em>Ein Raum in Pamiers, der der zeitgenössischen Kunst und der Geschichte dieses bemerkenswerten Klosters aus dem XVIIᵉ Jahrhundert gewidmet ist.</em></h1>



<p class="has-m-font-size" style="padding-left:2rem">Der Karmel von Pamiers, ein ehemaliges Karmeliterkloster, das 1648 gegründet wurde, ist heute ein lebendiger und kostenloser Ausstellungsort. Es befindet sich auf dem Place du Mercadal und bietet der Öffentlichkeit die Möglichkeit, verschiedene Ausstellungen in einem ruhigen historischen Rahmen zu sehen. Das Gebäude wurde sorgfältig restauriert und beherbergt einen Kreuzgang, eine Kapelle und Ausstellungsräume, die das religiöse Erbe mit modernen künstlerischen Angeboten verbinden.  </p>
</div>



<div class="wp-block-column is-vertically-aligned-center wp-block-image alignright size-large has-custom-border is-style-travel m-ti-image is-layout-flow wp-block-column-is-layout-flow is-style-travel--2" style="flex-basis:60%">
<figure class="wp-block-image alignright size-full"><img alt="" decoding="async" width="885" height="500" src="https://www.vap-camping.fr/wp-content/uploads/2025/09/image-2-1.jpeg" alt="" class="wp-image-4355" srcset="https://www.vap-camping.fr/wp-content/uploads/2025/09/image-2-1.jpeg 885w, https://www.vap-camping.fr/wp-content/uploads/2025/09/image-2-1-600x339.jpeg 600w, https://www.vap-camping.fr/wp-content/uploads/2025/09/image-2-1-768x434.jpeg 768w" sizes="(max-width: 885px) 100vw, 885px" /></figure>
</div>
</div>
</div>



<div class="wp-block-group has-global-padding is-layout-constrained wp-block-group-is-layout-constrained">
<div class="wp-block-columns alignfull are-vertically-aligned-center m-ti is-layout-flex wp-container-core-columns-is-layout-0c0b91ec wp-block-columns-is-layout-flex">
<div class="wp-block-column is-vertically-aligned-center wp-block-image alignright size-large has-custom-border is-style-simple-left m-ti-image is-layout-flow wp-block-column-is-layout-flow is-style-simple-left--3" style="flex-basis:60%">
<figure class="wp-block-image alignleft size-large"><img alt="" decoding="async" width="1024" height="767" src="https://www.vap-camping.fr/wp-content/uploads/2025/05/AdobeStock_527710554-1024x767.jpeg" alt="" class="wp-image-1324" srcset="https://www.vap-camping.fr/wp-content/uploads/2025/05/AdobeStock_527710554-1024x767.jpeg 1024w, https://www.vap-camping.fr/wp-content/uploads/2025/05/AdobeStock_527710554-600x450.jpeg 600w, https://www.vap-camping.fr/wp-content/uploads/2025/05/AdobeStock_527710554-768x576.jpeg 768w, https://www.vap-camping.fr/wp-content/uploads/2025/05/AdobeStock_527710554-1536x1151.jpeg 1536w, https://www.vap-camping.fr/wp-content/uploads/2025/05/AdobeStock_527710554-2048x1535.jpeg 2048w" sizes="(max-width: 1024px) 100vw, 1024px" /></figure>
</div>



<div class="wp-block-column is-vertically-aligned-center m-ti-text is-layout-flow wp-container-core-column-is-layout-58dbe9e9 wp-block-column-is-layout-flow" style="padding-left:10rem;flex-basis:40%">
<div class="wp-block-group is-style-title-left is-layout-flow wp-block-group-is-layout-flow is-style-title-left--4">
<p class="has-secondary-color has-text-color has-link-color has-secondary-font-family has-xl-font-size wp-elements-636829cbd4477acca54d09983274d41d">Eine Kulturreise</p>



<p class="has-primary-color has-text-color has-link-color has-primary-font-family has-sm-font-size wp-elements-1efc7df4e6c01cc2dc254862c7b7e1a9" style="text-transform:uppercase"><strong>ZUGÄNGLICH UND OFFEN FÜR ALLE</strong></p>
</div>



<h1 class="wp-block-heading text-title"><em>Kostenlose Ausstellungen, angepasste Öffnungszeiten: Der Karmel fördert die gemeinsame Nutzung von Kultur ohne Barrieren.</em></h1>



<p class="has-m-font-size" style="padding-left:2rem">Das Karmeliterkloster ist das ganze Jahr über von Dienstag bis Freitag nachmittags sowie samstags vormittags und nachmittags geöffnet und beherbergt Ausstellungen, Aufführungen und kulturelle Veranstaltungen, die für alle zugänglich sind. Der Eintritt ist frei, was zu spontanen Entdeckungen einlädt. Neue Räume, neu gestaltete Gärten, eine Buchhandlung und ein Laden bereichern die Erfahrung des Besuchers, indem sie Orte der Ruhe und des Flanierens bieten.    </p>



<p>Um weitere Informationen zu erhalten und Ihren Besuch zu organisieren, klicken Sie bitte auf diesen Link: <a href="https://www.ariegepyrenees.com/patrimoine-culturel/le-carmel-ancien-couvent/"><mark style="background-color:rgba(0, 0, 0, 0)" class="has-inline-color has-secondary-color">https://www.ariegepyrenees.com/patrimoine-culturel/le-carmel-ancien-couvent/</mark></a> .</p>
</div>
</div>



<div class="wp-block-columns alignfull are-vertically-aligned-center m-ti is-layout-flex wp-container-core-columns-is-layout-0c0b91ec wp-block-columns-is-layout-flex">
<div class="wp-block-column is-vertically-aligned-center m-ti-text is-layout-flow wp-container-core-column-is-layout-58dbe9e9 wp-block-column-is-layout-flow" style="padding-left:10rem;flex-basis:40%">
<div class="wp-block-group is-style-title-left is-layout-flow wp-block-group-is-layout-flow is-style-title-left--5">
<p class="has-secondary-color has-text-color has-link-color has-secondary-font-family has-xl-font-size wp-elements-dc7c65517b597a6aa4ba80fbf74afac1">EIN HISTORISCHES DENKMAL</p>



<p class="has-primary-color has-text-color has-link-color has-primary-font-family has-sm-font-size wp-elements-a8b9f7a36d64f74d04f12c59372856d3" style="text-transform:uppercase"><strong>UMGEWANDELT IN EINEN RAUM DES AUSDRUCKS</strong></p>
</div>



<h1 class="wp-block-heading text-title"><em>Das ehemalige Karmeliterkloster wird als Plattform für Kreativität und zeitgenössische Kunst in Pamiers wiedergeboren.</em></h1>



<p class="has-m-font-size" style="padding-left:2rem">Nach der Schließung der religiösen Gemeinschaft im Jahr 2008 erweckte die Stadt Pamiers dieses Kulturerbe zu neuem Leben, indem sie die Gebäude renovierte: Küchen, Vorratsräume und große Räume wurden restauriert und beherbergen nun Künstler in Residenz, zeitgenössische Ausstellungen und visuelle Kreationen. Der Kreuzgang, die Kapelle, der Turm des Bischofs und die Hinweise auf eine spirituelle Architektur bieten eine einzigartige Kulisse für die ausgestellten Werke, die religiöses Erbe, historische Struktur und künstlerischen Ausdruck miteinander verbinden. </p>
</div>



<div class="wp-block-column is-vertically-aligned-center wp-block-image alignright size-large has-custom-border is-style-simple-left m-ti-image is-layout-flow wp-block-column-is-layout-flow is-style-simple-left--6" style="flex-basis:60%">
<figure class="wp-block-image alignleft size-full is-resized"><img alt="" decoding="async" width="1200" height="800" src="https://www.vap-camping.fr/wp-content/uploads/2025/09/image-1-1.jpeg" alt="" class="wp-image-4359" style="width:473px;height:auto" srcset="https://www.vap-camping.fr/wp-content/uploads/2025/09/image-1-1.jpeg 1200w, https://www.vap-camping.fr/wp-content/uploads/2025/09/image-1-1-600x400.jpeg 600w, https://www.vap-camping.fr/wp-content/uploads/2025/09/image-1-1-1024x683.jpeg 1024w, https://www.vap-camping.fr/wp-content/uploads/2025/09/image-1-1-768x512.jpeg 768w" sizes="(max-width: 1200px) 100vw, 1200px" /></figure>
</div>
</div>
</div>



<div class="wp-block-group has-global-padding is-layout-constrained wp-block-group-is-layout-constrained">
<div class="wp-block-group alignwide is-style-title-simple is-layout-flow wp-block-group-is-layout-flow is-style-title-simple--7" style="margin-top:4rem;margin-bottom:4rem">
<p class="has-text-align-center has-secondary-color has-text-color has-link-color has-secondary-font-family has-xl-font-size wp-elements-556809578379f13a67076d882d7982ec">Unsere Einrichtungen</p>



<p class="has-text-align-center has-primary-font-family has-sm-font-size" style="text-transform:uppercase"><strong>in der Nähe</strong></p>
</div>


<div class="campings-wrapper is-layout-flow wp-block-slider-campings-is-layout-flow">
            <div class="campings-list">
                            <div class="camping-item"
                    style="background-image: linear-gradient(to top, rgba(0, 0, 0, 0.6), transparent), url('https://www.vap-camping.fr/wp-content/uploads/2025/07/dji_0589-2-1024x767.jpg');">
                    <a href="https://www.vap-camping.fr/de/campings/camping-la-bastide/" title="Campingplatz la Bastide(Mazères)" class="camping-link">
                        <p class="title">Campingplatz la Bastide(Mazères)</p>
                        <p class="camping-button">Entdecken</p>
                    </a>
                </div>
                    </div>
    </div>

</div>
</div>
