{"id":3910,"date":"2025-09-24T12:19:59","date_gmt":"2025-09-24T12:19:59","guid":{"rendered":"https:\/\/www.vap-camping.fr\/lieux\/musee-ardouin-mazeres\/"},"modified":"2026-01-30T01:44:55","modified_gmt":"2026-01-30T01:44:55","slug":"musee-ardouin-mazeres","status":"publish","type":"lieux","link":"https:\/\/www.vap-camping.fr\/de\/lieux\/musee-ardouin-mazeres\/","title":{"rendered":"Ardouin-Museum (Maz\u00e8res)"},"content":{"rendered":"\n<div class=\"wp-block-group alignfull is-layout-flow wp-block-group-is-layout-flow\">\n<div class=\"wp-block-group has-global-padding is-layout-constrained wp-block-group-is-layout-constrained\">\n<div class=\"wp-block-columns alignfull are-vertically-aligned-center m-ti is-layout-flex wp-container-core-columns-is-layout-0c0b91ec wp-block-columns-is-layout-flex\">\n<div class=\"wp-block-column is-vertically-aligned-center m-ti-text is-layout-flow wp-container-core-column-is-layout-58dbe9e9 wp-block-column-is-layout-flow\" style=\"padding-left:10rem;flex-basis:40%\">\n<div class=\"wp-block-group is-style-title-left is-layout-flow wp-block-group-is-layout-flow is-style-title-left--1\">\n<p class=\"has-secondary-color has-text-color has-link-color has-secondary-font-family has-xl-font-size wp-elements-153904bd6461add80d0f874566b23a2d\">Eine Reise<\/p>\n\n\n\n<p class=\"has-primary-color has-text-color has-link-color has-primary-font-family has-sm-font-size wp-elements-f6bae51aab50d3f3eb41445c46c01ca3\" style=\"text-transform:uppercase\"><strong>In der Zeit<\/strong><\/p>\n<\/div>\n\n\n\n<h1 class=\"wp-block-heading text-title\"><em>Ein Museum in Maz\u00e8res, das die Geschichte vom Neolithikum bis zum alten S\u00fcdgallien erz\u00e4hlt<\/em>!<\/h1>\n\n\n\n<p class=\"has-m-font-size\" style=\"padding-left:2rem\">Das Museum befindet sich im sch\u00f6nen H\u00f4tel particulier Ardouin, 2 Minuten vom Campingplatz La Bastide entfernt, und wurde 1580 erbaut. Es zeigt eine reiche Sammlung, die von der Jungsteinzeit bis zur westgotischen und fr\u00e4nkischen Epoche reicht.  <br\/>Die geschichtstr\u00e4chtigen Mauern beherbergen die Dauerausstellung Barbares en Gaule du Sud, die die \u00dcberreste der merowingischen Nekropole von B\u00e9nazet zeigt: Grabbeigaben, G\u00fcrtelschnallen, Waffen, Zeugnisse einer reichen und st\u00fcrmischen Vergangenheit.<br\/>Das Museum l\u00e4dt Gro\u00df und Klein ein, &#8220;Lehrling-Arch\u00e4ologe&#8221; zu werden &#8211; eine immersive und bereichernde Erfahrung, um die Wurzeln von Maz\u00e8res und der Ari\u00e8ge zu verstehen.<br\/><\/p>\n<\/div>\n\n\n\n<div class=\"wp-block-column is-vertically-aligned-center wp-block-image alignright size-large has-custom-border is-style-travel m-ti-image is-layout-flow wp-block-column-is-layout-flow is-style-travel--2\" style=\"flex-basis:60%\">\n<figure class=\"wp-block-image alignright size-full\"><img decoding=\"async\" width=\"1024\" height=\"552\" src=\"https:\/\/www.vap-camping.fr\/wp-content\/uploads\/2025\/09\/image-6.jpeg\" alt=\"Museum Ardouin maz&#xE8;res\" class=\"wp-image-4692\" srcset=\"https:\/\/www.vap-camping.fr\/wp-content\/uploads\/2025\/09\/image-6.jpeg 1024w, https:\/\/www.vap-camping.fr\/wp-content\/uploads\/2025\/09\/image-6-600x323.jpeg 600w, https:\/\/www.vap-camping.fr\/wp-content\/uploads\/2025\/09\/image-6-768x414.jpeg 768w\" sizes=\"(max-width: 1024px) 100vw, 1024px\" \/><\/figure>\n<\/div>\n<\/div>\n<\/div>\n\n\n\n<div class=\"wp-block-group has-global-padding is-layout-constrained wp-block-group-is-layout-constrained\">\n<div class=\"wp-block-columns alignfull are-vertically-aligned-center m-ti is-layout-flex wp-container-core-columns-is-layout-0c0b91ec wp-block-columns-is-layout-flex\">\n<div class=\"wp-block-column is-vertically-aligned-center wp-block-image alignright size-large has-custom-border is-style-simple-left m-ti-image is-layout-flow wp-block-column-is-layout-flow is-style-simple-left--3\" style=\"flex-basis:60%\">\n<figure class=\"wp-block-image alignleft size-full\"><img decoding=\"async\" width=\"1200\" height=\"773\" src=\"https:\/\/www.vap-camping.fr\/wp-content\/uploads\/2025\/09\/image-5.jpeg\" alt=\"Ardouin-Museum in Maz&#xE8;res Ari&#xE8;ge\" class=\"wp-image-4696\" srcset=\"https:\/\/www.vap-camping.fr\/wp-content\/uploads\/2025\/09\/image-5.jpeg 1200w, https:\/\/www.vap-camping.fr\/wp-content\/uploads\/2025\/09\/image-5-600x387.jpeg 600w, https:\/\/www.vap-camping.fr\/wp-content\/uploads\/2025\/09\/image-5-1024x660.jpeg 1024w, https:\/\/www.vap-camping.fr\/wp-content\/uploads\/2025\/09\/image-5-768x495.jpeg 768w\" sizes=\"(max-width: 1200px) 100vw, 1200px\" \/><\/figure>\n<\/div>\n\n\n\n<div class=\"wp-block-column is-vertically-aligned-center m-ti-text is-layout-flow wp-container-core-column-is-layout-58dbe9e9 wp-block-column-is-layout-flow\" style=\"padding-left:10rem;flex-basis:40%\">\n<div class=\"wp-block-group is-style-title-left is-layout-flow wp-block-group-is-layout-flow is-style-title-left--4\">\n<p class=\"has-secondary-color has-text-color has-link-color has-secondary-font-family has-xl-font-size wp-elements-7310aed2ecad360b150d7140987ee97b\">Ein Besuch  <\/p>\n\n\n\n<p class=\"has-primary-color has-text-color has-link-color has-primary-font-family has-sm-font-size wp-elements-7b9bd377396c327746de36006058d7ea\" style=\"text-transform:uppercase\"><strong>interessante F\u00fchrung<\/strong><\/p>\n<\/div>\n\n\n\n<h1 class=\"wp-block-heading text-title\">Tauchen Sie ein in die Geschichte von Maz\u00e8res mit unseren F\u00fchrungen und Workshops, f\u00fcr kleine und gro\u00dfe Arch\u00e4ologie-Fans.<\/h1>\n\n\n\n<p class=\"has-m-font-size\" style=\"padding-left:2rem\">Das Mus\u00e9e d&#8217;Ardouin bietet F\u00fchrungen (individuell oder in Gruppen) an, um die Entdeckung zu vertiefen: Mittelalterliche Gegenst\u00e4nde, Alltagsgegenst\u00e4nde, arch\u00e4ologische Artefakte &#8211; jeder Besuch erm\u00f6glicht es, das Leben der Bewohner von gestern nachzuvollziehen.  <br\/>Manchmal werden Workshops und p\u00e4dagogische Veranstaltungen organisiert &#8211; ideal f\u00fcr Familien und Geschichtsinteressierte &#8211; um die Entwicklung der Region, den Pastellanbau, die antiken Begr\u00e4bnisriten und das lokale Handwerk besser zu verstehen.  <br\/>Es ist eine sch\u00f6ne Art und Weise, die Geschichte von Maz\u00e8res mit einem aufgekl\u00e4rten Blick zu erleben, von der Arch\u00e4ologie bis zum traditionellen Handwerk.  <\/p>\n\n\n\n<p>F\u00fcr weitere Informationen \u00fcber die F\u00fchrung, um Ihren Besuch zu organisieren, besuchen Sie diesen Link und buchen Sie: <a href=\"https:\/\/www.ville-mazeres.fr\/musee-d-ardouin\/\"><mark style=\"background-color:rgba(0, 0, 0, 0)\" class=\"has-inline-color has-secondary-color\">https:\/\/www.ville-mazeres.fr\/musee-d-ardouin\/<\/mark><\/a>.<\/p>\n<\/div>\n<\/div>\n<\/div>\n\n\n\n<div class=\"wp-block-group has-global-padding is-layout-constrained wp-block-group-is-layout-constrained\">\n<div class=\"wp-block-columns alignfull are-vertically-aligned-center m-ti is-layout-flex wp-container-core-columns-is-layout-0c0b91ec wp-block-columns-is-layout-flex\">\n<div class=\"wp-block-column is-vertically-aligned-center m-ti-text is-layout-flow wp-container-core-column-is-layout-58dbe9e9 wp-block-column-is-layout-flow\" style=\"padding-left:10rem;flex-basis:40%\">\n<div class=\"wp-block-group is-style-title-left is-layout-flow wp-block-group-is-layout-flow is-style-title-left--5\">\n<p class=\"has-secondary-color has-text-color has-link-color has-secondary-font-family has-xl-font-size wp-elements-10c55217ebe77b6732ff330d15a09513\">Wie<\/p>\n\n\n\n<p class=\"has-primary-color has-text-color has-link-color has-primary-font-family has-sm-font-size wp-elements-92f2c4482735e1b657183a4cdfe32a68\" style=\"text-transform:uppercase\"><strong>Anfahrt vom Campingplatz<\/strong><\/p>\n<\/div>\n\n\n\n<h1 class=\"wp-block-heading text-title\"><em>Vom Campingplatz La Bastide aus erreichen Sie das Mus\u00e9e d&#8217;Ardouin zu Fu\u00df, mit dem Fahrrad oder dem Auto in wenigen Minuten.<\/em><\/h1>\n\n\n\n<p class=\"has-m-font-size\" style=\"padding-left:2rem\">Vom Campingplatz La Bastide aus ist das Museum sehr leicht zu erreichen. Mit dem Auto befindet sich das Museum im Zentrum von Maz\u00e8res &#8211; nur wenige Minuten entfernt und Parkpl\u00e4tze sind vorhanden.<br\/>Mit dem Fahrrad oder zu Fu\u00df ben\u00f6tigen Sie etwa 5 bis 10 Minuten &#8211; ideal f\u00fcr einen ungezwungenen Kulturausflug. Nach einem kurzen Spaziergang sind es nur ein paar hundert Meter und Sie tauchen direkt in die Geschichte ein.<br\/>F\u00fcr den Zugang mit der Gruppe oder ohne Fahrzeug ist das Museum auch mit den regionalen \u00f6ffentlichen Verkehrsmitteln \u00fcber die Haltestelle Maz\u00e8res &#8211; Place erreichbar, die nur 3 Minuten zu Fu\u00df entfernt liegt.    <\/p>\n<\/div>\n\n\n\n<div class=\"wp-block-column is-vertically-aligned-center wp-block-image alignright size-large has-custom-border is-style-travel m-ti-image is-layout-flow wp-block-column-is-layout-flow is-style-travel--6\" style=\"flex-basis:60%\">\n<figure class=\"wp-block-image alignright size-large\"><img decoding=\"async\" width=\"1024\" height=\"767\" src=\"https:\/\/www.vap-camping.fr\/wp-content\/uploads\/2025\/04\/camping-mazeres-sky-view-1024x767.jpg\" alt=\"camping la bastide \" class=\"wp-image-4122\" srcset=\"https:\/\/www.vap-camping.fr\/wp-content\/uploads\/2025\/04\/camping-mazeres-sky-view-1024x767.jpg 1024w, https:\/\/www.vap-camping.fr\/wp-content\/uploads\/2025\/04\/camping-mazeres-sky-view-600x450.jpg 600w, https:\/\/www.vap-camping.fr\/wp-content\/uploads\/2025\/04\/camping-mazeres-sky-view-768x575.jpg 768w, https:\/\/www.vap-camping.fr\/wp-content\/uploads\/2025\/04\/camping-mazeres-sky-view-1536x1151.jpg 1536w, https:\/\/www.vap-camping.fr\/wp-content\/uploads\/2025\/04\/camping-mazeres-sky-view-2048x1534.jpg 2048w\" sizes=\"(max-width: 1024px) 100vw, 1024px\" \/><\/figure>\n<\/div>\n<\/div>\n<\/div>\n\n\n\n<div class=\"wp-block-group has-global-padding is-layout-constrained wp-block-group-is-layout-constrained\">\n<div class=\"wp-block-group alignwide is-style-title-simple is-layout-flow wp-block-group-is-layout-flow is-style-title-simple--7\" style=\"margin-top:4rem;margin-bottom:4rem\">\n<p class=\"has-text-align-center has-secondary-color has-text-color has-link-color has-secondary-font-family has-xl-font-size wp-elements-6210ae2fc0b16675b96ec73e7172d1e7\">Unsere Einrichtung  <\/p>\n\n\n\n<p class=\"has-text-align-center has-primary-font-family has-sm-font-size\" style=\"text-transform:uppercase\"><strong>in der N\u00e4he<\/strong><\/p>\n<\/div>\n\n\n<div class=\"campings-wrapper is-layout-flow wp-block-slider-campings-is-layout-flow\">\n            <div class=\"campings-list\">\n                            <div class=\"camping-item\"\n                    style=\"background-image: linear-gradient(to top, rgba(0, 0, 0, 0.6), transparent), url('https:\/\/www.vap-camping.fr\/wp-content\/uploads\/2025\/07\/dji_0589-2-1024x767.jpg');\">\n                    <a href=\"https:\/\/www.vap-camping.fr\/de\/campings\/camping-la-bastide\/\" title=\"Campingplatz la Bastide(Maz\u00e8res)\" class=\"camping-link\">\n                        <p class=\"title\">Campingplatz la Bastide(Maz\u00e8res)<\/p>\n                        <p class=\"camping-button\">Entdecken<\/p>\n                    <\/a>\n                <\/div>\n                    <\/div>\n    <\/div>\n\n<\/div>\n<\/div>\n","protected":false},"excerpt":{"rendered":"<p>Erkunden Sie das Mus\u00e9e d&#8217;Ardouin in Maz\u00e8res, eine fesselnde Reise ins Herz der Geschichte und Arch\u00e4ologie.<\/p>\n","protected":false},"author":1,"featured_media":4702,"parent":0,"template":"","format":"standard","tax-category-lieux":[50],"class_list":["post-3910","lieux","type-lieux","status-publish","format-standard","has-post-thumbnail","hentry","tax-category-lieux-aktivitaten"],"acf":{"latitude":"43.251549","longitude":"1.679964","distance":0.5,"pm_lieu_url":"","pm_lieu_phone":"","adresse":"","pm_lieu_title_short":"","af_camping":[101]},"_links":{"self":[{"href":"https:\/\/www.vap-camping.fr\/de\/wp-json\/wp\/v2\/lieux\/3910","targetHints":{"allow":["GET"]}}],"collection":[{"href":"https:\/\/www.vap-camping.fr\/de\/wp-json\/wp\/v2\/lieux"}],"about":[{"href":"https:\/\/www.vap-camping.fr\/de\/wp-json\/wp\/v2\/types\/lieux"}],"author":[{"embeddable":true,"href":"https:\/\/www.vap-camping.fr\/de\/wp-json\/wp\/v2\/users\/1"}],"version-history":[{"count":3,"href":"https:\/\/www.vap-camping.fr\/de\/wp-json\/wp\/v2\/lieux\/3910\/revisions"}],"predecessor-version":[{"id":6855,"href":"https:\/\/www.vap-camping.fr\/de\/wp-json\/wp\/v2\/lieux\/3910\/revisions\/6855"}],"acf:post":[{"embeddable":true,"href":"https:\/\/www.vap-camping.fr\/de\/wp-json\/wp\/v2\/campings\/101"}],"wp:featuredmedia":[{"embeddable":true,"href":"https:\/\/www.vap-camping.fr\/de\/wp-json\/wp\/v2\/media\/4702"}],"wp:attachment":[{"href":"https:\/\/www.vap-camping.fr\/de\/wp-json\/wp\/v2\/media?parent=3910"}],"wp:term":[{"taxonomy":"tax-category-lieux","embeddable":true,"href":"https:\/\/www.vap-camping.fr\/de\/wp-json\/wp\/v2\/tax-category-lieux?post=3910"}],"curies":[{"name":"wp","href":"https:\/\/api.w.org\/{rel}","templated":true}]}}

Ardouin-Museum (Mazères)

<div class="wp-block-group alignfull is-layout-flow wp-block-group-is-layout-flow">
<div class="wp-block-group has-global-padding is-layout-constrained wp-block-group-is-layout-constrained">
<div class="wp-block-columns alignfull are-vertically-aligned-center m-ti is-layout-flex wp-container-core-columns-is-layout-0c0b91ec wp-block-columns-is-layout-flex">
<div class="wp-block-column is-vertically-aligned-center m-ti-text is-layout-flow wp-container-core-column-is-layout-58dbe9e9 wp-block-column-is-layout-flow" style="padding-left:10rem;flex-basis:40%">
<div class="wp-block-group is-style-title-left is-layout-flow wp-block-group-is-layout-flow is-style-title-left--1">
<p class="has-secondary-color has-text-color has-link-color has-secondary-font-family has-xl-font-size wp-elements-153904bd6461add80d0f874566b23a2d">Eine Reise</p>



<p class="has-primary-color has-text-color has-link-color has-primary-font-family has-sm-font-size wp-elements-f6bae51aab50d3f3eb41445c46c01ca3" style="text-transform:uppercase"><strong>In der Zeit</strong></p>
</div>



<h1 class="wp-block-heading text-title"><em>Ein Museum in Mazères, das die Geschichte vom Neolithikum bis zum alten Südgallien erzählt</em>!</h1>



<p class="has-m-font-size" style="padding-left:2rem">Das Museum befindet sich im schönen Hôtel particulier Ardouin, 2 Minuten vom Campingplatz La Bastide entfernt, und wurde 1580 erbaut. Es zeigt eine reiche Sammlung, die von der Jungsteinzeit bis zur westgotischen und fränkischen Epoche reicht.  <br/>Die geschichtsträchtigen Mauern beherbergen die Dauerausstellung Barbares en Gaule du Sud, die die Überreste der merowingischen Nekropole von Bénazet zeigt: Grabbeigaben, Gürtelschnallen, Waffen, Zeugnisse einer reichen und stürmischen Vergangenheit.<br/>Das Museum lädt Groß und Klein ein, &#8220;Lehrling-Archäologe&#8221; zu werden &#8211; eine immersive und bereichernde Erfahrung, um die Wurzeln von Mazères und der Ariège zu verstehen.<br/></p>
</div>



<div class="wp-block-column is-vertically-aligned-center wp-block-image alignright size-large has-custom-border is-style-travel m-ti-image is-layout-flow wp-block-column-is-layout-flow is-style-travel--2" style="flex-basis:60%">
<figure class="wp-block-image alignright size-full"><img decoding="async" width="1024" height="552" src="https://www.vap-camping.fr/wp-content/uploads/2025/09/image-6.jpeg" alt="Museum Ardouin maz&#xE8;res" class="wp-image-4692" srcset="https://www.vap-camping.fr/wp-content/uploads/2025/09/image-6.jpeg 1024w, https://www.vap-camping.fr/wp-content/uploads/2025/09/image-6-600x323.jpeg 600w, https://www.vap-camping.fr/wp-content/uploads/2025/09/image-6-768x414.jpeg 768w" sizes="(max-width: 1024px) 100vw, 1024px" /></figure>
</div>
</div>
</div>



<div class="wp-block-group has-global-padding is-layout-constrained wp-block-group-is-layout-constrained">
<div class="wp-block-columns alignfull are-vertically-aligned-center m-ti is-layout-flex wp-container-core-columns-is-layout-0c0b91ec wp-block-columns-is-layout-flex">
<div class="wp-block-column is-vertically-aligned-center wp-block-image alignright size-large has-custom-border is-style-simple-left m-ti-image is-layout-flow wp-block-column-is-layout-flow is-style-simple-left--3" style="flex-basis:60%">
<figure class="wp-block-image alignleft size-full"><img decoding="async" width="1200" height="773" src="https://www.vap-camping.fr/wp-content/uploads/2025/09/image-5.jpeg" alt="Ardouin-Museum in Maz&#xE8;res Ari&#xE8;ge" class="wp-image-4696" srcset="https://www.vap-camping.fr/wp-content/uploads/2025/09/image-5.jpeg 1200w, https://www.vap-camping.fr/wp-content/uploads/2025/09/image-5-600x387.jpeg 600w, https://www.vap-camping.fr/wp-content/uploads/2025/09/image-5-1024x660.jpeg 1024w, https://www.vap-camping.fr/wp-content/uploads/2025/09/image-5-768x495.jpeg 768w" sizes="(max-width: 1200px) 100vw, 1200px" /></figure>
</div>



<div class="wp-block-column is-vertically-aligned-center m-ti-text is-layout-flow wp-container-core-column-is-layout-58dbe9e9 wp-block-column-is-layout-flow" style="padding-left:10rem;flex-basis:40%">
<div class="wp-block-group is-style-title-left is-layout-flow wp-block-group-is-layout-flow is-style-title-left--4">
<p class="has-secondary-color has-text-color has-link-color has-secondary-font-family has-xl-font-size wp-elements-7310aed2ecad360b150d7140987ee97b">Ein Besuch  </p>



<p class="has-primary-color has-text-color has-link-color has-primary-font-family has-sm-font-size wp-elements-7b9bd377396c327746de36006058d7ea" style="text-transform:uppercase"><strong>interessante Führung</strong></p>
</div>



<h1 class="wp-block-heading text-title">Tauchen Sie ein in die Geschichte von Mazères mit unseren Führungen und Workshops, für kleine und große Archäologie-Fans.</h1>



<p class="has-m-font-size" style="padding-left:2rem">Das Musée d&#8217;Ardouin bietet Führungen (individuell oder in Gruppen) an, um die Entdeckung zu vertiefen: Mittelalterliche Gegenstände, Alltagsgegenstände, archäologische Artefakte &#8211; jeder Besuch ermöglicht es, das Leben der Bewohner von gestern nachzuvollziehen.  <br/>Manchmal werden Workshops und pädagogische Veranstaltungen organisiert &#8211; ideal für Familien und Geschichtsinteressierte &#8211; um die Entwicklung der Region, den Pastellanbau, die antiken Begräbnisriten und das lokale Handwerk besser zu verstehen.  <br/>Es ist eine schöne Art und Weise, die Geschichte von Mazères mit einem aufgeklärten Blick zu erleben, von der Archäologie bis zum traditionellen Handwerk.  </p>



<p>Für weitere Informationen über die Führung, um Ihren Besuch zu organisieren, besuchen Sie diesen Link und buchen Sie: <a href="https://www.ville-mazeres.fr/musee-d-ardouin/"><mark style="background-color:rgba(0, 0, 0, 0)" class="has-inline-color has-secondary-color">https://www.ville-mazeres.fr/musee-d-ardouin/</mark></a>.</p>
</div>
</div>
</div>



<div class="wp-block-group has-global-padding is-layout-constrained wp-block-group-is-layout-constrained">
<div class="wp-block-columns alignfull are-vertically-aligned-center m-ti is-layout-flex wp-container-core-columns-is-layout-0c0b91ec wp-block-columns-is-layout-flex">
<div class="wp-block-column is-vertically-aligned-center m-ti-text is-layout-flow wp-container-core-column-is-layout-58dbe9e9 wp-block-column-is-layout-flow" style="padding-left:10rem;flex-basis:40%">
<div class="wp-block-group is-style-title-left is-layout-flow wp-block-group-is-layout-flow is-style-title-left--5">
<p class="has-secondary-color has-text-color has-link-color has-secondary-font-family has-xl-font-size wp-elements-10c55217ebe77b6732ff330d15a09513">Wie</p>



<p class="has-primary-color has-text-color has-link-color has-primary-font-family has-sm-font-size wp-elements-92f2c4482735e1b657183a4cdfe32a68" style="text-transform:uppercase"><strong>Anfahrt vom Campingplatz</strong></p>
</div>



<h1 class="wp-block-heading text-title"><em>Vom Campingplatz La Bastide aus erreichen Sie das Musée d&#8217;Ardouin zu Fuß, mit dem Fahrrad oder dem Auto in wenigen Minuten.</em></h1>



<p class="has-m-font-size" style="padding-left:2rem">Vom Campingplatz La Bastide aus ist das Museum sehr leicht zu erreichen. Mit dem Auto befindet sich das Museum im Zentrum von Mazères &#8211; nur wenige Minuten entfernt und Parkplätze sind vorhanden.<br/>Mit dem Fahrrad oder zu Fuß benötigen Sie etwa 5 bis 10 Minuten &#8211; ideal für einen ungezwungenen Kulturausflug. Nach einem kurzen Spaziergang sind es nur ein paar hundert Meter und Sie tauchen direkt in die Geschichte ein.<br/>Für den Zugang mit der Gruppe oder ohne Fahrzeug ist das Museum auch mit den regionalen öffentlichen Verkehrsmitteln über die Haltestelle Mazères &#8211; Place erreichbar, die nur 3 Minuten zu Fuß entfernt liegt.    </p>
</div>



<div class="wp-block-column is-vertically-aligned-center wp-block-image alignright size-large has-custom-border is-style-travel m-ti-image is-layout-flow wp-block-column-is-layout-flow is-style-travel--6" style="flex-basis:60%">
<figure class="wp-block-image alignright size-large"><img decoding="async" width="1024" height="767" src="https://www.vap-camping.fr/wp-content/uploads/2025/04/camping-mazeres-sky-view-1024x767.jpg" alt="camping la bastide " class="wp-image-4122" srcset="https://www.vap-camping.fr/wp-content/uploads/2025/04/camping-mazeres-sky-view-1024x767.jpg 1024w, https://www.vap-camping.fr/wp-content/uploads/2025/04/camping-mazeres-sky-view-600x450.jpg 600w, https://www.vap-camping.fr/wp-content/uploads/2025/04/camping-mazeres-sky-view-768x575.jpg 768w, https://www.vap-camping.fr/wp-content/uploads/2025/04/camping-mazeres-sky-view-1536x1151.jpg 1536w, https://www.vap-camping.fr/wp-content/uploads/2025/04/camping-mazeres-sky-view-2048x1534.jpg 2048w" sizes="(max-width: 1024px) 100vw, 1024px" /></figure>
</div>
</div>
</div>



<div class="wp-block-group has-global-padding is-layout-constrained wp-block-group-is-layout-constrained">
<div class="wp-block-group alignwide is-style-title-simple is-layout-flow wp-block-group-is-layout-flow is-style-title-simple--7" style="margin-top:4rem;margin-bottom:4rem">
<p class="has-text-align-center has-secondary-color has-text-color has-link-color has-secondary-font-family has-xl-font-size wp-elements-6210ae2fc0b16675b96ec73e7172d1e7">Unsere Einrichtung  </p>



<p class="has-text-align-center has-primary-font-family has-sm-font-size" style="text-transform:uppercase"><strong>in der Nähe</strong></p>
</div>


<div class="campings-wrapper is-layout-flow wp-block-slider-campings-is-layout-flow">
            <div class="campings-list">
                            <div class="camping-item"
                    style="background-image: linear-gradient(to top, rgba(0, 0, 0, 0.6), transparent), url('https://www.vap-camping.fr/wp-content/uploads/2025/07/dji_0589-2-1024x767.jpg');">
                    <a href="https://www.vap-camping.fr/de/campings/camping-la-bastide/" title="Campingplatz la Bastide(Mazères)" class="camping-link">
                        <p class="title">Campingplatz la Bastide(Mazères)</p>
                        <p class="camping-button">Entdecken</p>
                    </a>
                </div>
                    </div>
    </div>

</div>
</div>

<p>Erkunden Sie das Musée d&#8217;Ardouin in Mazères, eine fesselnde Reise ins Herz der Geschichte und Archäologie.</p>
