{"id":3929,"date":"2025-09-24T13:34:26","date_gmt":"2025-09-24T13:34:26","guid":{"rendered":"https:\/\/www.vap-camping.fr\/lieux\/musee-du-textile-et-du-peigne\/"},"modified":"2026-01-30T01:29:02","modified_gmt":"2026-01-30T01:29:02","slug":"musee-du-textile-et-du-peigne","status":"publish","type":"lieux","link":"https:\/\/www.vap-camping.fr\/de\/lieux\/musee-du-textile-et-du-peigne\/","title":{"rendered":"Textil- und Kamm-Museum"},"content":{"rendered":"\n<div class=\"wp-block-group alignfull is-layout-flow wp-block-group-is-layout-flow\">\n<div class=\"wp-block-group has-global-padding is-layout-constrained wp-block-group-is-layout-constrained\">\n<div class=\"wp-block-columns alignfull are-vertically-aligned-center m-ti is-layout-flex wp-container-core-columns-is-layout-0c0b91ec wp-block-columns-is-layout-flex\">\n<div class=\"wp-block-column is-vertically-aligned-center m-ti-text is-layout-flow wp-container-core-column-is-layout-58dbe9e9 wp-block-column-is-layout-flow\" style=\"padding-left:10rem;flex-basis:40%\">\n<div class=\"wp-block-group is-style-title-left is-layout-flow wp-block-group-is-layout-flow is-style-title-left--1\">\n<p class=\"has-secondary-color has-text-color has-link-color has-secondary-font-family has-xl-font-size wp-elements-120770338e4f0868b9b9d38e6d842188\">Weben<\/p>\n\n\n\n<p class=\"has-primary-color has-text-color has-link-color has-primary-font-family has-sm-font-size wp-elements-148bd0c45145bff8710b96eecaf88417\" style=\"text-transform:uppercase\"><strong>Die lebendige Vergangenheit<\/strong><\/p>\n<\/div>\n\n\n\n<h1 class=\"wp-block-heading text-title\"><em>Eine alte Fabrik wird als Museum wiederbelebt und erz\u00e4hlt von Jahrhunderten der Textilindustrie und des Hornhandwerks.<\/em><\/h1>\n\n\n\n<p class=\"has-m-font-size\" style=\"padding-left:2rem\">Das Textil- und Hornkamm-Museum ist in der alten Textilfabrik von Lavelanet untergebracht &#8211; der geerbten Manufaktur aus dem XIX\u1d49 Jahrhundert &#8211; und nimmt Sie mit auf eine Reise vom Mittelalter bis zu zeitgen\u00f6ssischen Techniken. Zwischen historischen Maschinen, Handwebst\u00fchlen, Kardieren, Spinnen, F\u00e4rben und Weben strahlt jeder Raum Authentizit\u00e4t aus. Sie k\u00f6nnen auch die traditionelle Herstellung von Hornk\u00e4mmen entdecken, die geduldig nach altem Wissen geformt werden. Es ist ein geschichtstr\u00e4chtiger Ort, an dem das industrielle Erbe der Ari\u00e8ge anhand von Gesten, Materialien und Objekten erz\u00e4hlt wird.     <\/p>\n<\/div>\n\n\n\n<div class=\"wp-block-column is-vertically-aligned-center wp-block-image alignright size-large has-custom-border is-style-travel m-ti-image is-layout-flow wp-block-column-is-layout-flow is-style-travel--2\" style=\"flex-basis:60%\">\n<figure class=\"wp-block-image alignright size-full\"><img decoding=\"async\" width=\"570\" height=\"380\" src=\"https:\/\/www.vap-camping.fr\/wp-content\/uploads\/2025\/09\/image-3.jpeg\" alt=\"Textilmuseum\" class=\"wp-image-3727\"\/><\/figure>\n<\/div>\n<\/div>\n<\/div>\n\n\n\n<div class=\"wp-block-group has-global-padding is-layout-constrained wp-block-group-is-layout-constrained\">\n<div class=\"wp-block-columns alignfull are-vertically-aligned-center m-ti is-layout-flex wp-container-core-columns-is-layout-0c0b91ec wp-block-columns-is-layout-flex\">\n<div class=\"wp-block-column is-vertically-aligned-center wp-block-image alignright size-large has-custom-border is-style-simple-left m-ti-image is-layout-flow wp-block-column-is-layout-flow is-style-simple-left--3\" style=\"flex-basis:60%\">\n<figure class=\"wp-block-image alignleft size-full\"><img decoding=\"async\" width=\"570\" height=\"380\" src=\"https:\/\/www.vap-camping.fr\/wp-content\/uploads\/2025\/09\/image-4.jpeg\" alt=\"Textilmuseum\" class=\"wp-image-3723\"\/><\/figure>\n<\/div>\n\n\n\n<div class=\"wp-block-column is-vertically-aligned-center m-ti-text is-layout-flow wp-container-core-column-is-layout-58dbe9e9 wp-block-column-is-layout-flow\" style=\"padding-left:10rem;flex-basis:40%\">\n<div class=\"wp-block-group is-style-title-left is-layout-flow wp-block-group-is-layout-flow is-style-title-left--4\">\n<p class=\"has-secondary-color has-text-color has-link-color has-secondary-font-family has-xl-font-size wp-elements-971716c231be9725b5c38751e4f10e8e\">Aktivit\u00e4ten und Eintauchen<\/p>\n\n\n\n<p class=\"has-primary-color has-text-color has-link-color has-primary-font-family has-sm-font-size wp-elements-2461c12fee9073712fe38b61165be603\" style=\"text-transform:uppercase\"><strong>Sehen, ber\u00fchren, verstehen<\/strong><\/p>\n<\/div>\n\n\n\n<h1 class=\"wp-block-heading text-title\"><em>Vorf\u00fchrungen, Workshops, alte Maschinen &#8211; ein lebendiges Museum f\u00fcr Gro\u00df und Klein.<\/em><\/h1>\n\n\n\n<p class=\"has-m-font-size\" style=\"padding-left:2rem\">Der Besuch im Textilmuseum kombiniert einen freien Rundgang mit kommentierten Momenten: Handspinnen, nat\u00fcrliches F\u00e4rben, Weben auf alten Webst\u00fchlen, Vorf\u00fchrung der Herstellung eines Hornkamms&#8230; Die Erkl\u00e4rungen, Videos und funktionierenden Maschinen lassen den Besucher in den Alltag der Arbeiter und Handwerker von fr\u00fcher eintauchen. F\u00fcr die j\u00fcngeren Besucher gibt es spielerische Animationen und praktische Workshops, die das Erlebnis noch lebendiger machen. Au\u00dferdem gibt es einen Laden mit lokalen Produkten, Wollkreationen, Horngegenst\u00e4nden und handgefertigten Souvenirs &#8211; perfekt, um ein kleines St\u00fcck Geschichte mit nach Hause zu nehmen.  <\/p>\n\n\n\n<p>F\u00fcr weitere Informationen \u00fcber das Museum und um Ihren Besuch zu planen: <a href=\"https:\/\/www.pyreneescathares.com\/offres\/musee-du-textile-et-du-peigne-en-corne-lavelanet-fr-4153167\/\"><mark style=\"background-color:rgba(0, 0, 0, 0)\" class=\"has-inline-color has-secondary-color\">https:\/\/www.pyreneescathares.com\/offres\/musee-du-textile-et-du-peigne-en-corne-lavelanet-fr-4153167\/<\/mark><\/a> .<\/p>\n<\/div>\n<\/div>\n<\/div>\n\n\n\n<div class=\"wp-block-group has-global-padding is-layout-constrained wp-block-group-is-layout-constrained\">\n<div class=\"wp-block-columns alignfull are-vertically-aligned-center m-ti is-layout-flex wp-container-core-columns-is-layout-0c0b91ec wp-block-columns-is-layout-flex\">\n<div class=\"wp-block-column is-vertically-aligned-center m-ti-text is-layout-flow wp-container-core-column-is-layout-58dbe9e9 wp-block-column-is-layout-flow\" style=\"padding-left:10rem;flex-basis:40%\">\n<div class=\"wp-block-group is-style-title-left is-layout-flow wp-block-group-is-layout-flow is-style-title-left--5\">\n<p class=\"has-secondary-color has-text-color has-link-color has-secondary-font-family has-xl-font-size wp-elements-933ea26c937ac1ecd7b71c9f631f11a1\">Wie Sie dorthin gelangen<\/p>\n\n\n\n<p class=\"has-primary-color has-text-color has-link-color has-primary-font-family has-sm-font-size wp-elements-bad5af002618b5f2f32ed8e81677693c\" style=\"text-transform:uppercase\"><strong>Unterwegs, nat\u00fcrlich<\/strong><\/p>\n<\/div>\n\n\n\n<h1 class=\"wp-block-heading text-title\"><em>Von Foix aus k\u00f6nnen Sie das Museum entdecken und gleichzeitig den Charme der Ari\u00e8ge genie\u00dfen.<\/em><\/h1>\n\n\n\n<p class=\"has-m-font-size\" style=\"padding-left:2rem\">Unterwegs k\u00f6nnen Sie die Landschaft der Ari\u00e9 bewundern, h\u00fcbsche, typische D\u00f6rfer entdecken und die einzigartige Atmosph\u00e4re der Region sp\u00fcren. Jeder Blick schweift \u00fcber gr\u00fcne H\u00fcgel, alte H\u00e4user und bl\u00fchende Felder &#8211; eine sch\u00f6ne Art, das Museumserlebnis schon vor der Ankunft zu beginnen. <\/p>\n<\/div>\n\n\n\n<div class=\"wp-block-column is-vertically-aligned-center wp-block-image alignright size-large has-custom-border is-style-travel m-ti-image is-layout-flow wp-block-column-is-layout-flow is-style-travel--6\" style=\"flex-basis:60%\">\n<figure class=\"wp-block-image alignright size-large\"><img decoding=\"async\" width=\"1024\" height=\"683\" src=\"https:\/\/www.vap-camping.fr\/wp-content\/uploads\/2025\/07\/location-mobil-home-toulouse-1024x683.webp\" alt=\"Mieten Sie ein Mobilheim in Toulouse.\" class=\"wp-image-2405\" srcset=\"https:\/\/www.vap-camping.fr\/wp-content\/uploads\/2025\/07\/location-mobil-home-toulouse-1024x683.webp 1024w, https:\/\/www.vap-camping.fr\/wp-content\/uploads\/2025\/07\/location-mobil-home-toulouse-600x400.webp 600w, https:\/\/www.vap-camping.fr\/wp-content\/uploads\/2025\/07\/location-mobil-home-toulouse-768x512.webp 768w, https:\/\/www.vap-camping.fr\/wp-content\/uploads\/2025\/07\/location-mobil-home-toulouse-1536x1024.webp 1536w, https:\/\/www.vap-camping.fr\/wp-content\/uploads\/2025\/07\/location-mobil-home-toulouse.webp 1920w\" sizes=\"(max-width: 1024px) 100vw, 1024px\" \/><\/figure>\n<\/div>\n<\/div>\n<\/div>\n\n\n\n<div class=\"wp-block-group has-global-padding is-layout-constrained wp-block-group-is-layout-constrained\">\n<div class=\"wp-block-group alignwide is-style-title-simple is-layout-flow wp-block-group-is-layout-flow is-style-title-simple--7\" style=\"margin-top:4rem;margin-bottom:4rem\">\n<p class=\"has-text-align-center has-secondary-color has-text-color has-link-color has-secondary-font-family has-xl-font-size wp-elements-556809578379f13a67076d882d7982ec\">Unsere Einrichtungen<\/p>\n\n\n\n<p class=\"has-text-align-center has-primary-font-family has-sm-font-size\" style=\"text-transform:uppercase\"><strong>In der N\u00e4he<\/strong><\/p>\n<\/div>\n\n\n<div class=\"campings-wrapper is-layout-flow wp-block-slider-campings-is-layout-flow\">\n            <div class=\"campings-list\">\n                            <div class=\"camping-item\"\n                    style=\"background-image: linear-gradient(to top, rgba(0, 0, 0, 0.6), transparent), url('https:\/\/www.vap-camping.fr\/wp-content\/uploads\/2025\/04\/camping-avec-piscine-1024x767.jpg');\">\n                    <a href=\"https:\/\/www.vap-camping.fr\/de\/campings\/camping-du-lac\/\" title=\"Campingplatz du lac(Foix)\" class=\"camping-link\">\n                        <p class=\"title\">Campingplatz du lac(Foix)<\/p>\n                        <p class=\"camping-button\">Entdecken<\/p>\n                    <\/a>\n                <\/div>\n                    <\/div>\n    <\/div>\n\n<\/div>\n<\/div>\n","protected":false},"excerpt":{"rendered":"<p>Von Foix aus k\u00f6nnen Sie das Museum entdecken und gleichzeitig den Charme der Ari\u00e8ge genie\u00dfen.<\/p>\n","protected":false},"author":1,"featured_media":3725,"parent":0,"template":"","format":"standard","tax-category-lieux":[50],"class_list":["post-3929","lieux","type-lieux","status-publish","format-standard","has-post-thumbnail","hentry","tax-category-lieux-aktivitaten"],"acf":{"latitude":"42.929993","longitude":"1.845384","distance":32,"pm_lieu_url":"https:\/\/www.museedutextileariege.fr","pm_lieu_phone":"","adresse":"","pm_lieu_title_short":"","af_camping":[22]},"_links":{"self":[{"href":"https:\/\/www.vap-camping.fr\/de\/wp-json\/wp\/v2\/lieux\/3929","targetHints":{"allow":["GET"]}}],"collection":[{"href":"https:\/\/www.vap-camping.fr\/de\/wp-json\/wp\/v2\/lieux"}],"about":[{"href":"https:\/\/www.vap-camping.fr\/de\/wp-json\/wp\/v2\/types\/lieux"}],"author":[{"embeddable":true,"href":"https:\/\/www.vap-camping.fr\/de\/wp-json\/wp\/v2\/users\/1"}],"version-history":[{"count":3,"href":"https:\/\/www.vap-camping.fr\/de\/wp-json\/wp\/v2\/lieux\/3929\/revisions"}],"predecessor-version":[{"id":6822,"href":"https:\/\/www.vap-camping.fr\/de\/wp-json\/wp\/v2\/lieux\/3929\/revisions\/6822"}],"acf:post":[{"embeddable":true,"href":"https:\/\/www.vap-camping.fr\/de\/wp-json\/wp\/v2\/campings\/22"}],"wp:featuredmedia":[{"embeddable":true,"href":"https:\/\/www.vap-camping.fr\/de\/wp-json\/wp\/v2\/media\/3725"}],"wp:attachment":[{"href":"https:\/\/www.vap-camping.fr\/de\/wp-json\/wp\/v2\/media?parent=3929"}],"wp:term":[{"taxonomy":"tax-category-lieux","embeddable":true,"href":"https:\/\/www.vap-camping.fr\/de\/wp-json\/wp\/v2\/tax-category-lieux?post=3929"}],"curies":[{"name":"wp","href":"https:\/\/api.w.org\/{rel}","templated":true}]}}

<div class="wp-block-group alignfull is-layout-flow wp-block-group-is-layout-flow">
<div class="wp-block-group has-global-padding is-layout-constrained wp-block-group-is-layout-constrained">
<div class="wp-block-columns alignfull are-vertically-aligned-center m-ti is-layout-flex wp-container-core-columns-is-layout-0c0b91ec wp-block-columns-is-layout-flex">
<div class="wp-block-column is-vertically-aligned-center m-ti-text is-layout-flow wp-container-core-column-is-layout-58dbe9e9 wp-block-column-is-layout-flow" style="padding-left:10rem;flex-basis:40%">
<div class="wp-block-group is-style-title-left is-layout-flow wp-block-group-is-layout-flow is-style-title-left--1">
<p class="has-secondary-color has-text-color has-link-color has-secondary-font-family has-xl-font-size wp-elements-120770338e4f0868b9b9d38e6d842188">Weben</p>



<p class="has-primary-color has-text-color has-link-color has-primary-font-family has-sm-font-size wp-elements-148bd0c45145bff8710b96eecaf88417" style="text-transform:uppercase"><strong>Die lebendige Vergangenheit</strong></p>
</div>



<h1 class="wp-block-heading text-title"><em>Eine alte Fabrik wird als Museum wiederbelebt und erzählt von Jahrhunderten der Textilindustrie und des Hornhandwerks.</em></h1>



<p class="has-m-font-size" style="padding-left:2rem">Das Textil- und Hornkamm-Museum ist in der alten Textilfabrik von Lavelanet untergebracht &#8211; der geerbten Manufaktur aus dem XIXᵉ Jahrhundert &#8211; und nimmt Sie mit auf eine Reise vom Mittelalter bis zu zeitgenössischen Techniken. Zwischen historischen Maschinen, Handwebstühlen, Kardieren, Spinnen, Färben und Weben strahlt jeder Raum Authentizität aus. Sie können auch die traditionelle Herstellung von Hornkämmen entdecken, die geduldig nach altem Wissen geformt werden. Es ist ein geschichtsträchtiger Ort, an dem das industrielle Erbe der Ariège anhand von Gesten, Materialien und Objekten erzählt wird.     </p>
</div>



<div class="wp-block-column is-vertically-aligned-center wp-block-image alignright size-large has-custom-border is-style-travel m-ti-image is-layout-flow wp-block-column-is-layout-flow is-style-travel--2" style="flex-basis:60%">
<figure class="wp-block-image alignright size-full"><img decoding="async" width="570" height="380" src="https://www.vap-camping.fr/wp-content/uploads/2025/09/image-3.jpeg" alt="Textilmuseum" class="wp-image-3727"/></figure>
</div>
</div>
</div>



<div class="wp-block-group has-global-padding is-layout-constrained wp-block-group-is-layout-constrained">
<div class="wp-block-columns alignfull are-vertically-aligned-center m-ti is-layout-flex wp-container-core-columns-is-layout-0c0b91ec wp-block-columns-is-layout-flex">
<div class="wp-block-column is-vertically-aligned-center wp-block-image alignright size-large has-custom-border is-style-simple-left m-ti-image is-layout-flow wp-block-column-is-layout-flow is-style-simple-left--3" style="flex-basis:60%">
<figure class="wp-block-image alignleft size-full"><img decoding="async" width="570" height="380" src="https://www.vap-camping.fr/wp-content/uploads/2025/09/image-4.jpeg" alt="Textilmuseum" class="wp-image-3723"/></figure>
</div>



<div class="wp-block-column is-vertically-aligned-center m-ti-text is-layout-flow wp-container-core-column-is-layout-58dbe9e9 wp-block-column-is-layout-flow" style="padding-left:10rem;flex-basis:40%">
<div class="wp-block-group is-style-title-left is-layout-flow wp-block-group-is-layout-flow is-style-title-left--4">
<p class="has-secondary-color has-text-color has-link-color has-secondary-font-family has-xl-font-size wp-elements-971716c231be9725b5c38751e4f10e8e">Aktivitäten und Eintauchen</p>



<p class="has-primary-color has-text-color has-link-color has-primary-font-family has-sm-font-size wp-elements-2461c12fee9073712fe38b61165be603" style="text-transform:uppercase"><strong>Sehen, berühren, verstehen</strong></p>
</div>



<h1 class="wp-block-heading text-title"><em>Vorführungen, Workshops, alte Maschinen &#8211; ein lebendiges Museum für Groß und Klein.</em></h1>



<p class="has-m-font-size" style="padding-left:2rem">Der Besuch im Textilmuseum kombiniert einen freien Rundgang mit kommentierten Momenten: Handspinnen, natürliches Färben, Weben auf alten Webstühlen, Vorführung der Herstellung eines Hornkamms&#8230; Die Erklärungen, Videos und funktionierenden Maschinen lassen den Besucher in den Alltag der Arbeiter und Handwerker von früher eintauchen. Für die jüngeren Besucher gibt es spielerische Animationen und praktische Workshops, die das Erlebnis noch lebendiger machen. Außerdem gibt es einen Laden mit lokalen Produkten, Wollkreationen, Horngegenständen und handgefertigten Souvenirs &#8211; perfekt, um ein kleines Stück Geschichte mit nach Hause zu nehmen.  </p>



<p>Für weitere Informationen über das Museum und um Ihren Besuch zu planen: <a href="https://www.pyreneescathares.com/offres/musee-du-textile-et-du-peigne-en-corne-lavelanet-fr-4153167/"><mark style="background-color:rgba(0, 0, 0, 0)" class="has-inline-color has-secondary-color">https://www.pyreneescathares.com/offres/musee-du-textile-et-du-peigne-en-corne-lavelanet-fr-4153167/</mark></a> .</p>
</div>
</div>
</div>



<div class="wp-block-group has-global-padding is-layout-constrained wp-block-group-is-layout-constrained">
<div class="wp-block-columns alignfull are-vertically-aligned-center m-ti is-layout-flex wp-container-core-columns-is-layout-0c0b91ec wp-block-columns-is-layout-flex">
<div class="wp-block-column is-vertically-aligned-center m-ti-text is-layout-flow wp-container-core-column-is-layout-58dbe9e9 wp-block-column-is-layout-flow" style="padding-left:10rem;flex-basis:40%">
<div class="wp-block-group is-style-title-left is-layout-flow wp-block-group-is-layout-flow is-style-title-left--5">
<p class="has-secondary-color has-text-color has-link-color has-secondary-font-family has-xl-font-size wp-elements-933ea26c937ac1ecd7b71c9f631f11a1">Wie Sie dorthin gelangen</p>



<p class="has-primary-color has-text-color has-link-color has-primary-font-family has-sm-font-size wp-elements-bad5af002618b5f2f32ed8e81677693c" style="text-transform:uppercase"><strong>Unterwegs, natürlich</strong></p>
</div>



<h1 class="wp-block-heading text-title"><em>Von Foix aus können Sie das Museum entdecken und gleichzeitig den Charme der Ariège genießen.</em></h1>



<p class="has-m-font-size" style="padding-left:2rem">Unterwegs können Sie die Landschaft der Arié bewundern, hübsche, typische Dörfer entdecken und die einzigartige Atmosphäre der Region spüren. Jeder Blick schweift über grüne Hügel, alte Häuser und blühende Felder &#8211; eine schöne Art, das Museumserlebnis schon vor der Ankunft zu beginnen. </p>
</div>



<div class="wp-block-column is-vertically-aligned-center wp-block-image alignright size-large has-custom-border is-style-travel m-ti-image is-layout-flow wp-block-column-is-layout-flow is-style-travel--6" style="flex-basis:60%">
<figure class="wp-block-image alignright size-large"><img decoding="async" width="1024" height="683" src="https://www.vap-camping.fr/wp-content/uploads/2025/07/location-mobil-home-toulouse-1024x683.webp" alt="Mieten Sie ein Mobilheim in Toulouse." class="wp-image-2405" srcset="https://www.vap-camping.fr/wp-content/uploads/2025/07/location-mobil-home-toulouse-1024x683.webp 1024w, https://www.vap-camping.fr/wp-content/uploads/2025/07/location-mobil-home-toulouse-600x400.webp 600w, https://www.vap-camping.fr/wp-content/uploads/2025/07/location-mobil-home-toulouse-768x512.webp 768w, https://www.vap-camping.fr/wp-content/uploads/2025/07/location-mobil-home-toulouse-1536x1024.webp 1536w, https://www.vap-camping.fr/wp-content/uploads/2025/07/location-mobil-home-toulouse.webp 1920w" sizes="(max-width: 1024px) 100vw, 1024px" /></figure>
</div>
</div>
</div>



<div class="wp-block-group has-global-padding is-layout-constrained wp-block-group-is-layout-constrained">
<div class="wp-block-group alignwide is-style-title-simple is-layout-flow wp-block-group-is-layout-flow is-style-title-simple--7" style="margin-top:4rem;margin-bottom:4rem">
<p class="has-text-align-center has-secondary-color has-text-color has-link-color has-secondary-font-family has-xl-font-size wp-elements-556809578379f13a67076d882d7982ec">Unsere Einrichtungen</p>



<p class="has-text-align-center has-primary-font-family has-sm-font-size" style="text-transform:uppercase"><strong>In der Nähe</strong></p>
</div>


<div class="campings-wrapper is-layout-flow wp-block-slider-campings-is-layout-flow">
            <div class="campings-list">
                            <div class="camping-item"
                    style="background-image: linear-gradient(to top, rgba(0, 0, 0, 0.6), transparent), url('https://www.vap-camping.fr/wp-content/uploads/2025/04/camping-avec-piscine-1024x767.jpg');">
                    <a href="https://www.vap-camping.fr/de/campings/camping-du-lac/" title="Campingplatz du lac(Foix)" class="camping-link">
                        <p class="title">Campingplatz du lac(Foix)</p>
                        <p class="camping-button">Entdecken</p>
                    </a>
                </div>
                    </div>
    </div>

</div>
</div>

<p>Von Foix aus können Sie das Museum entdecken und gleichzeitig den Charme der Ariège genießen.</p>
