{"id":3942,"date":"2025-09-25T09:33:20","date_gmt":"2025-09-25T09:33:20","guid":{"rendered":"https:\/\/www.vap-camping.fr\/lieux\/marche-de-foix\/"},"modified":"2026-02-05T08:49:49","modified_gmt":"2026-02-05T08:49:49","slug":"marche-de-foix","status":"publish","type":"lieux","link":"https:\/\/www.vap-camping.fr\/de\/lieux\/marche-de-foix\/","title":{"rendered":"Markt von foix"},"content":{"rendered":"\n<div class=\"wp-block-group alignfull is-layout-flow wp-block-group-is-layout-flow\">\n<div class=\"wp-block-group has-global-padding is-layout-constrained wp-block-group-is-layout-constrained\">\n<div class=\"wp-block-columns alignfull are-vertically-aligned-center m-ti is-layout-flex wp-container-core-columns-is-layout-0c0b91ec wp-block-columns-is-layout-flex\">\n<div class=\"wp-block-column is-vertically-aligned-center m-ti-text is-layout-flow wp-container-core-column-is-layout-58dbe9e9 wp-block-column-is-layout-flow\" style=\"padding-left:10rem;flex-basis:40%\">\n<div class=\"wp-block-group is-style-title-left is-layout-flow wp-block-group-is-layout-flow is-style-title-left--1\">\n<p class=\"has-secondary-color has-text-color has-link-color has-secondary-font-family has-xl-font-size wp-elements-d7daa156071c17b24e66c9b0fb461b01\">M\u00c4RKTE  <\/p>\n\n\n\n<p class=\"has-primary-color has-text-color has-link-color has-primary-font-family has-sm-font-size wp-elements-c9bb1b34475d1754dd1227fd213887a1\" style=\"text-transform:uppercase\"><strong>W\u00d6CHENTLICH IM HERZEN VON FOIX<\/strong><\/p>\n<\/div>\n\n\n\n<h1 class=\"wp-block-heading text-title\"><em>Jeden Dienstag und Freitag vibriert Foix in den Farben der M\u00e4rkte: Geschmack, Kunsthandwerk, lokale Atmosph\u00e4re.<\/em><\/h1>\n\n\n\n<p class=\"has-m-font-size\" style=\"padding-left:2rem\">Jeden Dienstag von 7.30 bis 13.30 Uhr findet der Lebensmittelmarkt in der Halle aux Grains statt. Nur lokale Erzeuger werden bevorzugt, um Frische und Authentizit\u00e4t zu garantieren &#8211; Wiederverkauf ist nur erlaubt, wenn ein lokales Produkt nicht verf\u00fcgbar ist. Dies ist die ideale Gelegenheit, Gem\u00fcse, Obst, K\u00e4se und andere Spezialit\u00e4ten aus der Region in einer freundlichen Atmosph\u00e4re zu entdecken.  <\/p>\n<\/div>\n\n\n\n<div class=\"wp-block-column is-vertically-aligned-center wp-block-image alignright size-large has-custom-border is-style-travel m-ti-image is-layout-flow wp-block-column-is-layout-flow is-style-travel--2\" style=\"flex-basis:60%\">\n<figure class=\"wp-block-image alignright size-large\"><img alt=\"march\u00e9 de foix\" decoding=\"async\" width=\"768\" height=\"1024\" src=\"https:\/\/www.vap-camping.fr\/wp-content\/uploads\/2025\/09\/img_0061-768x1024.jpeg\" alt=\"\" class=\"wp-image-3767\" srcset=\"https:\/\/www.vap-camping.fr\/wp-content\/uploads\/2025\/09\/img_0061-768x1024.jpeg 768w, https:\/\/www.vap-camping.fr\/wp-content\/uploads\/2025\/09\/img_0061-450x600.jpeg 450w, https:\/\/www.vap-camping.fr\/wp-content\/uploads\/2025\/09\/img_0061-1152x1536.jpeg 1152w, https:\/\/www.vap-camping.fr\/wp-content\/uploads\/2025\/09\/img_0061-1536x2048.jpeg 1536w, https:\/\/www.vap-camping.fr\/wp-content\/uploads\/2025\/09\/img_0061-scaled.jpeg 1920w\" sizes=\"(max-width: 768px) 100vw, 768px\" \/><\/figure>\n<\/div>\n<\/div>\n<\/div>\n\n\n\n<div class=\"wp-block-group has-global-padding is-layout-constrained wp-block-group-is-layout-constrained\">\n<div class=\"wp-block-columns alignfull are-vertically-aligned-center m-ti is-layout-flex wp-container-core-columns-is-layout-0c0b91ec wp-block-columns-is-layout-flex\">\n<div class=\"wp-block-column is-vertically-aligned-center wp-block-image alignright size-large has-custom-border is-style-simple-left m-ti-image is-layout-flow wp-block-column-is-layout-flow is-style-simple-left--3\" style=\"flex-basis:60%\">\n<figure class=\"wp-block-image alignleft size-large\"><img alt=\"\" decoding=\"async\" width=\"768\" height=\"1024\" src=\"https:\/\/www.vap-camping.fr\/wp-content\/uploads\/2025\/09\/img_0060-768x1024.jpeg\" alt=\"\" class=\"wp-image-3771\" srcset=\"https:\/\/www.vap-camping.fr\/wp-content\/uploads\/2025\/09\/img_0060-768x1024.jpeg 768w, https:\/\/www.vap-camping.fr\/wp-content\/uploads\/2025\/09\/img_0060-450x600.jpeg 450w, https:\/\/www.vap-camping.fr\/wp-content\/uploads\/2025\/09\/img_0060-1152x1536.jpeg 1152w, https:\/\/www.vap-camping.fr\/wp-content\/uploads\/2025\/09\/img_0060-1536x2048.jpeg 1536w, https:\/\/www.vap-camping.fr\/wp-content\/uploads\/2025\/09\/img_0060-scaled.jpeg 1920w\" sizes=\"(max-width: 768px) 100vw, 768px\" \/><\/figure>\n<\/div>\n\n\n\n<div class=\"wp-block-column is-vertically-aligned-center m-ti-text is-layout-flow wp-container-core-column-is-layout-58dbe9e9 wp-block-column-is-layout-flow\" style=\"padding-left:10rem;flex-basis:40%\">\n<div class=\"wp-block-group is-style-title-left is-layout-flow wp-block-group-is-layout-flow is-style-title-left--4\">\n<p class=\"has-secondary-color has-text-color has-link-color has-secondary-font-family has-xl-font-size wp-elements-b0f6364ccb0223786c8b359220dd074f\">Kunsthandwerk<\/p>\n\n\n\n<p class=\"has-primary-color has-text-color has-link-color has-primary-font-family has-sm-font-size wp-elements-ecc2b94d66469f730900c003e2dabaad\" style=\"text-transform:uppercase\"><strong>KUNSTHANDWERK, GASTRONOMIE UND LOKALE BEGEGNUNGEN<\/strong><\/p>\n<\/div>\n\n\n\n<h1 class=\"wp-block-heading text-title\"><em>Freitags in Foix: Raffiniertes Kunsthandwerk, lokale Gastronomie und eine ausgelassene Stimmung.<\/em><\/h1>\n\n\n\n<p class=\"has-m-font-size\" style=\"padding-left:2rem\">Jeden Freitag werden in den All\u00e9es de Villote, der Halle aux Grains, der Halle Saint-Volusien und dem Place Violet St\u00e4nde mit Kleidung, regionalen Produkten, Blumen, Dekor und Kunsthandwerk aufgebaut. Es ist ein Moment des Teilens und Entdeckens, in dem Einwohner und Besucher gleicherma\u00dfen flanieren, sich austauschen und die lokale Identit\u00e4t kennenlernen. <\/p>\n<\/div>\n<\/div>\n<\/div>\n\n\n\n<div class=\"wp-block-group has-global-padding is-layout-constrained wp-block-group-is-layout-constrained\">\n<div class=\"wp-block-columns alignfull are-vertically-aligned-center m-ti is-layout-flex wp-container-core-columns-is-layout-0c0b91ec wp-block-columns-is-layout-flex\">\n<div class=\"wp-block-column is-vertically-aligned-center m-ti-text is-layout-flow wp-container-core-column-is-layout-58dbe9e9 wp-block-column-is-layout-flow\" style=\"padding-left:10rem;flex-basis:40%\">\n<div class=\"wp-block-group is-style-title-left is-layout-flow wp-block-group-is-layout-flow is-style-title-left--5\">\n<p class=\"has-secondary-color has-text-color has-link-color has-secondary-font-family has-xl-font-size wp-elements-41e5342a307b81ce996bfa1a7d4b6ac1\">Eine Verabredung<\/p>\n\n\n\n<p class=\"has-primary-color has-text-color has-link-color has-primary-font-family has-sm-font-size wp-elements-3998c93a442599151d040dc7a6456f80\" style=\"text-transform:uppercase\"><strong>POPUL\u00c4RE VERANSTALTUNG, DIE SIE NICHT VERPASSEN SOLLTEN<\/strong><\/p>\n<\/div>\n\n\n\n<h1 class=\"wp-block-heading text-title\"><em>Der Markt von Foix verk\u00f6rpert die lokale Vitalit\u00e4t, den Geschmack der Region und die Freude an sozialen Kontakten.<\/em><\/h1>\n\n\n\n<p class=\"has-m-font-size\" style=\"padding-left:2rem\">Zwischen dem Gesang der St\u00e4nde, dem Duft von warmem Brot und reifem K\u00e4se und dem L\u00e4cheln der Erzeuger ist der Markt mehr als nur ein Ort zum Einkaufen: er ist ein Moment des Lebens. Ob Sie nun einen Strau\u00df oder eine frische Zutat suchen oder einfach nur einen Spaziergang machen m\u00f6chten, diese M\u00e4rkte sind Teil der Seele von Foix.   <\/p>\n<\/div>\n\n\n\n<div class=\"wp-block-column is-vertically-aligned-center wp-block-image alignright size-large has-custom-border is-style-travel m-ti-image is-layout-flow wp-block-column-is-layout-flow is-style-travel--6\" style=\"flex-basis:60%\">\n<figure class=\"wp-block-image alignright size-large\"><img alt=\"\" decoding=\"async\" width=\"768\" height=\"1024\" src=\"https:\/\/www.vap-camping.fr\/wp-content\/uploads\/2025\/09\/img_0053-768x1024.jpeg\" alt=\"\" class=\"wp-image-3775\" srcset=\"https:\/\/www.vap-camping.fr\/wp-content\/uploads\/2025\/09\/img_0053-768x1024.jpeg 768w, https:\/\/www.vap-camping.fr\/wp-content\/uploads\/2025\/09\/img_0053-450x600.jpeg 450w, https:\/\/www.vap-camping.fr\/wp-content\/uploads\/2025\/09\/img_0053-1152x1536.jpeg 1152w, https:\/\/www.vap-camping.fr\/wp-content\/uploads\/2025\/09\/img_0053-1536x2048.jpeg 1536w, https:\/\/www.vap-camping.fr\/wp-content\/uploads\/2025\/09\/img_0053-scaled.jpeg 1920w\" sizes=\"(max-width: 768px) 100vw, 768px\" \/><\/figure>\n<\/div>\n<\/div>\n<\/div>\n\n\n\n<div class=\"wp-block-group has-global-padding is-layout-constrained wp-block-group-is-layout-constrained\">\n<div class=\"wp-block-group alignwide is-style-title-simple is-layout-flow wp-block-group-is-layout-flow is-style-title-simple--7\" style=\"margin-top:4rem;margin-bottom:4rem\">\n<p class=\"has-text-align-center has-secondary-color has-text-color has-link-color has-secondary-font-family has-xl-font-size wp-elements-556809578379f13a67076d882d7982ec\">Unsere Einrichtungen<\/p>\n\n\n\n<p class=\"has-text-align-center has-primary-font-family has-sm-font-size\" style=\"text-transform:uppercase\"><strong>a Promit\u00e9<\/strong><\/p>\n<\/div>\n\n\n<div class=\"campings-wrapper is-layout-flow wp-block-slider-campings-is-layout-flow\">\n            <div class=\"campings-list\">\n                            <div class=\"camping-item\"\n                    style=\"background-image: linear-gradient(to top, rgba(0, 0, 0, 0.6), transparent), url('https:\/\/www.vap-camping.fr\/wp-content\/uploads\/2025\/04\/camping-avec-piscine-1024x767.jpg');\">\n                    <a href=\"https:\/\/www.vap-camping.fr\/de\/campings\/camping-du-lac\/\" title=\"Campingplatz du lac(Foix)\" class=\"camping-link\">\n                        <p class=\"title\">Campingplatz du lac(Foix)<\/p>\n                        <p class=\"camping-button\">Entdecken<\/p>\n                    <\/a>\n                <\/div>\n                    <\/div>\n    <\/div>\n\n<\/div>\n<\/div>\n","protected":false},"excerpt":{"rendered":"<p>Markt in Foix<\/p>\n","protected":false},"author":1,"featured_media":3757,"parent":0,"template":"","format":"standard","tax-category-lieux":[57],"class_list":["post-3942","lieux","type-lieux","status-publish","format-standard","has-post-thumbnail","hentry","tax-category-lieux-fest-und-veranstaltung"],"acf":{"latitude":"42.963573","longitude":"1.607305","distance":3,"pm_lieu_url":"","pm_lieu_phone":"","adresse":"","pm_lieu_title_short":"","af_camping":[22]},"_links":{"self":[{"href":"https:\/\/www.vap-camping.fr\/de\/wp-json\/wp\/v2\/lieux\/3942","targetHints":{"allow":["GET"]}}],"collection":[{"href":"https:\/\/www.vap-camping.fr\/de\/wp-json\/wp\/v2\/lieux"}],"about":[{"href":"https:\/\/www.vap-camping.fr\/de\/wp-json\/wp\/v2\/types\/lieux"}],"author":[{"embeddable":true,"href":"https:\/\/www.vap-camping.fr\/de\/wp-json\/wp\/v2\/users\/1"}],"version-history":[{"count":3,"href":"https:\/\/www.vap-camping.fr\/de\/wp-json\/wp\/v2\/lieux\/3942\/revisions"}],"predecessor-version":[{"id":6926,"href":"https:\/\/www.vap-camping.fr\/de\/wp-json\/wp\/v2\/lieux\/3942\/revisions\/6926"}],"acf:post":[{"embeddable":true,"href":"https:\/\/www.vap-camping.fr\/de\/wp-json\/wp\/v2\/campings\/22"}],"wp:featuredmedia":[{"embeddable":true,"href":"https:\/\/www.vap-camping.fr\/de\/wp-json\/wp\/v2\/media\/3757"}],"wp:attachment":[{"href":"https:\/\/www.vap-camping.fr\/de\/wp-json\/wp\/v2\/media?parent=3942"}],"wp:term":[{"taxonomy":"tax-category-lieux","embeddable":true,"href":"https:\/\/www.vap-camping.fr\/de\/wp-json\/wp\/v2\/tax-category-lieux?post=3942"}],"curies":[{"name":"wp","href":"https:\/\/api.w.org\/{rel}","templated":true}]}}

<div class="wp-block-group alignfull is-layout-flow wp-block-group-is-layout-flow">
<div class="wp-block-group has-global-padding is-layout-constrained wp-block-group-is-layout-constrained">
<div class="wp-block-columns alignfull are-vertically-aligned-center m-ti is-layout-flex wp-container-core-columns-is-layout-0c0b91ec wp-block-columns-is-layout-flex">
<div class="wp-block-column is-vertically-aligned-center m-ti-text is-layout-flow wp-container-core-column-is-layout-58dbe9e9 wp-block-column-is-layout-flow" style="padding-left:10rem;flex-basis:40%">
<div class="wp-block-group is-style-title-left is-layout-flow wp-block-group-is-layout-flow is-style-title-left--1">
<p class="has-secondary-color has-text-color has-link-color has-secondary-font-family has-xl-font-size wp-elements-d7daa156071c17b24e66c9b0fb461b01">MÄRKTE  </p>



<p class="has-primary-color has-text-color has-link-color has-primary-font-family has-sm-font-size wp-elements-c9bb1b34475d1754dd1227fd213887a1" style="text-transform:uppercase"><strong>WÖCHENTLICH IM HERZEN VON FOIX</strong></p>
</div>



<h1 class="wp-block-heading text-title"><em>Jeden Dienstag und Freitag vibriert Foix in den Farben der Märkte: Geschmack, Kunsthandwerk, lokale Atmosphäre.</em></h1>



<p class="has-m-font-size" style="padding-left:2rem">Jeden Dienstag von 7.30 bis 13.30 Uhr findet der Lebensmittelmarkt in der Halle aux Grains statt. Nur lokale Erzeuger werden bevorzugt, um Frische und Authentizität zu garantieren &#8211; Wiederverkauf ist nur erlaubt, wenn ein lokales Produkt nicht verfügbar ist. Dies ist die ideale Gelegenheit, Gemüse, Obst, Käse und andere Spezialitäten aus der Region in einer freundlichen Atmosphäre zu entdecken.  </p>
</div>



<div class="wp-block-column is-vertically-aligned-center wp-block-image alignright size-large has-custom-border is-style-travel m-ti-image is-layout-flow wp-block-column-is-layout-flow is-style-travel--2" style="flex-basis:60%">
<figure class="wp-block-image alignright size-large"><img alt="marché de foix" decoding="async" width="768" height="1024" src="https://www.vap-camping.fr/wp-content/uploads/2025/09/img_0061-768x1024.jpeg" alt="" class="wp-image-3767" srcset="https://www.vap-camping.fr/wp-content/uploads/2025/09/img_0061-768x1024.jpeg 768w, https://www.vap-camping.fr/wp-content/uploads/2025/09/img_0061-450x600.jpeg 450w, https://www.vap-camping.fr/wp-content/uploads/2025/09/img_0061-1152x1536.jpeg 1152w, https://www.vap-camping.fr/wp-content/uploads/2025/09/img_0061-1536x2048.jpeg 1536w, https://www.vap-camping.fr/wp-content/uploads/2025/09/img_0061-scaled.jpeg 1920w" sizes="(max-width: 768px) 100vw, 768px" /></figure>
</div>
</div>
</div>



<div class="wp-block-group has-global-padding is-layout-constrained wp-block-group-is-layout-constrained">
<div class="wp-block-columns alignfull are-vertically-aligned-center m-ti is-layout-flex wp-container-core-columns-is-layout-0c0b91ec wp-block-columns-is-layout-flex">
<div class="wp-block-column is-vertically-aligned-center wp-block-image alignright size-large has-custom-border is-style-simple-left m-ti-image is-layout-flow wp-block-column-is-layout-flow is-style-simple-left--3" style="flex-basis:60%">
<figure class="wp-block-image alignleft size-large"><img alt="" decoding="async" width="768" height="1024" src="https://www.vap-camping.fr/wp-content/uploads/2025/09/img_0060-768x1024.jpeg" alt="" class="wp-image-3771" srcset="https://www.vap-camping.fr/wp-content/uploads/2025/09/img_0060-768x1024.jpeg 768w, https://www.vap-camping.fr/wp-content/uploads/2025/09/img_0060-450x600.jpeg 450w, https://www.vap-camping.fr/wp-content/uploads/2025/09/img_0060-1152x1536.jpeg 1152w, https://www.vap-camping.fr/wp-content/uploads/2025/09/img_0060-1536x2048.jpeg 1536w, https://www.vap-camping.fr/wp-content/uploads/2025/09/img_0060-scaled.jpeg 1920w" sizes="(max-width: 768px) 100vw, 768px" /></figure>
</div>



<div class="wp-block-column is-vertically-aligned-center m-ti-text is-layout-flow wp-container-core-column-is-layout-58dbe9e9 wp-block-column-is-layout-flow" style="padding-left:10rem;flex-basis:40%">
<div class="wp-block-group is-style-title-left is-layout-flow wp-block-group-is-layout-flow is-style-title-left--4">
<p class="has-secondary-color has-text-color has-link-color has-secondary-font-family has-xl-font-size wp-elements-b0f6364ccb0223786c8b359220dd074f">Kunsthandwerk</p>



<p class="has-primary-color has-text-color has-link-color has-primary-font-family has-sm-font-size wp-elements-ecc2b94d66469f730900c003e2dabaad" style="text-transform:uppercase"><strong>KUNSTHANDWERK, GASTRONOMIE UND LOKALE BEGEGNUNGEN</strong></p>
</div>



<h1 class="wp-block-heading text-title"><em>Freitags in Foix: Raffiniertes Kunsthandwerk, lokale Gastronomie und eine ausgelassene Stimmung.</em></h1>



<p class="has-m-font-size" style="padding-left:2rem">Jeden Freitag werden in den Allées de Villote, der Halle aux Grains, der Halle Saint-Volusien und dem Place Violet Stände mit Kleidung, regionalen Produkten, Blumen, Dekor und Kunsthandwerk aufgebaut. Es ist ein Moment des Teilens und Entdeckens, in dem Einwohner und Besucher gleichermaßen flanieren, sich austauschen und die lokale Identität kennenlernen. </p>
</div>
</div>
</div>



<div class="wp-block-group has-global-padding is-layout-constrained wp-block-group-is-layout-constrained">
<div class="wp-block-columns alignfull are-vertically-aligned-center m-ti is-layout-flex wp-container-core-columns-is-layout-0c0b91ec wp-block-columns-is-layout-flex">
<div class="wp-block-column is-vertically-aligned-center m-ti-text is-layout-flow wp-container-core-column-is-layout-58dbe9e9 wp-block-column-is-layout-flow" style="padding-left:10rem;flex-basis:40%">
<div class="wp-block-group is-style-title-left is-layout-flow wp-block-group-is-layout-flow is-style-title-left--5">
<p class="has-secondary-color has-text-color has-link-color has-secondary-font-family has-xl-font-size wp-elements-41e5342a307b81ce996bfa1a7d4b6ac1">Eine Verabredung</p>



<p class="has-primary-color has-text-color has-link-color has-primary-font-family has-sm-font-size wp-elements-3998c93a442599151d040dc7a6456f80" style="text-transform:uppercase"><strong>POPULÄRE VERANSTALTUNG, DIE SIE NICHT VERPASSEN SOLLTEN</strong></p>
</div>



<h1 class="wp-block-heading text-title"><em>Der Markt von Foix verkörpert die lokale Vitalität, den Geschmack der Region und die Freude an sozialen Kontakten.</em></h1>



<p class="has-m-font-size" style="padding-left:2rem">Zwischen dem Gesang der Stände, dem Duft von warmem Brot und reifem Käse und dem Lächeln der Erzeuger ist der Markt mehr als nur ein Ort zum Einkaufen: er ist ein Moment des Lebens. Ob Sie nun einen Strauß oder eine frische Zutat suchen oder einfach nur einen Spaziergang machen möchten, diese Märkte sind Teil der Seele von Foix.   </p>
</div>



<div class="wp-block-column is-vertically-aligned-center wp-block-image alignright size-large has-custom-border is-style-travel m-ti-image is-layout-flow wp-block-column-is-layout-flow is-style-travel--6" style="flex-basis:60%">
<figure class="wp-block-image alignright size-large"><img alt="" decoding="async" width="768" height="1024" src="https://www.vap-camping.fr/wp-content/uploads/2025/09/img_0053-768x1024.jpeg" alt="" class="wp-image-3775" srcset="https://www.vap-camping.fr/wp-content/uploads/2025/09/img_0053-768x1024.jpeg 768w, https://www.vap-camping.fr/wp-content/uploads/2025/09/img_0053-450x600.jpeg 450w, https://www.vap-camping.fr/wp-content/uploads/2025/09/img_0053-1152x1536.jpeg 1152w, https://www.vap-camping.fr/wp-content/uploads/2025/09/img_0053-1536x2048.jpeg 1536w, https://www.vap-camping.fr/wp-content/uploads/2025/09/img_0053-scaled.jpeg 1920w" sizes="(max-width: 768px) 100vw, 768px" /></figure>
</div>
</div>
</div>



<div class="wp-block-group has-global-padding is-layout-constrained wp-block-group-is-layout-constrained">
<div class="wp-block-group alignwide is-style-title-simple is-layout-flow wp-block-group-is-layout-flow is-style-title-simple--7" style="margin-top:4rem;margin-bottom:4rem">
<p class="has-text-align-center has-secondary-color has-text-color has-link-color has-secondary-font-family has-xl-font-size wp-elements-556809578379f13a67076d882d7982ec">Unsere Einrichtungen</p>



<p class="has-text-align-center has-primary-font-family has-sm-font-size" style="text-transform:uppercase"><strong>a Promité</strong></p>
</div>


<div class="campings-wrapper is-layout-flow wp-block-slider-campings-is-layout-flow">
            <div class="campings-list">
                            <div class="camping-item"
                    style="background-image: linear-gradient(to top, rgba(0, 0, 0, 0.6), transparent), url('https://www.vap-camping.fr/wp-content/uploads/2025/04/camping-avec-piscine-1024x767.jpg');">
                    <a href="https://www.vap-camping.fr/de/campings/camping-du-lac/" title="Campingplatz du lac(Foix)" class="camping-link">
                        <p class="title">Campingplatz du lac(Foix)</p>
                        <p class="camping-button">Entdecken</p>
                    </a>
                </div>
                    </div>
    </div>

</div>
</div>
