{"id":6230,"date":"2025-12-11T16:00:49","date_gmt":"2025-12-11T16:00:49","guid":{"rendered":"https:\/\/www.vap-camping.fr\/lieux\/fromagerie-de-la-sestiere\/"},"modified":"2026-01-29T23:36:44","modified_gmt":"2026-01-29T23:36:44","slug":"fromagerie-de-la-sestiere","status":"publish","type":"lieux","link":"https:\/\/www.vap-camping.fr\/de\/lieux\/fromagerie-de-la-sestiere\/","title":{"rendered":"Fromagerie de la Sesti\u00e8re"},"content":{"rendered":"\n<div class=\"wp-block-group alignfull is-layout-flow wp-container-core-group-is-layout-12cc3699 wp-block-group-is-layout-flow\" style=\"padding-top:10rem\">\n<div class=\"wp-block-group has-global-padding is-layout-constrained wp-container-core-group-is-layout-2931b900 wp-block-group-is-layout-constrained\">\n<div class=\"wp-block-columns alignfull are-vertically-aligned-center is-layout-flex wp-container-core-columns-is-layout-0c0b91ec wp-block-columns-is-layout-flex\">\n<div class=\"wp-block-column is-vertically-aligned-center leftRight is-layout-flow wp-container-core-column-is-layout-58dbe9e9 wp-block-column-is-layout-flow\" style=\"padding-left:10rem;flex-basis:40%\">\n<div class=\"wp-block-group is-style-title-left is-layout-flow wp-block-group-is-layout-flow is-style-title-left--1\">\n<p class=\"has-secondary-color has-text-color has-link-color has-secondary-font-family has-xl-font-size wp-elements-6d66ea354060594fe388239ae17e63f1\">La Sesti\u00e8re<\/p>\n\n\n\n<p class=\"has-primary-color has-text-color has-link-color has-primary-font-family has-sm-font-size wp-elements-50ddff4b88ee147c4c11003348a61dc9\" style=\"text-transform:uppercase\"><strong>K\u00e4serei in der N\u00e4he von Foix<\/strong><\/p>\n<\/div>\n\n\n\n<h1 class=\"wp-block-heading text-title\">Eine handwerkliche K\u00e4serei, die f\u00fcr ihre Produkte mit echtem und gro\u00dfz\u00fcgigem Geschmack bekannt ist.<\/h1>\n\n\n\n<p class=\"has-m-font-size\" style=\"padding-left:2rem\">Die Fromagerie de la Sestiere, die im Herzen der Ari\u00e8ge angesiedelt ist, setzt das traditionelle Wissen um die lokale Milch fort. Dieser handwerkliche Betrieb produziert authentische, charaktervolle und nat\u00fcrlich leckere K\u00e4sesorten. Zwischen gereiften Tommes, duftenden Schafsk\u00e4sen, cremigen Spezialit\u00e4ten und saisonalen Kreationen spiegelt jedes Produkt die Region und die Leidenschaft des Erzeugers wider. Die Besucher sch\u00e4tzen die Freundlichkeit des Ortes, die Transparenz der Herstellungsmethoden und die au\u00dfergew\u00f6hnliche Qualit\u00e4t der Produkte. Eine unumg\u00e4ngliche Adresse, um die gastronomische Seele der Ari\u00e8ge zu entdecken.    <\/p>\n<\/div>\n\n\n\n<div class=\"wp-block-column is-vertically-aligned-center rightLeft wp-block-image alignright size-large has-custom-border is-style-travel is-layout-flow wp-block-column-is-layout-flow is-style-travel--2\" style=\"flex-basis:60%\">\n<figure class=\"wp-block-image alignright size-full\"><img alt=\"\" decoding=\"async\" width=\"780\" height=\"560\" src=\"https:\/\/www.vap-camping.fr\/wp-content\/uploads\/2025\/12\/image-28.jpeg\" alt=\"\" class=\"wp-image-5667\" srcset=\"https:\/\/www.vap-camping.fr\/wp-content\/uploads\/2025\/12\/image-28.jpeg 780w, https:\/\/www.vap-camping.fr\/wp-content\/uploads\/2025\/12\/image-28-600x431.jpeg 600w, https:\/\/www.vap-camping.fr\/wp-content\/uploads\/2025\/12\/image-28-768x551.jpeg 768w\" sizes=\"(max-width: 780px) 100vw, 780px\" \/><\/figure>\n<\/div>\n<\/div>\n<\/div>\n\n\n\n<div class=\"wp-block-group has-global-padding is-layout-constrained wp-block-group-is-layout-constrained\">\n<div class=\"wp-block-columns alignfull are-vertically-aligned-center is-layout-flex wp-container-core-columns-is-layout-0c0b91ec wp-block-columns-is-layout-flex\">\n<div class=\"wp-block-column is-vertically-aligned-center wp-block-image alignright size-large has-custom-border is-style-simple-left leftRight is-layout-flow wp-block-column-is-layout-flow is-style-simple-left--3\" style=\"flex-basis:60%\">\n<figure class=\"wp-block-image alignleft size-large\"><img alt=\"\" decoding=\"async\" width=\"1024\" height=\"769\" src=\"https:\/\/www.vap-camping.fr\/wp-content\/uploads\/2025\/12\/image-30-1024x769.jpeg\" alt=\"\" class=\"wp-image-5659\" srcset=\"https:\/\/www.vap-camping.fr\/wp-content\/uploads\/2025\/12\/image-30-1024x769.jpeg 1024w, https:\/\/www.vap-camping.fr\/wp-content\/uploads\/2025\/12\/image-30-600x451.jpeg 600w, https:\/\/www.vap-camping.fr\/wp-content\/uploads\/2025\/12\/image-30-768x577.jpeg 768w, https:\/\/www.vap-camping.fr\/wp-content\/uploads\/2025\/12\/image-30.jpeg 1200w\" sizes=\"(max-width: 1024px) 100vw, 1024px\" \/><\/figure>\n<\/div>\n\n\n\n<div class=\"wp-block-column is-vertically-aligned-center rightLeft is-layout-flow wp-container-core-column-is-layout-58dbe9e9 wp-block-column-is-layout-flow\" style=\"padding-left:10rem;flex-basis:40%\">\n<div class=\"wp-block-group is-style-title-left is-layout-flow wp-block-group-is-layout-flow is-style-title-left--4\">\n<p class=\"has-secondary-color has-text-color has-link-color has-secondary-font-family has-xl-font-size wp-elements-c471de54c8d57829f86c6c3059bdb3d4\">Praktische Infos<\/p>\n\n\n\n<p class=\"has-primary-color has-text-color has-link-color has-primary-font-family has-sm-font-size wp-elements-0e06b0b491c11a394d810a788fac3b8f\" style=\"text-transform:uppercase\"><strong>und gute Ratschl\u00e4ge<\/strong><\/p>\n<\/div>\n\n\n\n<h2 class=\"wp-block-heading text-title\">Charaktervolle K\u00e4sesorten, die von den Besuchern w\u00e4rmstens empfohlen werden.<\/h2>\n\n\n\n<p class=\"has-m-font-size\" style=\"padding-left:2rem\">Die K\u00e4serei bietet einen Direktverkauf an, der je nach Saison zu unterschiedlichen Zeiten stattfindet. Die Bewertungen heben den herzlichen Empfang, die gute Beratung und vor allem die <strong>au\u00dfergew\u00f6hnliche Qualit\u00e4t der Tommes und Schafsk\u00e4se<\/strong> hervor, die oft als &#8220;unverzichtbar&#8221; beschrieben werden. Viele empfehlen, den <strong>hausgereiften Tomme<\/strong> und den <strong>Frischk\u00e4se<\/strong> zu probieren, der perfekt f\u00fcr einen Aperitif auf dem Campingplatz geeignet ist. Denken Sie auch daran, nach saisonalen Neuheiten zu fragen: Manche Kunden lieben aromatisierten K\u00e4se oder limitierte Auflagen. Es ist ratsam, vor Ihrem Besuch anzurufen oder die aktuellen \u00d6ffnungszeiten des Fremdenverkehrsamtes von Foix zu konsultieren. F\u00fcr weitere Informationen: <a href=\"https:\/\/fromagerie-sestiere.fr%20\"><mark style=\"background-color:rgba(0, 0, 0, 0)\" class=\"has-inline-color has-secondary-color\">https:\/\/fromagerie-sestiere.fr <\/mark><\/a>.     <\/p>\n<\/div>\n<\/div>\n<\/div>\n\n\n\n<div class=\"wp-block-group has-global-padding is-layout-constrained wp-block-group-is-layout-constrained\">\n<div class=\"wp-block-columns alignfull are-vertically-aligned-center is-layout-flex wp-container-core-columns-is-layout-0c0b91ec wp-block-columns-is-layout-flex\">\n<div class=\"wp-block-column is-vertically-aligned-center leftRight is-layout-flow wp-container-core-column-is-layout-58dbe9e9 wp-block-column-is-layout-flow\" style=\"padding-left:10rem;flex-basis:40%\">\n<div class=\"wp-block-group is-style-title-left is-layout-flow wp-block-group-is-layout-flow is-style-title-left--5\">\n<p class=\"has-secondary-color has-text-color has-link-color has-secondary-font-family has-xl-font-size wp-elements-68db1d6be8cb16fadaf6152606be618e\">Anreise<\/p>\n\n\n\n<p class=\"has-primary-color has-text-color has-link-color has-primary-font-family has-sm-font-size wp-elements-911ca92e42288b5f2def4b2a9c44cea9\" style=\"text-transform:uppercase\"><strong>vom Campingplatz aus<\/strong><\/p>\n<\/div>\n\n\n\n<h2 class=\"wp-block-heading text-title\">Die K\u00e4serei liegt nur 16 km vom Campingplatz entfernt und ist mit dem Auto oder Fahrrad erreichbar!  <\/h2>\n\n\n\n<p class=\"has-m-font-size\" style=\"padding-left:2rem\">Die Fromagerie de la Sestiere liegt 16 km vom Camping du Lac entfernt, was einen Besuch einfach und angenehm macht. Sie k\u00f6nnen mit dem Auto in etwa 10 Minuten dorthin fahren oder eine Fahrradtour durch die Landschaft der Ariege machen, um die Landschaft zu genie\u00dfen. F\u00fcr diejenigen, die gerne zu Fu\u00df gehen, ist die Strecke auch mit einer Kombination aus Wandern und Entdecken machbar. Diese N\u00e4he erm\u00f6glicht es Ihnen, frische Produkte f\u00fcr das Mittagessen oder einen Aperitif am Flussufer nach Ihrer R\u00fcckkehr zum Campingplatz zu kaufen.   <\/p>\n<\/div>\n\n\n\n<div class=\"wp-block-column is-vertically-aligned-center rightLeft wp-block-image alignright size-large has-custom-border is-style-travel is-layout-flow wp-block-column-is-layout-flow is-style-travel--6\" style=\"flex-basis:60%\">\n<figure class=\"wp-block-image alignright size-large\"><img alt=\"\" decoding=\"async\" width=\"1024\" height=\"683\" src=\"https:\/\/www.vap-camping.fr\/wp-content\/uploads\/2025\/04\/charles_ripon_velo-1024x683.jpg\" alt=\"\" class=\"wp-image-2467\" srcset=\"https:\/\/www.vap-camping.fr\/wp-content\/uploads\/2025\/04\/charles_ripon_velo-1024x683.jpg 1024w, https:\/\/www.vap-camping.fr\/wp-content\/uploads\/2025\/04\/charles_ripon_velo-600x400.jpg 600w, https:\/\/www.vap-camping.fr\/wp-content\/uploads\/2025\/04\/charles_ripon_velo-768x512.jpg 768w, https:\/\/www.vap-camping.fr\/wp-content\/uploads\/2025\/04\/charles_ripon_velo-1536x1025.jpg 1536w, https:\/\/www.vap-camping.fr\/wp-content\/uploads\/2025\/04\/charles_ripon_velo-2048x1366.jpg 2048w\" sizes=\"(max-width: 1024px) 100vw, 1024px\" \/><\/figure>\n<\/div>\n<\/div>\n<\/div>\n\n\n\n<div class=\"wp-block-group reveal has-global-padding is-layout-constrained wp-block-group-is-layout-constrained\">\n<div class=\"wp-block-group alignwide is-style-title-simple is-layout-flow wp-block-group-is-layout-flow is-style-title-simple--7\" style=\"margin-top:4rem;margin-bottom:4rem\">\n<p class=\"has-text-align-center has-secondary-color has-text-color has-link-color has-secondary-font-family has-xl-font-size wp-elements-754a17b6465ac1fab313b12ad098c134\">\n  Unsere Einrichtungen<\/p>\n\n\n\n<p class=\"has-text-align-center has-primary-font-family has-sm-font-size\" style=\"text-transform:uppercase\">\n                <strong>in der N\u00e4he<\/strong>\n            <\/p>\n<\/div>\n\n\n<div class=\"campings-wrapper is-layout-flow wp-block-slider-campings-is-layout-flow\">\n            <div class=\"campings-list\">\n                            <div class=\"camping-item\"\n                    style=\"background-image: linear-gradient(to top, rgba(0, 0, 0, 0.6), transparent), url('https:\/\/www.vap-camping.fr\/wp-content\/uploads\/2025\/04\/camping-avec-piscine-1024x767.jpg');\">\n                    <a href=\"https:\/\/www.vap-camping.fr\/de\/campings\/camping-du-lac\/\" title=\"Campingplatz du lac(Foix)\" class=\"camping-link\">\n                        <p class=\"title\">Campingplatz du lac(Foix)<\/p>\n                        <p class=\"camping-button\">Entdecken<\/p>\n                    <\/a>\n                <\/div>\n                    <\/div>\n    <\/div>\n\n<\/div>\n<\/div>\n","protected":false},"excerpt":{"rendered":"<p>La Sesti\u00e8re K\u00e4serei in der N\u00e4he von Foix Eine handwerkliche K\u00e4serei, die f\u00fcr ihre Produkte mit echtem und gro\u00dfz\u00fcgigem Geschmack bekannt ist. Die Fromagerie de la Sestiere, die im Herzen der Ari\u00e8ge angesiedelt ist, setzt das traditionelle Wissen um die lokale Milch fort. Dieser handwerkliche Betrieb produziert authentische, charaktervolle und nat\u00fcrlich leckere K\u00e4sesorten. Zwischen gereiften [&hellip;]<\/p>\n","protected":false},"author":1,"featured_media":5661,"parent":0,"template":"","format":"standard","tax-category-lieux":[65],"class_list":["post-6230","lieux","type-lieux","status-publish","format-standard","has-post-thumbnail","hentry","tax-category-lieux-markte-produzenten"],"acf":{"latitude":"43.074994","longitude":"  1.484286","distance":16,"pm_lieu_url":"https:\/\/fromagerie-sestiere.fr","pm_lieu_phone":"","adresse":"","pm_lieu_title_short":"","af_camping":[22]},"_links":{"self":[{"href":"https:\/\/www.vap-camping.fr\/de\/wp-json\/wp\/v2\/lieux\/6230","targetHints":{"allow":["GET"]}}],"collection":[{"href":"https:\/\/www.vap-camping.fr\/de\/wp-json\/wp\/v2\/lieux"}],"about":[{"href":"https:\/\/www.vap-camping.fr\/de\/wp-json\/wp\/v2\/types\/lieux"}],"author":[{"embeddable":true,"href":"https:\/\/www.vap-camping.fr\/de\/wp-json\/wp\/v2\/users\/1"}],"version-history":[{"count":1,"href":"https:\/\/www.vap-camping.fr\/de\/wp-json\/wp\/v2\/lieux\/6230\/revisions"}],"predecessor-version":[{"id":6231,"href":"https:\/\/www.vap-camping.fr\/de\/wp-json\/wp\/v2\/lieux\/6230\/revisions\/6231"}],"acf:post":[{"embeddable":true,"href":"https:\/\/www.vap-camping.fr\/de\/wp-json\/wp\/v2\/campings\/22"}],"wp:featuredmedia":[{"embeddable":true,"href":"https:\/\/www.vap-camping.fr\/de\/wp-json\/wp\/v2\/media\/5661"}],"wp:attachment":[{"href":"https:\/\/www.vap-camping.fr\/de\/wp-json\/wp\/v2\/media?parent=6230"}],"wp:term":[{"taxonomy":"tax-category-lieux","embeddable":true,"href":"https:\/\/www.vap-camping.fr\/de\/wp-json\/wp\/v2\/tax-category-lieux?post=6230"}],"curies":[{"name":"wp","href":"https:\/\/api.w.org\/{rel}","templated":true}]}}

Fromagerie de la Sestière

<div class="wp-block-group alignfull is-layout-flow wp-container-core-group-is-layout-12cc3699 wp-block-group-is-layout-flow" style="padding-top:10rem">
<div class="wp-block-group has-global-padding is-layout-constrained wp-container-core-group-is-layout-2931b900 wp-block-group-is-layout-constrained">
<div class="wp-block-columns alignfull are-vertically-aligned-center is-layout-flex wp-container-core-columns-is-layout-0c0b91ec wp-block-columns-is-layout-flex">
<div class="wp-block-column is-vertically-aligned-center leftRight is-layout-flow wp-container-core-column-is-layout-58dbe9e9 wp-block-column-is-layout-flow" style="padding-left:10rem;flex-basis:40%">
<div class="wp-block-group is-style-title-left is-layout-flow wp-block-group-is-layout-flow is-style-title-left--1">
<p class="has-secondary-color has-text-color has-link-color has-secondary-font-family has-xl-font-size wp-elements-6d66ea354060594fe388239ae17e63f1">La Sestière</p>



<p class="has-primary-color has-text-color has-link-color has-primary-font-family has-sm-font-size wp-elements-50ddff4b88ee147c4c11003348a61dc9" style="text-transform:uppercase"><strong>Käserei in der Nähe von Foix</strong></p>
</div>



<h1 class="wp-block-heading text-title">Eine handwerkliche Käserei, die für ihre Produkte mit echtem und großzügigem Geschmack bekannt ist.</h1>



<p class="has-m-font-size" style="padding-left:2rem">Die Fromagerie de la Sestiere, die im Herzen der Ariège angesiedelt ist, setzt das traditionelle Wissen um die lokale Milch fort. Dieser handwerkliche Betrieb produziert authentische, charaktervolle und natürlich leckere Käsesorten. Zwischen gereiften Tommes, duftenden Schafskäsen, cremigen Spezialitäten und saisonalen Kreationen spiegelt jedes Produkt die Region und die Leidenschaft des Erzeugers wider. Die Besucher schätzen die Freundlichkeit des Ortes, die Transparenz der Herstellungsmethoden und die außergewöhnliche Qualität der Produkte. Eine unumgängliche Adresse, um die gastronomische Seele der Ariège zu entdecken.    </p>
</div>



<div class="wp-block-column is-vertically-aligned-center rightLeft wp-block-image alignright size-large has-custom-border is-style-travel is-layout-flow wp-block-column-is-layout-flow is-style-travel--2" style="flex-basis:60%">
<figure class="wp-block-image alignright size-full"><img alt="" decoding="async" width="780" height="560" src="https://www.vap-camping.fr/wp-content/uploads/2025/12/image-28.jpeg" alt="" class="wp-image-5667" srcset="https://www.vap-camping.fr/wp-content/uploads/2025/12/image-28.jpeg 780w, https://www.vap-camping.fr/wp-content/uploads/2025/12/image-28-600x431.jpeg 600w, https://www.vap-camping.fr/wp-content/uploads/2025/12/image-28-768x551.jpeg 768w" sizes="(max-width: 780px) 100vw, 780px" /></figure>
</div>
</div>
</div>



<div class="wp-block-group has-global-padding is-layout-constrained wp-block-group-is-layout-constrained">
<div class="wp-block-columns alignfull are-vertically-aligned-center is-layout-flex wp-container-core-columns-is-layout-0c0b91ec wp-block-columns-is-layout-flex">
<div class="wp-block-column is-vertically-aligned-center wp-block-image alignright size-large has-custom-border is-style-simple-left leftRight is-layout-flow wp-block-column-is-layout-flow is-style-simple-left--3" style="flex-basis:60%">
<figure class="wp-block-image alignleft size-large"><img alt="" decoding="async" width="1024" height="769" src="https://www.vap-camping.fr/wp-content/uploads/2025/12/image-30-1024x769.jpeg" alt="" class="wp-image-5659" srcset="https://www.vap-camping.fr/wp-content/uploads/2025/12/image-30-1024x769.jpeg 1024w, https://www.vap-camping.fr/wp-content/uploads/2025/12/image-30-600x451.jpeg 600w, https://www.vap-camping.fr/wp-content/uploads/2025/12/image-30-768x577.jpeg 768w, https://www.vap-camping.fr/wp-content/uploads/2025/12/image-30.jpeg 1200w" sizes="(max-width: 1024px) 100vw, 1024px" /></figure>
</div>



<div class="wp-block-column is-vertically-aligned-center rightLeft is-layout-flow wp-container-core-column-is-layout-58dbe9e9 wp-block-column-is-layout-flow" style="padding-left:10rem;flex-basis:40%">
<div class="wp-block-group is-style-title-left is-layout-flow wp-block-group-is-layout-flow is-style-title-left--4">
<p class="has-secondary-color has-text-color has-link-color has-secondary-font-family has-xl-font-size wp-elements-c471de54c8d57829f86c6c3059bdb3d4">Praktische Infos</p>



<p class="has-primary-color has-text-color has-link-color has-primary-font-family has-sm-font-size wp-elements-0e06b0b491c11a394d810a788fac3b8f" style="text-transform:uppercase"><strong>und gute Ratschläge</strong></p>
</div>



<h2 class="wp-block-heading text-title">Charaktervolle Käsesorten, die von den Besuchern wärmstens empfohlen werden.</h2>



<p class="has-m-font-size" style="padding-left:2rem">Die Käserei bietet einen Direktverkauf an, der je nach Saison zu unterschiedlichen Zeiten stattfindet. Die Bewertungen heben den herzlichen Empfang, die gute Beratung und vor allem die <strong>außergewöhnliche Qualität der Tommes und Schafskäse</strong> hervor, die oft als &#8220;unverzichtbar&#8221; beschrieben werden. Viele empfehlen, den <strong>hausgereiften Tomme</strong> und den <strong>Frischkäse</strong> zu probieren, der perfekt für einen Aperitif auf dem Campingplatz geeignet ist. Denken Sie auch daran, nach saisonalen Neuheiten zu fragen: Manche Kunden lieben aromatisierten Käse oder limitierte Auflagen. Es ist ratsam, vor Ihrem Besuch anzurufen oder die aktuellen Öffnungszeiten des Fremdenverkehrsamtes von Foix zu konsultieren. Für weitere Informationen: <a href="https://fromagerie-sestiere.fr%20"><mark style="background-color:rgba(0, 0, 0, 0)" class="has-inline-color has-secondary-color">https://fromagerie-sestiere.fr </mark></a>.     </p>
</div>
</div>
</div>



<div class="wp-block-group has-global-padding is-layout-constrained wp-block-group-is-layout-constrained">
<div class="wp-block-columns alignfull are-vertically-aligned-center is-layout-flex wp-container-core-columns-is-layout-0c0b91ec wp-block-columns-is-layout-flex">
<div class="wp-block-column is-vertically-aligned-center leftRight is-layout-flow wp-container-core-column-is-layout-58dbe9e9 wp-block-column-is-layout-flow" style="padding-left:10rem;flex-basis:40%">
<div class="wp-block-group is-style-title-left is-layout-flow wp-block-group-is-layout-flow is-style-title-left--5">
<p class="has-secondary-color has-text-color has-link-color has-secondary-font-family has-xl-font-size wp-elements-68db1d6be8cb16fadaf6152606be618e">Anreise</p>



<p class="has-primary-color has-text-color has-link-color has-primary-font-family has-sm-font-size wp-elements-911ca92e42288b5f2def4b2a9c44cea9" style="text-transform:uppercase"><strong>vom Campingplatz aus</strong></p>
</div>



<h2 class="wp-block-heading text-title">Die Käserei liegt nur 16 km vom Campingplatz entfernt und ist mit dem Auto oder Fahrrad erreichbar!  </h2>



<p class="has-m-font-size" style="padding-left:2rem">Die Fromagerie de la Sestiere liegt 16 km vom Camping du Lac entfernt, was einen Besuch einfach und angenehm macht. Sie können mit dem Auto in etwa 10 Minuten dorthin fahren oder eine Fahrradtour durch die Landschaft der Ariege machen, um die Landschaft zu genießen. Für diejenigen, die gerne zu Fuß gehen, ist die Strecke auch mit einer Kombination aus Wandern und Entdecken machbar. Diese Nähe ermöglicht es Ihnen, frische Produkte für das Mittagessen oder einen Aperitif am Flussufer nach Ihrer Rückkehr zum Campingplatz zu kaufen.   </p>
</div>



<div class="wp-block-column is-vertically-aligned-center rightLeft wp-block-image alignright size-large has-custom-border is-style-travel is-layout-flow wp-block-column-is-layout-flow is-style-travel--6" style="flex-basis:60%">
<figure class="wp-block-image alignright size-large"><img alt="" decoding="async" width="1024" height="683" src="https://www.vap-camping.fr/wp-content/uploads/2025/04/charles_ripon_velo-1024x683.jpg" alt="" class="wp-image-2467" srcset="https://www.vap-camping.fr/wp-content/uploads/2025/04/charles_ripon_velo-1024x683.jpg 1024w, https://www.vap-camping.fr/wp-content/uploads/2025/04/charles_ripon_velo-600x400.jpg 600w, https://www.vap-camping.fr/wp-content/uploads/2025/04/charles_ripon_velo-768x512.jpg 768w, https://www.vap-camping.fr/wp-content/uploads/2025/04/charles_ripon_velo-1536x1025.jpg 1536w, https://www.vap-camping.fr/wp-content/uploads/2025/04/charles_ripon_velo-2048x1366.jpg 2048w" sizes="(max-width: 1024px) 100vw, 1024px" /></figure>
</div>
</div>
</div>



<div class="wp-block-group reveal has-global-padding is-layout-constrained wp-block-group-is-layout-constrained">
<div class="wp-block-group alignwide is-style-title-simple is-layout-flow wp-block-group-is-layout-flow is-style-title-simple--7" style="margin-top:4rem;margin-bottom:4rem">
<p class="has-text-align-center has-secondary-color has-text-color has-link-color has-secondary-font-family has-xl-font-size wp-elements-754a17b6465ac1fab313b12ad098c134">
  Unsere Einrichtungen</p>



<p class="has-text-align-center has-primary-font-family has-sm-font-size" style="text-transform:uppercase">
                <strong>in der Nähe</strong>
            </p>
</div>


<div class="campings-wrapper is-layout-flow wp-block-slider-campings-is-layout-flow">
            <div class="campings-list">
                            <div class="camping-item"
                    style="background-image: linear-gradient(to top, rgba(0, 0, 0, 0.6), transparent), url('https://www.vap-camping.fr/wp-content/uploads/2025/04/camping-avec-piscine-1024x767.jpg');">
                    <a href="https://www.vap-camping.fr/de/campings/camping-du-lac/" title="Campingplatz du lac(Foix)" class="camping-link">
                        <p class="title">Campingplatz du lac(Foix)</p>
                        <p class="camping-button">Entdecken</p>
                    </a>
                </div>
                    </div>
    </div>

</div>
</div>

<p>La Sestière Käserei in der Nähe von Foix Eine handwerkliche Käserei, die für ihre Produkte mit echtem und großzügigem Geschmack bekannt ist. Die Fromagerie de la Sestiere, die im Herzen der Ariège angesiedelt ist, setzt das traditionelle Wissen um die lokale Milch fort. Dieser handwerkliche Betrieb produziert authentische, charaktervolle und natürlich leckere Käsesorten. Zwischen gereiften [&hellip;]</p>
