{"id":6268,"date":"2025-12-11T14:31:46","date_gmt":"2025-12-11T14:31:46","guid":{"rendered":"https:\/\/www.vap-camping.fr\/lieux\/marche-des-cabannes\/"},"modified":"2026-01-29T23:49:18","modified_gmt":"2026-01-29T23:49:18","slug":"marche-des-cabannes","status":"publish","type":"lieux","link":"https:\/\/www.vap-camping.fr\/de\/lieux\/marche-des-cabannes\/","title":{"rendered":"Markt in Les Cabannes"},"content":{"rendered":"\n<div class=\"wp-block-group alignfull is-layout-flow wp-container-core-group-is-layout-12cc3699 wp-block-group-is-layout-flow\" style=\"padding-top:10rem\">\n<div class=\"wp-block-group has-global-padding is-layout-constrained wp-container-core-group-is-layout-2931b900 wp-block-group-is-layout-constrained\">\n<div class=\"wp-block-columns alignfull are-vertically-aligned-center is-layout-flex wp-container-core-columns-is-layout-0c0b91ec wp-block-columns-is-layout-flex\">\n<div class=\"wp-block-column is-vertically-aligned-center leftRight is-layout-flow wp-container-core-column-is-layout-58dbe9e9 wp-block-column-is-layout-flow\" style=\"padding-left:10rem;flex-basis:40%\">\n<div class=\"wp-block-group is-style-title-left is-layout-flow wp-block-group-is-layout-flow is-style-title-left--1\">\n<p class=\"has-secondary-color has-text-color has-link-color has-secondary-font-family has-xl-font-size wp-elements-b0f66695d10ede068da484c907b8db22\">Der Markt  <\/p>\n\n\n\n<p class=\"has-primary-color has-text-color has-link-color has-primary-font-family has-sm-font-size wp-elements-3a5491a0ad6321976dae6f790c93254b\" style=\"text-transform:uppercase\"><strong>die H\u00fctten  <\/strong><\/p>\n<\/div>\n\n\n\n<h1 class=\"wp-block-heading text-title\">Ein authentischer Markt mit regionalen Produkten und lokalen Begegnungen belebt das Dorf.<\/h1>\n\n\n\n<p class=\"has-m-font-size\" style=\"padding-left:2rem\">Der Markt in Les Cabannes ist ein geselliger w\u00f6chentlicher Treffpunkt, an dem Erzeuger und Einwohner zusammenkommen, um die lokalen Geschm\u00e4cker zu genie\u00dfen. Er befindet sich im Herzen des Dorfes und bringt die Produkte der Ari\u00e8ge zur Geltung: K\u00e4se vom Bauernhof, Wurstwaren, Honig, Obst, Gem\u00fcse, Brot und handwerkliche Spezialit\u00e4ten. Dies ist eine gute Gelegenheit, den gastronomischen Reichtum der Ari\u00e8ge zu entdecken und die Produzenten zu treffen, die diese Aromen herstellen. Eine reiche und authentische lokale Erfahrung, die Sie sich bei Ihrem Aufenthalt in Les Oustalous nicht entgehen lassen sollten.   <\/p>\n<\/div>\n\n\n\n<div class=\"wp-block-column is-vertically-aligned-center rightLeft wp-block-image alignright size-large has-custom-border is-style-travel is-layout-flow wp-block-column-is-layout-flow is-style-travel--2\" style=\"flex-basis:60%\">\n<figure class=\"wp-block-image alignright size-large\"><img alt=\"march\u00e9 de foix\" decoding=\"async\" width=\"768\" height=\"1024\" src=\"https:\/\/www.vap-camping.fr\/wp-content\/uploads\/2025\/09\/img_0061-768x1024.jpeg\" alt=\"\" class=\"wp-image-3767\" srcset=\"https:\/\/www.vap-camping.fr\/wp-content\/uploads\/2025\/09\/img_0061-768x1024.jpeg 768w, https:\/\/www.vap-camping.fr\/wp-content\/uploads\/2025\/09\/img_0061-450x600.jpeg 450w, https:\/\/www.vap-camping.fr\/wp-content\/uploads\/2025\/09\/img_0061-1152x1536.jpeg 1152w, https:\/\/www.vap-camping.fr\/wp-content\/uploads\/2025\/09\/img_0061-1536x2048.jpeg 1536w, https:\/\/www.vap-camping.fr\/wp-content\/uploads\/2025\/09\/img_0061-scaled.jpeg 1920w\" sizes=\"(max-width: 768px) 100vw, 768px\" \/><\/figure>\n<\/div>\n<\/div>\n<\/div>\n\n\n\n<div class=\"wp-block-group has-global-padding is-layout-constrained wp-block-group-is-layout-constrained\">\n<div class=\"wp-block-columns alignfull are-vertically-aligned-center is-layout-flex wp-container-core-columns-is-layout-0c0b91ec wp-block-columns-is-layout-flex\">\n<div class=\"wp-block-column is-vertically-aligned-center wp-block-image alignright size-large has-custom-border is-style-simple-left leftRight is-layout-flow wp-block-column-is-layout-flow is-style-simple-left--3\" style=\"flex-basis:60%\">\n<figure class=\"wp-block-image alignleft size-large\"><img alt=\"\" decoding=\"async\" width=\"768\" height=\"1024\" src=\"https:\/\/www.vap-camping.fr\/wp-content\/uploads\/2025\/09\/img_0053-768x1024.jpeg\" alt=\"\" class=\"wp-image-3775\" srcset=\"https:\/\/www.vap-camping.fr\/wp-content\/uploads\/2025\/09\/img_0053-768x1024.jpeg 768w, https:\/\/www.vap-camping.fr\/wp-content\/uploads\/2025\/09\/img_0053-450x600.jpeg 450w, https:\/\/www.vap-camping.fr\/wp-content\/uploads\/2025\/09\/img_0053-1152x1536.jpeg 1152w, https:\/\/www.vap-camping.fr\/wp-content\/uploads\/2025\/09\/img_0053-1536x2048.jpeg 1536w, https:\/\/www.vap-camping.fr\/wp-content\/uploads\/2025\/09\/img_0053-scaled.jpeg 1920w\" sizes=\"(max-width: 768px) 100vw, 768px\" \/><\/figure>\n<\/div>\n\n\n\n<div class=\"wp-block-column is-vertically-aligned-center rightLeft is-layout-flow wp-container-core-column-is-layout-58dbe9e9 wp-block-column-is-layout-flow\" style=\"padding-left:10rem;flex-basis:40%\">\n<div class=\"wp-block-group is-style-title-left is-layout-flow wp-block-group-is-layout-flow is-style-title-left--4\">\n<p class=\"has-secondary-color has-text-color has-link-color has-secondary-font-family has-xl-font-size wp-elements-c471de54c8d57829f86c6c3059bdb3d4\">Praktische Infos<\/p>\n\n\n\n<p class=\"has-primary-color has-text-color has-link-color has-primary-font-family has-sm-font-size wp-elements-5f3ed7d9e2a7d30a8f655c2bb4ef49e5\" style=\"text-transform:uppercase\"><strong>und Beratung<\/strong><\/p>\n<\/div>\n\n\n\n<h1 class=\"wp-block-heading text-title\">Marktplatz, gem\u00fctliche Atmosph\u00e4re und frische Produkte zum Probieren.<\/h1>\n\n\n\n<p class=\"has-m-font-size\" style=\"padding-left:2rem\">Der Markt in Les Cabannes findet jeden Sonntagmorgen (oft von ~8h bis ~13h) auf dem zentralen Platz des Dorfes statt. Es ist ein eher kleiner und geselliger Markt, ideal f\u00fcr einen Morgenspaziergang auf der Terrasse oder ein Picknick. Die typischen St\u00e4nde bieten Bauernk\u00e4se, Honig, handgemachtes Brot, Gem\u00fcse der Saison, frische Eier, Kr\u00e4uter und manchmal lokale Kreationen (Sirup, Marmelade, Kr\u00e4utertee). Die Besucher empfehlen, fr\u00fch zu kommen, um die frischen Produkte zu genie\u00dfen und sich mit den Erzeugern auszutauschen. Es ist auch der ideale Ort, um authentische Spezialit\u00e4ten aus der Ariege zu probieren.    <\/p>\n<\/div>\n<\/div>\n<\/div>\n\n\n\n<div class=\"wp-block-group has-global-padding is-layout-constrained wp-block-group-is-layout-constrained\">\n<div class=\"wp-block-columns alignfull are-vertically-aligned-center is-layout-flex wp-container-core-columns-is-layout-0c0b91ec wp-block-columns-is-layout-flex\">\n<div class=\"wp-block-column is-vertically-aligned-center leftRight is-layout-flow wp-container-core-column-is-layout-58dbe9e9 wp-block-column-is-layout-flow\" style=\"padding-left:10rem;flex-basis:40%\">\n<div class=\"wp-block-group is-style-title-left is-layout-flow wp-block-group-is-layout-flow is-style-title-left--5\">\n<p class=\"has-secondary-color has-text-color has-link-color has-secondary-font-family has-xl-font-size wp-elements-68db1d6be8cb16fadaf6152606be618e\">Anreise<\/p>\n\n\n\n<p class=\"has-primary-color has-text-color has-link-color has-primary-font-family has-sm-font-size wp-elements-a87042df10491c98096208b6f7fa6b21\" style=\"text-transform:uppercase\"><strong>vom Komplex aus<\/strong><\/p>\n<\/div>\n\n\n\n<h2 class=\"wp-block-heading text-title\">Leichter Spaziergang zum Markt 2 km vom Campingplatz entfernt.<\/h2>\n\n\n\n<p class=\"has-m-font-size\" style=\"padding-left:2rem\">Der Markt von Les Cabannes liegt ganz in der N\u00e4he des Komplexes Les Oustalous: er ist nur ~2 km zu Fu\u00df oder mit dem Fahrrad von Ihrer Unterkunft entfernt. Genie\u00dfen Sie einen morgendlichen Spaziergang zum Markt, sp\u00fcren Sie die lokale Atmosph\u00e4re und nehmen Sie die besten handgefertigten Produkte der Ari\u00e8ge mit nach Hause. <\/p>\n<\/div>\n\n\n\n<div class=\"wp-block-column is-vertically-aligned-center rightLeft wp-block-image alignright size-large has-custom-border is-style-travel is-layout-flow wp-block-column-is-layout-flow is-style-travel--6\" style=\"flex-basis:60%\">\n<figure class=\"wp-block-image alignright size-large\"><img alt=\"\" decoding=\"async\" width=\"1024\" height=\"683\" src=\"https:\/\/www.vap-camping.fr\/wp-content\/uploads\/2025\/05\/AdobeStock_124848611-1024x683.jpeg\" alt=\"\" class=\"wp-image-1132\" srcset=\"https:\/\/www.vap-camping.fr\/wp-content\/uploads\/2025\/05\/AdobeStock_124848611-1024x683.jpeg 1024w, https:\/\/www.vap-camping.fr\/wp-content\/uploads\/2025\/05\/AdobeStock_124848611-600x400.jpeg 600w, https:\/\/www.vap-camping.fr\/wp-content\/uploads\/2025\/05\/AdobeStock_124848611-768x512.jpeg 768w, https:\/\/www.vap-camping.fr\/wp-content\/uploads\/2025\/05\/AdobeStock_124848611-1536x1024.jpeg 1536w, https:\/\/www.vap-camping.fr\/wp-content\/uploads\/2025\/05\/AdobeStock_124848611-2048x1365.jpeg 2048w\" sizes=\"(max-width: 1024px) 100vw, 1024px\" \/><\/figure>\n<\/div>\n<\/div>\n<\/div>\n\n\n\n<div class=\"wp-block-group reveal has-global-padding is-layout-constrained wp-block-group-is-layout-constrained\">\n<div class=\"wp-block-group alignwide is-style-title-simple is-layout-flow wp-block-group-is-layout-flow is-style-title-simple--7\" style=\"margin-top:4rem;margin-bottom:4rem\">\n<p class=\"has-text-align-center has-secondary-color has-text-color has-link-color has-secondary-font-family has-xl-font-size wp-elements-754a17b6465ac1fab313b12ad098c134\">\n  Unsere Einrichtungen<\/p>\n\n\n\n<p class=\"has-text-align-center has-primary-font-family has-sm-font-size\" style=\"text-transform:uppercase\">\n                <strong>in der N\u00e4he<\/strong>\n            <\/p>\n<\/div>\n\n\n<div class=\"campings-wrapper is-layout-flow wp-block-slider-campings-is-layout-flow\">\n            <div class=\"campings-list\">\n                            <div class=\"camping-item\"\n                    style=\"background-image: linear-gradient(to top, rgba(0, 0, 0, 0.6), transparent), url('https:\/\/www.vap-camping.fr\/wp-content\/uploads\/2025\/04\/img_5291-1024x768-1.jpg');\">\n                    <a href=\"https:\/\/www.vap-camping.fr\/de\/campings\/complexe-des-oustalous\/\" title=\"Oustalous-Komplex\" class=\"camping-link\">\n                        <p class=\"title\">Oustalous-Komplex<\/p>\n                        <p class=\"camping-button\">Entdecken<\/p>\n                    <\/a>\n                <\/div>\n                    <\/div>\n    <\/div>\n\n<\/div>\n<\/div>\n","protected":false},"excerpt":{"rendered":"<p>Der Markt die H\u00fctten Ein authentischer Markt mit regionalen Produkten und lokalen Begegnungen belebt das Dorf. Der Markt in Les Cabannes ist ein geselliger w\u00f6chentlicher Treffpunkt, an dem Erzeuger und Einwohner zusammenkommen, um die lokalen Geschm\u00e4cker zu genie\u00dfen. Er befindet sich im Herzen des Dorfes und bringt die Produkte der Ari\u00e8ge zur Geltung: K\u00e4se vom [&hellip;]<\/p>\n","protected":false},"author":1,"featured_media":3777,"parent":0,"template":"","format":"standard","tax-category-lieux":[57],"class_list":["post-6268","lieux","type-lieux","status-publish","format-standard","has-post-thumbnail","hentry","tax-category-lieux-fest-und-veranstaltung"],"acf":{"latitude":"42.785123","longitude":"  1.681463","distance":1.5,"pm_lieu_url":"","pm_lieu_phone":"","adresse":"","pm_lieu_title_short":"","af_camping":[105]},"_links":{"self":[{"href":"https:\/\/www.vap-camping.fr\/de\/wp-json\/wp\/v2\/lieux\/6268","targetHints":{"allow":["GET"]}}],"collection":[{"href":"https:\/\/www.vap-camping.fr\/de\/wp-json\/wp\/v2\/lieux"}],"about":[{"href":"https:\/\/www.vap-camping.fr\/de\/wp-json\/wp\/v2\/types\/lieux"}],"author":[{"embeddable":true,"href":"https:\/\/www.vap-camping.fr\/de\/wp-json\/wp\/v2\/users\/1"}],"version-history":[{"count":1,"href":"https:\/\/www.vap-camping.fr\/de\/wp-json\/wp\/v2\/lieux\/6268\/revisions"}],"predecessor-version":[{"id":6269,"href":"https:\/\/www.vap-camping.fr\/de\/wp-json\/wp\/v2\/lieux\/6268\/revisions\/6269"}],"acf:post":[{"embeddable":true,"href":"https:\/\/www.vap-camping.fr\/de\/wp-json\/wp\/v2\/campings\/105"}],"wp:featuredmedia":[{"embeddable":true,"href":"https:\/\/www.vap-camping.fr\/de\/wp-json\/wp\/v2\/media\/3777"}],"wp:attachment":[{"href":"https:\/\/www.vap-camping.fr\/de\/wp-json\/wp\/v2\/media?parent=6268"}],"wp:term":[{"taxonomy":"tax-category-lieux","embeddable":true,"href":"https:\/\/www.vap-camping.fr\/de\/wp-json\/wp\/v2\/tax-category-lieux?post=6268"}],"curies":[{"name":"wp","href":"https:\/\/api.w.org\/{rel}","templated":true}]}}

<div class="wp-block-group alignfull is-layout-flow wp-container-core-group-is-layout-12cc3699 wp-block-group-is-layout-flow" style="padding-top:10rem">
<div class="wp-block-group has-global-padding is-layout-constrained wp-container-core-group-is-layout-2931b900 wp-block-group-is-layout-constrained">
<div class="wp-block-columns alignfull are-vertically-aligned-center is-layout-flex wp-container-core-columns-is-layout-0c0b91ec wp-block-columns-is-layout-flex">
<div class="wp-block-column is-vertically-aligned-center leftRight is-layout-flow wp-container-core-column-is-layout-58dbe9e9 wp-block-column-is-layout-flow" style="padding-left:10rem;flex-basis:40%">
<div class="wp-block-group is-style-title-left is-layout-flow wp-block-group-is-layout-flow is-style-title-left--1">
<p class="has-secondary-color has-text-color has-link-color has-secondary-font-family has-xl-font-size wp-elements-b0f66695d10ede068da484c907b8db22">Der Markt  </p>



<p class="has-primary-color has-text-color has-link-color has-primary-font-family has-sm-font-size wp-elements-3a5491a0ad6321976dae6f790c93254b" style="text-transform:uppercase"><strong>die Hütten  </strong></p>
</div>



<h1 class="wp-block-heading text-title">Ein authentischer Markt mit regionalen Produkten und lokalen Begegnungen belebt das Dorf.</h1>



<p class="has-m-font-size" style="padding-left:2rem">Der Markt in Les Cabannes ist ein geselliger wöchentlicher Treffpunkt, an dem Erzeuger und Einwohner zusammenkommen, um die lokalen Geschmäcker zu genießen. Er befindet sich im Herzen des Dorfes und bringt die Produkte der Ariège zur Geltung: Käse vom Bauernhof, Wurstwaren, Honig, Obst, Gemüse, Brot und handwerkliche Spezialitäten. Dies ist eine gute Gelegenheit, den gastronomischen Reichtum der Ariège zu entdecken und die Produzenten zu treffen, die diese Aromen herstellen. Eine reiche und authentische lokale Erfahrung, die Sie sich bei Ihrem Aufenthalt in Les Oustalous nicht entgehen lassen sollten.   </p>
</div>



<div class="wp-block-column is-vertically-aligned-center rightLeft wp-block-image alignright size-large has-custom-border is-style-travel is-layout-flow wp-block-column-is-layout-flow is-style-travel--2" style="flex-basis:60%">
<figure class="wp-block-image alignright size-large"><img alt="marché de foix" decoding="async" width="768" height="1024" src="https://www.vap-camping.fr/wp-content/uploads/2025/09/img_0061-768x1024.jpeg" alt="" class="wp-image-3767" srcset="https://www.vap-camping.fr/wp-content/uploads/2025/09/img_0061-768x1024.jpeg 768w, https://www.vap-camping.fr/wp-content/uploads/2025/09/img_0061-450x600.jpeg 450w, https://www.vap-camping.fr/wp-content/uploads/2025/09/img_0061-1152x1536.jpeg 1152w, https://www.vap-camping.fr/wp-content/uploads/2025/09/img_0061-1536x2048.jpeg 1536w, https://www.vap-camping.fr/wp-content/uploads/2025/09/img_0061-scaled.jpeg 1920w" sizes="(max-width: 768px) 100vw, 768px" /></figure>
</div>
</div>
</div>



<div class="wp-block-group has-global-padding is-layout-constrained wp-block-group-is-layout-constrained">
<div class="wp-block-columns alignfull are-vertically-aligned-center is-layout-flex wp-container-core-columns-is-layout-0c0b91ec wp-block-columns-is-layout-flex">
<div class="wp-block-column is-vertically-aligned-center wp-block-image alignright size-large has-custom-border is-style-simple-left leftRight is-layout-flow wp-block-column-is-layout-flow is-style-simple-left--3" style="flex-basis:60%">
<figure class="wp-block-image alignleft size-large"><img alt="" decoding="async" width="768" height="1024" src="https://www.vap-camping.fr/wp-content/uploads/2025/09/img_0053-768x1024.jpeg" alt="" class="wp-image-3775" srcset="https://www.vap-camping.fr/wp-content/uploads/2025/09/img_0053-768x1024.jpeg 768w, https://www.vap-camping.fr/wp-content/uploads/2025/09/img_0053-450x600.jpeg 450w, https://www.vap-camping.fr/wp-content/uploads/2025/09/img_0053-1152x1536.jpeg 1152w, https://www.vap-camping.fr/wp-content/uploads/2025/09/img_0053-1536x2048.jpeg 1536w, https://www.vap-camping.fr/wp-content/uploads/2025/09/img_0053-scaled.jpeg 1920w" sizes="(max-width: 768px) 100vw, 768px" /></figure>
</div>



<div class="wp-block-column is-vertically-aligned-center rightLeft is-layout-flow wp-container-core-column-is-layout-58dbe9e9 wp-block-column-is-layout-flow" style="padding-left:10rem;flex-basis:40%">
<div class="wp-block-group is-style-title-left is-layout-flow wp-block-group-is-layout-flow is-style-title-left--4">
<p class="has-secondary-color has-text-color has-link-color has-secondary-font-family has-xl-font-size wp-elements-c471de54c8d57829f86c6c3059bdb3d4">Praktische Infos</p>



<p class="has-primary-color has-text-color has-link-color has-primary-font-family has-sm-font-size wp-elements-5f3ed7d9e2a7d30a8f655c2bb4ef49e5" style="text-transform:uppercase"><strong>und Beratung</strong></p>
</div>



<h1 class="wp-block-heading text-title">Marktplatz, gemütliche Atmosphäre und frische Produkte zum Probieren.</h1>



<p class="has-m-font-size" style="padding-left:2rem">Der Markt in Les Cabannes findet jeden Sonntagmorgen (oft von ~8h bis ~13h) auf dem zentralen Platz des Dorfes statt. Es ist ein eher kleiner und geselliger Markt, ideal für einen Morgenspaziergang auf der Terrasse oder ein Picknick. Die typischen Stände bieten Bauernkäse, Honig, handgemachtes Brot, Gemüse der Saison, frische Eier, Kräuter und manchmal lokale Kreationen (Sirup, Marmelade, Kräutertee). Die Besucher empfehlen, früh zu kommen, um die frischen Produkte zu genießen und sich mit den Erzeugern auszutauschen. Es ist auch der ideale Ort, um authentische Spezialitäten aus der Ariege zu probieren.    </p>
</div>
</div>
</div>



<div class="wp-block-group has-global-padding is-layout-constrained wp-block-group-is-layout-constrained">
<div class="wp-block-columns alignfull are-vertically-aligned-center is-layout-flex wp-container-core-columns-is-layout-0c0b91ec wp-block-columns-is-layout-flex">
<div class="wp-block-column is-vertically-aligned-center leftRight is-layout-flow wp-container-core-column-is-layout-58dbe9e9 wp-block-column-is-layout-flow" style="padding-left:10rem;flex-basis:40%">
<div class="wp-block-group is-style-title-left is-layout-flow wp-block-group-is-layout-flow is-style-title-left--5">
<p class="has-secondary-color has-text-color has-link-color has-secondary-font-family has-xl-font-size wp-elements-68db1d6be8cb16fadaf6152606be618e">Anreise</p>



<p class="has-primary-color has-text-color has-link-color has-primary-font-family has-sm-font-size wp-elements-a87042df10491c98096208b6f7fa6b21" style="text-transform:uppercase"><strong>vom Komplex aus</strong></p>
</div>



<h2 class="wp-block-heading text-title">Leichter Spaziergang zum Markt 2 km vom Campingplatz entfernt.</h2>



<p class="has-m-font-size" style="padding-left:2rem">Der Markt von Les Cabannes liegt ganz in der Nähe des Komplexes Les Oustalous: er ist nur ~2 km zu Fuß oder mit dem Fahrrad von Ihrer Unterkunft entfernt. Genießen Sie einen morgendlichen Spaziergang zum Markt, spüren Sie die lokale Atmosphäre und nehmen Sie die besten handgefertigten Produkte der Ariège mit nach Hause. </p>
</div>



<div class="wp-block-column is-vertically-aligned-center rightLeft wp-block-image alignright size-large has-custom-border is-style-travel is-layout-flow wp-block-column-is-layout-flow is-style-travel--6" style="flex-basis:60%">
<figure class="wp-block-image alignright size-large"><img alt="" decoding="async" width="1024" height="683" src="https://www.vap-camping.fr/wp-content/uploads/2025/05/AdobeStock_124848611-1024x683.jpeg" alt="" class="wp-image-1132" srcset="https://www.vap-camping.fr/wp-content/uploads/2025/05/AdobeStock_124848611-1024x683.jpeg 1024w, https://www.vap-camping.fr/wp-content/uploads/2025/05/AdobeStock_124848611-600x400.jpeg 600w, https://www.vap-camping.fr/wp-content/uploads/2025/05/AdobeStock_124848611-768x512.jpeg 768w, https://www.vap-camping.fr/wp-content/uploads/2025/05/AdobeStock_124848611-1536x1024.jpeg 1536w, https://www.vap-camping.fr/wp-content/uploads/2025/05/AdobeStock_124848611-2048x1365.jpeg 2048w" sizes="(max-width: 1024px) 100vw, 1024px" /></figure>
</div>
</div>
</div>



<div class="wp-block-group reveal has-global-padding is-layout-constrained wp-block-group-is-layout-constrained">
<div class="wp-block-group alignwide is-style-title-simple is-layout-flow wp-block-group-is-layout-flow is-style-title-simple--7" style="margin-top:4rem;margin-bottom:4rem">
<p class="has-text-align-center has-secondary-color has-text-color has-link-color has-secondary-font-family has-xl-font-size wp-elements-754a17b6465ac1fab313b12ad098c134">
  Unsere Einrichtungen</p>



<p class="has-text-align-center has-primary-font-family has-sm-font-size" style="text-transform:uppercase">
                <strong>in der Nähe</strong>
            </p>
</div>


<div class="campings-wrapper is-layout-flow wp-block-slider-campings-is-layout-flow">
            <div class="campings-list">
                            <div class="camping-item"
                    style="background-image: linear-gradient(to top, rgba(0, 0, 0, 0.6), transparent), url('https://www.vap-camping.fr/wp-content/uploads/2025/04/img_5291-1024x768-1.jpg');">
                    <a href="https://www.vap-camping.fr/de/campings/complexe-des-oustalous/" title="Oustalous-Komplex" class="camping-link">
                        <p class="title">Oustalous-Komplex</p>
                        <p class="camping-button">Entdecken</p>
                    </a>
                </div>
                    </div>
    </div>

</div>
</div>

<p>Der Markt die Hütten Ein authentischer Markt mit regionalen Produkten und lokalen Begegnungen belebt das Dorf. Der Markt in Les Cabannes ist ein geselliger wöchentlicher Treffpunkt, an dem Erzeuger und Einwohner zusammenkommen, um die lokalen Geschmäcker zu genießen. Er befindet sich im Herzen des Dorfes und bringt die Produkte der Ariège zur Geltung: Käse vom [&hellip;]</p>
