{"id":6375,"date":"2025-12-01T15:14:40","date_gmt":"2025-12-01T15:14:40","guid":{"rendered":"https:\/\/www.vap-camping.fr\/lieux\/velo-au-prat-dalbis\/"},"modified":"2026-01-30T00:21:42","modified_gmt":"2026-01-30T00:21:42","slug":"velo-au-prat-dalbis","status":"publish","type":"lieux","link":"https:\/\/www.vap-camping.fr\/de\/lieux\/velo-au-prat-dalbis\/","title":{"rendered":"La Camina von Les Cabannes aus"},"content":{"rendered":"\n<div class=\"wp-block-group alignfull is-layout-flow wp-container-core-group-is-layout-12cc3699 wp-block-group-is-layout-flow\" style=\"padding-top:10rem\">\n<div class=\"wp-block-group has-global-padding is-layout-constrained wp-container-core-group-is-layout-2931b900 wp-block-group-is-layout-constrained\">\n<div class=\"wp-block-columns alignfull are-vertically-aligned-center is-layout-flex wp-container-core-columns-is-layout-0c0b91ec wp-block-columns-is-layout-flex\">\n<div class=\"wp-block-column is-vertically-aligned-center leftRight is-layout-flow wp-container-core-column-is-layout-58dbe9e9 wp-block-column-is-layout-flow\" style=\"padding-left:10rem;flex-basis:40%\">\n<div class=\"wp-block-group is-style-title-left is-layout-flow wp-block-group-is-layout-flow is-style-title-left--1\">\n<p class=\"has-secondary-color has-text-color has-link-color has-secondary-font-family has-xl-font-size wp-elements-c812b4704812af981b94133afdf7a276\">La Camina  <\/p>\n\n\n\n<p class=\"has-primary-color has-text-color has-link-color has-primary-font-family has-sm-font-size wp-elements-42675a50fcdd303d503ec716bdc24aac\" style=\"text-transform:uppercase\"><strong>Abfahrt Les Cabannes  <\/strong><\/p>\n<\/div>\n\n\n\n<h1 class=\"wp-block-heading text-title\">Ein sanfter Ausflug mit dem Mountainbike zwischen Tal und Berg.<\/h1>\n\n\n\n<p class=\"has-m-font-size\" style=\"padding-left:2rem\">Vom Herzen des Dorfes Les Cabannes aus f\u00fchrt Sie die Camina auf einer gemeinsamen Route durch Fl\u00fcsse, W\u00e4lder und die H\u00e4nge der Pyren\u00e4en &#8211; eine wahre Luftver\u00e4nderung f\u00fcr Naturliebhaber. Diese Strecke ist zu Fu\u00df, mit dem Mountainbike oder zu Pferd zu erreichen und bietet eine Vielfalt an Landschaften: Berge, T\u00e4ler, typische D\u00f6rfer der Ari\u00e8ge, W\u00e4lder und Fl\u00fcsse. Ob Sie nun Ruhe, Flucht oder das einfache Vergn\u00fcgen eines Spaziergangs suchen, diese sanfte Route verk\u00f6rpert die Essenz eines authentischen Abenteuers, weit weg von der Hektik.  <\/p>\n<\/div>\n\n\n\n<div class=\"wp-block-column is-vertically-aligned-center rightLeft wp-block-image alignright size-large has-custom-border is-style-travel is-layout-flow wp-block-column-is-layout-flow is-style-travel--2\" style=\"flex-basis:60%\">\n<figure class=\"wp-block-image alignright size-full\"><img alt=\"\" decoding=\"async\" width=\"1024\" height=\"683\" src=\"https:\/\/www.vap-camping.fr\/wp-content\/uploads\/2025\/04\/Cyclo2_ariege_pyrenees_tourisme.jpg\" alt=\"\" class=\"wp-image-700\" srcset=\"https:\/\/www.vap-camping.fr\/wp-content\/uploads\/2025\/04\/Cyclo2_ariege_pyrenees_tourisme.jpg 1024w, https:\/\/www.vap-camping.fr\/wp-content\/uploads\/2025\/04\/Cyclo2_ariege_pyrenees_tourisme-600x400.jpg 600w, https:\/\/www.vap-camping.fr\/wp-content\/uploads\/2025\/04\/Cyclo2_ariege_pyrenees_tourisme-768x512.jpg 768w\" sizes=\"(max-width: 1024px) 100vw, 1024px\" \/><\/figure>\n<\/div>\n<\/div>\n<\/div>\n\n\n\n<div class=\"wp-block-group has-global-padding is-layout-constrained wp-block-group-is-layout-constrained\">\n<div class=\"wp-block-columns alignfull are-vertically-aligned-center is-layout-flex wp-container-core-columns-is-layout-0c0b91ec wp-block-columns-is-layout-flex\">\n<div class=\"wp-block-column is-vertically-aligned-center wp-block-image alignright size-large has-custom-border is-style-simple-left leftRight is-layout-flow wp-block-column-is-layout-flow is-style-simple-left--3\" style=\"flex-basis:60%\">\n<figure class=\"wp-block-image alignleft size-large\"><img alt=\"\" decoding=\"async\" width=\"1024\" height=\"768\" src=\"https:\/\/www.vap-camping.fr\/wp-content\/uploads\/2025\/12\/img_2033-1024x768.jpeg\" alt=\"\" class=\"wp-image-5085\" srcset=\"https:\/\/www.vap-camping.fr\/wp-content\/uploads\/2025\/12\/img_2033-1024x768.jpeg 1024w, https:\/\/www.vap-camping.fr\/wp-content\/uploads\/2025\/12\/img_2033-600x450.jpeg 600w, https:\/\/www.vap-camping.fr\/wp-content\/uploads\/2025\/12\/img_2033-768x576.jpeg 768w, https:\/\/www.vap-camping.fr\/wp-content\/uploads\/2025\/12\/img_2033-1536x1152.jpeg 1536w, https:\/\/www.vap-camping.fr\/wp-content\/uploads\/2025\/12\/img_2033-2048x1536.jpeg 2048w\" sizes=\"(max-width: 1024px) 100vw, 1024px\" \/><\/figure>\n<\/div>\n\n\n\n<div class=\"wp-block-column is-vertically-aligned-center rightLeft is-layout-flow wp-container-core-column-is-layout-58dbe9e9 wp-block-column-is-layout-flow\" style=\"padding-left:10rem;flex-basis:40%\">\n<div class=\"wp-block-group is-style-title-left is-layout-flow wp-block-group-is-layout-flow is-style-title-left--4\">\n<p class=\"has-secondary-color has-text-color has-link-color has-secondary-font-family has-xl-font-size wp-elements-dd58cf31e66e825dc91d54cb08f90618\">\n Titel<\/p>\n\n\n\n<p class=\"has-primary-color has-text-color has-link-color has-primary-font-family has-sm-font-size wp-elements-0a65909fc9fb7fd8cc1a4400aa6cde5e\" style=\"text-transform:uppercase\"><strong>Untertitel<\/strong><\/p>\n<\/div>\n\n\n\n<h1 class=\"wp-block-heading text-title\">La Camina ist ungef\u00e4hr 28 km lang (bis zu 31 km mit einem Rundweg oder 35 km einschlie\u00dflich der Zug\u00e4nge zu den Bahnh\u00f6fen).<\/h1>\n\n\n\n<p class=\"has-m-font-size\" style=\"padding-left:2rem\">Der positive H\u00f6henunterschied betr\u00e4gt 900 bis 1.000 m, je nachdem, welcher Abschnitt begangen wird.  <br\/>Die Route enth\u00e4lt Abschnitte, die als &#8220;moderat&#8221; (blau) und andere als &#8220;technisch\/schwierig&#8221; (schwarz) eingestuft sind &#8211; perfekt f\u00fcr einen gem\u00fctlichen Spaziergang oder eine sportliche Herausforderung, je nachdem, was Sie wollen.  <br\/>Einige Abschnitte verlaufen auf Stra\u00dfen oder Wegen, die gemeinsam genutzt werden. Vorsicht und Beachtung der Beschilderung sind erforderlich, vor allem bergab oder nach Regen. F\u00fcr weitere Informationen \u00fcber die Strecke : <a href=\"https:\/\/www.pyrenees-ariegeoises.com\/a-voir-a-faire\/balades-et-randonnees\/la-camina-un-itineraire-pour-les-mobilites-douces-les-cabannes-fr-4362806\/\"><mark style=\"background-color:rgba(0, 0, 0, 0)\" class=\"has-inline-color has-secondary-color\">https:\/\/www.pyrenees-ariegeoises.com\/a-voir-a-faire\/balades-et-randonnees\/la-camina-un-itineraire-pour-les-mobilites-douces-les-cabannes-fr-4362806\/<\/mark><\/a> .   <\/p>\n<\/div>\n<\/div>\n<\/div>\n\n\n\n<div class=\"wp-block-group has-global-padding is-layout-constrained wp-block-group-is-layout-constrained\">\n<div class=\"wp-block-columns alignfull are-vertically-aligned-center is-layout-flex wp-container-core-columns-is-layout-0c0b91ec wp-block-columns-is-layout-flex\">\n<div class=\"wp-block-column is-vertically-aligned-center leftRight is-layout-flow wp-container-core-column-is-layout-58dbe9e9 wp-block-column-is-layout-flow\" style=\"padding-left:10rem;flex-basis:40%\">\n<div class=\"wp-block-group is-style-title-left is-layout-flow wp-block-group-is-layout-flow is-style-title-left--5\">\n<p class=\"has-secondary-color has-text-color has-link-color has-secondary-font-family has-xl-font-size wp-elements-c1eb5441f02d1fa444ffedf146c14f87\">Oustalous-Komplex<\/p>\n\n\n\n<p class=\"has-primary-color has-text-color has-link-color has-primary-font-family has-sm-font-size wp-elements-09c29ac0110094fd6d4e86204b4956ea\" style=\"text-transform:uppercase\"><strong>  im Herzen der Berge<\/strong><\/p>\n<\/div>\n\n\n\n<h2 class=\"wp-block-heading text-title\">Eine gesellige Unterkunft, ideal, um Ihre Leidenschaft f\u00fcr das Radfahren zu teilen.<\/h2>\n\n\n\n<p class=\"has-m-font-size\" style=\"padding-left:2rem\">Im Complexe des Oustalous finden Radfahrer vor allem einen gem\u00fctlichen Ort, an dem sie sich nach einem Tag auf den Wegen erholen k\u00f6nnen. Hier herrscht eine einfache, freundliche Atmosph\u00e4re mit gro\u00dfen Gemeinschaftsr\u00e4umen, in denen man eine Mahlzeit, einen Kaffee oder die Anekdoten des Tages teilen kann. Die G\u00eete d&#8217;Etape empf\u00e4ngt sowohl Einzelreisende als auch Gruppen und schafft so eine lebendige und wohlwollende Atmosph\u00e4re. Zwischen dem Geist der Berge, der guten Laune und dem aufmerksamen Empfang ist dies eine Etappe, die alles bietet, was man wirklich braucht: Komfort, Erholung&#8230; und das Vergn\u00fcgen, zusammen zu sein.   <\/p>\n<\/div>\n\n\n\n<div class=\"wp-block-column is-vertically-aligned-center rightLeft wp-block-image alignright size-large has-custom-border is-style-travel is-layout-flow wp-block-column-is-layout-flow is-style-travel--6\" style=\"flex-basis:60%\">\n<figure class=\"wp-block-image alignright size-full\"><img alt=\"\" decoding=\"async\" width=\"1024\" height=\"768\" src=\"https:\/\/www.vap-camping.fr\/wp-content\/uploads\/2025\/04\/img_5291-1024x768-1.jpg\" alt=\"\" class=\"wp-image-1658\" srcset=\"https:\/\/www.vap-camping.fr\/wp-content\/uploads\/2025\/04\/img_5291-1024x768-1.jpg 1024w, https:\/\/www.vap-camping.fr\/wp-content\/uploads\/2025\/04\/img_5291-1024x768-1-600x450.jpg 600w, https:\/\/www.vap-camping.fr\/wp-content\/uploads\/2025\/04\/img_5291-1024x768-1-768x576.jpg 768w\" sizes=\"(max-width: 1024px) 100vw, 1024px\" \/><\/figure>\n<\/div>\n<\/div>\n<\/div>\n\n\n\n<div class=\"wp-block-group reveal has-global-padding is-layout-constrained wp-block-group-is-layout-constrained\">\n<div class=\"wp-block-group alignwide is-style-title-simple is-layout-flow wp-block-group-is-layout-flow is-style-title-simple--7\" style=\"margin-top:4rem;margin-bottom:4rem\">\n<p class=\"has-text-align-center has-secondary-color has-text-color has-link-color has-secondary-font-family has-xl-font-size wp-elements-754a17b6465ac1fab313b12ad098c134\">\n  Unsere Einrichtungen<\/p>\n\n\n\n<p class=\"has-text-align-center has-primary-font-family has-sm-font-size\" style=\"text-transform:uppercase\">\n                <strong>in der N\u00e4he<\/strong>\n            <\/p>\n<\/div>\n\n\n<div class=\"campings-wrapper is-layout-flow wp-block-slider-campings-is-layout-flow\">\n            <div class=\"campings-list\">\n                            <div class=\"camping-item\"\n                    style=\"background-image: linear-gradient(to top, rgba(0, 0, 0, 0.6), transparent), url('https:\/\/www.vap-camping.fr\/wp-content\/uploads\/2025\/04\/img_5291-1024x768-1.jpg');\">\n                    <a href=\"https:\/\/www.vap-camping.fr\/de\/campings\/complexe-des-oustalous\/\" title=\"Oustalous-Komplex\" class=\"camping-link\">\n                        <p class=\"title\">Oustalous-Komplex<\/p>\n                        <p class=\"camping-button\">Entdecken<\/p>\n                    <\/a>\n                <\/div>\n                    <\/div>\n    <\/div>\n\n<\/div>\n<\/div>\n","protected":false},"excerpt":{"rendered":"<p>Ein sportlicher Tag mit dem Fahrrad am Fu\u00dfe der Pyren\u00e4en in Ariege.  <\/p>\n","protected":false},"author":1,"featured_media":6377,"parent":0,"template":"","format":"standard","tax-category-lieux":[50,73],"class_list":["post-6375","lieux","type-lieux","status-publish","format-standard","has-post-thumbnail","hentry","tax-category-lieux-aktivitaten","tax-category-lieux-radfahren"],"acf":{"latitude":"42.702109","longitude":"  1.889437","distance":23,"pm_lieu_url":"","pm_lieu_phone":"","adresse":"","pm_lieu_title_short":"","af_camping":[105]},"_links":{"self":[{"href":"https:\/\/www.vap-camping.fr\/de\/wp-json\/wp\/v2\/lieux\/6375","targetHints":{"allow":["GET"]}}],"collection":[{"href":"https:\/\/www.vap-camping.fr\/de\/wp-json\/wp\/v2\/lieux"}],"about":[{"href":"https:\/\/www.vap-camping.fr\/de\/wp-json\/wp\/v2\/types\/lieux"}],"author":[{"embeddable":true,"href":"https:\/\/www.vap-camping.fr\/de\/wp-json\/wp\/v2\/users\/1"}],"version-history":[{"count":1,"href":"https:\/\/www.vap-camping.fr\/de\/wp-json\/wp\/v2\/lieux\/6375\/revisions"}],"predecessor-version":[{"id":6378,"href":"https:\/\/www.vap-camping.fr\/de\/wp-json\/wp\/v2\/lieux\/6375\/revisions\/6378"}],"acf:post":[{"embeddable":true,"href":"https:\/\/www.vap-camping.fr\/de\/wp-json\/wp\/v2\/campings\/105"}],"wp:featuredmedia":[{"embeddable":true,"href":"https:\/\/www.vap-camping.fr\/de\/wp-json\/wp\/v2\/media\/6377"}],"wp:attachment":[{"href":"https:\/\/www.vap-camping.fr\/de\/wp-json\/wp\/v2\/media?parent=6375"}],"wp:term":[{"taxonomy":"tax-category-lieux","embeddable":true,"href":"https:\/\/www.vap-camping.fr\/de\/wp-json\/wp\/v2\/tax-category-lieux?post=6375"}],"curies":[{"name":"wp","href":"https:\/\/api.w.org\/{rel}","templated":true}]}}

<div class="wp-block-group alignfull is-layout-flow wp-container-core-group-is-layout-12cc3699 wp-block-group-is-layout-flow" style="padding-top:10rem">
<div class="wp-block-group has-global-padding is-layout-constrained wp-container-core-group-is-layout-2931b900 wp-block-group-is-layout-constrained">
<div class="wp-block-columns alignfull are-vertically-aligned-center is-layout-flex wp-container-core-columns-is-layout-0c0b91ec wp-block-columns-is-layout-flex">
<div class="wp-block-column is-vertically-aligned-center leftRight is-layout-flow wp-container-core-column-is-layout-58dbe9e9 wp-block-column-is-layout-flow" style="padding-left:10rem;flex-basis:40%">
<div class="wp-block-group is-style-title-left is-layout-flow wp-block-group-is-layout-flow is-style-title-left--1">
<p class="has-secondary-color has-text-color has-link-color has-secondary-font-family has-xl-font-size wp-elements-c812b4704812af981b94133afdf7a276">La Camina  </p>



<p class="has-primary-color has-text-color has-link-color has-primary-font-family has-sm-font-size wp-elements-42675a50fcdd303d503ec716bdc24aac" style="text-transform:uppercase"><strong>Abfahrt Les Cabannes  </strong></p>
</div>



<h1 class="wp-block-heading text-title">Ein sanfter Ausflug mit dem Mountainbike zwischen Tal und Berg.</h1>



<p class="has-m-font-size" style="padding-left:2rem">Vom Herzen des Dorfes Les Cabannes aus führt Sie die Camina auf einer gemeinsamen Route durch Flüsse, Wälder und die Hänge der Pyrenäen &#8211; eine wahre Luftveränderung für Naturliebhaber. Diese Strecke ist zu Fuß, mit dem Mountainbike oder zu Pferd zu erreichen und bietet eine Vielfalt an Landschaften: Berge, Täler, typische Dörfer der Ariège, Wälder und Flüsse. Ob Sie nun Ruhe, Flucht oder das einfache Vergnügen eines Spaziergangs suchen, diese sanfte Route verkörpert die Essenz eines authentischen Abenteuers, weit weg von der Hektik.  </p>
</div>



<div class="wp-block-column is-vertically-aligned-center rightLeft wp-block-image alignright size-large has-custom-border is-style-travel is-layout-flow wp-block-column-is-layout-flow is-style-travel--2" style="flex-basis:60%">
<figure class="wp-block-image alignright size-full"><img alt="" decoding="async" width="1024" height="683" src="https://www.vap-camping.fr/wp-content/uploads/2025/04/Cyclo2_ariege_pyrenees_tourisme.jpg" alt="" class="wp-image-700" srcset="https://www.vap-camping.fr/wp-content/uploads/2025/04/Cyclo2_ariege_pyrenees_tourisme.jpg 1024w, https://www.vap-camping.fr/wp-content/uploads/2025/04/Cyclo2_ariege_pyrenees_tourisme-600x400.jpg 600w, https://www.vap-camping.fr/wp-content/uploads/2025/04/Cyclo2_ariege_pyrenees_tourisme-768x512.jpg 768w" sizes="(max-width: 1024px) 100vw, 1024px" /></figure>
</div>
</div>
</div>



<div class="wp-block-group has-global-padding is-layout-constrained wp-block-group-is-layout-constrained">
<div class="wp-block-columns alignfull are-vertically-aligned-center is-layout-flex wp-container-core-columns-is-layout-0c0b91ec wp-block-columns-is-layout-flex">
<div class="wp-block-column is-vertically-aligned-center wp-block-image alignright size-large has-custom-border is-style-simple-left leftRight is-layout-flow wp-block-column-is-layout-flow is-style-simple-left--3" style="flex-basis:60%">
<figure class="wp-block-image alignleft size-large"><img alt="" decoding="async" width="1024" height="768" src="https://www.vap-camping.fr/wp-content/uploads/2025/12/img_2033-1024x768.jpeg" alt="" class="wp-image-5085" srcset="https://www.vap-camping.fr/wp-content/uploads/2025/12/img_2033-1024x768.jpeg 1024w, https://www.vap-camping.fr/wp-content/uploads/2025/12/img_2033-600x450.jpeg 600w, https://www.vap-camping.fr/wp-content/uploads/2025/12/img_2033-768x576.jpeg 768w, https://www.vap-camping.fr/wp-content/uploads/2025/12/img_2033-1536x1152.jpeg 1536w, https://www.vap-camping.fr/wp-content/uploads/2025/12/img_2033-2048x1536.jpeg 2048w" sizes="(max-width: 1024px) 100vw, 1024px" /></figure>
</div>



<div class="wp-block-column is-vertically-aligned-center rightLeft is-layout-flow wp-container-core-column-is-layout-58dbe9e9 wp-block-column-is-layout-flow" style="padding-left:10rem;flex-basis:40%">
<div class="wp-block-group is-style-title-left is-layout-flow wp-block-group-is-layout-flow is-style-title-left--4">
<p class="has-secondary-color has-text-color has-link-color has-secondary-font-family has-xl-font-size wp-elements-dd58cf31e66e825dc91d54cb08f90618">
 Titel</p>



<p class="has-primary-color has-text-color has-link-color has-primary-font-family has-sm-font-size wp-elements-0a65909fc9fb7fd8cc1a4400aa6cde5e" style="text-transform:uppercase"><strong>Untertitel</strong></p>
</div>



<h1 class="wp-block-heading text-title">La Camina ist ungefähr 28 km lang (bis zu 31 km mit einem Rundweg oder 35 km einschließlich der Zugänge zu den Bahnhöfen).</h1>



<p class="has-m-font-size" style="padding-left:2rem">Der positive Höhenunterschied beträgt 900 bis 1.000 m, je nachdem, welcher Abschnitt begangen wird.  <br/>Die Route enthält Abschnitte, die als &#8220;moderat&#8221; (blau) und andere als &#8220;technisch/schwierig&#8221; (schwarz) eingestuft sind &#8211; perfekt für einen gemütlichen Spaziergang oder eine sportliche Herausforderung, je nachdem, was Sie wollen.  <br/>Einige Abschnitte verlaufen auf Straßen oder Wegen, die gemeinsam genutzt werden. Vorsicht und Beachtung der Beschilderung sind erforderlich, vor allem bergab oder nach Regen. Für weitere Informationen über die Strecke : <a href="https://www.pyrenees-ariegeoises.com/a-voir-a-faire/balades-et-randonnees/la-camina-un-itineraire-pour-les-mobilites-douces-les-cabannes-fr-4362806/"><mark style="background-color:rgba(0, 0, 0, 0)" class="has-inline-color has-secondary-color">https://www.pyrenees-ariegeoises.com/a-voir-a-faire/balades-et-randonnees/la-camina-un-itineraire-pour-les-mobilites-douces-les-cabannes-fr-4362806/</mark></a> .   </p>
</div>
</div>
</div>



<div class="wp-block-group has-global-padding is-layout-constrained wp-block-group-is-layout-constrained">
<div class="wp-block-columns alignfull are-vertically-aligned-center is-layout-flex wp-container-core-columns-is-layout-0c0b91ec wp-block-columns-is-layout-flex">
<div class="wp-block-column is-vertically-aligned-center leftRight is-layout-flow wp-container-core-column-is-layout-58dbe9e9 wp-block-column-is-layout-flow" style="padding-left:10rem;flex-basis:40%">
<div class="wp-block-group is-style-title-left is-layout-flow wp-block-group-is-layout-flow is-style-title-left--5">
<p class="has-secondary-color has-text-color has-link-color has-secondary-font-family has-xl-font-size wp-elements-c1eb5441f02d1fa444ffedf146c14f87">Oustalous-Komplex</p>



<p class="has-primary-color has-text-color has-link-color has-primary-font-family has-sm-font-size wp-elements-09c29ac0110094fd6d4e86204b4956ea" style="text-transform:uppercase"><strong>  im Herzen der Berge</strong></p>
</div>



<h2 class="wp-block-heading text-title">Eine gesellige Unterkunft, ideal, um Ihre Leidenschaft für das Radfahren zu teilen.</h2>



<p class="has-m-font-size" style="padding-left:2rem">Im Complexe des Oustalous finden Radfahrer vor allem einen gemütlichen Ort, an dem sie sich nach einem Tag auf den Wegen erholen können. Hier herrscht eine einfache, freundliche Atmosphäre mit großen Gemeinschaftsräumen, in denen man eine Mahlzeit, einen Kaffee oder die Anekdoten des Tages teilen kann. Die Gîte d&#8217;Etape empfängt sowohl Einzelreisende als auch Gruppen und schafft so eine lebendige und wohlwollende Atmosphäre. Zwischen dem Geist der Berge, der guten Laune und dem aufmerksamen Empfang ist dies eine Etappe, die alles bietet, was man wirklich braucht: Komfort, Erholung&#8230; und das Vergnügen, zusammen zu sein.   </p>
</div>



<div class="wp-block-column is-vertically-aligned-center rightLeft wp-block-image alignright size-large has-custom-border is-style-travel is-layout-flow wp-block-column-is-layout-flow is-style-travel--6" style="flex-basis:60%">
<figure class="wp-block-image alignright size-full"><img alt="" decoding="async" width="1024" height="768" src="https://www.vap-camping.fr/wp-content/uploads/2025/04/img_5291-1024x768-1.jpg" alt="" class="wp-image-1658" srcset="https://www.vap-camping.fr/wp-content/uploads/2025/04/img_5291-1024x768-1.jpg 1024w, https://www.vap-camping.fr/wp-content/uploads/2025/04/img_5291-1024x768-1-600x450.jpg 600w, https://www.vap-camping.fr/wp-content/uploads/2025/04/img_5291-1024x768-1-768x576.jpg 768w" sizes="(max-width: 1024px) 100vw, 1024px" /></figure>
</div>
</div>
</div>



<div class="wp-block-group reveal has-global-padding is-layout-constrained wp-block-group-is-layout-constrained">
<div class="wp-block-group alignwide is-style-title-simple is-layout-flow wp-block-group-is-layout-flow is-style-title-simple--7" style="margin-top:4rem;margin-bottom:4rem">
<p class="has-text-align-center has-secondary-color has-text-color has-link-color has-secondary-font-family has-xl-font-size wp-elements-754a17b6465ac1fab313b12ad098c134">
  Unsere Einrichtungen</p>



<p class="has-text-align-center has-primary-font-family has-sm-font-size" style="text-transform:uppercase">
                <strong>in der Nähe</strong>
            </p>
</div>


<div class="campings-wrapper is-layout-flow wp-block-slider-campings-is-layout-flow">
            <div class="campings-list">
                            <div class="camping-item"
                    style="background-image: linear-gradient(to top, rgba(0, 0, 0, 0.6), transparent), url('https://www.vap-camping.fr/wp-content/uploads/2025/04/img_5291-1024x768-1.jpg');">
                    <a href="https://www.vap-camping.fr/de/campings/complexe-des-oustalous/" title="Oustalous-Komplex" class="camping-link">
                        <p class="title">Oustalous-Komplex</p>
                        <p class="camping-button">Entdecken</p>
                    </a>
                </div>
                    </div>
    </div>

</div>
</div>

<p>Ein sportlicher Tag mit dem Fahrrad am Fuße der Pyrenäen in Ariege.  </p>
