{"id":6398,"date":"2025-12-02T20:25:10","date_gmt":"2025-12-02T20:25:10","guid":{"rendered":"https:\/\/www.vap-camping.fr\/lieux\/boucle-mazeres-calmont-en-velo\/"},"modified":"2026-01-30T00:21:55","modified_gmt":"2026-01-30T00:21:55","slug":"boucle-mazeres-calmont-en-velo","status":"publish","type":"lieux","link":"https:\/\/www.vap-camping.fr\/de\/lieux\/boucle-mazeres-calmont-en-velo\/","title":{"rendered":"Rundfahrt Maz\u00e8res &#8211; Calmont mit dem Fahrrad"},"content":{"rendered":"\n<div class=\"wp-block-group alignfull is-layout-flow wp-container-core-group-is-layout-12cc3699 wp-block-group-is-layout-flow\" style=\"padding-top:10rem\">\n<div class=\"wp-block-group has-global-padding is-layout-constrained wp-container-core-group-is-layout-2931b900 wp-block-group-is-layout-constrained\">\n<div class=\"wp-block-columns alignfull are-vertically-aligned-center is-layout-flex wp-container-core-columns-is-layout-0c0b91ec wp-block-columns-is-layout-flex\">\n<div class=\"wp-block-column is-vertically-aligned-center leftRight is-layout-flow wp-container-core-column-is-layout-58dbe9e9 wp-block-column-is-layout-flow\" style=\"padding-left:10rem;flex-basis:40%\">\n<div class=\"wp-block-group is-style-title-left is-layout-flow wp-block-group-is-layout-flow is-style-title-left--1\">\n<p class=\"has-secondary-color has-text-color has-link-color has-secondary-font-family has-xl-font-size wp-elements-11b591dc9085b81a9a99cf8f9100b29e\">Maz\u00e8res <\/p>\n\n\n\n<p class=\"has-primary-color has-text-color has-link-color has-primary-font-family has-sm-font-size wp-elements-2464503751823c52b4f604a6aa26e564\" style=\"text-transform:uppercase\"><strong>Calmont mit dem Fahrrad<\/strong><\/p>\n<\/div>\n\n\n\n<h1 class=\"wp-block-heading text-title\">Ein sanfter und erholsamer Weg, um Maz\u00e8res im Rhythmus der Natur zu entdecken.<\/h1>\n\n\n\n<p class=\"has-m-font-size\" style=\"padding-left:2rem\">Starten Sie vom Campingplatz La Bastide aus zu einem sch\u00f6nen Fahrradabenteuer im Herzen der Ari\u00e8ge. Der Rundweg &#8220;Maz\u00e8res &#8211; La Bastide-de-Lordat&#8221; f\u00fchrt Sie durch sanfte Landschaften, charmante D\u00f6rfer und ruhige Wege, auf denen Sie richtig durchatmen k\u00f6nnen. Dies ist die Art von Spaziergang, die gut tut: einfach, nat\u00fcrlich, hell. Sie fahren im Rhythmus der Landschaft, entdecken den Fluss Hers, die Felder, die alten Steine&#8230; Ein perfekter Ausflug, um ein paar Stunden mit der Familie, Freunden oder dem Partner zu verbringen.   <\/p>\n<\/div>\n\n\n\n<div class=\"wp-block-column is-vertically-aligned-center rightLeft wp-block-image alignright size-large has-custom-border is-style-travel is-layout-flow wp-block-column-is-layout-flow is-style-travel--2\" style=\"flex-basis:60%\">\n<figure class=\"wp-block-image alignright size-full\"><img alt=\"\" decoding=\"async\" width=\"934\" height=\"523\" src=\"https:\/\/www.vap-camping.fr\/wp-content\/uploads\/2025\/08\/img_4728.jpeg\" alt=\"\" class=\"wp-image-3532\" srcset=\"https:\/\/www.vap-camping.fr\/wp-content\/uploads\/2025\/08\/img_4728.jpeg 934w, https:\/\/www.vap-camping.fr\/wp-content\/uploads\/2025\/08\/img_4728-600x336.jpeg 600w, https:\/\/www.vap-camping.fr\/wp-content\/uploads\/2025\/08\/img_4728-768x430.jpeg 768w\" sizes=\"(max-width: 934px) 100vw, 934px\" \/><\/figure>\n<\/div>\n<\/div>\n<\/div>\n\n\n\n<div class=\"wp-block-group has-global-padding is-layout-constrained wp-block-group-is-layout-constrained\">\n<div class=\"wp-block-columns alignfull are-vertically-aligned-center is-layout-flex wp-container-core-columns-is-layout-0c0b91ec wp-block-columns-is-layout-flex\">\n<div class=\"wp-block-column is-vertically-aligned-center wp-block-image alignright size-large has-custom-border is-style-simple-left leftRight is-layout-flow wp-block-column-is-layout-flow is-style-simple-left--3\" style=\"flex-basis:60%\">\n<figure class=\"wp-block-image alignleft size-large\"><img alt=\"\" decoding=\"async\" width=\"1024\" height=\"576\" src=\"https:\/\/www.vap-camping.fr\/wp-content\/uploads\/2025\/12\/image-10-1024x576.jpeg\" alt=\"\" class=\"wp-image-5073\" srcset=\"https:\/\/www.vap-camping.fr\/wp-content\/uploads\/2025\/12\/image-10-1024x576.jpeg 1024w, https:\/\/www.vap-camping.fr\/wp-content\/uploads\/2025\/12\/image-10-600x338.jpeg 600w, https:\/\/www.vap-camping.fr\/wp-content\/uploads\/2025\/12\/image-10-768x432.jpeg 768w, https:\/\/www.vap-camping.fr\/wp-content\/uploads\/2025\/12\/image-10-1536x864.jpeg 1536w, https:\/\/www.vap-camping.fr\/wp-content\/uploads\/2025\/12\/image-10.jpeg 1920w\" sizes=\"(max-width: 1024px) 100vw, 1024px\" \/><\/figure>\n<\/div>\n\n\n\n<div class=\"wp-block-column is-vertically-aligned-center rightLeft is-layout-flow wp-container-core-column-is-layout-58dbe9e9 wp-block-column-is-layout-flow\" style=\"padding-left:10rem;flex-basis:40%\">\n<div class=\"wp-block-group is-style-title-left is-layout-flow wp-block-group-is-layout-flow is-style-title-left--4\">\n<p class=\"has-secondary-color has-text-color has-link-color has-secondary-font-family has-xl-font-size wp-elements-00f92c4335d9d25f75456f76058dae0d\">Gut zu wissen<\/p>\n\n\n\n<p class=\"has-primary-color has-text-color has-link-color has-primary-font-family has-sm-font-size wp-elements-07b282157b6bc7e7db5fc82f55ebbeb5\" style=\"text-transform:uppercase\"><strong>Vor der Abreise<\/strong><\/p>\n<\/div>\n\n\n\n<h2 class=\"wp-block-heading text-title\">Ein moderater Rundweg, perfekt f\u00fcr eine stressfreie Fahrt und um die Landschaft zu genie\u00dfen.<\/h2>\n\n\n\n<p class=\"has-m-font-size\" style=\"padding-left:2rem\">Die Strecke ist 45,6 km lang und hat einen leichten H\u00f6henunterschied von etwa 170 m. Die Tour ist als moderat eingestuft und f\u00fcr alle Radfahrer mit einem Minimum an Erfahrung geeignet. Die Strecke ist eine Mischung aus ruhigen Stra\u00dfen und kleinen Wegen, ohne gro\u00dfe Schwierigkeiten, gerade genug, um die Landschaft zu genie\u00dfen, ohne sich zu beeilen. Ideal f\u00fcr einen sportlichen, aber sanften Halbtag oder einen ruhigen Tag mit Fotopausen und Naturerlebnissen. Weitere Informationen zu dieser Tour finden Sie hier: <a href=\"https:\/\/www.komoot.com\/fr-fr\/smarttour\/6983947\"><mark style=\"background-color:rgba(0, 0, 0, 0)\" class=\"has-inline-color has-secondary-color\">https:\/\/www.komoot.com\/fr-fr\/smarttour\/6983947<\/mark><\/a> .    <\/p>\n<\/div>\n<\/div>\n<\/div>\n\n\n\n<div class=\"wp-block-group has-global-padding is-layout-constrained wp-block-group-is-layout-constrained\">\n<div class=\"wp-block-columns alignfull are-vertically-aligned-center is-layout-flex wp-container-core-columns-is-layout-0c0b91ec wp-block-columns-is-layout-flex\">\n<div class=\"wp-block-column is-vertically-aligned-center leftRight is-layout-flow wp-container-core-column-is-layout-58dbe9e9 wp-block-column-is-layout-flow\" style=\"padding-left:10rem;flex-basis:40%\">\n<div class=\"wp-block-group is-style-title-left is-layout-flow wp-block-group-is-layout-flow is-style-title-left--5\">\n<p class=\"has-secondary-color has-text-color has-link-color has-secondary-font-family has-xl-font-size wp-elements-2f2bdd0df062446d4e2790e2141d0c1c\">Direkte Abreise<\/p>\n\n\n\n<p class=\"has-primary-color has-text-color has-link-color has-primary-font-family has-sm-font-size wp-elements-01e5418a6418dea4b430e700cb4aee8f\" style=\"text-transform:uppercase\"><strong>des Campingplatzes <\/strong><\/p>\n<\/div>\n\n\n\n<h2 class=\"wp-block-heading text-title\">Steigen Sie auf Ihr Fahrrad und fahren Sie auf der Strecke, sobald Sie den Campingplatz verlassen haben.<\/h2>\n\n\n\n<p class=\"has-m-font-size\" style=\"padding-left:2rem\">Die gute Nachricht: Sie sind bereits auf der Strecke! Die Strecke beginnt direkt in Maz\u00e8res, nur wenige Schritte vom Campingplatz entfernt. Sie brauchen kein Auto, keinen Transfer: steigen Sie einfach auf Ihr Fahrrad und fahren Sie los. In wenigen Minuten sind Sie in die Route eingetaucht und bereit f\u00fcr 45 km Entdeckungsreise in v\u00f6lliger Freiheit.   <\/p>\n<\/div>\n\n\n\n<div class=\"wp-block-column is-vertically-aligned-center rightLeft wp-block-image alignright size-large has-custom-border is-style-travel is-layout-flow wp-block-column-is-layout-flow is-style-travel--6\" style=\"flex-basis:60%\">\n<figure class=\"wp-block-image alignright size-large\"><img alt=\"\" decoding=\"async\" width=\"1024\" height=\"576\" src=\"https:\/\/www.vap-camping.fr\/wp-content\/uploads\/2025\/04\/dsc01243-1024x576.jpg\" alt=\"\" class=\"wp-image-4146\" srcset=\"https:\/\/www.vap-camping.fr\/wp-content\/uploads\/2025\/04\/dsc01243-1024x576.jpg 1024w, https:\/\/www.vap-camping.fr\/wp-content\/uploads\/2025\/04\/dsc01243-600x337.jpg 600w, https:\/\/www.vap-camping.fr\/wp-content\/uploads\/2025\/04\/dsc01243-768x432.jpg 768w, https:\/\/www.vap-camping.fr\/wp-content\/uploads\/2025\/04\/dsc01243-1536x863.jpg 1536w, https:\/\/www.vap-camping.fr\/wp-content\/uploads\/2025\/04\/dsc01243-2048x1151.jpg 2048w\" sizes=\"(max-width: 1024px) 100vw, 1024px\" \/><\/figure>\n<\/div>\n<\/div>\n<\/div>\n\n\n\n<div class=\"wp-block-group reveal has-global-padding is-layout-constrained wp-block-group-is-layout-constrained\">\n<div class=\"wp-block-group alignwide is-style-title-simple is-layout-flow wp-block-group-is-layout-flow is-style-title-simple--7\" style=\"margin-top:4rem;margin-bottom:4rem\">\n<p class=\"has-text-align-center has-secondary-color has-text-color has-link-color has-secondary-font-family has-xl-font-size wp-elements-754a17b6465ac1fab313b12ad098c134\">\n  Unsere Einrichtungen<\/p>\n\n\n\n<p class=\"has-text-align-center has-primary-font-family has-sm-font-size\" style=\"text-transform:uppercase\">\n                <strong>in der N\u00e4he<\/strong>\n            <\/p>\n<\/div>\n\n\n<div class=\"campings-wrapper is-layout-flow wp-block-slider-campings-is-layout-flow\">\n            <div class=\"campings-list\">\n                            <div class=\"camping-item\"\n                    style=\"background-image: linear-gradient(to top, rgba(0, 0, 0, 0.6), transparent), url('https:\/\/www.vap-camping.fr\/wp-content\/uploads\/2025\/07\/dji_0589-2-1024x767.jpg');\">\n                    <a href=\"https:\/\/www.vap-camping.fr\/de\/campings\/camping-la-bastide\/\" title=\"Campingplatz la Bastide(Maz\u00e8res)\" class=\"camping-link\">\n                        <p class=\"title\">Campingplatz la Bastide(Maz\u00e8res)<\/p>\n                        <p class=\"camping-button\">Entdecken<\/p>\n                    <\/a>\n                <\/div>\n                    <\/div>\n    <\/div>\n\n<\/div>\n<\/div>\n","protected":false},"excerpt":{"rendered":"<p>eine stressfreie Radtour f\u00fcr einen entspannten Tag!  <\/p>\n","protected":false},"author":1,"featured_media":3534,"parent":0,"template":"","format":"standard","tax-category-lieux":[50,73],"class_list":["post-6398","lieux","type-lieux","status-publish","format-standard","has-post-thumbnail","hentry","tax-category-lieux-aktivitaten","tax-category-lieux-radfahren"],"acf":{"latitude":"43.286881","longitude":"  1.633152","distance":2,"pm_lieu_url":"","pm_lieu_phone":"","adresse":"","pm_lieu_title_short":"","af_camping":[101]},"_links":{"self":[{"href":"https:\/\/www.vap-camping.fr\/de\/wp-json\/wp\/v2\/lieux\/6398","targetHints":{"allow":["GET"]}}],"collection":[{"href":"https:\/\/www.vap-camping.fr\/de\/wp-json\/wp\/v2\/lieux"}],"about":[{"href":"https:\/\/www.vap-camping.fr\/de\/wp-json\/wp\/v2\/types\/lieux"}],"author":[{"embeddable":true,"href":"https:\/\/www.vap-camping.fr\/de\/wp-json\/wp\/v2\/users\/1"}],"version-history":[{"count":1,"href":"https:\/\/www.vap-camping.fr\/de\/wp-json\/wp\/v2\/lieux\/6398\/revisions"}],"predecessor-version":[{"id":6399,"href":"https:\/\/www.vap-camping.fr\/de\/wp-json\/wp\/v2\/lieux\/6398\/revisions\/6399"}],"acf:post":[{"embeddable":true,"href":"https:\/\/www.vap-camping.fr\/de\/wp-json\/wp\/v2\/campings\/101"}],"wp:featuredmedia":[{"embeddable":true,"href":"https:\/\/www.vap-camping.fr\/de\/wp-json\/wp\/v2\/media\/3534"}],"wp:attachment":[{"href":"https:\/\/www.vap-camping.fr\/de\/wp-json\/wp\/v2\/media?parent=6398"}],"wp:term":[{"taxonomy":"tax-category-lieux","embeddable":true,"href":"https:\/\/www.vap-camping.fr\/de\/wp-json\/wp\/v2\/tax-category-lieux?post=6398"}],"curies":[{"name":"wp","href":"https:\/\/api.w.org\/{rel}","templated":true}]}}

Rundfahrt Mazères &#8211; Calmont mit dem Fahrrad

<div class="wp-block-group alignfull is-layout-flow wp-container-core-group-is-layout-12cc3699 wp-block-group-is-layout-flow" style="padding-top:10rem">
<div class="wp-block-group has-global-padding is-layout-constrained wp-container-core-group-is-layout-2931b900 wp-block-group-is-layout-constrained">
<div class="wp-block-columns alignfull are-vertically-aligned-center is-layout-flex wp-container-core-columns-is-layout-0c0b91ec wp-block-columns-is-layout-flex">
<div class="wp-block-column is-vertically-aligned-center leftRight is-layout-flow wp-container-core-column-is-layout-58dbe9e9 wp-block-column-is-layout-flow" style="padding-left:10rem;flex-basis:40%">
<div class="wp-block-group is-style-title-left is-layout-flow wp-block-group-is-layout-flow is-style-title-left--1">
<p class="has-secondary-color has-text-color has-link-color has-secondary-font-family has-xl-font-size wp-elements-11b591dc9085b81a9a99cf8f9100b29e">Mazères </p>



<p class="has-primary-color has-text-color has-link-color has-primary-font-family has-sm-font-size wp-elements-2464503751823c52b4f604a6aa26e564" style="text-transform:uppercase"><strong>Calmont mit dem Fahrrad</strong></p>
</div>



<h1 class="wp-block-heading text-title">Ein sanfter und erholsamer Weg, um Mazères im Rhythmus der Natur zu entdecken.</h1>



<p class="has-m-font-size" style="padding-left:2rem">Starten Sie vom Campingplatz La Bastide aus zu einem schönen Fahrradabenteuer im Herzen der Ariège. Der Rundweg &#8220;Mazères &#8211; La Bastide-de-Lordat&#8221; führt Sie durch sanfte Landschaften, charmante Dörfer und ruhige Wege, auf denen Sie richtig durchatmen können. Dies ist die Art von Spaziergang, die gut tut: einfach, natürlich, hell. Sie fahren im Rhythmus der Landschaft, entdecken den Fluss Hers, die Felder, die alten Steine&#8230; Ein perfekter Ausflug, um ein paar Stunden mit der Familie, Freunden oder dem Partner zu verbringen.   </p>
</div>



<div class="wp-block-column is-vertically-aligned-center rightLeft wp-block-image alignright size-large has-custom-border is-style-travel is-layout-flow wp-block-column-is-layout-flow is-style-travel--2" style="flex-basis:60%">
<figure class="wp-block-image alignright size-full"><img alt="" decoding="async" width="934" height="523" src="https://www.vap-camping.fr/wp-content/uploads/2025/08/img_4728.jpeg" alt="" class="wp-image-3532" srcset="https://www.vap-camping.fr/wp-content/uploads/2025/08/img_4728.jpeg 934w, https://www.vap-camping.fr/wp-content/uploads/2025/08/img_4728-600x336.jpeg 600w, https://www.vap-camping.fr/wp-content/uploads/2025/08/img_4728-768x430.jpeg 768w" sizes="(max-width: 934px) 100vw, 934px" /></figure>
</div>
</div>
</div>



<div class="wp-block-group has-global-padding is-layout-constrained wp-block-group-is-layout-constrained">
<div class="wp-block-columns alignfull are-vertically-aligned-center is-layout-flex wp-container-core-columns-is-layout-0c0b91ec wp-block-columns-is-layout-flex">
<div class="wp-block-column is-vertically-aligned-center wp-block-image alignright size-large has-custom-border is-style-simple-left leftRight is-layout-flow wp-block-column-is-layout-flow is-style-simple-left--3" style="flex-basis:60%">
<figure class="wp-block-image alignleft size-large"><img alt="" decoding="async" width="1024" height="576" src="https://www.vap-camping.fr/wp-content/uploads/2025/12/image-10-1024x576.jpeg" alt="" class="wp-image-5073" srcset="https://www.vap-camping.fr/wp-content/uploads/2025/12/image-10-1024x576.jpeg 1024w, https://www.vap-camping.fr/wp-content/uploads/2025/12/image-10-600x338.jpeg 600w, https://www.vap-camping.fr/wp-content/uploads/2025/12/image-10-768x432.jpeg 768w, https://www.vap-camping.fr/wp-content/uploads/2025/12/image-10-1536x864.jpeg 1536w, https://www.vap-camping.fr/wp-content/uploads/2025/12/image-10.jpeg 1920w" sizes="(max-width: 1024px) 100vw, 1024px" /></figure>
</div>



<div class="wp-block-column is-vertically-aligned-center rightLeft is-layout-flow wp-container-core-column-is-layout-58dbe9e9 wp-block-column-is-layout-flow" style="padding-left:10rem;flex-basis:40%">
<div class="wp-block-group is-style-title-left is-layout-flow wp-block-group-is-layout-flow is-style-title-left--4">
<p class="has-secondary-color has-text-color has-link-color has-secondary-font-family has-xl-font-size wp-elements-00f92c4335d9d25f75456f76058dae0d">Gut zu wissen</p>



<p class="has-primary-color has-text-color has-link-color has-primary-font-family has-sm-font-size wp-elements-07b282157b6bc7e7db5fc82f55ebbeb5" style="text-transform:uppercase"><strong>Vor der Abreise</strong></p>
</div>



<h2 class="wp-block-heading text-title">Ein moderater Rundweg, perfekt für eine stressfreie Fahrt und um die Landschaft zu genießen.</h2>



<p class="has-m-font-size" style="padding-left:2rem">Die Strecke ist 45,6 km lang und hat einen leichten Höhenunterschied von etwa 170 m. Die Tour ist als moderat eingestuft und für alle Radfahrer mit einem Minimum an Erfahrung geeignet. Die Strecke ist eine Mischung aus ruhigen Straßen und kleinen Wegen, ohne große Schwierigkeiten, gerade genug, um die Landschaft zu genießen, ohne sich zu beeilen. Ideal für einen sportlichen, aber sanften Halbtag oder einen ruhigen Tag mit Fotopausen und Naturerlebnissen. Weitere Informationen zu dieser Tour finden Sie hier: <a href="https://www.komoot.com/fr-fr/smarttour/6983947"><mark style="background-color:rgba(0, 0, 0, 0)" class="has-inline-color has-secondary-color">https://www.komoot.com/fr-fr/smarttour/6983947</mark></a> .    </p>
</div>
</div>
</div>



<div class="wp-block-group has-global-padding is-layout-constrained wp-block-group-is-layout-constrained">
<div class="wp-block-columns alignfull are-vertically-aligned-center is-layout-flex wp-container-core-columns-is-layout-0c0b91ec wp-block-columns-is-layout-flex">
<div class="wp-block-column is-vertically-aligned-center leftRight is-layout-flow wp-container-core-column-is-layout-58dbe9e9 wp-block-column-is-layout-flow" style="padding-left:10rem;flex-basis:40%">
<div class="wp-block-group is-style-title-left is-layout-flow wp-block-group-is-layout-flow is-style-title-left--5">
<p class="has-secondary-color has-text-color has-link-color has-secondary-font-family has-xl-font-size wp-elements-2f2bdd0df062446d4e2790e2141d0c1c">Direkte Abreise</p>



<p class="has-primary-color has-text-color has-link-color has-primary-font-family has-sm-font-size wp-elements-01e5418a6418dea4b430e700cb4aee8f" style="text-transform:uppercase"><strong>des Campingplatzes </strong></p>
</div>



<h2 class="wp-block-heading text-title">Steigen Sie auf Ihr Fahrrad und fahren Sie auf der Strecke, sobald Sie den Campingplatz verlassen haben.</h2>



<p class="has-m-font-size" style="padding-left:2rem">Die gute Nachricht: Sie sind bereits auf der Strecke! Die Strecke beginnt direkt in Mazères, nur wenige Schritte vom Campingplatz entfernt. Sie brauchen kein Auto, keinen Transfer: steigen Sie einfach auf Ihr Fahrrad und fahren Sie los. In wenigen Minuten sind Sie in die Route eingetaucht und bereit für 45 km Entdeckungsreise in völliger Freiheit.   </p>
</div>



<div class="wp-block-column is-vertically-aligned-center rightLeft wp-block-image alignright size-large has-custom-border is-style-travel is-layout-flow wp-block-column-is-layout-flow is-style-travel--6" style="flex-basis:60%">
<figure class="wp-block-image alignright size-large"><img alt="" decoding="async" width="1024" height="576" src="https://www.vap-camping.fr/wp-content/uploads/2025/04/dsc01243-1024x576.jpg" alt="" class="wp-image-4146" srcset="https://www.vap-camping.fr/wp-content/uploads/2025/04/dsc01243-1024x576.jpg 1024w, https://www.vap-camping.fr/wp-content/uploads/2025/04/dsc01243-600x337.jpg 600w, https://www.vap-camping.fr/wp-content/uploads/2025/04/dsc01243-768x432.jpg 768w, https://www.vap-camping.fr/wp-content/uploads/2025/04/dsc01243-1536x863.jpg 1536w, https://www.vap-camping.fr/wp-content/uploads/2025/04/dsc01243-2048x1151.jpg 2048w" sizes="(max-width: 1024px) 100vw, 1024px" /></figure>
</div>
</div>
</div>



<div class="wp-block-group reveal has-global-padding is-layout-constrained wp-block-group-is-layout-constrained">
<div class="wp-block-group alignwide is-style-title-simple is-layout-flow wp-block-group-is-layout-flow is-style-title-simple--7" style="margin-top:4rem;margin-bottom:4rem">
<p class="has-text-align-center has-secondary-color has-text-color has-link-color has-secondary-font-family has-xl-font-size wp-elements-754a17b6465ac1fab313b12ad098c134">
  Unsere Einrichtungen</p>



<p class="has-text-align-center has-primary-font-family has-sm-font-size" style="text-transform:uppercase">
                <strong>in der Nähe</strong>
            </p>
</div>


<div class="campings-wrapper is-layout-flow wp-block-slider-campings-is-layout-flow">
            <div class="campings-list">
                            <div class="camping-item"
                    style="background-image: linear-gradient(to top, rgba(0, 0, 0, 0.6), transparent), url('https://www.vap-camping.fr/wp-content/uploads/2025/07/dji_0589-2-1024x767.jpg');">
                    <a href="https://www.vap-camping.fr/de/campings/camping-la-bastide/" title="Campingplatz la Bastide(Mazères)" class="camping-link">
                        <p class="title">Campingplatz la Bastide(Mazères)</p>
                        <p class="camping-button">Entdecken</p>
                    </a>
                </div>
                    </div>
    </div>

</div>
</div>

<p>eine stressfreie Radtour für einen entspannten Tag!  </p>
