{"id":6448,"date":"2025-11-27T22:02:29","date_gmt":"2025-11-27T22:02:29","guid":{"rendered":"https:\/\/www.vap-camping.fr\/lieux\/etang-bleu-en-ariege\/"},"modified":"2026-01-30T00:31:53","modified_gmt":"2026-01-30T00:31:53","slug":"etang-bleu-en-ariege","status":"publish","type":"lieux","link":"https:\/\/www.vap-camping.fr\/de\/lieux\/etang-bleu-en-ariege\/","title":{"rendered":"\u00c9tang Bleu in der Ari\u00e8ge"},"content":{"rendered":"\n<div class=\"wp-block-group alignfull is-layout-flow wp-block-group-is-layout-flow\">\n<div class=\"wp-block-group has-global-padding is-layout-constrained wp-block-group-is-layout-constrained\">\n<div class=\"wp-block-columns alignfull are-vertically-aligned-center m-ti is-layout-flex wp-container-core-columns-is-layout-0c0b91ec wp-block-columns-is-layout-flex\">\n<div class=\"wp-block-column is-vertically-aligned-center m-ti-text is-layout-flow wp-container-core-column-is-layout-58dbe9e9 wp-block-column-is-layout-flow\" style=\"padding-left:10rem;flex-basis:40%\">\n<div class=\"wp-block-group is-style-title-left is-layout-flow wp-block-group-is-layout-flow is-style-title-left--1\">\n<p class=\"has-secondary-color has-text-color has-link-color has-secondary-font-family has-xl-font-size wp-elements-9bd1d7d3288bc1750065b603c5d195cc\">Teich Blue<\/p>\n\n\n\n<p class=\"has-primary-color has-text-color has-link-color has-primary-font-family has-sm-font-size wp-elements-4fbd4613001060ef34db679ff9ceacb5\" style=\"text-transform:uppercase\"><strong>verstecktes Juwel<\/strong><\/p>\n<\/div>\n\n\n\n<h1 class=\"wp-block-heading text-title\">Ein t\u00fcrkisfarbener See im Herzen der Pyren\u00e4en von Ari\u00e8ge.<\/h1>\n\n\n\n<p class=\"has-m-font-size\" style=\"padding-left:2rem\">L&#8217;\u00c9tang Bleu ist ein au\u00dfergew\u00f6hnliches Naturgebiet in den Pyren\u00e4en der Ari\u00e8ge. Umgeben von Bergen bietet er klares Wasser, eine friedliche Umgebung und eine spektakul\u00e4re Landschaft &#8211; ideal, um sich zu erholen und die Natur zu bewundern. Dieser zauberhafte Ort, der \u00fcber einen Wanderweg erreichbar ist, verf\u00fchrt Naturliebhaber, Ruhesuchende und Liebhaber sanfter Abenteuer.  <\/p>\n<\/div>\n\n\n\n<div class=\"wp-block-column is-vertically-aligned-center wp-block-image alignright size-large has-custom-border is-style-travel m-ti-image is-layout-flow wp-block-column-is-layout-flow is-style-travel--2\" style=\"flex-basis:60%\">\n<figure class=\"wp-block-image alignright size-large\"><img alt=\"\" decoding=\"async\" width=\"1024\" height=\"683\" src=\"https:\/\/www.vap-camping.fr\/wp-content\/uploads\/2025\/05\/AdobeStock_521369755-1024x683.jpeg\" alt=\"\" class=\"wp-image-1120\" srcset=\"https:\/\/www.vap-camping.fr\/wp-content\/uploads\/2025\/05\/AdobeStock_521369755-1024x683.jpeg 1024w, https:\/\/www.vap-camping.fr\/wp-content\/uploads\/2025\/05\/AdobeStock_521369755-600x400.jpeg 600w, https:\/\/www.vap-camping.fr\/wp-content\/uploads\/2025\/05\/AdobeStock_521369755-768x512.jpeg 768w, https:\/\/www.vap-camping.fr\/wp-content\/uploads\/2025\/05\/AdobeStock_521369755-1536x1024.jpeg 1536w, https:\/\/www.vap-camping.fr\/wp-content\/uploads\/2025\/05\/AdobeStock_521369755-2048x1365.jpeg 2048w\" sizes=\"(max-width: 1024px) 100vw, 1024px\" \/><\/figure>\n<\/div>\n<\/div>\n<\/div>\n\n\n\n<div class=\"wp-block-group has-global-padding is-layout-constrained wp-block-group-is-layout-constrained\">\n<div class=\"wp-block-columns alignfull are-vertically-aligned-center m-ti is-layout-flex wp-container-core-columns-is-layout-0c0b91ec wp-block-columns-is-layout-flex\">\n<div class=\"wp-block-column is-vertically-aligned-center wp-block-image alignright size-large has-custom-border is-style-simple-left m-ti-image is-layout-flow wp-block-column-is-layout-flow is-style-simple-left--3\" style=\"flex-basis:60%\">\n<figure class=\"wp-block-image alignleft size-large\"><img alt=\"\" decoding=\"async\" width=\"1024\" height=\"768\" src=\"https:\/\/www.vap-camping.fr\/wp-content\/uploads\/2025\/04\/lac-les-cabannes-1024x768.jpg\" alt=\"\" class=\"wp-image-610\" srcset=\"https:\/\/www.vap-camping.fr\/wp-content\/uploads\/2025\/04\/lac-les-cabannes-1024x768.jpg 1024w, https:\/\/www.vap-camping.fr\/wp-content\/uploads\/2025\/04\/lac-les-cabannes-600x450.jpg 600w, https:\/\/www.vap-camping.fr\/wp-content\/uploads\/2025\/04\/lac-les-cabannes-768x576.jpg 768w, https:\/\/www.vap-camping.fr\/wp-content\/uploads\/2025\/04\/lac-les-cabannes.jpg 1459w\" sizes=\"(max-width: 1024px) 100vw, 1024px\" \/><\/figure>\n<\/div>\n\n\n\n<div class=\"wp-block-column is-vertically-aligned-center m-ti-text is-layout-flow wp-container-core-column-is-layout-58dbe9e9 wp-block-column-is-layout-flow\" style=\"padding-left:10rem;flex-basis:40%\">\n<div class=\"wp-block-group is-style-title-left is-layout-flow wp-block-group-is-layout-flow is-style-title-left--4\">\n<p class=\"has-secondary-color has-text-color has-link-color has-secondary-font-family has-xl-font-size wp-elements-9d794833ce5709d00082c34370b27eb3\">Wanderungen <\/p>\n\n\n\n<p class=\"has-primary-color has-text-color has-link-color has-primary-font-family has-sm-font-size wp-elements-de42846a92e84cf006dc6cf78ab012b3\" style=\"text-transform:uppercase\"><strong>Und Entspannen<\/strong><\/p>\n<\/div>\n\n\n\n<h1 class=\"wp-block-heading text-title\">9,7 km Wanderung, Schwimmen (wetterabh\u00e4ngig), atemberaubende Aussicht auf die Berge.<\/h1>\n\n\n\n<p class=\"has-m-font-size\" style=\"padding-left:2rem\">Vom Weg aus erreichen Sie nach einer sch\u00f6nen Wanderung den \u00c9tang Bleu. Hier k\u00f6nnen Sie am Ufer des Sees spazieren gehen, die Ruhe genie\u00dfen und das Bergpanorama beobachten. Je nach Jahreszeit und Wetter kann man hier baden oder sich zumindest abk\u00fchlen. Der Rundweg ist 9,7 km lang und dauert etwa 4,5 bis 5 Stunden. Weitere Informationen \u00fcber den Rundweg finden Sie hier: <a href=\"https:\/\/www.pyrenees-ariegeoises.com\/a-voir-a-faire\/balades-et-randonnees\/etang-bleu-rabat-les-trois-seigneurs-fr-4362785\/\"><mark style=\"background-color:rgba(0, 0, 0, 0)\" class=\"has-inline-color has-secondary-color\">https:\/\/www.pyrenees-ariegeoises.com\/a-voir-a-faire\/balades-et-randonnees\/etang-bleu-rabat-les-trois-seigneurs-fr-4362785\/<\/mark><\/a> .    <\/p>\n<\/div>\n<\/div>\n<\/div>\n\n\n\n<div class=\"wp-block-group has-global-padding is-layout-constrained wp-block-group-is-layout-constrained\">\n<div class=\"wp-block-columns alignfull are-vertically-aligned-center m-ti is-layout-flex wp-container-core-columns-is-layout-0c0b91ec wp-block-columns-is-layout-flex\">\n<div class=\"wp-block-column is-vertically-aligned-center m-ti-text is-layout-flow wp-container-core-column-is-layout-58dbe9e9 wp-block-column-is-layout-flow\" style=\"padding-left:10rem;flex-basis:40%\">\n<div class=\"wp-block-group is-style-title-left is-layout-flow wp-block-group-is-layout-flow is-style-title-left--5\">\n<p class=\"has-secondary-color has-text-color has-link-color has-secondary-font-family has-xl-font-size wp-elements-c90768fb7546667547fee7cfe92a2309\">Zum Ausgangspunkt<\/p>\n\n\n\n<p class=\"has-primary-color has-text-color has-link-color has-primary-font-family has-sm-font-size wp-elements-c7816bcda3758ae1b067554d4d7800bc\" style=\"text-transform:uppercase\"><strong>Vom Campingplatz aus<\/strong><\/p>\n<\/div>\n\n\n\n<h1 class=\"wp-block-heading text-title\">Einfacher Zugang mit dem Auto, dann ruhiger und zug\u00e4nglicher Pfad.<\/h1>\n\n\n\n<p class=\"has-m-font-size\" style=\"padding-left:2rem\">Von Les Oustalous aus nehmen Sie die Stra\u00dfe in Richtung Tarascon sur Ari\u00e8ge, fahren Sie nach Surba \u00fcber die D618 in Richtung Col de Port.  <\/p>\n\n\n\n<p class=\"has-m-font-size\" style=\"padding-left:2rem\">Fahren Sie dann Richtung Rabat-les-Trois-Seigneurs auf der D223. Fahren Sie durch das Dorf, dann durch den Weiler La Freyte und erreichen Sie das Ende der Stra\u00dfe. Und es folgt ein zug\u00e4nglicher Spaziergang zum See. Ein sch\u00f6ner Halbtages- oder Tagesausflug, perfekt f\u00fcr Ihre Ferieng\u00e4ste, die sich im Ferienhaus niedergelassen haben.   <\/p>\n<\/div>\n\n\n\n<div class=\"wp-block-column is-vertically-aligned-center wp-block-image alignright size-large has-custom-border is-style-travel m-ti-image is-layout-flow wp-block-column-is-layout-flow is-style-travel--6\" style=\"flex-basis:60%\">\n<figure class=\"wp-block-image alignright size-full\"><img alt=\"\" decoding=\"async\" width=\"1024\" height=\"768\" src=\"https:\/\/www.vap-camping.fr\/wp-content\/uploads\/2025\/04\/img_5291-1024x768-1.jpg\" alt=\"\" class=\"wp-image-1658\" srcset=\"https:\/\/www.vap-camping.fr\/wp-content\/uploads\/2025\/04\/img_5291-1024x768-1.jpg 1024w, https:\/\/www.vap-camping.fr\/wp-content\/uploads\/2025\/04\/img_5291-1024x768-1-600x450.jpg 600w, https:\/\/www.vap-camping.fr\/wp-content\/uploads\/2025\/04\/img_5291-1024x768-1-768x576.jpg 768w\" sizes=\"(max-width: 1024px) 100vw, 1024px\" \/><\/figure>\n<\/div>\n<\/div>\n<\/div>\n\n\n\n<div class=\"wp-block-group has-global-padding is-layout-constrained wp-block-group-is-layout-constrained\">\n<div class=\"wp-block-group alignwide is-style-title-simple is-layout-flow wp-block-group-is-layout-flow is-style-title-simple--7\" style=\"margin-top:4rem;margin-bottom:4rem\">\n<p class=\"has-text-align-center has-secondary-color has-text-color has-link-color has-secondary-font-family has-xl-font-size wp-elements-556809578379f13a67076d882d7982ec\">Unsere Einrichtungen<\/p>\n\n\n\n<p class=\"has-text-align-center has-primary-font-family has-sm-font-size\" style=\"text-transform:uppercase\"><strong>In der N\u00e4he<\/strong><\/p>\n<\/div>\n\n\n<div class=\"campings-wrapper is-layout-flow wp-block-slider-campings-is-layout-flow\">\n            <div class=\"campings-list\">\n                            <div class=\"camping-item\"\n                    style=\"background-image: linear-gradient(to top, rgba(0, 0, 0, 0.6), transparent), url('https:\/\/www.vap-camping.fr\/wp-content\/uploads\/2025\/04\/img_5291-1024x768-1.jpg');\">\n                    <a href=\"https:\/\/www.vap-camping.fr\/de\/campings\/complexe-des-oustalous\/\" title=\"Oustalous-Komplex\" class=\"camping-link\">\n                        <p class=\"title\">Oustalous-Komplex<\/p>\n                        <p class=\"camping-button\">Entdecken<\/p>\n                    <\/a>\n                <\/div>\n                    <\/div>\n    <\/div>\n\n<\/div>\n<\/div>\n","protected":false},"excerpt":{"rendered":"<p>eine wohlverdiente Wanderung  <\/p>\n","protected":false},"author":1,"featured_media":2739,"parent":0,"template":"","format":"standard","tax-category-lieux":[54,71],"class_list":["post-6448","lieux","type-lieux","status-publish","format-standard","has-post-thumbnail","hentry","tax-category-lieux-see-teiche","tax-category-lieux-wanderungen-und-spaziergange"],"acf":{"latitude":"42.822289","longitude":"1.459812","distance":28,"pm_lieu_url":"https:\/\/www.pyrenees-ariegeoises.com\/a-voir-a-faire\/balades-et-randonnees\/etang-bleu-rabat-les-trois-seigneurs-fr-4362785\/","pm_lieu_phone":"","adresse":"","pm_lieu_title_short":"","af_camping":[105]},"_links":{"self":[{"href":"https:\/\/www.vap-camping.fr\/de\/wp-json\/wp\/v2\/lieux\/6448","targetHints":{"allow":["GET"]}}],"collection":[{"href":"https:\/\/www.vap-camping.fr\/de\/wp-json\/wp\/v2\/lieux"}],"about":[{"href":"https:\/\/www.vap-camping.fr\/de\/wp-json\/wp\/v2\/types\/lieux"}],"author":[{"embeddable":true,"href":"https:\/\/www.vap-camping.fr\/de\/wp-json\/wp\/v2\/users\/1"}],"version-history":[{"count":1,"href":"https:\/\/www.vap-camping.fr\/de\/wp-json\/wp\/v2\/lieux\/6448\/revisions"}],"predecessor-version":[{"id":6450,"href":"https:\/\/www.vap-camping.fr\/de\/wp-json\/wp\/v2\/lieux\/6448\/revisions\/6450"}],"acf:post":[{"embeddable":true,"href":"https:\/\/www.vap-camping.fr\/de\/wp-json\/wp\/v2\/campings\/105"}],"wp:featuredmedia":[{"embeddable":true,"href":"https:\/\/www.vap-camping.fr\/de\/wp-json\/wp\/v2\/media\/2739"}],"wp:attachment":[{"href":"https:\/\/www.vap-camping.fr\/de\/wp-json\/wp\/v2\/media?parent=6448"}],"wp:term":[{"taxonomy":"tax-category-lieux","embeddable":true,"href":"https:\/\/www.vap-camping.fr\/de\/wp-json\/wp\/v2\/tax-category-lieux?post=6448"}],"curies":[{"name":"wp","href":"https:\/\/api.w.org\/{rel}","templated":true}]}}

Étang Bleu in der Ariège

<div class="wp-block-group alignfull is-layout-flow wp-block-group-is-layout-flow">
<div class="wp-block-group has-global-padding is-layout-constrained wp-block-group-is-layout-constrained">
<div class="wp-block-columns alignfull are-vertically-aligned-center m-ti is-layout-flex wp-container-core-columns-is-layout-0c0b91ec wp-block-columns-is-layout-flex">
<div class="wp-block-column is-vertically-aligned-center m-ti-text is-layout-flow wp-container-core-column-is-layout-58dbe9e9 wp-block-column-is-layout-flow" style="padding-left:10rem;flex-basis:40%">
<div class="wp-block-group is-style-title-left is-layout-flow wp-block-group-is-layout-flow is-style-title-left--1">
<p class="has-secondary-color has-text-color has-link-color has-secondary-font-family has-xl-font-size wp-elements-9bd1d7d3288bc1750065b603c5d195cc">Teich Blue</p>



<p class="has-primary-color has-text-color has-link-color has-primary-font-family has-sm-font-size wp-elements-4fbd4613001060ef34db679ff9ceacb5" style="text-transform:uppercase"><strong>verstecktes Juwel</strong></p>
</div>



<h1 class="wp-block-heading text-title">Ein türkisfarbener See im Herzen der Pyrenäen von Ariège.</h1>



<p class="has-m-font-size" style="padding-left:2rem">L&#8217;Étang Bleu ist ein außergewöhnliches Naturgebiet in den Pyrenäen der Ariège. Umgeben von Bergen bietet er klares Wasser, eine friedliche Umgebung und eine spektakuläre Landschaft &#8211; ideal, um sich zu erholen und die Natur zu bewundern. Dieser zauberhafte Ort, der über einen Wanderweg erreichbar ist, verführt Naturliebhaber, Ruhesuchende und Liebhaber sanfter Abenteuer.  </p>
</div>



<div class="wp-block-column is-vertically-aligned-center wp-block-image alignright size-large has-custom-border is-style-travel m-ti-image is-layout-flow wp-block-column-is-layout-flow is-style-travel--2" style="flex-basis:60%">
<figure class="wp-block-image alignright size-large"><img alt="" decoding="async" width="1024" height="683" src="https://www.vap-camping.fr/wp-content/uploads/2025/05/AdobeStock_521369755-1024x683.jpeg" alt="" class="wp-image-1120" srcset="https://www.vap-camping.fr/wp-content/uploads/2025/05/AdobeStock_521369755-1024x683.jpeg 1024w, https://www.vap-camping.fr/wp-content/uploads/2025/05/AdobeStock_521369755-600x400.jpeg 600w, https://www.vap-camping.fr/wp-content/uploads/2025/05/AdobeStock_521369755-768x512.jpeg 768w, https://www.vap-camping.fr/wp-content/uploads/2025/05/AdobeStock_521369755-1536x1024.jpeg 1536w, https://www.vap-camping.fr/wp-content/uploads/2025/05/AdobeStock_521369755-2048x1365.jpeg 2048w" sizes="(max-width: 1024px) 100vw, 1024px" /></figure>
</div>
</div>
</div>



<div class="wp-block-group has-global-padding is-layout-constrained wp-block-group-is-layout-constrained">
<div class="wp-block-columns alignfull are-vertically-aligned-center m-ti is-layout-flex wp-container-core-columns-is-layout-0c0b91ec wp-block-columns-is-layout-flex">
<div class="wp-block-column is-vertically-aligned-center wp-block-image alignright size-large has-custom-border is-style-simple-left m-ti-image is-layout-flow wp-block-column-is-layout-flow is-style-simple-left--3" style="flex-basis:60%">
<figure class="wp-block-image alignleft size-large"><img alt="" decoding="async" width="1024" height="768" src="https://www.vap-camping.fr/wp-content/uploads/2025/04/lac-les-cabannes-1024x768.jpg" alt="" class="wp-image-610" srcset="https://www.vap-camping.fr/wp-content/uploads/2025/04/lac-les-cabannes-1024x768.jpg 1024w, https://www.vap-camping.fr/wp-content/uploads/2025/04/lac-les-cabannes-600x450.jpg 600w, https://www.vap-camping.fr/wp-content/uploads/2025/04/lac-les-cabannes-768x576.jpg 768w, https://www.vap-camping.fr/wp-content/uploads/2025/04/lac-les-cabannes.jpg 1459w" sizes="(max-width: 1024px) 100vw, 1024px" /></figure>
</div>



<div class="wp-block-column is-vertically-aligned-center m-ti-text is-layout-flow wp-container-core-column-is-layout-58dbe9e9 wp-block-column-is-layout-flow" style="padding-left:10rem;flex-basis:40%">
<div class="wp-block-group is-style-title-left is-layout-flow wp-block-group-is-layout-flow is-style-title-left--4">
<p class="has-secondary-color has-text-color has-link-color has-secondary-font-family has-xl-font-size wp-elements-9d794833ce5709d00082c34370b27eb3">Wanderungen </p>



<p class="has-primary-color has-text-color has-link-color has-primary-font-family has-sm-font-size wp-elements-de42846a92e84cf006dc6cf78ab012b3" style="text-transform:uppercase"><strong>Und Entspannen</strong></p>
</div>



<h1 class="wp-block-heading text-title">9,7 km Wanderung, Schwimmen (wetterabhängig), atemberaubende Aussicht auf die Berge.</h1>



<p class="has-m-font-size" style="padding-left:2rem">Vom Weg aus erreichen Sie nach einer schönen Wanderung den Étang Bleu. Hier können Sie am Ufer des Sees spazieren gehen, die Ruhe genießen und das Bergpanorama beobachten. Je nach Jahreszeit und Wetter kann man hier baden oder sich zumindest abkühlen. Der Rundweg ist 9,7 km lang und dauert etwa 4,5 bis 5 Stunden. Weitere Informationen über den Rundweg finden Sie hier: <a href="https://www.pyrenees-ariegeoises.com/a-voir-a-faire/balades-et-randonnees/etang-bleu-rabat-les-trois-seigneurs-fr-4362785/"><mark style="background-color:rgba(0, 0, 0, 0)" class="has-inline-color has-secondary-color">https://www.pyrenees-ariegeoises.com/a-voir-a-faire/balades-et-randonnees/etang-bleu-rabat-les-trois-seigneurs-fr-4362785/</mark></a> .    </p>
</div>
</div>
</div>



<div class="wp-block-group has-global-padding is-layout-constrained wp-block-group-is-layout-constrained">
<div class="wp-block-columns alignfull are-vertically-aligned-center m-ti is-layout-flex wp-container-core-columns-is-layout-0c0b91ec wp-block-columns-is-layout-flex">
<div class="wp-block-column is-vertically-aligned-center m-ti-text is-layout-flow wp-container-core-column-is-layout-58dbe9e9 wp-block-column-is-layout-flow" style="padding-left:10rem;flex-basis:40%">
<div class="wp-block-group is-style-title-left is-layout-flow wp-block-group-is-layout-flow is-style-title-left--5">
<p class="has-secondary-color has-text-color has-link-color has-secondary-font-family has-xl-font-size wp-elements-c90768fb7546667547fee7cfe92a2309">Zum Ausgangspunkt</p>



<p class="has-primary-color has-text-color has-link-color has-primary-font-family has-sm-font-size wp-elements-c7816bcda3758ae1b067554d4d7800bc" style="text-transform:uppercase"><strong>Vom Campingplatz aus</strong></p>
</div>



<h1 class="wp-block-heading text-title">Einfacher Zugang mit dem Auto, dann ruhiger und zugänglicher Pfad.</h1>



<p class="has-m-font-size" style="padding-left:2rem">Von Les Oustalous aus nehmen Sie die Straße in Richtung Tarascon sur Ariège, fahren Sie nach Surba über die D618 in Richtung Col de Port.  </p>



<p class="has-m-font-size" style="padding-left:2rem">Fahren Sie dann Richtung Rabat-les-Trois-Seigneurs auf der D223. Fahren Sie durch das Dorf, dann durch den Weiler La Freyte und erreichen Sie das Ende der Straße. Und es folgt ein zugänglicher Spaziergang zum See. Ein schöner Halbtages- oder Tagesausflug, perfekt für Ihre Feriengäste, die sich im Ferienhaus niedergelassen haben.   </p>
</div>



<div class="wp-block-column is-vertically-aligned-center wp-block-image alignright size-large has-custom-border is-style-travel m-ti-image is-layout-flow wp-block-column-is-layout-flow is-style-travel--6" style="flex-basis:60%">
<figure class="wp-block-image alignright size-full"><img alt="" decoding="async" width="1024" height="768" src="https://www.vap-camping.fr/wp-content/uploads/2025/04/img_5291-1024x768-1.jpg" alt="" class="wp-image-1658" srcset="https://www.vap-camping.fr/wp-content/uploads/2025/04/img_5291-1024x768-1.jpg 1024w, https://www.vap-camping.fr/wp-content/uploads/2025/04/img_5291-1024x768-1-600x450.jpg 600w, https://www.vap-camping.fr/wp-content/uploads/2025/04/img_5291-1024x768-1-768x576.jpg 768w" sizes="(max-width: 1024px) 100vw, 1024px" /></figure>
</div>
</div>
</div>



<div class="wp-block-group has-global-padding is-layout-constrained wp-block-group-is-layout-constrained">
<div class="wp-block-group alignwide is-style-title-simple is-layout-flow wp-block-group-is-layout-flow is-style-title-simple--7" style="margin-top:4rem;margin-bottom:4rem">
<p class="has-text-align-center has-secondary-color has-text-color has-link-color has-secondary-font-family has-xl-font-size wp-elements-556809578379f13a67076d882d7982ec">Unsere Einrichtungen</p>



<p class="has-text-align-center has-primary-font-family has-sm-font-size" style="text-transform:uppercase"><strong>In der Nähe</strong></p>
</div>


<div class="campings-wrapper is-layout-flow wp-block-slider-campings-is-layout-flow">
            <div class="campings-list">
                            <div class="camping-item"
                    style="background-image: linear-gradient(to top, rgba(0, 0, 0, 0.6), transparent), url('https://www.vap-camping.fr/wp-content/uploads/2025/04/img_5291-1024x768-1.jpg');">
                    <a href="https://www.vap-camping.fr/de/campings/complexe-des-oustalous/" title="Oustalous-Komplex" class="camping-link">
                        <p class="title">Oustalous-Komplex</p>
                        <p class="camping-button">Entdecken</p>
                    </a>
                </div>
                    </div>
    </div>

</div>
</div>
