{"id":6452,"date":"2025-11-27T22:24:16","date_gmt":"2025-11-27T22:24:16","guid":{"rendered":"https:\/\/www.vap-camping.fr\/lieux\/mont-fourcat-en-ariege\/"},"modified":"2026-01-30T00:32:57","modified_gmt":"2026-01-30T00:32:57","slug":"mont-fourcat-en-ariege","status":"publish","type":"lieux","link":"https:\/\/www.vap-camping.fr\/de\/lieux\/mont-fourcat-en-ariege\/","title":{"rendered":"Mont Fourcat in Ari\u00e8ge"},"content":{"rendered":"\n<div class=\"wp-block-group alignfull is-layout-flow wp-container-core-group-is-layout-12cc3699 wp-block-group-is-layout-flow\" style=\"padding-top:10rem\">\n<div class=\"wp-block-group has-global-padding is-layout-constrained wp-container-core-group-is-layout-2931b900 wp-block-group-is-layout-constrained\">\n<div class=\"wp-block-columns alignfull are-vertically-aligned-center is-layout-flex wp-container-core-columns-is-layout-0c0b91ec wp-block-columns-is-layout-flex\">\n<div class=\"wp-block-column is-vertically-aligned-center leftRight is-layout-flow wp-container-core-column-is-layout-58dbe9e9 wp-block-column-is-layout-flow\" style=\"padding-left:10rem;flex-basis:40%\">\n<div class=\"wp-block-group is-style-title-left is-layout-flow wp-block-group-is-layout-flow is-style-title-left--1\">\n<p class=\"has-secondary-color has-text-color has-link-color has-secondary-font-family has-xl-font-size wp-elements-8a7ede73971c3f71b3457768d464c75b\">Mont Fourcat<\/p>\n\n\n\n<p class=\"has-primary-color has-text-color has-link-color has-primary-font-family has-sm-font-size wp-elements-ba5d48defb1b7d7aedde2c9b080ca345\" style=\"text-transform:uppercase\"><strong>atemberaubende Aussicht<\/strong><\/p>\n<\/div>\n\n\n\n<h1 class=\"wp-block-heading text-title\">Ein friedlicher Gipfel, von dem aus Sie einen 360\u00b0 Blick auf die Pyren\u00e4en haben.<\/h1>\n\n\n\n<p class=\"has-m-font-size\" style=\"padding-left:2rem\">Der Mont Fourcat \u00fcberragt das Tal und bietet eine spektakul\u00e4re Aussicht auf die Berge der Ari\u00e8ge. Der Berg ist \u00fcber einen Wanderweg erreichbar und ist ein idealer Aussichtspunkt, um die Natur zu bewundern, die frische Luft zu atmen und die umliegenden Gipfel zu betrachten. Ein perfekter Ort, um sich mit den Bergen zu verbinden, weit weg von der Hektik &#8211; ideal f\u00fcr alle, die Ruhe und die Weite der Natur lieben.  <\/p>\n<\/div>\n\n\n\n<div class=\"wp-block-column is-vertically-aligned-center rightLeft wp-block-image alignright size-large has-custom-border is-style-travel is-layout-flow wp-block-column-is-layout-flow is-style-travel--2\" style=\"flex-basis:60%\">\n<figure class=\"wp-block-image alignright size-large\"><img alt=\"\" decoding=\"async\" width=\"1024\" height=\"672\" src=\"https:\/\/www.vap-camping.fr\/wp-content\/uploads\/2025\/05\/AdobeStock_76352589-1024x672.jpeg\" alt=\"\" class=\"wp-image-1260\" srcset=\"https:\/\/www.vap-camping.fr\/wp-content\/uploads\/2025\/05\/AdobeStock_76352589-1024x672.jpeg 1024w, https:\/\/www.vap-camping.fr\/wp-content\/uploads\/2025\/05\/AdobeStock_76352589-600x394.jpeg 600w, https:\/\/www.vap-camping.fr\/wp-content\/uploads\/2025\/05\/AdobeStock_76352589-768x504.jpeg 768w, https:\/\/www.vap-camping.fr\/wp-content\/uploads\/2025\/05\/AdobeStock_76352589-1536x1008.jpeg 1536w, https:\/\/www.vap-camping.fr\/wp-content\/uploads\/2025\/05\/AdobeStock_76352589-2048x1344.jpeg 2048w\" sizes=\"(max-width: 1024px) 100vw, 1024px\" \/><\/figure>\n<\/div>\n<\/div>\n<\/div>\n\n\n\n<div class=\"wp-block-group has-global-padding is-layout-constrained wp-block-group-is-layout-constrained\">\n<div class=\"wp-block-columns alignfull are-vertically-aligned-center is-layout-flex wp-container-core-columns-is-layout-0c0b91ec wp-block-columns-is-layout-flex\">\n<div class=\"wp-block-column is-vertically-aligned-center wp-block-image alignright size-large has-custom-border is-style-simple-left leftRight is-layout-flow wp-block-column-is-layout-flow is-style-simple-left--3\" style=\"flex-basis:60%\">\n<figure class=\"wp-block-image alignleft size-full\"><img alt=\"\" decoding=\"async\" width=\"800\" height=\"533\" src=\"https:\/\/www.vap-camping.fr\/wp-content\/uploads\/2025\/04\/randonee_pyrenee_ariege-1.png\" alt=\"\" class=\"wp-image-698\" srcset=\"https:\/\/www.vap-camping.fr\/wp-content\/uploads\/2025\/04\/randonee_pyrenee_ariege-1.png 800w, https:\/\/www.vap-camping.fr\/wp-content\/uploads\/2025\/04\/randonee_pyrenee_ariege-1-600x400.png 600w, https:\/\/www.vap-camping.fr\/wp-content\/uploads\/2025\/04\/randonee_pyrenee_ariege-1-768x512.png 768w\" sizes=\"(max-width: 800px) 100vw, 800px\" \/><\/figure>\n<\/div>\n\n\n\n<div class=\"wp-block-column is-vertically-aligned-center rightLeft is-layout-flow wp-container-core-column-is-layout-58dbe9e9 wp-block-column-is-layout-flow\" style=\"padding-left:10rem;flex-basis:40%\">\n<div class=\"wp-block-group is-style-title-left is-layout-flow wp-block-group-is-layout-flow is-style-title-left--4\">\n<p class=\"has-secondary-color has-text-color has-link-color has-secondary-font-family has-xl-font-size wp-elements-88005d28295fde129b71040584c8d5ab\">Wanderung  <\/p>\n\n\n\n<p class=\"has-primary-color has-text-color has-link-color has-primary-font-family has-sm-font-size wp-elements-a4352cfd61a8c77b010acefa2b59de85\" style=\"text-transform:uppercase\"><strong>&amp; Kontemplation<\/strong><\/p>\n<\/div>\n\n\n\n<h1 class=\"wp-block-heading text-title\">Alpine Wanderung, grandiose Aussicht, unber\u00fchrte Natur.<\/h1>\n\n\n\n<p class=\"has-m-font-size\" style=\"padding-left:2rem\">Der Aufstieg zum Mont Fourcat ist eine sch\u00f6ne Wanderung &#8211; f\u00fcr motivierte Wanderer geeignet &#8211; die zu einem Gipfel f\u00fchrt, der eine spektakul\u00e4re Aussicht auf die Pyren\u00e4enketten bietet. Genie\u00dfen Sie das Panorama, die absolute Ruhe und die unber\u00fchrte Natur, die zum Fotografieren, Beobachten von Tieren oder einfach zum Entspannen auf dem Gipfel einl\u00e4dt. Eine sch\u00f6ne Belohnung nach der Anstrengung des Aufstiegs. Es handelt sich um einen Rundgang _ Hin und Zur\u00fcck _ in 9,3 km mit einem H\u00f6henunterschied von 757,85 m, der mit gutem Schuhwerk 4 bis 5 Stunden dauert. Weitere Informationen zu dieser Wanderung finden Sie hier: <a href=\"https:\/\/www.pyrenees-ariegeoises.com\/a-voir-a-faire\/balades-et-randonnees\/le-mont-fourcat-mercus-garrabet-fr-4362809\/\"><mark style=\"background-color:rgba(0, 0, 0, 0)\" class=\"has-inline-color has-secondary-color\">https:\/\/www.pyrenees-ariegeoises.com\/a-voir-a-faire\/balades-et-randonnees\/le-mont-fourcat-mercus-garrabet-fr-4362809\/<\/mark><\/a> .    <\/p>\n<\/div>\n<\/div>\n<\/div>\n\n\n\n<div class=\"wp-block-group has-global-padding is-layout-constrained wp-block-group-is-layout-constrained\">\n<div class=\"wp-block-columns alignfull are-vertically-aligned-center is-layout-flex wp-container-core-columns-is-layout-0c0b91ec wp-block-columns-is-layout-flex\">\n<div class=\"wp-block-column is-vertically-aligned-center leftRight is-layout-flow wp-container-core-column-is-layout-58dbe9e9 wp-block-column-is-layout-flow\" style=\"padding-left:10rem;flex-basis:40%\">\n<div class=\"wp-block-group is-style-title-left is-layout-flow wp-block-group-is-layout-flow is-style-title-left--5\">\n<p class=\"has-secondary-color has-text-color has-link-color has-secondary-font-family has-xl-font-size wp-elements-862356211a622bb264adc8f47d69e2c4\">Wie <\/p>\n\n\n\n<p class=\"has-primary-color has-text-color has-link-color has-primary-font-family has-sm-font-size wp-elements-47349e2c5391711989f207f279b897df\" style=\"text-transform:uppercase\"><strong>zum Ausgangspunkt gehen<\/strong><\/p>\n<\/div>\n\n\n\n<h2 class=\"wp-block-heading text-title\">Auto + Wanderung &#8211; perfekter Tagesausflug.<\/h2>\n\n\n\n<p class=\"has-m-font-size\" style=\"padding-left:2rem\">Fahren Sie von Tarascon in n\u00f6rdlicher Richtung auf der D618 nach Mercus. Im Dorf biegen Sie rechts ab auf die D61, die Sie nach Croqui\u00e9 f\u00fchrt. Am Ortseingang, an der gro\u00dfen Kastanie, nehmen Sie den Weg nach links bis zum Parkplatz Les Brougues. Bringen Sie gutes Schuhwerk, eine leichte Tasche, Wasser und Snacks mit. Dieser Ausflug ist ideal f\u00fcr einen halben oder ganzen Tag in den Bergen.      <\/p>\n<\/div>\n\n\n\n<div class=\"wp-block-column is-vertically-aligned-center rightLeft wp-block-image alignright size-large has-custom-border is-style-travel is-layout-flow wp-block-column-is-layout-flow is-style-travel--6\" style=\"flex-basis:60%\">\n<figure class=\"wp-block-image alignright size-large\"><img decoding=\"async\" width=\"1024\" height=\"685\" src=\"https:\/\/www.vap-camping.fr\/wp-content\/uploads\/2025\/05\/AdobeStock_12111915-1024x685.jpeg\" alt=\"Winter\" class=\"wp-image-1150\" srcset=\"https:\/\/www.vap-camping.fr\/wp-content\/uploads\/2025\/05\/AdobeStock_12111915-1024x685.jpeg 1024w, https:\/\/www.vap-camping.fr\/wp-content\/uploads\/2025\/05\/AdobeStock_12111915-600x402.jpeg 600w, https:\/\/www.vap-camping.fr\/wp-content\/uploads\/2025\/05\/AdobeStock_12111915-768x514.jpeg 768w, https:\/\/www.vap-camping.fr\/wp-content\/uploads\/2025\/05\/AdobeStock_12111915-1536x1028.jpeg 1536w, https:\/\/www.vap-camping.fr\/wp-content\/uploads\/2025\/05\/AdobeStock_12111915-2048x1371.jpeg 2048w\" sizes=\"(max-width: 1024px) 100vw, 1024px\" \/><\/figure>\n<\/div>\n<\/div>\n<\/div>\n\n\n\n<div class=\"wp-block-group reveal has-global-padding is-layout-constrained wp-block-group-is-layout-constrained\">\n<div class=\"wp-block-group alignwide is-style-title-simple is-layout-flow wp-block-group-is-layout-flow is-style-title-simple--7\" style=\"margin-top:4rem;margin-bottom:4rem\">\n<p class=\"has-text-align-center has-secondary-color has-text-color has-link-color has-secondary-font-family has-xl-font-size wp-elements-754a17b6465ac1fab313b12ad098c134\">\n  Unsere Einrichtungen<\/p>\n\n\n\n<p class=\"has-text-align-center has-primary-font-family has-sm-font-size\" style=\"text-transform:uppercase\">\n                <strong>in der N\u00e4he<\/strong>\n            <\/p>\n<\/div>\n\n\n<div class=\"campings-wrapper is-layout-flow wp-block-slider-campings-is-layout-flow\">\n            <div class=\"campings-list\">\n                            <div class=\"camping-item\"\n                    style=\"background-image: linear-gradient(to top, rgba(0, 0, 0, 0.6), transparent), url('https:\/\/www.vap-camping.fr\/wp-content\/uploads\/2025\/04\/img_5291-1024x768-1.jpg');\">\n                    <a href=\"https:\/\/www.vap-camping.fr\/de\/campings\/complexe-des-oustalous\/\" title=\"Oustalous-Komplex\" class=\"camping-link\">\n                        <p class=\"title\">Oustalous-Komplex<\/p>\n                        <p class=\"camping-button\">Entdecken<\/p>\n                    <\/a>\n                <\/div>\n                    <\/div>\n    <\/div>\n\n<\/div>\n<\/div>\n","protected":false},"excerpt":{"rendered":"<p>Wanderung zum Mont Fourcat<\/p>\n","protected":false},"author":1,"featured_media":4853,"parent":0,"template":"","format":"standard","tax-category-lieux":[71],"class_list":["post-6452","lieux","type-lieux","status-publish","format-standard","has-post-thumbnail","hentry","tax-category-lieux-wanderungen-und-spaziergange"],"acf":{"latitude":"42.855000","longitude":"  1.716111","distance":32,"pm_lieu_url":"https:\/\/www.pyrenees-ariegeoises.com\/a-voir-a-faire\/balades-et-randonnees\/le-mont-fourcat-mercus-garrabet-fr-4362809\/","pm_lieu_phone":"","adresse":"","pm_lieu_title_short":"","af_camping":[105]},"_links":{"self":[{"href":"https:\/\/www.vap-camping.fr\/de\/wp-json\/wp\/v2\/lieux\/6452","targetHints":{"allow":["GET"]}}],"collection":[{"href":"https:\/\/www.vap-camping.fr\/de\/wp-json\/wp\/v2\/lieux"}],"about":[{"href":"https:\/\/www.vap-camping.fr\/de\/wp-json\/wp\/v2\/types\/lieux"}],"author":[{"embeddable":true,"href":"https:\/\/www.vap-camping.fr\/de\/wp-json\/wp\/v2\/users\/1"}],"version-history":[{"count":1,"href":"https:\/\/www.vap-camping.fr\/de\/wp-json\/wp\/v2\/lieux\/6452\/revisions"}],"predecessor-version":[{"id":6453,"href":"https:\/\/www.vap-camping.fr\/de\/wp-json\/wp\/v2\/lieux\/6452\/revisions\/6453"}],"acf:post":[{"embeddable":true,"href":"https:\/\/www.vap-camping.fr\/de\/wp-json\/wp\/v2\/campings\/105"}],"wp:featuredmedia":[{"embeddable":true,"href":"https:\/\/www.vap-camping.fr\/de\/wp-json\/wp\/v2\/media\/4853"}],"wp:attachment":[{"href":"https:\/\/www.vap-camping.fr\/de\/wp-json\/wp\/v2\/media?parent=6452"}],"wp:term":[{"taxonomy":"tax-category-lieux","embeddable":true,"href":"https:\/\/www.vap-camping.fr\/de\/wp-json\/wp\/v2\/tax-category-lieux?post=6452"}],"curies":[{"name":"wp","href":"https:\/\/api.w.org\/{rel}","templated":true}]}}

Mont Fourcat in Ariège

<div class="wp-block-group alignfull is-layout-flow wp-container-core-group-is-layout-12cc3699 wp-block-group-is-layout-flow" style="padding-top:10rem">
<div class="wp-block-group has-global-padding is-layout-constrained wp-container-core-group-is-layout-2931b900 wp-block-group-is-layout-constrained">
<div class="wp-block-columns alignfull are-vertically-aligned-center is-layout-flex wp-container-core-columns-is-layout-0c0b91ec wp-block-columns-is-layout-flex">
<div class="wp-block-column is-vertically-aligned-center leftRight is-layout-flow wp-container-core-column-is-layout-58dbe9e9 wp-block-column-is-layout-flow" style="padding-left:10rem;flex-basis:40%">
<div class="wp-block-group is-style-title-left is-layout-flow wp-block-group-is-layout-flow is-style-title-left--1">
<p class="has-secondary-color has-text-color has-link-color has-secondary-font-family has-xl-font-size wp-elements-8a7ede73971c3f71b3457768d464c75b">Mont Fourcat</p>



<p class="has-primary-color has-text-color has-link-color has-primary-font-family has-sm-font-size wp-elements-ba5d48defb1b7d7aedde2c9b080ca345" style="text-transform:uppercase"><strong>atemberaubende Aussicht</strong></p>
</div>



<h1 class="wp-block-heading text-title">Ein friedlicher Gipfel, von dem aus Sie einen 360° Blick auf die Pyrenäen haben.</h1>



<p class="has-m-font-size" style="padding-left:2rem">Der Mont Fourcat überragt das Tal und bietet eine spektakuläre Aussicht auf die Berge der Ariège. Der Berg ist über einen Wanderweg erreichbar und ist ein idealer Aussichtspunkt, um die Natur zu bewundern, die frische Luft zu atmen und die umliegenden Gipfel zu betrachten. Ein perfekter Ort, um sich mit den Bergen zu verbinden, weit weg von der Hektik &#8211; ideal für alle, die Ruhe und die Weite der Natur lieben.  </p>
</div>



<div class="wp-block-column is-vertically-aligned-center rightLeft wp-block-image alignright size-large has-custom-border is-style-travel is-layout-flow wp-block-column-is-layout-flow is-style-travel--2" style="flex-basis:60%">
<figure class="wp-block-image alignright size-large"><img alt="" decoding="async" width="1024" height="672" src="https://www.vap-camping.fr/wp-content/uploads/2025/05/AdobeStock_76352589-1024x672.jpeg" alt="" class="wp-image-1260" srcset="https://www.vap-camping.fr/wp-content/uploads/2025/05/AdobeStock_76352589-1024x672.jpeg 1024w, https://www.vap-camping.fr/wp-content/uploads/2025/05/AdobeStock_76352589-600x394.jpeg 600w, https://www.vap-camping.fr/wp-content/uploads/2025/05/AdobeStock_76352589-768x504.jpeg 768w, https://www.vap-camping.fr/wp-content/uploads/2025/05/AdobeStock_76352589-1536x1008.jpeg 1536w, https://www.vap-camping.fr/wp-content/uploads/2025/05/AdobeStock_76352589-2048x1344.jpeg 2048w" sizes="(max-width: 1024px) 100vw, 1024px" /></figure>
</div>
</div>
</div>



<div class="wp-block-group has-global-padding is-layout-constrained wp-block-group-is-layout-constrained">
<div class="wp-block-columns alignfull are-vertically-aligned-center is-layout-flex wp-container-core-columns-is-layout-0c0b91ec wp-block-columns-is-layout-flex">
<div class="wp-block-column is-vertically-aligned-center wp-block-image alignright size-large has-custom-border is-style-simple-left leftRight is-layout-flow wp-block-column-is-layout-flow is-style-simple-left--3" style="flex-basis:60%">
<figure class="wp-block-image alignleft size-full"><img alt="" decoding="async" width="800" height="533" src="https://www.vap-camping.fr/wp-content/uploads/2025/04/randonee_pyrenee_ariege-1.png" alt="" class="wp-image-698" srcset="https://www.vap-camping.fr/wp-content/uploads/2025/04/randonee_pyrenee_ariege-1.png 800w, https://www.vap-camping.fr/wp-content/uploads/2025/04/randonee_pyrenee_ariege-1-600x400.png 600w, https://www.vap-camping.fr/wp-content/uploads/2025/04/randonee_pyrenee_ariege-1-768x512.png 768w" sizes="(max-width: 800px) 100vw, 800px" /></figure>
</div>



<div class="wp-block-column is-vertically-aligned-center rightLeft is-layout-flow wp-container-core-column-is-layout-58dbe9e9 wp-block-column-is-layout-flow" style="padding-left:10rem;flex-basis:40%">
<div class="wp-block-group is-style-title-left is-layout-flow wp-block-group-is-layout-flow is-style-title-left--4">
<p class="has-secondary-color has-text-color has-link-color has-secondary-font-family has-xl-font-size wp-elements-88005d28295fde129b71040584c8d5ab">Wanderung  </p>



<p class="has-primary-color has-text-color has-link-color has-primary-font-family has-sm-font-size wp-elements-a4352cfd61a8c77b010acefa2b59de85" style="text-transform:uppercase"><strong>&amp; Kontemplation</strong></p>
</div>



<h1 class="wp-block-heading text-title">Alpine Wanderung, grandiose Aussicht, unberührte Natur.</h1>



<p class="has-m-font-size" style="padding-left:2rem">Der Aufstieg zum Mont Fourcat ist eine schöne Wanderung &#8211; für motivierte Wanderer geeignet &#8211; die zu einem Gipfel führt, der eine spektakuläre Aussicht auf die Pyrenäenketten bietet. Genießen Sie das Panorama, die absolute Ruhe und die unberührte Natur, die zum Fotografieren, Beobachten von Tieren oder einfach zum Entspannen auf dem Gipfel einlädt. Eine schöne Belohnung nach der Anstrengung des Aufstiegs. Es handelt sich um einen Rundgang _ Hin und Zurück _ in 9,3 km mit einem Höhenunterschied von 757,85 m, der mit gutem Schuhwerk 4 bis 5 Stunden dauert. Weitere Informationen zu dieser Wanderung finden Sie hier: <a href="https://www.pyrenees-ariegeoises.com/a-voir-a-faire/balades-et-randonnees/le-mont-fourcat-mercus-garrabet-fr-4362809/"><mark style="background-color:rgba(0, 0, 0, 0)" class="has-inline-color has-secondary-color">https://www.pyrenees-ariegeoises.com/a-voir-a-faire/balades-et-randonnees/le-mont-fourcat-mercus-garrabet-fr-4362809/</mark></a> .    </p>
</div>
</div>
</div>



<div class="wp-block-group has-global-padding is-layout-constrained wp-block-group-is-layout-constrained">
<div class="wp-block-columns alignfull are-vertically-aligned-center is-layout-flex wp-container-core-columns-is-layout-0c0b91ec wp-block-columns-is-layout-flex">
<div class="wp-block-column is-vertically-aligned-center leftRight is-layout-flow wp-container-core-column-is-layout-58dbe9e9 wp-block-column-is-layout-flow" style="padding-left:10rem;flex-basis:40%">
<div class="wp-block-group is-style-title-left is-layout-flow wp-block-group-is-layout-flow is-style-title-left--5">
<p class="has-secondary-color has-text-color has-link-color has-secondary-font-family has-xl-font-size wp-elements-862356211a622bb264adc8f47d69e2c4">Wie </p>



<p class="has-primary-color has-text-color has-link-color has-primary-font-family has-sm-font-size wp-elements-47349e2c5391711989f207f279b897df" style="text-transform:uppercase"><strong>zum Ausgangspunkt gehen</strong></p>
</div>



<h2 class="wp-block-heading text-title">Auto + Wanderung &#8211; perfekter Tagesausflug.</h2>



<p class="has-m-font-size" style="padding-left:2rem">Fahren Sie von Tarascon in nördlicher Richtung auf der D618 nach Mercus. Im Dorf biegen Sie rechts ab auf die D61, die Sie nach Croquié führt. Am Ortseingang, an der großen Kastanie, nehmen Sie den Weg nach links bis zum Parkplatz Les Brougues. Bringen Sie gutes Schuhwerk, eine leichte Tasche, Wasser und Snacks mit. Dieser Ausflug ist ideal für einen halben oder ganzen Tag in den Bergen.      </p>
</div>



<div class="wp-block-column is-vertically-aligned-center rightLeft wp-block-image alignright size-large has-custom-border is-style-travel is-layout-flow wp-block-column-is-layout-flow is-style-travel--6" style="flex-basis:60%">
<figure class="wp-block-image alignright size-large"><img decoding="async" width="1024" height="685" src="https://www.vap-camping.fr/wp-content/uploads/2025/05/AdobeStock_12111915-1024x685.jpeg" alt="Winter" class="wp-image-1150" srcset="https://www.vap-camping.fr/wp-content/uploads/2025/05/AdobeStock_12111915-1024x685.jpeg 1024w, https://www.vap-camping.fr/wp-content/uploads/2025/05/AdobeStock_12111915-600x402.jpeg 600w, https://www.vap-camping.fr/wp-content/uploads/2025/05/AdobeStock_12111915-768x514.jpeg 768w, https://www.vap-camping.fr/wp-content/uploads/2025/05/AdobeStock_12111915-1536x1028.jpeg 1536w, https://www.vap-camping.fr/wp-content/uploads/2025/05/AdobeStock_12111915-2048x1371.jpeg 2048w" sizes="(max-width: 1024px) 100vw, 1024px" /></figure>
</div>
</div>
</div>



<div class="wp-block-group reveal has-global-padding is-layout-constrained wp-block-group-is-layout-constrained">
<div class="wp-block-group alignwide is-style-title-simple is-layout-flow wp-block-group-is-layout-flow is-style-title-simple--7" style="margin-top:4rem;margin-bottom:4rem">
<p class="has-text-align-center has-secondary-color has-text-color has-link-color has-secondary-font-family has-xl-font-size wp-elements-754a17b6465ac1fab313b12ad098c134">
  Unsere Einrichtungen</p>



<p class="has-text-align-center has-primary-font-family has-sm-font-size" style="text-transform:uppercase">
                <strong>in der Nähe</strong>
            </p>
</div>


<div class="campings-wrapper is-layout-flow wp-block-slider-campings-is-layout-flow">
            <div class="campings-list">
                            <div class="camping-item"
                    style="background-image: linear-gradient(to top, rgba(0, 0, 0, 0.6), transparent), url('https://www.vap-camping.fr/wp-content/uploads/2025/04/img_5291-1024x768-1.jpg');">
                    <a href="https://www.vap-camping.fr/de/campings/complexe-des-oustalous/" title="Oustalous-Komplex" class="camping-link">
                        <p class="title">Oustalous-Komplex</p>
                        <p class="camping-button">Entdecken</p>
                    </a>
                </div>
                    </div>
    </div>

</div>
</div>
