{"id":6540,"date":"2025-05-09T13:52:10","date_gmt":"2025-05-09T13:52:10","guid":{"rendered":"https:\/\/www.vap-camping.fr\/lieux\/forteresse-de-calames\/"},"modified":"2026-01-30T00:46:23","modified_gmt":"2026-01-30T00:46:23","slug":"forteresse-de-calames","status":"publish","type":"lieux","link":"https:\/\/www.vap-camping.fr\/de\/lieux\/forteresse-de-calames\/","title":{"rendered":"Festung Calam\u00e8s"},"content":{"rendered":"\n<div class=\"wp-block-group alignfull is-layout-flow wp-container-core-group-is-layout-12cc3699 wp-block-group-is-layout-flow\" style=\"padding-top:10rem\">\n<div class=\"wp-block-group has-global-padding is-layout-constrained wp-container-core-group-is-layout-2931b900 wp-block-group-is-layout-constrained\">\n<div class=\"wp-block-columns alignfull are-vertically-aligned-center is-layout-flex wp-container-core-columns-is-layout-0c0b91ec wp-block-columns-is-layout-flex\">\n<div class=\"wp-block-column is-vertically-aligned-center leftRight is-layout-flow wp-container-core-column-is-layout-58dbe9e9 wp-block-column-is-layout-flow\" style=\"padding-left:10rem;flex-basis:40%\">\n<div class=\"wp-block-group is-style-title-left is-layout-flow wp-block-group-is-layout-flow is-style-title-left--1\">\n<p class=\"has-secondary-color has-text-color has-link-color has-secondary-font-family has-xl-font-size wp-elements-aa8ca0989f213dd6cd3e1984ae9a16e7\">Festung von Calam\u00e8s<\/p>\n\n\n\n<p class=\"has-primary-color has-text-color has-link-color has-primary-font-family has-sm-font-size wp-elements-4631cd46c631b58f0bd84814f5517244\" style=\"text-transform:uppercase\"><strong>zwischen mittelalterlichen Ruinen und H\u00f6henpanorama<\/strong><\/p>\n<\/div>\n\n\n\n<h1 class=\"wp-block-heading text-title\">Ein hochgelegener, geschichtstr\u00e4chtiger Ort im Herzen der Ari\u00e8ge-Berge<\/h1>\n\n\n\n<p class=\"has-m-font-size\" style=\"padding-left:2rem\">Die Festung von Calam\u00e8s dominiert das Tal von B\u00e9deilhac und ist eine alte mittelalterliche Verteidigungsanlage, die heute eine Ruine ist.  <\/p>\n\n\n\n<p class=\"has-m-font-size\" style=\"padding-left:2rem\">Er ist nur zu Fu\u00df erreichbar und bietet eine sch\u00f6ne Wanderung mit einem freien Blick auf die Berge und die umliegenden T\u00e4ler.<\/p>\n<\/div>\n\n\n\n<div class=\"wp-block-column is-vertically-aligned-center rightLeft wp-block-image alignright size-large has-custom-border is-style-travel is-layout-flow wp-block-column-is-layout-flow is-style-travel--2\" style=\"flex-basis:60%\">\n<figure class=\"wp-block-image alignright size-full\"><img decoding=\"async\" width=\"550\" height=\"385\" src=\"https:\/\/www.vap-camping.fr\/wp-content\/uploads\/2025\/05\/chateau_ariege.jpg\" alt=\"Schloss Ari&#xE8;ge\" class=\"wp-image-811\"\/><\/figure>\n<\/div>\n<\/div>\n<\/div>\n\n\n\n<div class=\"wp-block-group has-global-padding is-layout-constrained wp-block-group-is-layout-constrained\">\n<div class=\"wp-block-columns alignfull are-vertically-aligned-center is-layout-flex wp-container-core-columns-is-layout-0c0b91ec wp-block-columns-is-layout-flex\">\n<div class=\"wp-block-column is-vertically-aligned-center wp-block-image alignright size-large has-custom-border is-style-simple-left leftRight is-layout-flow wp-block-column-is-layout-flow is-style-simple-left--3\" style=\"flex-basis:60%\">\n<figure class=\"wp-block-image alignleft size-large\"><img decoding=\"async\" width=\"1024\" height=\"768\" src=\"https:\/\/www.vap-camping.fr\/wp-content\/uploads\/2025\/05\/AdobeStock_1312971900-1024x768.jpeg\" alt=\"Wandern Ari&#xE8;ge\" class=\"wp-image-1159\" srcset=\"https:\/\/www.vap-camping.fr\/wp-content\/uploads\/2025\/05\/AdobeStock_1312971900-1024x768.jpeg 1024w, https:\/\/www.vap-camping.fr\/wp-content\/uploads\/2025\/05\/AdobeStock_1312971900-600x450.jpeg 600w, https:\/\/www.vap-camping.fr\/wp-content\/uploads\/2025\/05\/AdobeStock_1312971900-768x576.jpeg 768w, https:\/\/www.vap-camping.fr\/wp-content\/uploads\/2025\/05\/AdobeStock_1312971900-1536x1152.jpeg 1536w, https:\/\/www.vap-camping.fr\/wp-content\/uploads\/2025\/05\/AdobeStock_1312971900-2048x1536.jpeg 2048w\" sizes=\"(max-width: 1024px) 100vw, 1024px\" \/><\/figure>\n<\/div>\n\n\n\n<div class=\"wp-block-column is-vertically-aligned-center rightLeft is-layout-flow wp-container-core-column-is-layout-58dbe9e9 wp-block-column-is-layout-flow\" style=\"padding-left:10rem;flex-basis:40%\">\n<div class=\"wp-block-group is-style-title-left is-layout-flow wp-block-group-is-layout-flow is-style-title-left--4\">\n<p class=\"has-secondary-color has-text-color has-link-color has-secondary-font-family has-xl-font-size wp-elements-b5bc0b5a63fe12531463f1732c046039\">Eine Wanderung<\/p>\n\n\n\n<p class=\"has-primary-color has-text-color has-link-color has-primary-font-family has-sm-font-size wp-elements-6e2f8131b6696c743e8d5203ac4d8068\" style=\"text-transform:uppercase\"><strong>kurz, aber nachhaltig<\/strong><\/p>\n<\/div>\n\n\n\n<h2 class=\"wp-block-heading text-title\">Ca. 1,5 Stunden Fu\u00dfweg von B\u00e9deilhac hin und zur\u00fcck<\/h2>\n\n\n\n<p class=\"has-m-font-size\" style=\"padding-left:2rem\">Der Weg beginnt im Dorf B\u00e9deilhac und steigt allm\u00e4hlich durch den Wald an. Nach einem stetigen Anstieg erscheinen die Ruinen auf einem Kalksteinvorsprung. Die Aussicht ist spektakul\u00e4r, mit Blick auf die Pyren\u00e4en und das Tal der Ari\u00e8ge.  <\/p>\n<\/div>\n<\/div>\n<\/div>\n\n\n\n<div class=\"wp-block-group has-global-padding is-layout-constrained wp-block-group-is-layout-constrained\">\n<div class=\"wp-block-columns alignfull are-vertically-aligned-center is-layout-flex wp-container-core-columns-is-layout-0c0b91ec wp-block-columns-is-layout-flex\">\n<div class=\"wp-block-column is-vertically-aligned-center leftRight is-layout-flow wp-container-core-column-is-layout-58dbe9e9 wp-block-column-is-layout-flow\" style=\"padding-left:10rem;flex-basis:40%\">\n<div class=\"wp-block-group is-style-title-left is-layout-flow wp-block-group-is-layout-flow is-style-title-left--5\">\n<p class=\"has-secondary-color has-text-color has-link-color has-secondary-font-family has-xl-font-size wp-elements-6acc401d7c76259f91c97193cea14244\">Ein friedlicher Ort<\/p>\n\n\n\n<p class=\"has-primary-color has-text-color has-link-color has-primary-font-family has-sm-font-size wp-elements-062b4b37ea16a7bbc8b9425c45d67db8\" style=\"text-transform:uppercase\"><strong>weit weg von den Menschenmassen<\/strong><\/p>\n<\/div>\n\n\n\n<h2 class=\"wp-block-heading text-title\">Ideal f\u00fcr Liebhaber von Ruhe, Natur und vergessenem Kulturerbe.<\/h2>\n\n\n\n<p class=\"has-m-font-size\" style=\"padding-left:2rem\">Die Festung von Calames ist wenig besucht, was sie zu einem perfekten Ziel f\u00fcr diejenigen macht, die eine historische St\u00e4tte abseits der \u00fcblichen Touristenpfade suchen. Sie k\u00f6nnen die alten Mauern erahnen und die Stille und Sch\u00f6nheit der Landschaft genie\u00dfen. Genie\u00dfen Sie nach dieser herrlichen Wanderung eine wohlverdiente Ruhepause in unseren VAP-Unterk\u00fcnften, die in der N\u00e4he dieses verborgenen Schatzes liegen.    <\/p>\n\n\n\n<p class=\"has-m-font-size\" style=\"padding-left:2rem\">Weitere Informationen \u00fcber die Festung : <a href=\"https:\/\/www.mairie-saurat.fr\/le-chateau-de-calames\/\"><mark style=\"background-color:rgba(0, 0, 0, 0)\" class=\"has-inline-color has-secondary-color\">https:\/\/www.mairie-saurat.fr\/le-chateau-de-calames\/<\/mark><\/a> .<\/p>\n<\/div>\n\n\n\n<div class=\"wp-block-column is-vertically-aligned-center rightLeft wp-block-image alignright size-large has-custom-border is-style-travel is-layout-flow wp-block-column-is-layout-flow is-style-travel--6\" style=\"flex-basis:60%\">\n<figure class=\"wp-block-image alignright size-full\"><img decoding=\"async\" width=\"2560\" height=\"1920\" src=\"https:\/\/www.vap-camping.fr\/wp-content\/uploads\/2025\/05\/img_1870-scaled.jpeg\" alt=\"herrliche Aussicht in der Ari&#xE8;ge\" class=\"wp-image-4489\" srcset=\"https:\/\/www.vap-camping.fr\/wp-content\/uploads\/2025\/05\/img_1870-scaled.jpeg 2560w, https:\/\/www.vap-camping.fr\/wp-content\/uploads\/2025\/05\/img_1870-600x450.jpeg 600w, https:\/\/www.vap-camping.fr\/wp-content\/uploads\/2025\/05\/img_1870-1024x768.jpeg 1024w, https:\/\/www.vap-camping.fr\/wp-content\/uploads\/2025\/05\/img_1870-768x576.jpeg 768w, https:\/\/www.vap-camping.fr\/wp-content\/uploads\/2025\/05\/img_1870-1536x1152.jpeg 1536w, https:\/\/www.vap-camping.fr\/wp-content\/uploads\/2025\/05\/img_1870-2048x1536.jpeg 2048w\" sizes=\"(max-width: 2560px) 100vw, 2560px\" \/><\/figure>\n<\/div>\n<\/div>\n<\/div>\n\n\n\n<div class=\"wp-block-group reveal has-global-padding is-layout-constrained wp-block-group-is-layout-constrained\">\n<div class=\"wp-block-group alignwide is-style-title-simple is-layout-flow wp-block-group-is-layout-flow is-style-title-simple--7\" style=\"margin-top:4rem;margin-bottom:4rem\">\n<p class=\"has-text-align-center has-secondary-color has-text-color has-link-color has-secondary-font-family has-xl-font-size wp-elements-754a17b6465ac1fab313b12ad098c134\">\n  Unsere Einrichtungen<\/p>\n\n\n\n<p class=\"has-text-align-center has-primary-font-family has-sm-font-size\" style=\"text-transform:uppercase\">\n                <strong>in der N\u00e4he<\/strong>\n            <\/p>\n<\/div>\n\n\n<div class=\"campings-wrapper is-layout-flow wp-block-slider-campings-is-layout-flow\">\n            <div class=\"campings-list\">\n                            <div class=\"camping-item\"\n                    style=\"background-image: linear-gradient(to top, rgba(0, 0, 0, 0.6), transparent), url('https:\/\/www.vap-camping.fr\/wp-content\/uploads\/2025\/04\/camping-avec-piscine-1024x767.jpg');\">\n                    <a href=\"https:\/\/www.vap-camping.fr\/de\/campings\/camping-du-lac\/\" title=\"Campingplatz du lac(Foix)\" class=\"camping-link\">\n                        <p class=\"title\">Campingplatz du lac(Foix)<\/p>\n                        <p class=\"camping-button\">Entdecken<\/p>\n                    <\/a>\n                <\/div>\n                            <div class=\"camping-item\"\n                    style=\"background-image: linear-gradient(to top, rgba(0, 0, 0, 0.6), transparent), url('https:\/\/www.vap-camping.fr\/wp-content\/uploads\/2025\/04\/img_5291-1024x768-1.jpg');\">\n                    <a href=\"https:\/\/www.vap-camping.fr\/de\/campings\/complexe-des-oustalous\/\" title=\"Oustalous-Komplex\" class=\"camping-link\">\n                        <p class=\"title\">Oustalous-Komplex<\/p>\n                        <p class=\"camping-button\">Entdecken<\/p>\n                    <\/a>\n                <\/div>\n                    <\/div>\n    <\/div>\n\n<\/div>\n<\/div>\n","protected":false},"excerpt":{"rendered":"<p>Die Festung Calam\u00e8s, inmitten der Natur und weit weg von den Massen, ist ein geschichtstr\u00e4chtiger Ort, der auch ein beliebter Ort f\u00fcr Kletterer ist.<\/p>\n","protected":false},"author":1,"featured_media":4519,"parent":0,"template":"","format":"standard","tax-category-lieux":[52],"class_list":["post-6540","lieux","type-lieux","status-publish","format-standard","has-post-thumbnail","hentry","tax-category-lieux-schlosser"],"acf":{"latitude":"42.8696545","longitude":"1.4180698","distance":20,"pm_lieu_url":"https:\/\/www.mairie-saurat.fr\/le-chateau-de-calames","pm_lieu_phone":"","adresse":"","pm_lieu_title_short":"","af_camping":[22,105]},"_links":{"self":[{"href":"https:\/\/www.vap-camping.fr\/de\/wp-json\/wp\/v2\/lieux\/6540","targetHints":{"allow":["GET"]}}],"collection":[{"href":"https:\/\/www.vap-camping.fr\/de\/wp-json\/wp\/v2\/lieux"}],"about":[{"href":"https:\/\/www.vap-camping.fr\/de\/wp-json\/wp\/v2\/types\/lieux"}],"author":[{"embeddable":true,"href":"https:\/\/www.vap-camping.fr\/de\/wp-json\/wp\/v2\/users\/1"}],"version-history":[{"count":1,"href":"https:\/\/www.vap-camping.fr\/de\/wp-json\/wp\/v2\/lieux\/6540\/revisions"}],"predecessor-version":[{"id":6542,"href":"https:\/\/www.vap-camping.fr\/de\/wp-json\/wp\/v2\/lieux\/6540\/revisions\/6542"}],"acf:post":[{"embeddable":true,"href":"https:\/\/www.vap-camping.fr\/de\/wp-json\/wp\/v2\/campings\/105"},{"embeddable":true,"href":"https:\/\/www.vap-camping.fr\/de\/wp-json\/wp\/v2\/campings\/22"}],"wp:featuredmedia":[{"embeddable":true,"href":"https:\/\/www.vap-camping.fr\/de\/wp-json\/wp\/v2\/media\/4519"}],"wp:attachment":[{"href":"https:\/\/www.vap-camping.fr\/de\/wp-json\/wp\/v2\/media?parent=6540"}],"wp:term":[{"taxonomy":"tax-category-lieux","embeddable":true,"href":"https:\/\/www.vap-camping.fr\/de\/wp-json\/wp\/v2\/tax-category-lieux?post=6540"}],"curies":[{"name":"wp","href":"https:\/\/api.w.org\/{rel}","templated":true}]}}

Festung Calamès

<div class="wp-block-group alignfull is-layout-flow wp-container-core-group-is-layout-12cc3699 wp-block-group-is-layout-flow" style="padding-top:10rem">
<div class="wp-block-group has-global-padding is-layout-constrained wp-container-core-group-is-layout-2931b900 wp-block-group-is-layout-constrained">
<div class="wp-block-columns alignfull are-vertically-aligned-center is-layout-flex wp-container-core-columns-is-layout-0c0b91ec wp-block-columns-is-layout-flex">
<div class="wp-block-column is-vertically-aligned-center leftRight is-layout-flow wp-container-core-column-is-layout-58dbe9e9 wp-block-column-is-layout-flow" style="padding-left:10rem;flex-basis:40%">
<div class="wp-block-group is-style-title-left is-layout-flow wp-block-group-is-layout-flow is-style-title-left--1">
<p class="has-secondary-color has-text-color has-link-color has-secondary-font-family has-xl-font-size wp-elements-aa8ca0989f213dd6cd3e1984ae9a16e7">Festung von Calamès</p>



<p class="has-primary-color has-text-color has-link-color has-primary-font-family has-sm-font-size wp-elements-4631cd46c631b58f0bd84814f5517244" style="text-transform:uppercase"><strong>zwischen mittelalterlichen Ruinen und Höhenpanorama</strong></p>
</div>



<h1 class="wp-block-heading text-title">Ein hochgelegener, geschichtsträchtiger Ort im Herzen der Ariège-Berge</h1>



<p class="has-m-font-size" style="padding-left:2rem">Die Festung von Calamès dominiert das Tal von Bédeilhac und ist eine alte mittelalterliche Verteidigungsanlage, die heute eine Ruine ist.  </p>



<p class="has-m-font-size" style="padding-left:2rem">Er ist nur zu Fuß erreichbar und bietet eine schöne Wanderung mit einem freien Blick auf die Berge und die umliegenden Täler.</p>
</div>



<div class="wp-block-column is-vertically-aligned-center rightLeft wp-block-image alignright size-large has-custom-border is-style-travel is-layout-flow wp-block-column-is-layout-flow is-style-travel--2" style="flex-basis:60%">
<figure class="wp-block-image alignright size-full"><img decoding="async" width="550" height="385" src="https://www.vap-camping.fr/wp-content/uploads/2025/05/chateau_ariege.jpg" alt="Schloss Ari&#xE8;ge" class="wp-image-811"/></figure>
</div>
</div>
</div>



<div class="wp-block-group has-global-padding is-layout-constrained wp-block-group-is-layout-constrained">
<div class="wp-block-columns alignfull are-vertically-aligned-center is-layout-flex wp-container-core-columns-is-layout-0c0b91ec wp-block-columns-is-layout-flex">
<div class="wp-block-column is-vertically-aligned-center wp-block-image alignright size-large has-custom-border is-style-simple-left leftRight is-layout-flow wp-block-column-is-layout-flow is-style-simple-left--3" style="flex-basis:60%">
<figure class="wp-block-image alignleft size-large"><img decoding="async" width="1024" height="768" src="https://www.vap-camping.fr/wp-content/uploads/2025/05/AdobeStock_1312971900-1024x768.jpeg" alt="Wandern Ari&#xE8;ge" class="wp-image-1159" srcset="https://www.vap-camping.fr/wp-content/uploads/2025/05/AdobeStock_1312971900-1024x768.jpeg 1024w, https://www.vap-camping.fr/wp-content/uploads/2025/05/AdobeStock_1312971900-600x450.jpeg 600w, https://www.vap-camping.fr/wp-content/uploads/2025/05/AdobeStock_1312971900-768x576.jpeg 768w, https://www.vap-camping.fr/wp-content/uploads/2025/05/AdobeStock_1312971900-1536x1152.jpeg 1536w, https://www.vap-camping.fr/wp-content/uploads/2025/05/AdobeStock_1312971900-2048x1536.jpeg 2048w" sizes="(max-width: 1024px) 100vw, 1024px" /></figure>
</div>



<div class="wp-block-column is-vertically-aligned-center rightLeft is-layout-flow wp-container-core-column-is-layout-58dbe9e9 wp-block-column-is-layout-flow" style="padding-left:10rem;flex-basis:40%">
<div class="wp-block-group is-style-title-left is-layout-flow wp-block-group-is-layout-flow is-style-title-left--4">
<p class="has-secondary-color has-text-color has-link-color has-secondary-font-family has-xl-font-size wp-elements-b5bc0b5a63fe12531463f1732c046039">Eine Wanderung</p>



<p class="has-primary-color has-text-color has-link-color has-primary-font-family has-sm-font-size wp-elements-6e2f8131b6696c743e8d5203ac4d8068" style="text-transform:uppercase"><strong>kurz, aber nachhaltig</strong></p>
</div>



<h2 class="wp-block-heading text-title">Ca. 1,5 Stunden Fußweg von Bédeilhac hin und zurück</h2>



<p class="has-m-font-size" style="padding-left:2rem">Der Weg beginnt im Dorf Bédeilhac und steigt allmählich durch den Wald an. Nach einem stetigen Anstieg erscheinen die Ruinen auf einem Kalksteinvorsprung. Die Aussicht ist spektakulär, mit Blick auf die Pyrenäen und das Tal der Ariège.  </p>
</div>
</div>
</div>



<div class="wp-block-group has-global-padding is-layout-constrained wp-block-group-is-layout-constrained">
<div class="wp-block-columns alignfull are-vertically-aligned-center is-layout-flex wp-container-core-columns-is-layout-0c0b91ec wp-block-columns-is-layout-flex">
<div class="wp-block-column is-vertically-aligned-center leftRight is-layout-flow wp-container-core-column-is-layout-58dbe9e9 wp-block-column-is-layout-flow" style="padding-left:10rem;flex-basis:40%">
<div class="wp-block-group is-style-title-left is-layout-flow wp-block-group-is-layout-flow is-style-title-left--5">
<p class="has-secondary-color has-text-color has-link-color has-secondary-font-family has-xl-font-size wp-elements-6acc401d7c76259f91c97193cea14244">Ein friedlicher Ort</p>



<p class="has-primary-color has-text-color has-link-color has-primary-font-family has-sm-font-size wp-elements-062b4b37ea16a7bbc8b9425c45d67db8" style="text-transform:uppercase"><strong>weit weg von den Menschenmassen</strong></p>
</div>



<h2 class="wp-block-heading text-title">Ideal für Liebhaber von Ruhe, Natur und vergessenem Kulturerbe.</h2>



<p class="has-m-font-size" style="padding-left:2rem">Die Festung von Calames ist wenig besucht, was sie zu einem perfekten Ziel für diejenigen macht, die eine historische Stätte abseits der üblichen Touristenpfade suchen. Sie können die alten Mauern erahnen und die Stille und Schönheit der Landschaft genießen. Genießen Sie nach dieser herrlichen Wanderung eine wohlverdiente Ruhepause in unseren VAP-Unterkünften, die in der Nähe dieses verborgenen Schatzes liegen.    </p>



<p class="has-m-font-size" style="padding-left:2rem">Weitere Informationen über die Festung : <a href="https://www.mairie-saurat.fr/le-chateau-de-calames/"><mark style="background-color:rgba(0, 0, 0, 0)" class="has-inline-color has-secondary-color">https://www.mairie-saurat.fr/le-chateau-de-calames/</mark></a> .</p>
</div>



<div class="wp-block-column is-vertically-aligned-center rightLeft wp-block-image alignright size-large has-custom-border is-style-travel is-layout-flow wp-block-column-is-layout-flow is-style-travel--6" style="flex-basis:60%">
<figure class="wp-block-image alignright size-full"><img decoding="async" width="2560" height="1920" src="https://www.vap-camping.fr/wp-content/uploads/2025/05/img_1870-scaled.jpeg" alt="herrliche Aussicht in der Ari&#xE8;ge" class="wp-image-4489" srcset="https://www.vap-camping.fr/wp-content/uploads/2025/05/img_1870-scaled.jpeg 2560w, https://www.vap-camping.fr/wp-content/uploads/2025/05/img_1870-600x450.jpeg 600w, https://www.vap-camping.fr/wp-content/uploads/2025/05/img_1870-1024x768.jpeg 1024w, https://www.vap-camping.fr/wp-content/uploads/2025/05/img_1870-768x576.jpeg 768w, https://www.vap-camping.fr/wp-content/uploads/2025/05/img_1870-1536x1152.jpeg 1536w, https://www.vap-camping.fr/wp-content/uploads/2025/05/img_1870-2048x1536.jpeg 2048w" sizes="(max-width: 2560px) 100vw, 2560px" /></figure>
</div>
</div>
</div>



<div class="wp-block-group reveal has-global-padding is-layout-constrained wp-block-group-is-layout-constrained">
<div class="wp-block-group alignwide is-style-title-simple is-layout-flow wp-block-group-is-layout-flow is-style-title-simple--7" style="margin-top:4rem;margin-bottom:4rem">
<p class="has-text-align-center has-secondary-color has-text-color has-link-color has-secondary-font-family has-xl-font-size wp-elements-754a17b6465ac1fab313b12ad098c134">
  Unsere Einrichtungen</p>



<p class="has-text-align-center has-primary-font-family has-sm-font-size" style="text-transform:uppercase">
                <strong>in der Nähe</strong>
            </p>
</div>


<div class="campings-wrapper is-layout-flow wp-block-slider-campings-is-layout-flow">
            <div class="campings-list">
                            <div class="camping-item"
                    style="background-image: linear-gradient(to top, rgba(0, 0, 0, 0.6), transparent), url('https://www.vap-camping.fr/wp-content/uploads/2025/04/camping-avec-piscine-1024x767.jpg');">
                    <a href="https://www.vap-camping.fr/de/campings/camping-du-lac/" title="Campingplatz du lac(Foix)" class="camping-link">
                        <p class="title">Campingplatz du lac(Foix)</p>
                        <p class="camping-button">Entdecken</p>
                    </a>
                </div>
                            <div class="camping-item"
                    style="background-image: linear-gradient(to top, rgba(0, 0, 0, 0.6), transparent), url('https://www.vap-camping.fr/wp-content/uploads/2025/04/img_5291-1024x768-1.jpg');">
                    <a href="https://www.vap-camping.fr/de/campings/complexe-des-oustalous/" title="Oustalous-Komplex" class="camping-link">
                        <p class="title">Oustalous-Komplex</p>
                        <p class="camping-button">Entdecken</p>
                    </a>
                </div>
                    </div>
    </div>

</div>
</div>

<p>Die Festung Calamès, inmitten der Natur und weit weg von den Massen, ist ein geschichtsträchtiger Ort, der auch ein beliebter Ort für Kletterer ist.</p>
