{"id":6611,"date":"2025-05-09T13:07:12","date_gmt":"2025-05-09T13:07:12","guid":{"rendered":"https:\/\/www.vap-camping.fr\/lieux\/camping-orgeix\/"},"modified":"2026-01-30T00:54:58","modified_gmt":"2026-01-30T00:54:58","slug":"camping-orgeix","status":"publish","type":"lieux","link":"https:\/\/www.vap-camping.fr\/de\/lieux\/camping-orgeix\/","title":{"rendered":"Orgeix"},"content":{"rendered":"\n<div class=\"wp-block-group alignfull is-layout-flow wp-container-core-group-is-layout-12cc3699 wp-block-group-is-layout-flow\" style=\"padding-top:10rem\">\n<div class=\"wp-block-group has-global-padding is-layout-constrained wp-container-core-group-is-layout-2931b900 wp-block-group-is-layout-constrained\">\n<div class=\"wp-block-columns alignfull are-vertically-aligned-center is-layout-flex wp-container-core-columns-is-layout-0c0b91ec wp-block-columns-is-layout-flex\">\n<div class=\"wp-block-column is-vertically-aligned-center leftRight is-layout-flow wp-container-core-column-is-layout-58dbe9e9 wp-block-column-is-layout-flow\" style=\"padding-left:10rem;flex-basis:40%\">\n<div class=\"wp-block-group is-style-title-left is-layout-flow wp-block-group-is-layout-flow is-style-title-left--1\">\n<p class=\"has-secondary-color has-text-color has-link-color has-secondary-font-family has-xl-font-size wp-elements-8ea3ee6d24b31fd599a362be897de09a\">Orgeix<\/p>\n\n\n\n<p class=\"has-primary-color has-text-color has-link-color has-primary-font-family has-sm-font-size wp-elements-1aab29885fb72030cbe511b6f1ebf485\" style=\"text-transform:uppercase\"><strong>ein friedliches Bergdorf in der Ari\u00e8ge<\/strong><\/p>\n<\/div>\n\n\n\n<h1 class=\"wp-block-heading text-title\">Authentizit\u00e4t und Ruhe im Herzen des Ori\u00e8ge-Tals<\/h1>\n\n\n\n<p class=\"has-m-font-size\" style=\"padding-left:2rem\">Das Dorf Orgeix liegt zwischen Ax-les-Thermes und dem Plateau de Beille und ist eine diskrete Perle in der Haute Ari\u00e8ge. Dieser kleine Weiler liegt an der Bergflanke und bietet eine friedliche Atmosph\u00e4re, gr\u00fcne Landschaften und ein echtes Eintauchen in das Leben der Bergbewohner. <\/p>\n<\/div>\n\n\n\n<div class=\"wp-block-column is-vertically-aligned-center rightLeft wp-block-image alignright size-large has-custom-border is-style-travel is-layout-flow wp-block-column-is-layout-flow is-style-travel--2\" style=\"flex-basis:60%\">\n<figure class=\"wp-block-image alignright size-large\"><img alt=\"\" decoding=\"async\" width=\"1024\" height=\"683\" src=\"https:\/\/www.vap-camping.fr\/wp-content\/uploads\/2025\/05\/AdobeStock_124848663-1024x683.jpeg\" alt=\"\" class=\"wp-image-1257\" srcset=\"https:\/\/www.vap-camping.fr\/wp-content\/uploads\/2025\/05\/AdobeStock_124848663-1024x683.jpeg 1024w, https:\/\/www.vap-camping.fr\/wp-content\/uploads\/2025\/05\/AdobeStock_124848663-600x400.jpeg 600w, https:\/\/www.vap-camping.fr\/wp-content\/uploads\/2025\/05\/AdobeStock_124848663-768x512.jpeg 768w, https:\/\/www.vap-camping.fr\/wp-content\/uploads\/2025\/05\/AdobeStock_124848663-1536x1024.jpeg 1536w, https:\/\/www.vap-camping.fr\/wp-content\/uploads\/2025\/05\/AdobeStock_124848663-2048x1365.jpeg 2048w\" sizes=\"(max-width: 1024px) 100vw, 1024px\" \/><\/figure>\n<\/div>\n<\/div>\n<\/div>\n\n\n\n<div class=\"wp-block-group has-global-padding is-layout-constrained wp-block-group-is-layout-constrained\">\n<div class=\"wp-block-columns alignfull are-vertically-aligned-center is-layout-flex wp-container-core-columns-is-layout-0c0b91ec wp-block-columns-is-layout-flex\">\n<div class=\"wp-block-column is-vertically-aligned-center wp-block-image alignright size-large has-custom-border is-style-simple-left leftRight is-layout-flow wp-block-column-is-layout-flow is-style-simple-left--3\" style=\"flex-basis:60%\">\n<figure class=\"wp-block-image alignleft size-large\"><img alt=\"\" decoding=\"async\" width=\"1024\" height=\"712\" src=\"https:\/\/www.vap-camping.fr\/wp-content\/uploads\/2025\/05\/AdobeStock_77129972-1024x712.jpeg\" alt=\"\" class=\"wp-image-1255\" srcset=\"https:\/\/www.vap-camping.fr\/wp-content\/uploads\/2025\/05\/AdobeStock_77129972-1024x712.jpeg 1024w, https:\/\/www.vap-camping.fr\/wp-content\/uploads\/2025\/05\/AdobeStock_77129972-600x417.jpeg 600w, https:\/\/www.vap-camping.fr\/wp-content\/uploads\/2025\/05\/AdobeStock_77129972-768x534.jpeg 768w, https:\/\/www.vap-camping.fr\/wp-content\/uploads\/2025\/05\/AdobeStock_77129972-1536x1068.jpeg 1536w, https:\/\/www.vap-camping.fr\/wp-content\/uploads\/2025\/05\/AdobeStock_77129972-2048x1423.jpeg 2048w\" sizes=\"(max-width: 1024px) 100vw, 1024px\" \/><\/figure>\n<\/div>\n\n\n\n<div class=\"wp-block-column is-vertically-aligned-center rightLeft is-layout-flow wp-container-core-column-is-layout-58dbe9e9 wp-block-column-is-layout-flow\" style=\"padding-left:10rem;flex-basis:40%\">\n<div class=\"wp-block-group is-style-title-left is-layout-flow wp-block-group-is-layout-flow is-style-title-left--4\">\n<p class=\"has-secondary-color has-text-color has-link-color has-secondary-font-family has-xl-font-size wp-elements-04652b1ab65a221e55910bcd43a97f26\">Ein Ausgangspunkt<\/p>\n\n\n\n<p class=\"has-primary-color has-text-color has-link-color has-primary-font-family has-sm-font-size wp-elements-d320c0cda7b5b63ba56d1245fdeb41b4\" style=\"text-transform:uppercase\"><strong>zum Wandern und Angeln<\/strong><\/p>\n<\/div>\n\n\n\n<h2 class=\"wp-block-heading text-title\">Waldspazierg\u00e4nge, fischreiche Fl\u00fcsse und unber\u00fchrte Natur<\/h2>\n\n\n\n<p class=\"has-m-font-size\" style=\"padding-left:2rem\">Durch Orgeix flie\u00dft der Ori\u00e8ge, ein Fluss, der f\u00fcr das Forellenangeln bekannt ist. Mehrere Wanderwege beginnen im Dorf, insbesondere in Richtung des Orlu-Tals oder des Col de Joux. Es ist ein idealer Ort, um in Ruhe mit der Familie oder anderen Naturliebhabern zu wandern.  <\/p>\n<\/div>\n<\/div>\n<\/div>\n\n\n\n<div class=\"wp-block-group has-global-padding is-layout-constrained wp-block-group-is-layout-constrained\">\n<div class=\"wp-block-columns alignfull are-vertically-aligned-center is-layout-flex wp-container-core-columns-is-layout-0c0b91ec wp-block-columns-is-layout-flex\">\n<div class=\"wp-block-column is-vertically-aligned-center leftRight is-layout-flow wp-container-core-column-is-layout-58dbe9e9 wp-block-column-is-layout-flow\" style=\"padding-left:10rem;flex-basis:40%\">\n<div class=\"wp-block-group is-style-title-left is-layout-flow wp-block-group-is-layout-flow is-style-title-left--5\">\n<p class=\"has-secondary-color has-text-color has-link-color has-secondary-font-family has-xl-font-size wp-elements-9cda60a6f887b13f82b32ab5f567328f\">Nur ein paar Schritte entfernt<\/p>\n\n\n\n<p class=\"has-primary-color has-text-color has-link-color has-primary-font-family has-sm-font-size wp-elements-8d6b033bf9df2901a7b55ee1f341a371\" style=\"text-transform:uppercase\"><strong>der gro\u00dfen Sehensw\u00fcrdigkeiten der Ariege<\/strong><\/p>\n<\/div>\n\n\n\n<h2 class=\"wp-block-heading text-title\">Zwischen Ax-les-Thermes, Beille und der R\u00e9serve d&#8217;Orlu<\/h2>\n\n\n\n<p class=\"has-m-font-size\" style=\"padding-left:2rem\">Orgeix ist ideal gelegen, um die Region zu erkunden: Thermalb\u00e4der, Skigebiete, Naturreservate und Outdoor-Aktivit\u00e4ten sind in wenigen Minuten erreichbar. Es ist ein strategischer Ausgangspunkt, um die Ari\u00e8ge ohne die Massen zu entdecken. <\/p>\n<\/div>\n\n\n\n<div class=\"wp-block-column is-vertically-aligned-center rightLeft wp-block-image alignright size-large has-custom-border is-style-travel is-layout-flow wp-block-column-is-layout-flow is-style-travel--6\" style=\"flex-basis:60%\">\n<figure class=\"wp-block-image alignright size-large\"><img alt=\"\" decoding=\"async\" width=\"1024\" height=\"683\" src=\"https:\/\/www.vap-camping.fr\/wp-content\/uploads\/2025\/05\/AdobeStock_16349868-1024x683.jpeg\" alt=\"\" class=\"wp-image-1253\" srcset=\"https:\/\/www.vap-camping.fr\/wp-content\/uploads\/2025\/05\/AdobeStock_16349868-1024x683.jpeg 1024w, https:\/\/www.vap-camping.fr\/wp-content\/uploads\/2025\/05\/AdobeStock_16349868-600x400.jpeg 600w, https:\/\/www.vap-camping.fr\/wp-content\/uploads\/2025\/05\/AdobeStock_16349868-768x512.jpeg 768w, https:\/\/www.vap-camping.fr\/wp-content\/uploads\/2025\/05\/AdobeStock_16349868-1536x1024.jpeg 1536w, https:\/\/www.vap-camping.fr\/wp-content\/uploads\/2025\/05\/AdobeStock_16349868-2048x1365.jpeg 2048w\" sizes=\"(max-width: 1024px) 100vw, 1024px\" \/><\/figure>\n<\/div>\n<\/div>\n<\/div>\n\n\n\n<div class=\"wp-block-group reveal has-global-padding is-layout-constrained wp-block-group-is-layout-constrained\">\n<div class=\"wp-block-group alignwide is-style-title-simple is-layout-flow wp-block-group-is-layout-flow is-style-title-simple--7\" style=\"margin-top:4rem;margin-bottom:4rem\">\n<p class=\"has-text-align-center has-secondary-color has-text-color has-link-color has-secondary-font-family has-xl-font-size wp-elements-754a17b6465ac1fab313b12ad098c134\">\n  Unsere Einrichtungen<\/p>\n\n\n\n<p class=\"has-text-align-center has-primary-font-family has-sm-font-size\" style=\"text-transform:uppercase\">\n                <strong>in der N\u00e4he<\/strong>\n            <\/p>\n<\/div>\n\n\n<div class=\"campings-wrapper is-layout-flow wp-block-slider-campings-is-layout-flow\">\n            <div class=\"campings-list\">\n                            <div class=\"camping-item\"\n                    style=\"background-image: linear-gradient(to top, rgba(0, 0, 0, 0.6), transparent), url('https:\/\/www.vap-camping.fr\/wp-content\/uploads\/2025\/04\/img_5291-1024x768-1.jpg');\">\n                    <a href=\"https:\/\/www.vap-camping.fr\/de\/campings\/complexe-des-oustalous\/\" title=\"Oustalous-Komplex\" class=\"camping-link\">\n                        <p class=\"title\">Oustalous-Komplex<\/p>\n                        <p class=\"camping-button\">Entdecken<\/p>\n                    <\/a>\n                <\/div>\n                    <\/div>\n    <\/div>\n\n<\/div>\n<\/div>\n","protected":false},"excerpt":{"rendered":"<p>Orgeix, ein malerisches Dorf in der Ariege, liegt im Herzen des Ari\u00e8ge-Tals und ist von den Pyren\u00e4en umgeben. Es bietet eine perfekte nat\u00fcrliche Umgebung f\u00fcr Wanderer und Liebhaber authentischer Landschaften. Ein Dorf der Ruhe und Gelassenheit, ideal f\u00fcr eine Pause in der Natur. <\/p>\n","protected":false},"author":1,"featured_media":2947,"parent":0,"template":"","format":"standard","tax-category-lieux":[48],"class_list":["post-6611","lieux","type-lieux","status-publish","format-standard","has-post-thumbnail","hentry","tax-category-lieux-stadte-dorfer"],"acf":{"latitude":"42.6286444","longitude":"1.7360439","distance":21,"pm_lieu_url":"","pm_lieu_phone":"","adresse":"","pm_lieu_title_short":"","af_camping":[105]},"_links":{"self":[{"href":"https:\/\/www.vap-camping.fr\/de\/wp-json\/wp\/v2\/lieux\/6611","targetHints":{"allow":["GET"]}}],"collection":[{"href":"https:\/\/www.vap-camping.fr\/de\/wp-json\/wp\/v2\/lieux"}],"about":[{"href":"https:\/\/www.vap-camping.fr\/de\/wp-json\/wp\/v2\/types\/lieux"}],"author":[{"embeddable":true,"href":"https:\/\/www.vap-camping.fr\/de\/wp-json\/wp\/v2\/users\/1"}],"version-history":[{"count":1,"href":"https:\/\/www.vap-camping.fr\/de\/wp-json\/wp\/v2\/lieux\/6611\/revisions"}],"predecessor-version":[{"id":6615,"href":"https:\/\/www.vap-camping.fr\/de\/wp-json\/wp\/v2\/lieux\/6611\/revisions\/6615"}],"acf:post":[{"embeddable":true,"href":"https:\/\/www.vap-camping.fr\/de\/wp-json\/wp\/v2\/campings\/105"}],"wp:featuredmedia":[{"embeddable":true,"href":"https:\/\/www.vap-camping.fr\/de\/wp-json\/wp\/v2\/media\/2947"}],"wp:attachment":[{"href":"https:\/\/www.vap-camping.fr\/de\/wp-json\/wp\/v2\/media?parent=6611"}],"wp:term":[{"taxonomy":"tax-category-lieux","embeddable":true,"href":"https:\/\/www.vap-camping.fr\/de\/wp-json\/wp\/v2\/tax-category-lieux?post=6611"}],"curies":[{"name":"wp","href":"https:\/\/api.w.org\/{rel}","templated":true}]}}

<div class="wp-block-group alignfull is-layout-flow wp-container-core-group-is-layout-12cc3699 wp-block-group-is-layout-flow" style="padding-top:10rem">
<div class="wp-block-group has-global-padding is-layout-constrained wp-container-core-group-is-layout-2931b900 wp-block-group-is-layout-constrained">
<div class="wp-block-columns alignfull are-vertically-aligned-center is-layout-flex wp-container-core-columns-is-layout-0c0b91ec wp-block-columns-is-layout-flex">
<div class="wp-block-column is-vertically-aligned-center leftRight is-layout-flow wp-container-core-column-is-layout-58dbe9e9 wp-block-column-is-layout-flow" style="padding-left:10rem;flex-basis:40%">
<div class="wp-block-group is-style-title-left is-layout-flow wp-block-group-is-layout-flow is-style-title-left--1">
<p class="has-secondary-color has-text-color has-link-color has-secondary-font-family has-xl-font-size wp-elements-8ea3ee6d24b31fd599a362be897de09a">Orgeix</p>



<p class="has-primary-color has-text-color has-link-color has-primary-font-family has-sm-font-size wp-elements-1aab29885fb72030cbe511b6f1ebf485" style="text-transform:uppercase"><strong>ein friedliches Bergdorf in der Ariège</strong></p>
</div>



<h1 class="wp-block-heading text-title">Authentizität und Ruhe im Herzen des Oriège-Tals</h1>



<p class="has-m-font-size" style="padding-left:2rem">Das Dorf Orgeix liegt zwischen Ax-les-Thermes und dem Plateau de Beille und ist eine diskrete Perle in der Haute Ariège. Dieser kleine Weiler liegt an der Bergflanke und bietet eine friedliche Atmosphäre, grüne Landschaften und ein echtes Eintauchen in das Leben der Bergbewohner. </p>
</div>



<div class="wp-block-column is-vertically-aligned-center rightLeft wp-block-image alignright size-large has-custom-border is-style-travel is-layout-flow wp-block-column-is-layout-flow is-style-travel--2" style="flex-basis:60%">
<figure class="wp-block-image alignright size-large"><img alt="" decoding="async" width="1024" height="683" src="https://www.vap-camping.fr/wp-content/uploads/2025/05/AdobeStock_124848663-1024x683.jpeg" alt="" class="wp-image-1257" srcset="https://www.vap-camping.fr/wp-content/uploads/2025/05/AdobeStock_124848663-1024x683.jpeg 1024w, https://www.vap-camping.fr/wp-content/uploads/2025/05/AdobeStock_124848663-600x400.jpeg 600w, https://www.vap-camping.fr/wp-content/uploads/2025/05/AdobeStock_124848663-768x512.jpeg 768w, https://www.vap-camping.fr/wp-content/uploads/2025/05/AdobeStock_124848663-1536x1024.jpeg 1536w, https://www.vap-camping.fr/wp-content/uploads/2025/05/AdobeStock_124848663-2048x1365.jpeg 2048w" sizes="(max-width: 1024px) 100vw, 1024px" /></figure>
</div>
</div>
</div>



<div class="wp-block-group has-global-padding is-layout-constrained wp-block-group-is-layout-constrained">
<div class="wp-block-columns alignfull are-vertically-aligned-center is-layout-flex wp-container-core-columns-is-layout-0c0b91ec wp-block-columns-is-layout-flex">
<div class="wp-block-column is-vertically-aligned-center wp-block-image alignright size-large has-custom-border is-style-simple-left leftRight is-layout-flow wp-block-column-is-layout-flow is-style-simple-left--3" style="flex-basis:60%">
<figure class="wp-block-image alignleft size-large"><img alt="" decoding="async" width="1024" height="712" src="https://www.vap-camping.fr/wp-content/uploads/2025/05/AdobeStock_77129972-1024x712.jpeg" alt="" class="wp-image-1255" srcset="https://www.vap-camping.fr/wp-content/uploads/2025/05/AdobeStock_77129972-1024x712.jpeg 1024w, https://www.vap-camping.fr/wp-content/uploads/2025/05/AdobeStock_77129972-600x417.jpeg 600w, https://www.vap-camping.fr/wp-content/uploads/2025/05/AdobeStock_77129972-768x534.jpeg 768w, https://www.vap-camping.fr/wp-content/uploads/2025/05/AdobeStock_77129972-1536x1068.jpeg 1536w, https://www.vap-camping.fr/wp-content/uploads/2025/05/AdobeStock_77129972-2048x1423.jpeg 2048w" sizes="(max-width: 1024px) 100vw, 1024px" /></figure>
</div>



<div class="wp-block-column is-vertically-aligned-center rightLeft is-layout-flow wp-container-core-column-is-layout-58dbe9e9 wp-block-column-is-layout-flow" style="padding-left:10rem;flex-basis:40%">
<div class="wp-block-group is-style-title-left is-layout-flow wp-block-group-is-layout-flow is-style-title-left--4">
<p class="has-secondary-color has-text-color has-link-color has-secondary-font-family has-xl-font-size wp-elements-04652b1ab65a221e55910bcd43a97f26">Ein Ausgangspunkt</p>



<p class="has-primary-color has-text-color has-link-color has-primary-font-family has-sm-font-size wp-elements-d320c0cda7b5b63ba56d1245fdeb41b4" style="text-transform:uppercase"><strong>zum Wandern und Angeln</strong></p>
</div>



<h2 class="wp-block-heading text-title">Waldspaziergänge, fischreiche Flüsse und unberührte Natur</h2>



<p class="has-m-font-size" style="padding-left:2rem">Durch Orgeix fließt der Oriège, ein Fluss, der für das Forellenangeln bekannt ist. Mehrere Wanderwege beginnen im Dorf, insbesondere in Richtung des Orlu-Tals oder des Col de Joux. Es ist ein idealer Ort, um in Ruhe mit der Familie oder anderen Naturliebhabern zu wandern.  </p>
</div>
</div>
</div>



<div class="wp-block-group has-global-padding is-layout-constrained wp-block-group-is-layout-constrained">
<div class="wp-block-columns alignfull are-vertically-aligned-center is-layout-flex wp-container-core-columns-is-layout-0c0b91ec wp-block-columns-is-layout-flex">
<div class="wp-block-column is-vertically-aligned-center leftRight is-layout-flow wp-container-core-column-is-layout-58dbe9e9 wp-block-column-is-layout-flow" style="padding-left:10rem;flex-basis:40%">
<div class="wp-block-group is-style-title-left is-layout-flow wp-block-group-is-layout-flow is-style-title-left--5">
<p class="has-secondary-color has-text-color has-link-color has-secondary-font-family has-xl-font-size wp-elements-9cda60a6f887b13f82b32ab5f567328f">Nur ein paar Schritte entfernt</p>



<p class="has-primary-color has-text-color has-link-color has-primary-font-family has-sm-font-size wp-elements-8d6b033bf9df2901a7b55ee1f341a371" style="text-transform:uppercase"><strong>der großen Sehenswürdigkeiten der Ariege</strong></p>
</div>



<h2 class="wp-block-heading text-title">Zwischen Ax-les-Thermes, Beille und der Réserve d&#8217;Orlu</h2>



<p class="has-m-font-size" style="padding-left:2rem">Orgeix ist ideal gelegen, um die Region zu erkunden: Thermalbäder, Skigebiete, Naturreservate und Outdoor-Aktivitäten sind in wenigen Minuten erreichbar. Es ist ein strategischer Ausgangspunkt, um die Ariège ohne die Massen zu entdecken. </p>
</div>



<div class="wp-block-column is-vertically-aligned-center rightLeft wp-block-image alignright size-large has-custom-border is-style-travel is-layout-flow wp-block-column-is-layout-flow is-style-travel--6" style="flex-basis:60%">
<figure class="wp-block-image alignright size-large"><img alt="" decoding="async" width="1024" height="683" src="https://www.vap-camping.fr/wp-content/uploads/2025/05/AdobeStock_16349868-1024x683.jpeg" alt="" class="wp-image-1253" srcset="https://www.vap-camping.fr/wp-content/uploads/2025/05/AdobeStock_16349868-1024x683.jpeg 1024w, https://www.vap-camping.fr/wp-content/uploads/2025/05/AdobeStock_16349868-600x400.jpeg 600w, https://www.vap-camping.fr/wp-content/uploads/2025/05/AdobeStock_16349868-768x512.jpeg 768w, https://www.vap-camping.fr/wp-content/uploads/2025/05/AdobeStock_16349868-1536x1024.jpeg 1536w, https://www.vap-camping.fr/wp-content/uploads/2025/05/AdobeStock_16349868-2048x1365.jpeg 2048w" sizes="(max-width: 1024px) 100vw, 1024px" /></figure>
</div>
</div>
</div>



<div class="wp-block-group reveal has-global-padding is-layout-constrained wp-block-group-is-layout-constrained">
<div class="wp-block-group alignwide is-style-title-simple is-layout-flow wp-block-group-is-layout-flow is-style-title-simple--7" style="margin-top:4rem;margin-bottom:4rem">
<p class="has-text-align-center has-secondary-color has-text-color has-link-color has-secondary-font-family has-xl-font-size wp-elements-754a17b6465ac1fab313b12ad098c134">
  Unsere Einrichtungen</p>



<p class="has-text-align-center has-primary-font-family has-sm-font-size" style="text-transform:uppercase">
                <strong>in der Nähe</strong>
            </p>
</div>


<div class="campings-wrapper is-layout-flow wp-block-slider-campings-is-layout-flow">
            <div class="campings-list">
                            <div class="camping-item"
                    style="background-image: linear-gradient(to top, rgba(0, 0, 0, 0.6), transparent), url('https://www.vap-camping.fr/wp-content/uploads/2025/04/img_5291-1024x768-1.jpg');">
                    <a href="https://www.vap-camping.fr/de/campings/complexe-des-oustalous/" title="Oustalous-Komplex" class="camping-link">
                        <p class="title">Oustalous-Komplex</p>
                        <p class="camping-button">Entdecken</p>
                    </a>
                </div>
                    </div>
    </div>

</div>
</div>

<p>Orgeix, ein malerisches Dorf in der Ariege, liegt im Herzen des Ariège-Tals und ist von den Pyrenäen umgeben. Es bietet eine perfekte natürliche Umgebung für Wanderer und Liebhaber authentischer Landschaften. Ein Dorf der Ruhe und Gelassenheit, ideal für eine Pause in der Natur. </p>
