{"id":6956,"date":"2025-08-28T14:08:38","date_gmt":"2025-08-28T14:08:38","guid":{"rendered":"https:\/\/www.vap-camping.fr\/lieux\/plateau-de-beille-en-velo\/"},"modified":"2026-02-05T09:02:14","modified_gmt":"2026-02-05T09:02:14","slug":"plateau-de-beille-en-velo","status":"publish","type":"lieux","link":"https:\/\/www.vap-camping.fr\/de\/lieux\/plateau-de-beille-en-velo\/","title":{"rendered":"Plateau de beille mit dem Fahrrad"},"content":{"rendered":"\n<div class=\"wp-block-group alignfull is-layout-flow wp-block-group-is-layout-flow\">\n<div class=\"wp-block-group has-global-padding is-layout-constrained wp-block-group-is-layout-constrained\">\n<div class=\"wp-block-columns alignfull are-vertically-aligned-center m-ti is-layout-flex wp-container-core-columns-is-layout-0c0b91ec wp-block-columns-is-layout-flex\">\n<div class=\"wp-block-column is-vertically-aligned-center m-ti-text is-layout-flow wp-container-core-column-is-layout-58dbe9e9 wp-block-column-is-layout-flow\" style=\"padding-left:10rem;flex-basis:40%\">\n<div class=\"wp-block-group is-style-title-left is-layout-flow wp-block-group-is-layout-flow is-style-title-left--1\">\n<p class=\"has-secondary-color has-text-color has-link-color has-secondary-font-family has-xl-font-size wp-elements-0fa5407e72f5013afea4e35112386e12\"><strong><strong>Fahrrad Au  <\/strong><\/strong><\/p>\n\n\n\n<p class=\"has-primary-color has-text-color has-link-color has-primary-font-family has-sm-font-size wp-elements-eaa183cacac27b14e068843064808621\" style=\"text-transform:uppercase\"><strong><strong>Plateau de Beille<\/strong><\/strong><\/p>\n<\/div>\n\n\n\n<h1 class=\"wp-block-heading text-title\"><strong>Eine mythische Herausforderung zwischen dem Tal und den Gipfeln der Pyren\u00e4en.<\/strong><\/h1>\n\n\n\n<p class=\"has-m-font-size\" style=\"padding-left:2rem\">Vom Complexe des Oustalous in Les Cabannes aus f\u00fchrt Sie der Anstieg zum Plateau de Beille \u00fcber das Tal in eine grandiose Kulisse aus Bergen, W\u00e4ldern und H\u00f6henpanoramen. Dieser Anstieg &#8211; ein Mythos f\u00fcr Radsportfans &#8211; bietet ein zeitloses Eintauchen zwischen Anstrengung und reiner Natur. Ob Sie nun ein erfahrener Radfahrer oder ein Liebhaber des Nervenkitzels sind, die Ankunft auf dem Gipfel belohnt Ihre Anstrengungen mit einer atemberaubenden Aussicht und einer einzigartigen Atmosph\u00e4re im Herzen der Pyren\u00e4en der Ari\u00e8ge.    <\/p>\n<\/div>\n\n\n\n<div class=\"wp-block-column is-vertically-aligned-center wp-block-image alignright size-large has-custom-border is-style-travel m-ti-image is-layout-flow wp-block-column-is-layout-flow is-style-travel--2\" style=\"flex-basis:60%\">\n<figure class=\"wp-block-image alignright size-full\"><img alt=\"\" decoding=\"async\" width=\"1024\" height=\"683\" src=\"https:\/\/www.vap-camping.fr\/wp-content\/uploads\/2025\/04\/Cyclo2_ariege_pyrenees_tourisme.jpg\" alt=\"\" class=\"wp-image-700\" srcset=\"https:\/\/www.vap-camping.fr\/wp-content\/uploads\/2025\/04\/Cyclo2_ariege_pyrenees_tourisme.jpg 1024w, https:\/\/www.vap-camping.fr\/wp-content\/uploads\/2025\/04\/Cyclo2_ariege_pyrenees_tourisme-600x400.jpg 600w, https:\/\/www.vap-camping.fr\/wp-content\/uploads\/2025\/04\/Cyclo2_ariege_pyrenees_tourisme-768x512.jpg 768w\" sizes=\"(max-width: 1024px) 100vw, 1024px\" \/><\/figure>\n<\/div>\n<\/div>\n<\/div>\n\n\n\n<div class=\"wp-block-group has-global-padding is-layout-constrained wp-block-group-is-layout-constrained\">\n<div class=\"wp-block-columns alignfull are-vertically-aligned-center m-ti is-layout-flex wp-container-core-columns-is-layout-0c0b91ec wp-block-columns-is-layout-flex\">\n<div class=\"wp-block-column is-vertically-aligned-center wp-block-image alignright size-large has-custom-border is-style-simple-left m-ti-image is-layout-flow wp-block-column-is-layout-flow is-style-simple-left--3\" style=\"flex-basis:60%\">\n<figure class=\"wp-block-image alignleft size-large\"><img alt=\"\" decoding=\"async\" width=\"1024\" height=\"768\" src=\"https:\/\/www.vap-camping.fr\/wp-content\/uploads\/2025\/08\/img_2530-1024x768.jpeg\" alt=\"\" class=\"wp-image-3505\" srcset=\"https:\/\/www.vap-camping.fr\/wp-content\/uploads\/2025\/08\/img_2530-1024x768.jpeg 1024w, https:\/\/www.vap-camping.fr\/wp-content\/uploads\/2025\/08\/img_2530-600x450.jpeg 600w, https:\/\/www.vap-camping.fr\/wp-content\/uploads\/2025\/08\/img_2530-768x576.jpeg 768w, https:\/\/www.vap-camping.fr\/wp-content\/uploads\/2025\/08\/img_2530-1536x1152.jpeg 1536w, https:\/\/www.vap-camping.fr\/wp-content\/uploads\/2025\/08\/img_2530-2048x1536.jpeg 2048w\" sizes=\"(max-width: 1024px) 100vw, 1024px\" \/><\/figure>\n<\/div>\n\n\n\n<div class=\"wp-block-column is-vertically-aligned-center m-ti-text is-layout-flow wp-container-core-column-is-layout-58dbe9e9 wp-block-column-is-layout-flow\" style=\"padding-left:10rem;flex-basis:40%\">\n<div class=\"wp-block-group is-style-title-left is-layout-flow wp-block-group-is-layout-flow is-style-title-left--4\">\n<p class=\"has-secondary-color has-text-color has-link-color has-secondary-font-family has-xl-font-size wp-elements-0bc40677dcbc8ff5caf939e696a15f2d\"><strong>Plateau de Beille<\/strong><\/p>\n\n\n\n<p class=\"has-primary-color has-text-color has-link-color has-primary-font-family has-sm-font-size wp-elements-c1dcefcb43c860d18e1b27a8897cdc77\" style=\"text-transform:uppercase\"><strong><strong>Panoramen und Pyren\u00e4en-Atmosph\u00e4re<\/strong><\/strong><\/p>\n<\/div>\n\n\n\n<h1 class=\"wp-block-heading text-title\"><strong>Ein Gipfel voller Geschichte und Emotionen f\u00fcr den Radsport<\/strong><\/h1>\n\n\n\n<p class=\"has-m-font-size\" style=\"padding-left:2rem\">Der Aufstieg zum Plateau de Beille von Les Cabannes aus erstreckt sich \u00fcber 16 km mit einem positiven H\u00f6henunterschied von ca. 1410 m. Der Anstieg ist als &#8220;schwer&#8221; und &#8220;\u00fcberdurchschnittlich&#8221; eingestuft. Er ist als &#8220;sehr schwierig \/ au\u00dfer Kategorie&#8221; eingestuft, was ihn zu einer echten Herausforderung f\u00fcr gut vorbereitete Radfahrer macht, die an intensive Anstrengungen gew\u00f6hnt sind. Ein anspruchsvoller Anstieg mit teilweise steilen H\u00e4ngen &#8211; die Anstrengung ist real, aber die Belohnung&#8230; spektakul\u00e4r. F\u00fcr weitere Informationen \u00fcber die Strecke : <a href=\"https:\/\/www.pyrenees-ariegeoises.com\/a-voir-a-faire\/balades-et-randonnees\/lascension-du-plateau-de-beille-les-cabannes-fr-4461033\/\"><mark style=\"background-color:rgba(0, 0, 0, 0)\" class=\"has-inline-color has-secondary-color\">https:\/\/www.pyrenees-ariegeoises.com\/a-voir-a-faire\/balades-et-randonnees\/lascension-du-plateau-de-beille-les-cabannes-fr-4461033\/<\/mark><\/a> .   <\/p>\n<\/div>\n<\/div>\n<\/div>\n\n\n\n<div class=\"wp-block-group has-global-padding is-layout-constrained wp-block-group-is-layout-constrained\">\n<div class=\"wp-block-columns alignfull are-vertically-aligned-center m-ti is-layout-flex wp-container-core-columns-is-layout-0c0b91ec wp-block-columns-is-layout-flex\">\n<div class=\"wp-block-column is-vertically-aligned-center m-ti-text is-layout-flow wp-container-core-column-is-layout-58dbe9e9 wp-block-column-is-layout-flow\" style=\"padding-left:10rem;flex-basis:40%\">\n<div class=\"wp-block-group is-style-title-left is-layout-flow wp-block-group-is-layout-flow is-style-title-left--5\">\n<p class=\"has-secondary-color has-text-color has-link-color has-secondary-font-family has-xl-font-size wp-elements-f02744481cca874aa6af53e19566d374\">Oustalous-Komplex <\/p>\n\n\n\n<p class=\"has-primary-color has-text-color has-link-color has-primary-font-family has-sm-font-size wp-elements-9d86b91cb08ca4f7f9d211164f900ecb\" style=\"text-transform:uppercase\"><strong><strong>IM HERZEN DER BERGE<\/strong><\/strong><\/p>\n<\/div>\n\n\n\n<h1 class=\"wp-block-heading text-title\"><strong>Eine gesellige Unterkunft, ideal, um Ihre Leidenschaft f\u00fcr das Radfahren zu teilen.<\/strong><\/h1>\n\n\n\n<p class=\"has-m-font-size\" style=\"padding-left:2rem\">Im Complexe des Oustalous finden Radfahrer vor allem einen gem\u00fctlichen Ort, an dem sie sich nach einem Tag auf den Wegen erholen k\u00f6nnen. Hier herrscht eine einfache, freundliche Atmosph\u00e4re mit gro\u00dfen Gemeinschaftsr\u00e4umen, in denen man eine Mahlzeit, einen Kaffee oder die Anekdoten des Tages teilen kann. Die G\u00eete d&#8217;Etape empf\u00e4ngt sowohl Einzelreisende als auch Gruppen und schafft so eine lebendige und wohlwollende Atmosph\u00e4re. Zwischen dem Geist der Berge, der guten Laune und dem aufmerksamen Empfang ist dies eine Etappe, die alles bietet, was man wirklich braucht: Komfort, Erholung&#8230; und das Vergn\u00fcgen, zusammen zu sein.   <\/p>\n<\/div>\n\n\n\n<div class=\"wp-block-column is-vertically-aligned-center wp-block-image alignright size-large has-custom-border is-style-travel m-ti-image is-layout-flow wp-block-column-is-layout-flow is-style-travel--6\" style=\"flex-basis:60%\">\n<figure class=\"wp-block-image alignright size-large\"><img alt=\"\" decoding=\"async\" width=\"1024\" height=\"768\" src=\"https:\/\/www.vap-camping.fr\/wp-content\/uploads\/2025\/04\/piscine-1024x768.jpg\" alt=\"\" class=\"wp-image-2045\" srcset=\"https:\/\/www.vap-camping.fr\/wp-content\/uploads\/2025\/04\/piscine-1024x768.jpg 1024w, https:\/\/www.vap-camping.fr\/wp-content\/uploads\/2025\/04\/piscine-600x450.jpg 600w, https:\/\/www.vap-camping.fr\/wp-content\/uploads\/2025\/04\/piscine-768x576.jpg 768w, https:\/\/www.vap-camping.fr\/wp-content\/uploads\/2025\/04\/piscine-1536x1152.jpg 1536w, https:\/\/www.vap-camping.fr\/wp-content\/uploads\/2025\/04\/piscine.jpg 2016w\" sizes=\"(max-width: 1024px) 100vw, 1024px\" \/><\/figure>\n<\/div>\n<\/div>\n<\/div>\n\n\n\n<div class=\"wp-block-group has-global-padding is-layout-constrained wp-block-group-is-layout-constrained\">\n<div class=\"wp-block-group alignwide is-style-title-simple is-layout-flow wp-block-group-is-layout-flow is-style-title-simple--7\" style=\"margin-top:4rem;margin-bottom:4rem\">\n<p class=\"has-text-align-center has-secondary-color has-text-color has-link-color has-secondary-font-family has-xl-font-size wp-elements-f8f9dc8b3ade5771f39e536833c1135a\">Unsere Einrichtungen <\/p>\n\n\n\n<p class=\"has-text-align-center has-primary-font-family has-sm-font-size\" style=\"text-transform:uppercase\"><strong>a N\u00e4he<\/strong><\/p>\n<\/div>\n\n\n<div class=\"campings-wrapper is-layout-flow wp-block-slider-campings-is-layout-flow\">\n            <div class=\"campings-list\">\n                            <div class=\"camping-item\"\n                    style=\"background-image: linear-gradient(to top, rgba(0, 0, 0, 0.6), transparent), url('https:\/\/www.vap-camping.fr\/wp-content\/uploads\/2025\/04\/img_5291-1024x768-1.jpg');\">\n                    <a href=\"https:\/\/www.vap-camping.fr\/de\/campings\/complexe-des-oustalous\/\" title=\"Oustalous-Komplex\" class=\"camping-link\">\n                        <p class=\"title\">Oustalous-Komplex<\/p>\n                        <p class=\"camping-button\">Entdecken<\/p>\n                    <\/a>\n                <\/div>\n                    <\/div>\n    <\/div>\n\n<\/div>\n\n\n\n<div class=\"wp-block-group has-global-padding is-layout-constrained wp-container-core-group-is-layout-1cfdb9ee wp-block-group-is-layout-constrained\">\n<div class=\"wp-block-group alignwide is-style-title-simple is-layout-flow wp-block-group-is-layout-flow is-style-title-simple--8\" style=\"margin-top:4rem;margin-bottom:4rem\">\n<p class=\"has-text-align-center has-secondary-color has-text-color has-link-color has-secondary-font-family has-xl-font-size wp-elements-e2527ef581ded24a6aaf34b645d7fb4e\">Okzitanien<\/p>\n\n\n\n<p class=\"has-text-align-center has-primary-font-family has-sm-font-size\" style=\"text-transform:uppercase\"><strong>mit dem Fahrrad<\/strong><\/p>\n<\/div>\n\n\n\n<h1 class=\"wp-block-heading text-title\"><strong>Erkunden Sie verschiedene Routen von unseren Campingpl\u00e4tzen aus.<\/strong><\/h1>\n\n\n\n<p class=\"has-text-align-left\" style=\"padding-left:2rem\">Die VAP-Campingpl\u00e4tze sind ideal f\u00fcr Radsportfans. Pyren\u00e4enp\u00e4sse von L&#8217;Oustalous aus, Ausfl\u00fcge in die Ebene von Maz\u00e8res oder St\u00e4dtetrips von Toulouse aus: jeder Standort bietet ein einzigartiges Terrain. Ob Sie nun ein Radtourist oder ein erfahrener Sportler sind, Sie werden von angepassten Strecken, wundersch\u00f6nen Landschaften und Dienstleistungen profitieren, die auf Radfahrer zugeschnitten sind. Schwingen Sie sich auf Ihr Fahrrad und entdecken Sie den S\u00fcdwesten auf eine andere Art und Weise, zwischen Natur, Kulturerbe und frischer Luft.   <br\/><br\/><\/p>\n<\/div>\n<\/div>\n","protected":false},"excerpt":{"rendered":"<p>Vom Complexe des Oustalous in Les Cabannes, der mit dem G\u00fctesiegel Accueil V\u00e9lo ausgezeichnet ist und nur 580 m \u00fcber dem Meeresspiegel liegt, k\u00f6nnen Sie den legend\u00e4ren Anstieg zum Plateau de Beille in Angriff nehmen.<\/p>\n","protected":false},"author":1,"featured_media":0,"parent":0,"template":"","format":"standard","tax-category-lieux":[50],"class_list":["post-6956","lieux","type-lieux","status-publish","format-standard","hentry","tax-category-lieux-aktivitaten"],"acf":{"latitude":"42.72488448534996","longitude":"  1.6912507988353696","distance":16,"pm_lieu_url":"","pm_lieu_phone":"","adresse":"","pm_lieu_title_short":"","af_camping":[105]},"_links":{"self":[{"href":"https:\/\/www.vap-camping.fr\/de\/wp-json\/wp\/v2\/lieux\/6956","targetHints":{"allow":["GET"]}}],"collection":[{"href":"https:\/\/www.vap-camping.fr\/de\/wp-json\/wp\/v2\/lieux"}],"about":[{"href":"https:\/\/www.vap-camping.fr\/de\/wp-json\/wp\/v2\/types\/lieux"}],"author":[{"embeddable":true,"href":"https:\/\/www.vap-camping.fr\/de\/wp-json\/wp\/v2\/users\/1"}],"version-history":[{"count":1,"href":"https:\/\/www.vap-camping.fr\/de\/wp-json\/wp\/v2\/lieux\/6956\/revisions"}],"predecessor-version":[{"id":6957,"href":"https:\/\/www.vap-camping.fr\/de\/wp-json\/wp\/v2\/lieux\/6956\/revisions\/6957"}],"acf:post":[{"embeddable":true,"href":"https:\/\/www.vap-camping.fr\/de\/wp-json\/wp\/v2\/campings\/105"}],"wp:attachment":[{"href":"https:\/\/www.vap-camping.fr\/de\/wp-json\/wp\/v2\/media?parent=6956"}],"wp:term":[{"taxonomy":"tax-category-lieux","embeddable":true,"href":"https:\/\/www.vap-camping.fr\/de\/wp-json\/wp\/v2\/tax-category-lieux?post=6956"}],"curies":[{"name":"wp","href":"https:\/\/api.w.org\/{rel}","templated":true}]}}

<div class="wp-block-group alignfull is-layout-flow wp-block-group-is-layout-flow">
<div class="wp-block-group has-global-padding is-layout-constrained wp-block-group-is-layout-constrained">
<div class="wp-block-columns alignfull are-vertically-aligned-center m-ti is-layout-flex wp-container-core-columns-is-layout-0c0b91ec wp-block-columns-is-layout-flex">
<div class="wp-block-column is-vertically-aligned-center m-ti-text is-layout-flow wp-container-core-column-is-layout-58dbe9e9 wp-block-column-is-layout-flow" style="padding-left:10rem;flex-basis:40%">
<div class="wp-block-group is-style-title-left is-layout-flow wp-block-group-is-layout-flow is-style-title-left--1">
<p class="has-secondary-color has-text-color has-link-color has-secondary-font-family has-xl-font-size wp-elements-0fa5407e72f5013afea4e35112386e12"><strong><strong>Fahrrad Au  </strong></strong></p>



<p class="has-primary-color has-text-color has-link-color has-primary-font-family has-sm-font-size wp-elements-eaa183cacac27b14e068843064808621" style="text-transform:uppercase"><strong><strong>Plateau de Beille</strong></strong></p>
</div>



<h1 class="wp-block-heading text-title"><strong>Eine mythische Herausforderung zwischen dem Tal und den Gipfeln der Pyrenäen.</strong></h1>



<p class="has-m-font-size" style="padding-left:2rem">Vom Complexe des Oustalous in Les Cabannes aus führt Sie der Anstieg zum Plateau de Beille über das Tal in eine grandiose Kulisse aus Bergen, Wäldern und Höhenpanoramen. Dieser Anstieg &#8211; ein Mythos für Radsportfans &#8211; bietet ein zeitloses Eintauchen zwischen Anstrengung und reiner Natur. Ob Sie nun ein erfahrener Radfahrer oder ein Liebhaber des Nervenkitzels sind, die Ankunft auf dem Gipfel belohnt Ihre Anstrengungen mit einer atemberaubenden Aussicht und einer einzigartigen Atmosphäre im Herzen der Pyrenäen der Ariège.    </p>
</div>



<div class="wp-block-column is-vertically-aligned-center wp-block-image alignright size-large has-custom-border is-style-travel m-ti-image is-layout-flow wp-block-column-is-layout-flow is-style-travel--2" style="flex-basis:60%">
<figure class="wp-block-image alignright size-full"><img alt="" decoding="async" width="1024" height="683" src="https://www.vap-camping.fr/wp-content/uploads/2025/04/Cyclo2_ariege_pyrenees_tourisme.jpg" alt="" class="wp-image-700" srcset="https://www.vap-camping.fr/wp-content/uploads/2025/04/Cyclo2_ariege_pyrenees_tourisme.jpg 1024w, https://www.vap-camping.fr/wp-content/uploads/2025/04/Cyclo2_ariege_pyrenees_tourisme-600x400.jpg 600w, https://www.vap-camping.fr/wp-content/uploads/2025/04/Cyclo2_ariege_pyrenees_tourisme-768x512.jpg 768w" sizes="(max-width: 1024px) 100vw, 1024px" /></figure>
</div>
</div>
</div>



<div class="wp-block-group has-global-padding is-layout-constrained wp-block-group-is-layout-constrained">
<div class="wp-block-columns alignfull are-vertically-aligned-center m-ti is-layout-flex wp-container-core-columns-is-layout-0c0b91ec wp-block-columns-is-layout-flex">
<div class="wp-block-column is-vertically-aligned-center wp-block-image alignright size-large has-custom-border is-style-simple-left m-ti-image is-layout-flow wp-block-column-is-layout-flow is-style-simple-left--3" style="flex-basis:60%">
<figure class="wp-block-image alignleft size-large"><img alt="" decoding="async" width="1024" height="768" src="https://www.vap-camping.fr/wp-content/uploads/2025/08/img_2530-1024x768.jpeg" alt="" class="wp-image-3505" srcset="https://www.vap-camping.fr/wp-content/uploads/2025/08/img_2530-1024x768.jpeg 1024w, https://www.vap-camping.fr/wp-content/uploads/2025/08/img_2530-600x450.jpeg 600w, https://www.vap-camping.fr/wp-content/uploads/2025/08/img_2530-768x576.jpeg 768w, https://www.vap-camping.fr/wp-content/uploads/2025/08/img_2530-1536x1152.jpeg 1536w, https://www.vap-camping.fr/wp-content/uploads/2025/08/img_2530-2048x1536.jpeg 2048w" sizes="(max-width: 1024px) 100vw, 1024px" /></figure>
</div>



<div class="wp-block-column is-vertically-aligned-center m-ti-text is-layout-flow wp-container-core-column-is-layout-58dbe9e9 wp-block-column-is-layout-flow" style="padding-left:10rem;flex-basis:40%">
<div class="wp-block-group is-style-title-left is-layout-flow wp-block-group-is-layout-flow is-style-title-left--4">
<p class="has-secondary-color has-text-color has-link-color has-secondary-font-family has-xl-font-size wp-elements-0bc40677dcbc8ff5caf939e696a15f2d"><strong>Plateau de Beille</strong></p>



<p class="has-primary-color has-text-color has-link-color has-primary-font-family has-sm-font-size wp-elements-c1dcefcb43c860d18e1b27a8897cdc77" style="text-transform:uppercase"><strong><strong>Panoramen und Pyrenäen-Atmosphäre</strong></strong></p>
</div>



<h1 class="wp-block-heading text-title"><strong>Ein Gipfel voller Geschichte und Emotionen für den Radsport</strong></h1>



<p class="has-m-font-size" style="padding-left:2rem">Der Aufstieg zum Plateau de Beille von Les Cabannes aus erstreckt sich über 16 km mit einem positiven Höhenunterschied von ca. 1410 m. Der Anstieg ist als &#8220;schwer&#8221; und &#8220;überdurchschnittlich&#8221; eingestuft. Er ist als &#8220;sehr schwierig / außer Kategorie&#8221; eingestuft, was ihn zu einer echten Herausforderung für gut vorbereitete Radfahrer macht, die an intensive Anstrengungen gewöhnt sind. Ein anspruchsvoller Anstieg mit teilweise steilen Hängen &#8211; die Anstrengung ist real, aber die Belohnung&#8230; spektakulär. Für weitere Informationen über die Strecke : <a href="https://www.pyrenees-ariegeoises.com/a-voir-a-faire/balades-et-randonnees/lascension-du-plateau-de-beille-les-cabannes-fr-4461033/"><mark style="background-color:rgba(0, 0, 0, 0)" class="has-inline-color has-secondary-color">https://www.pyrenees-ariegeoises.com/a-voir-a-faire/balades-et-randonnees/lascension-du-plateau-de-beille-les-cabannes-fr-4461033/</mark></a> .   </p>
</div>
</div>
</div>



<div class="wp-block-group has-global-padding is-layout-constrained wp-block-group-is-layout-constrained">
<div class="wp-block-columns alignfull are-vertically-aligned-center m-ti is-layout-flex wp-container-core-columns-is-layout-0c0b91ec wp-block-columns-is-layout-flex">
<div class="wp-block-column is-vertically-aligned-center m-ti-text is-layout-flow wp-container-core-column-is-layout-58dbe9e9 wp-block-column-is-layout-flow" style="padding-left:10rem;flex-basis:40%">
<div class="wp-block-group is-style-title-left is-layout-flow wp-block-group-is-layout-flow is-style-title-left--5">
<p class="has-secondary-color has-text-color has-link-color has-secondary-font-family has-xl-font-size wp-elements-f02744481cca874aa6af53e19566d374">Oustalous-Komplex </p>



<p class="has-primary-color has-text-color has-link-color has-primary-font-family has-sm-font-size wp-elements-9d86b91cb08ca4f7f9d211164f900ecb" style="text-transform:uppercase"><strong><strong>IM HERZEN DER BERGE</strong></strong></p>
</div>



<h1 class="wp-block-heading text-title"><strong>Eine gesellige Unterkunft, ideal, um Ihre Leidenschaft für das Radfahren zu teilen.</strong></h1>



<p class="has-m-font-size" style="padding-left:2rem">Im Complexe des Oustalous finden Radfahrer vor allem einen gemütlichen Ort, an dem sie sich nach einem Tag auf den Wegen erholen können. Hier herrscht eine einfache, freundliche Atmosphäre mit großen Gemeinschaftsräumen, in denen man eine Mahlzeit, einen Kaffee oder die Anekdoten des Tages teilen kann. Die Gîte d&#8217;Etape empfängt sowohl Einzelreisende als auch Gruppen und schafft so eine lebendige und wohlwollende Atmosphäre. Zwischen dem Geist der Berge, der guten Laune und dem aufmerksamen Empfang ist dies eine Etappe, die alles bietet, was man wirklich braucht: Komfort, Erholung&#8230; und das Vergnügen, zusammen zu sein.   </p>
</div>



<div class="wp-block-column is-vertically-aligned-center wp-block-image alignright size-large has-custom-border is-style-travel m-ti-image is-layout-flow wp-block-column-is-layout-flow is-style-travel--6" style="flex-basis:60%">
<figure class="wp-block-image alignright size-large"><img alt="" decoding="async" width="1024" height="768" src="https://www.vap-camping.fr/wp-content/uploads/2025/04/piscine-1024x768.jpg" alt="" class="wp-image-2045" srcset="https://www.vap-camping.fr/wp-content/uploads/2025/04/piscine-1024x768.jpg 1024w, https://www.vap-camping.fr/wp-content/uploads/2025/04/piscine-600x450.jpg 600w, https://www.vap-camping.fr/wp-content/uploads/2025/04/piscine-768x576.jpg 768w, https://www.vap-camping.fr/wp-content/uploads/2025/04/piscine-1536x1152.jpg 1536w, https://www.vap-camping.fr/wp-content/uploads/2025/04/piscine.jpg 2016w" sizes="(max-width: 1024px) 100vw, 1024px" /></figure>
</div>
</div>
</div>



<div class="wp-block-group has-global-padding is-layout-constrained wp-block-group-is-layout-constrained">
<div class="wp-block-group alignwide is-style-title-simple is-layout-flow wp-block-group-is-layout-flow is-style-title-simple--7" style="margin-top:4rem;margin-bottom:4rem">
<p class="has-text-align-center has-secondary-color has-text-color has-link-color has-secondary-font-family has-xl-font-size wp-elements-f8f9dc8b3ade5771f39e536833c1135a">Unsere Einrichtungen </p>



<p class="has-text-align-center has-primary-font-family has-sm-font-size" style="text-transform:uppercase"><strong>a Nähe</strong></p>
</div>


<div class="campings-wrapper is-layout-flow wp-block-slider-campings-is-layout-flow">
            <div class="campings-list">
                            <div class="camping-item"
                    style="background-image: linear-gradient(to top, rgba(0, 0, 0, 0.6), transparent), url('https://www.vap-camping.fr/wp-content/uploads/2025/04/img_5291-1024x768-1.jpg');">
                    <a href="https://www.vap-camping.fr/de/campings/complexe-des-oustalous/" title="Oustalous-Komplex" class="camping-link">
                        <p class="title">Oustalous-Komplex</p>
                        <p class="camping-button">Entdecken</p>
                    </a>
                </div>
                    </div>
    </div>

</div>



<div class="wp-block-group has-global-padding is-layout-constrained wp-container-core-group-is-layout-1cfdb9ee wp-block-group-is-layout-constrained">
<div class="wp-block-group alignwide is-style-title-simple is-layout-flow wp-block-group-is-layout-flow is-style-title-simple--8" style="margin-top:4rem;margin-bottom:4rem">
<p class="has-text-align-center has-secondary-color has-text-color has-link-color has-secondary-font-family has-xl-font-size wp-elements-e2527ef581ded24a6aaf34b645d7fb4e">Okzitanien</p>



<p class="has-text-align-center has-primary-font-family has-sm-font-size" style="text-transform:uppercase"><strong>mit dem Fahrrad</strong></p>
</div>



<h1 class="wp-block-heading text-title"><strong>Erkunden Sie verschiedene Routen von unseren Campingplätzen aus.</strong></h1>



<p class="has-text-align-left" style="padding-left:2rem">Die VAP-Campingplätze sind ideal für Radsportfans. Pyrenäenpässe von L&#8217;Oustalous aus, Ausflüge in die Ebene von Mazères oder Städtetrips von Toulouse aus: jeder Standort bietet ein einzigartiges Terrain. Ob Sie nun ein Radtourist oder ein erfahrener Sportler sind, Sie werden von angepassten Strecken, wunderschönen Landschaften und Dienstleistungen profitieren, die auf Radfahrer zugeschnitten sind. Schwingen Sie sich auf Ihr Fahrrad und entdecken Sie den Südwesten auf eine andere Art und Weise, zwischen Natur, Kulturerbe und frischer Luft.   <br/><br/></p>
</div>
</div>

<p>Vom Complexe des Oustalous in Les Cabannes, der mit dem Gütesiegel Accueil Vélo ausgezeichnet ist und nur 580 m über dem Meeresspiegel liegt, können Sie den legendären Anstieg zum Plateau de Beille in Angriff nehmen.</p>
