{"id":2870,"date":"2025-04-29T15:05:11","date_gmt":"2025-04-29T15:05:11","guid":{"rendered":"https:\/\/www.vap-camping.fr\/qui-sommes-nous\/faq\/"},"modified":"2026-02-26T08:34:54","modified_gmt":"2026-02-26T08:34:54","slug":"faq","status":"publish","type":"page","link":"https:\/\/www.vap-camping.fr\/de\/qui-sommes-nous\/faq\/","title":{"rendered":"H\u00e4ufig gestellte Fragen"},"content":{"rendered":"\n<div class=\"wp-block-group alignfull is-layout-flow wp-container-core-group-is-layout-8fc0eadb wp-block-group-is-layout-flow\">\n<div class=\"wp-block-group alignfull hero-camp is-layout-flow wp-block-group-is-layout-flow\" style=\"margin-bottom:20rem\">\n<div class=\"wp-block-group alignfull hero-img is-layout-flow wp-block-group-is-layout-flow\">\n<figure class=\"wp-block-image size-full\"><img decoding=\"async\" src=\"https:\/\/www.vap-camping.fr\/wp-content\/themes\/vap\/assets\/img\/placeholder.jpg\" alt=\"VAP\" class=\"wp-image-123\"\/><\/figure>\n<\/div>\n\n\n\n<div class=\"wp-block-group hero-desc has-secondary-background-color has-background is-layout-flow wp-block-group-is-layout-flow\" style=\"border-top-right-radius:90px;border-bottom-right-radius:90px;padding-top:2rem;padding-bottom:2rem;padding-left:5rem\"><h1 style=\"font-size:clamp(3.037rem, 3.037rem + ((1vw - 0.2rem) * 4.018), 6rem);\" class=\"has-link-color wp-elements-971196805a816ee349c8ae4f34a1c7a7 wp-block-post-title has-text-color has-white-color has-secondary-font-family\">H\u00e4ufig gestellte Fragen<\/h1><\/div>\n<\/div>\n\n\n\n<div class=\"wp-block-group alignfull has-global-padding is-layout-constrained wp-block-group-is-layout-constrained\">\n<div class=\"wp-block-columns alignfull are-vertically-aligned-center is-faq-wrapper is-layout-flex wp-container-core-columns-is-layout-28f84493 wp-block-columns-is-layout-flex\">\n<div class=\"wp-block-column is-vertically-aligned-center fromOpacity is-layout-flow wp-block-column-is-layout-flow\" style=\"flex-basis:33.33%\">\n<div class=\"wp-block-group is-faq has-global-padding is-layout-constrained wp-container-core-group-is-layout-182edfea wp-block-group-is-layout-constrained has-background\" style=\"border-radius:100%;min-height:786px;background-image:url(&#039;https:\/\/www.vap-camping.fr\/wp-content\/themes\/vap\/assets\/img\/faq.jpg&#039;);background-position:73% 47%;background-size:cover;\"><\/div>\n<\/div>\n\n\n\n<div class=\"wp-block-column is-vertically-aligned-center is-layout-flow wp-block-column-is-layout-flow\" style=\"flex-basis:66.66%\">\n<div class=\"wp-block-group is-style-title-left is-layout-flow wp-block-group-is-layout-flow is-style-title-left--1\">\n<p class=\"has-secondary-color has-text-color has-link-color has-secondary-font-family has-xl-font-size wp-elements-b8d209e59c03caf8beafd191d43c8acb\">H\u00e4ufig gestellte Fragen<\/p>\n\n\n\n<p class=\"has-primary-color has-text-color has-link-color has-primary-font-family has-sm-font-size wp-elements-4a6d732f50c7544ec9ba68cb8e501743\" style=\"text-transform:uppercase\"><strong>Sie m\u00f6chten mehr erfahren<\/strong><\/p>\n<\/div>\n\n\n\n<div class=\"wp-block-group has-global-padding is-layout-constrained wp-block-group-is-layout-constrained\">\n<div class=\"pfq\">\n  \n  \n  <nav class=\"pfq__themes\">\n    <h2>Th\u00e9matiques<\/h2>\n    <ul>\n      \n        <li class=\"pfq__theme active\" data-pfq-group=\"group-0\">\n          <a href=\"#\">Allgemeine Informationen<\/a>\n        <\/li>\n\n          <\/ul>\n  <\/nav>\n\n  <div class=\"pfq__questions\">\n    \n      <div class=\"pfq__questions__group visible\" data-pfq-group=\"group-0\">\n\n        <h3>Allgemeine Informationen<\/h3>\n\n        \n          <div class=\"pfq__question\"  >\n            <h4 class=\"pfq__question__title\">Welche Arten von Unterk\u00fcnften bieten Sie an?<\/h4>\n            <div class=\"pfq__answer\"><p><span style=\"font-weight: 400;\">Wir bieten Mobilheime, Chalets, m\u00f6blierte Zelte sowie ger\u00e4umige Gruppenunterk\u00fcnfte und Stellpl\u00e4tze an.<\/span><\/p>\n<\/div>\n          <\/div>\n\n        \n          <div class=\"pfq__question\"  >\n            <h4 class=\"pfq__question__title\">Sind Ihre Einrichtungen mit \u00f6ffentlichen Verkehrsmitteln erreichbar?<\/h4>\n            <div class=\"pfq__answer\"><p><span style=\"font-weight: 400;\">Ja, die meisten unserer Einrichtungen liegen in der N\u00e4he von \u00f6ffentlichen Verkehrsmitteln und sind mit dem Zug erreichbar.<\/span><\/p>\n<\/div>\n          <\/div>\n\n        \n          <div class=\"pfq__question\"  >\n            <h4 class=\"pfq__question__title\">Kann ich auf mehreren Campingpl\u00e4tzen der Gruppe \u00fcbernachten?<\/h4>\n            <div class=\"pfq__answer\"><p><span style=\"font-weight: 400;\">Ja, wir bieten Pakete an, die den Aufenthalt in mehreren Einrichtungen der Gruppe erm\u00f6glichen.<\/span><\/p>\n<\/div>\n          <\/div>\n\n        \n          <div class=\"pfq__question\"  >\n            <h4 class=\"pfq__question__title\">Bieten Sie Aktivit\u00e4ten f\u00fcr Familien an?<\/h4>\n            <div class=\"pfq__answer\"><p><span style=\"font-weight: 400;\">Ja, wir bieten familienfreundliche Aktivit\u00e4ten wie Animation und Entspannung w\u00e4hrend der Saison.  <\/span><\/p>\n<\/div>\n          <\/div>\n\n        \n          <div class=\"pfq__question\"  >\n            <h4 class=\"pfq__question__title\">Ist Wi-Fi auf Ihren Campingpl\u00e4tzen verf\u00fcgbar?<\/h4>\n            <div class=\"pfq__answer\"><p><span style=\"font-weight: 400;\">Ja, alle unsere Einrichtungen bieten Wi-Fi-Zugang f\u00fcr unsere G\u00e4ste.<\/span><\/p>\n<\/div>\n          <\/div>\n\n        \n          <div class=\"pfq__question\"  >\n            <h4 class=\"pfq__question__title\">Sind Ihre Campingpl\u00e4tze das ganze Jahr \u00fcber ge\u00f6ffnet?<\/h4>\n            <div class=\"pfq__answer\"><p><span style=\"font-weight: 400;\">Unsere Campingpl\u00e4tze sind unterschiedlich ge\u00f6ffnet: einige sind das ganze Jahr \u00fcber ge\u00f6ffnet, andere nur saisonal.<\/span><\/p>\n<\/div>\n          <\/div>\n\n        \n          <div class=\"pfq__question\"  >\n            <h4 class=\"pfq__question__title\">Sind Ihre Einrichtungen f\u00fcr Personen mit eingeschr\u00e4nkter Mobilit\u00e4t geeignet?<\/h4>\n            <div class=\"pfq__answer\"><p><span style=\"font-weight: 400;\">Ja, wir sorgen daf\u00fcr, dass unsere Einrichtungen f\u00fcr Personen mit eingeschr\u00e4nkter Mobilit\u00e4t zug\u00e4nglich sind.<\/span><\/p>\n<\/div>\n          <\/div>\n\n        \n          <div class=\"pfq__question\"  >\n            <h4 class=\"pfq__question__title\">Bieten Sie Gruppenreisen an?<\/h4>\n            <div class=\"pfq__answer\"><p><span style=\"font-weight: 400;\">Ja, wir begr\u00fc\u00dfen Gruppen wie kinderreiche Familien, Schulen oder Vereine.<\/span><\/p>\n<\/div>\n          <\/div>\n\n        \n          <div class=\"pfq__question\"  >\n            <h4 class=\"pfq__question__title\">Kann ich Aktivit\u00e4ten im Voraus buchen?<\/h4>\n            <div class=\"pfq__answer\"><p>Ja, einige Aktivit\u00e4ten k\u00f6nnen im Voraus gebucht werden, um Ihren Platz zu sichern.<\/p>\n<\/div>\n          <\/div>\n\n        \n          <div class=\"pfq__question\"  >\n            <h4 class=\"pfq__question__title\">Bieten Sie Catering-Dienstleistungen an?<\/h4>\n            <div class=\"pfq__answer\"><p><span style=\"font-weight: 400;\">Ja, einige unserer Einrichtungen verf\u00fcgen \u00fcber Restaurants, Snackbars und Essensoptionen zum Mitnehmen.<\/span><\/p>\n<\/div>\n          <\/div>\n\n        \n      <\/div>\n\n    \n  <\/div>\n<\/div>\n<\/div>\n<\/div>\n<\/div>\n<\/div>\n<\/div>\n","protected":false},"excerpt":{"rendered":"<p>H\u00e4ufig gestellte Fragen Sie m\u00f6chten mehr erfahren<\/p>\n","protected":false},"author":1,"featured_media":2862,"parent":2863,"menu_order":61,"comment_status":"closed","ping_status":"closed","template":"","meta":{"_acf_changed":false,"_seopress_robots_primary_cat":"","_seopress_titles_title":"FAQ Camping | Fragen zu Ihrem Urlaub in Ari\u00e8ge Pyr\u00e9n\u00e9es","_seopress_titles_desc":"Lesen Sie unsere FAQ mit allen wichtigen Informationen zur Vorbereitung Ihres Aufenthalts auf den VAP-Campingpl\u00e4tzen in Ari\u00e8ge-Pyr\u00e9n\u00e9es.","_seopress_robots_index":"","ouverture":"","nombre_de_locations":"","nombre_demplacements":"","adresse":"","numero_de_telephone":"","email":"","url_du_site":"","footnotes":""},"class_list":["post-2870","page","type-page","status-publish","has-post-thumbnail","hentry"],"acf":[],"_links":{"self":[{"href":"https:\/\/www.vap-camping.fr\/de\/wp-json\/wp\/v2\/pages\/2870","targetHints":{"allow":["GET"]}}],"collection":[{"href":"https:\/\/www.vap-camping.fr\/de\/wp-json\/wp\/v2\/pages"}],"about":[{"href":"https:\/\/www.vap-camping.fr\/de\/wp-json\/wp\/v2\/types\/page"}],"author":[{"embeddable":true,"href":"https:\/\/www.vap-camping.fr\/de\/wp-json\/wp\/v2\/users\/1"}],"replies":[{"embeddable":true,"href":"https:\/\/www.vap-camping.fr\/de\/wp-json\/wp\/v2\/comments?post=2870"}],"version-history":[{"count":4,"href":"https:\/\/www.vap-camping.fr\/de\/wp-json\/wp\/v2\/pages\/2870\/revisions"}],"predecessor-version":[{"id":7301,"href":"https:\/\/www.vap-camping.fr\/de\/wp-json\/wp\/v2\/pages\/2870\/revisions\/7301"}],"up":[{"embeddable":true,"href":"https:\/\/www.vap-camping.fr\/de\/wp-json\/wp\/v2\/pages\/2863"}],"wp:featuredmedia":[{"embeddable":true,"href":"https:\/\/www.vap-camping.fr\/de\/wp-json\/wp\/v2\/media\/2862"}],"wp:attachment":[{"href":"https:\/\/www.vap-camping.fr\/de\/wp-json\/wp\/v2\/media?parent=2870"}],"curies":[{"name":"wp","href":"https:\/\/api.w.org\/{rel}","templated":true}]}}

Häufig gestellte Fragen

<div class="wp-block-group alignfull is-layout-flow wp-container-core-group-is-layout-8fc0eadb wp-block-group-is-layout-flow">
<div class="wp-block-group alignfull hero-camp is-layout-flow wp-block-group-is-layout-flow" style="margin-bottom:20rem">
<div class="wp-block-group alignfull hero-img is-layout-flow wp-block-group-is-layout-flow">
<figure class="wp-block-image size-full"><img decoding="async" src="https://www.vap-camping.fr/wp-content/themes/vap/assets/img/placeholder.jpg" alt="VAP" class="wp-image-123"/></figure>
</div>



<div class="wp-block-group hero-desc has-secondary-background-color has-background is-layout-flow wp-block-group-is-layout-flow" style="border-top-right-radius:90px;border-bottom-right-radius:90px;padding-top:2rem;padding-bottom:2rem;padding-left:5rem"><h1 style="font-size:clamp(3.037rem, 3.037rem + ((1vw - 0.2rem) * 4.018), 6rem);" class="has-link-color wp-elements-971196805a816ee349c8ae4f34a1c7a7 wp-block-post-title has-text-color has-white-color has-secondary-font-family">Häufig gestellte Fragen</h1></div>
</div>



<div class="wp-block-group alignfull has-global-padding is-layout-constrained wp-block-group-is-layout-constrained">
<div class="wp-block-columns alignfull are-vertically-aligned-center is-faq-wrapper is-layout-flex wp-container-core-columns-is-layout-28f84493 wp-block-columns-is-layout-flex">
<div class="wp-block-column is-vertically-aligned-center fromOpacity is-layout-flow wp-block-column-is-layout-flow" style="flex-basis:33.33%">
<div class="wp-block-group is-faq has-global-padding is-layout-constrained wp-container-core-group-is-layout-182edfea wp-block-group-is-layout-constrained has-background" style="border-radius:100%;min-height:786px;background-image:url(&#039;https://www.vap-camping.fr/wp-content/themes/vap/assets/img/faq.jpg&#039;);background-position:73% 47%;background-size:cover;"></div>
</div>



<div class="wp-block-column is-vertically-aligned-center is-layout-flow wp-block-column-is-layout-flow" style="flex-basis:66.66%">
<div class="wp-block-group is-style-title-left is-layout-flow wp-block-group-is-layout-flow is-style-title-left--1">
<p class="has-secondary-color has-text-color has-link-color has-secondary-font-family has-xl-font-size wp-elements-b8d209e59c03caf8beafd191d43c8acb">Häufig gestellte Fragen</p>



<p class="has-primary-color has-text-color has-link-color has-primary-font-family has-sm-font-size wp-elements-4a6d732f50c7544ec9ba68cb8e501743" style="text-transform:uppercase"><strong>Sie möchten mehr erfahren</strong></p>
</div>



<div class="wp-block-group has-global-padding is-layout-constrained wp-block-group-is-layout-constrained">
<div class="pfq">
  
  
  <nav class="pfq__themes">
    <h2>Thématiques</h2>
    <ul>
      
        <li class="pfq__theme active" data-pfq-group="group-0">
          <a href="#">Allgemeine Informationen</a>
        </li>

          </ul>
  </nav>

  <div class="pfq__questions">
    
      <div class="pfq__questions__group visible" data-pfq-group="group-0">

        <h3>Allgemeine Informationen</h3>

        
          <div class="pfq__question"  >
            <h4 class="pfq__question__title">Welche Arten von Unterkünften bieten Sie an?</h4>
            <div class="pfq__answer"><p><span style="font-weight: 400;">Wir bieten Mobilheime, Chalets, möblierte Zelte sowie geräumige Gruppenunterkünfte und Stellplätze an.</span></p>
</div>
          </div>

        
          <div class="pfq__question"  >
            <h4 class="pfq__question__title">Sind Ihre Einrichtungen mit öffentlichen Verkehrsmitteln erreichbar?</h4>
            <div class="pfq__answer"><p><span style="font-weight: 400;">Ja, die meisten unserer Einrichtungen liegen in der Nähe von öffentlichen Verkehrsmitteln und sind mit dem Zug erreichbar.</span></p>
</div>
          </div>

        
          <div class="pfq__question"  >
            <h4 class="pfq__question__title">Kann ich auf mehreren Campingplätzen der Gruppe übernachten?</h4>
            <div class="pfq__answer"><p><span style="font-weight: 400;">Ja, wir bieten Pakete an, die den Aufenthalt in mehreren Einrichtungen der Gruppe ermöglichen.</span></p>
</div>
          </div>

        
          <div class="pfq__question"  >
            <h4 class="pfq__question__title">Bieten Sie Aktivitäten für Familien an?</h4>
            <div class="pfq__answer"><p><span style="font-weight: 400;">Ja, wir bieten familienfreundliche Aktivitäten wie Animation und Entspannung während der Saison.  </span></p>
</div>
          </div>

        
          <div class="pfq__question"  >
            <h4 class="pfq__question__title">Ist Wi-Fi auf Ihren Campingplätzen verfügbar?</h4>
            <div class="pfq__answer"><p><span style="font-weight: 400;">Ja, alle unsere Einrichtungen bieten Wi-Fi-Zugang für unsere Gäste.</span></p>
</div>
          </div>

        
          <div class="pfq__question"  >
            <h4 class="pfq__question__title">Sind Ihre Campingplätze das ganze Jahr über geöffnet?</h4>
            <div class="pfq__answer"><p><span style="font-weight: 400;">Unsere Campingplätze sind unterschiedlich geöffnet: einige sind das ganze Jahr über geöffnet, andere nur saisonal.</span></p>
</div>
          </div>

        
          <div class="pfq__question"  >
            <h4 class="pfq__question__title">Sind Ihre Einrichtungen für Personen mit eingeschränkter Mobilität geeignet?</h4>
            <div class="pfq__answer"><p><span style="font-weight: 400;">Ja, wir sorgen dafür, dass unsere Einrichtungen für Personen mit eingeschränkter Mobilität zugänglich sind.</span></p>
</div>
          </div>

        
          <div class="pfq__question"  >
            <h4 class="pfq__question__title">Bieten Sie Gruppenreisen an?</h4>
            <div class="pfq__answer"><p><span style="font-weight: 400;">Ja, wir begrüßen Gruppen wie kinderreiche Familien, Schulen oder Vereine.</span></p>
</div>
          </div>

        
          <div class="pfq__question"  >
            <h4 class="pfq__question__title">Kann ich Aktivitäten im Voraus buchen?</h4>
            <div class="pfq__answer"><p>Ja, einige Aktivitäten können im Voraus gebucht werden, um Ihren Platz zu sichern.</p>
</div>
          </div>

        
          <div class="pfq__question"  >
            <h4 class="pfq__question__title">Bieten Sie Catering-Dienstleistungen an?</h4>
            <div class="pfq__answer"><p><span style="font-weight: 400;">Ja, einige unserer Einrichtungen verfügen über Restaurants, Snackbars und Essensoptionen zum Mitnehmen.</span></p>
</div>
          </div>

        
      </div>

    
  </div>
</div>
</div>
</div>
</div>
</div>
</div>

<p>Häufig gestellte Fragen Sie möchten mehr erfahren</p>

FAQ Camping | Fragen zu Ihrem Urlaub in Ariège Pyrénées

Lesen Sie unsere FAQ mit allen wichtigen Informationen zur Vorbereitung Ihres Aufenthalts auf den VAP-Campingplätzen in Ariège-Pyrénées.
