{"id":1789,"date":"2025-04-29T15:05:11","date_gmt":"2025-04-29T15:05:11","guid":{"rendered":"https:\/\/www.vap-camping.fr\/qui-sommes-nous\/faq\/"},"modified":"2026-02-26T08:34:33","modified_gmt":"2026-02-26T08:34:33","slug":"faq","status":"publish","type":"page","link":"https:\/\/www.vap-camping.fr\/en\/qui-sommes-nous\/faq\/","title":{"rendered":"Frequently asked questions"},"content":{"rendered":"\n<div class=\"wp-block-group alignfull is-layout-flow wp-container-core-group-is-layout-8fc0eadb wp-block-group-is-layout-flow\">\n<div class=\"wp-block-group alignfull hero-camp is-layout-flow wp-block-group-is-layout-flow\" style=\"margin-bottom:20rem\">\n<div class=\"wp-block-group alignfull hero-img is-layout-flow wp-block-group-is-layout-flow\">\n<figure class=\"wp-block-image size-full\"><img decoding=\"async\" src=\"https:\/\/www.vap-camping.fr\/wp-content\/themes\/vap\/assets\/img\/placeholder.jpg\" alt=\"VAP\" class=\"wp-image-123\"\/><\/figure>\n<\/div>\n\n\n\n<div class=\"wp-block-group hero-desc has-secondary-background-color has-background is-layout-flow wp-block-group-is-layout-flow\" style=\"border-top-right-radius:90px;border-bottom-right-radius:90px;padding-top:2rem;padding-bottom:2rem;padding-left:5rem\"><h1 style=\"font-size:clamp(3.037rem, 3.037rem + ((1vw - 0.2rem) * 4.018), 6rem);\" class=\"has-link-color wp-elements-971196805a816ee349c8ae4f34a1c7a7 wp-block-post-title has-text-color has-white-color has-secondary-font-family\">Frequently asked questions<\/h1><\/div>\n<\/div>\n\n\n\n<div class=\"wp-block-group alignfull has-global-padding is-layout-constrained wp-block-group-is-layout-constrained\">\n<div class=\"wp-block-columns alignfull are-vertically-aligned-center is-faq-wrapper is-layout-flex wp-container-core-columns-is-layout-28f84493 wp-block-columns-is-layout-flex\">\n<div class=\"wp-block-column is-vertically-aligned-center fromOpacity is-layout-flow wp-block-column-is-layout-flow\" style=\"flex-basis:33.33%\">\n<div class=\"wp-block-group is-faq has-global-padding is-layout-constrained wp-container-core-group-is-layout-182edfea wp-block-group-is-layout-constrained has-background\" style=\"border-radius:100%;min-height:786px;background-image:url(&#039;https:\/\/www.vap-camping.fr\/wp-content\/themes\/vap\/assets\/img\/faq.jpg&#039;);background-position:73% 47%;background-size:cover;\"><\/div>\n<\/div>\n\n\n\n<div class=\"wp-block-column is-vertically-aligned-center is-layout-flow wp-block-column-is-layout-flow\" style=\"flex-basis:66.66%\">\n<div class=\"wp-block-group is-style-title-left is-layout-flow wp-block-group-is-layout-flow is-style-title-left--1\">\n<p class=\"has-secondary-color has-text-color has-link-color has-secondary-font-family has-xl-font-size wp-elements-d4af3f373ea63ae87a3eae2fb0e2c34d\">Frequently asked questions<\/p>\n\n\n\n<p class=\"has-primary-color has-text-color has-link-color has-primary-font-family has-sm-font-size wp-elements-5389c9057cb7d45cf4c293a9906c06af\" style=\"text-transform:uppercase\"><strong>find out more<\/strong><\/p>\n<\/div>\n\n\n\n<div class=\"wp-block-group has-global-padding is-layout-constrained wp-block-group-is-layout-constrained\">\n<div class=\"pfq\">\n  \n  \n  <nav class=\"pfq__themes\">\n    <h2>Themes<\/h2>\n    <ul>\n      \n        <li class=\"pfq__theme active\" data-pfq-group=\"group-0\">\n          <a href=\"#\">General information<\/a>\n        <\/li>\n\n          <\/ul>\n  <\/nav>\n\n  <div class=\"pfq__questions\">\n    \n      <div class=\"pfq__questions__group visible\" data-pfq-group=\"group-0\">\n\n        <h3>General information<\/h3>\n\n        \n          <div class=\"pfq__question\"  >\n            <h4 class=\"pfq__question__title\">What types of accommodation do you offer?<\/h4>\n            <div class=\"pfq__answer\"><p><span style=\"font-weight: 400;\">We offer mobile homes, chalets, furnished tents as well as spacious g\u00eetes for groups and bare pitches.<\/span><\/p>\n<\/div>\n          <\/div>\n\n        \n          <div class=\"pfq__question\"  >\n            <h4 class=\"pfq__question__title\">Are your facilities accessible by public transport?<\/h4>\n            <div class=\"pfq__answer\"><p><span style=\"font-weight: 400;\">Yes, most of our establishments are close to public transport and accessible by train.<\/span><\/p>\n<\/div>\n          <\/div>\n\n        \n          <div class=\"pfq__question\"  >\n            <h4 class=\"pfq__question__title\">Can I stay at more than one of the group&#039;s campsites?<\/h4>\n            <div class=\"pfq__answer\"><p><span style=\"font-weight: 400;\">Yes, we offer packages enabling you to stay in several of the group&#8217;s establishments.<\/span><\/p>\n<\/div>\n          <\/div>\n\n        \n          <div class=\"pfq__question\"  >\n            <h4 class=\"pfq__question__title\">Do you offer activities for families?<\/h4>\n            <div class=\"pfq__answer\"><p><span style=\"font-weight: 400;\">Yes, we offer family-friendly activities such as entertainment and relaxation during the season.  <\/span><\/p>\n<\/div>\n          <\/div>\n\n        \n          <div class=\"pfq__question\"  >\n            <h4 class=\"pfq__question__title\">Is Wi-Fi available at your campsites?<\/h4>\n            <div class=\"pfq__answer\"><p><span style=\"font-weight: 400;\">Yes, all our establishments offer Wi-Fi access for our guests.<\/span><\/p>\n<\/div>\n          <\/div>\n\n        \n          <div class=\"pfq__question\"  >\n            <h4 class=\"pfq__question__title\">Are your campsites open all year round?<\/h4>\n            <div class=\"pfq__answer\"><p><span style=\"font-weight: 400;\">Our campsites are open in different ways: some are open all year round, others are seasonal.<\/span><\/p>\n<\/div>\n          <\/div>\n\n        \n          <div class=\"pfq__question\"  >\n            <h4 class=\"pfq__question__title\">Are your facilities adapted for people with reduced mobility?<\/h4>\n            <div class=\"pfq__answer\"><p><span style=\"font-weight: 400;\">Yes, we make sure that our facilities are accessible to people with reduced mobility.<\/span><\/p>\n<\/div>\n          <\/div>\n\n        \n          <div class=\"pfq__question\"  >\n            <h4 class=\"pfq__question__title\">Do you offer stays for groups?<\/h4>\n            <div class=\"pfq__answer\"><p><span style=\"font-weight: 400;\">Yes, we welcome groups such as large families, schools and associations.<\/span><\/p>\n<\/div>\n          <\/div>\n\n        \n          <div class=\"pfq__question\"  >\n            <h4 class=\"pfq__question__title\">Is it possible to book activities in advance?<\/h4>\n            <div class=\"pfq__answer\"><p>Yes, some activities can be booked in advance to guarantee your place.<\/p>\n<\/div>\n          <\/div>\n\n        \n          <div class=\"pfq__question\"  >\n            <h4 class=\"pfq__question__title\">Do you provide catering services?<\/h4>\n            <div class=\"pfq__answer\"><p><span style=\"font-weight: 400;\">Yes, some of our facilities offer restaurants, snack bars and takeaway options.<\/span><\/p>\n<\/div>\n          <\/div>\n\n        \n      <\/div>\n\n    \n  <\/div>\n<\/div>\n<\/div>\n<\/div>\n<\/div>\n<\/div>\n<\/div>\n","protected":false},"excerpt":{"rendered":"<p>Frequently asked questions find out more<\/p>\n","protected":false},"author":1,"featured_media":1248,"parent":1773,"menu_order":63,"comment_status":"closed","ping_status":"closed","template":"","meta":{"_acf_changed":false,"_seopress_robots_primary_cat":"","_seopress_titles_title":"FAQ Campsite | Questions about your vacation in Ari\u00e8ge Pyrenees","_seopress_titles_desc":"Check out our FAQ with all the information you need to prepare your stay at a VAP campsite in the Ari\u00e8ge-Pyr\u00e9n\u00e9es.","_seopress_robots_index":"","ouverture":"","nombre_de_locations":"","nombre_demplacements":"","adresse":"","numero_de_telephone":"","email":"","url_du_site":"","footnotes":""},"class_list":["post-1789","page","type-page","status-publish","has-post-thumbnail","hentry"],"acf":[],"_links":{"self":[{"href":"https:\/\/www.vap-camping.fr\/en\/wp-json\/wp\/v2\/pages\/1789","targetHints":{"allow":["GET"]}}],"collection":[{"href":"https:\/\/www.vap-camping.fr\/en\/wp-json\/wp\/v2\/pages"}],"about":[{"href":"https:\/\/www.vap-camping.fr\/en\/wp-json\/wp\/v2\/types\/page"}],"author":[{"embeddable":true,"href":"https:\/\/www.vap-camping.fr\/en\/wp-json\/wp\/v2\/users\/1"}],"replies":[{"embeddable":true,"href":"https:\/\/www.vap-camping.fr\/en\/wp-json\/wp\/v2\/comments?post=1789"}],"version-history":[{"count":4,"href":"https:\/\/www.vap-camping.fr\/en\/wp-json\/wp\/v2\/pages\/1789\/revisions"}],"predecessor-version":[{"id":7300,"href":"https:\/\/www.vap-camping.fr\/en\/wp-json\/wp\/v2\/pages\/1789\/revisions\/7300"}],"up":[{"embeddable":true,"href":"https:\/\/www.vap-camping.fr\/en\/wp-json\/wp\/v2\/pages\/1773"}],"wp:featuredmedia":[{"embeddable":true,"href":"https:\/\/www.vap-camping.fr\/en\/wp-json\/wp\/v2\/media\/1248"}],"wp:attachment":[{"href":"https:\/\/www.vap-camping.fr\/en\/wp-json\/wp\/v2\/media?parent=1789"}],"curies":[{"name":"wp","href":"https:\/\/api.w.org\/{rel}","templated":true}]}}

<div class="wp-block-group alignfull is-layout-flow wp-container-core-group-is-layout-8fc0eadb wp-block-group-is-layout-flow">
<div class="wp-block-group alignfull hero-camp is-layout-flow wp-block-group-is-layout-flow" style="margin-bottom:20rem">
<div class="wp-block-group alignfull hero-img is-layout-flow wp-block-group-is-layout-flow">
<figure class="wp-block-image size-full"><img decoding="async" src="https://www.vap-camping.fr/wp-content/themes/vap/assets/img/placeholder.jpg" alt="VAP" class="wp-image-123"/></figure>
</div>



<div class="wp-block-group hero-desc has-secondary-background-color has-background is-layout-flow wp-block-group-is-layout-flow" style="border-top-right-radius:90px;border-bottom-right-radius:90px;padding-top:2rem;padding-bottom:2rem;padding-left:5rem"><h1 style="font-size:clamp(3.037rem, 3.037rem + ((1vw - 0.2rem) * 4.018), 6rem);" class="has-link-color wp-elements-971196805a816ee349c8ae4f34a1c7a7 wp-block-post-title has-text-color has-white-color has-secondary-font-family">Frequently asked questions</h1></div>
</div>



<div class="wp-block-group alignfull has-global-padding is-layout-constrained wp-block-group-is-layout-constrained">
<div class="wp-block-columns alignfull are-vertically-aligned-center is-faq-wrapper is-layout-flex wp-container-core-columns-is-layout-28f84493 wp-block-columns-is-layout-flex">
<div class="wp-block-column is-vertically-aligned-center fromOpacity is-layout-flow wp-block-column-is-layout-flow" style="flex-basis:33.33%">
<div class="wp-block-group is-faq has-global-padding is-layout-constrained wp-container-core-group-is-layout-182edfea wp-block-group-is-layout-constrained has-background" style="border-radius:100%;min-height:786px;background-image:url(&#039;https://www.vap-camping.fr/wp-content/themes/vap/assets/img/faq.jpg&#039;);background-position:73% 47%;background-size:cover;"></div>
</div>



<div class="wp-block-column is-vertically-aligned-center is-layout-flow wp-block-column-is-layout-flow" style="flex-basis:66.66%">
<div class="wp-block-group is-style-title-left is-layout-flow wp-block-group-is-layout-flow is-style-title-left--1">
<p class="has-secondary-color has-text-color has-link-color has-secondary-font-family has-xl-font-size wp-elements-d4af3f373ea63ae87a3eae2fb0e2c34d">Frequently asked questions</p>



<p class="has-primary-color has-text-color has-link-color has-primary-font-family has-sm-font-size wp-elements-5389c9057cb7d45cf4c293a9906c06af" style="text-transform:uppercase"><strong>find out more</strong></p>
</div>



<div class="wp-block-group has-global-padding is-layout-constrained wp-block-group-is-layout-constrained">
<div class="pfq">
  
  
  <nav class="pfq__themes">
    <h2>Themes</h2>
    <ul>
      
        <li class="pfq__theme active" data-pfq-group="group-0">
          <a href="#">General information</a>
        </li>

          </ul>
  </nav>

  <div class="pfq__questions">
    
      <div class="pfq__questions__group visible" data-pfq-group="group-0">

        <h3>General information</h3>

        
          <div class="pfq__question"  >
            <h4 class="pfq__question__title">What types of accommodation do you offer?</h4>
            <div class="pfq__answer"><p><span style="font-weight: 400;">We offer mobile homes, chalets, furnished tents as well as spacious gîtes for groups and bare pitches.</span></p>
</div>
          </div>

        
          <div class="pfq__question"  >
            <h4 class="pfq__question__title">Are your facilities accessible by public transport?</h4>
            <div class="pfq__answer"><p><span style="font-weight: 400;">Yes, most of our establishments are close to public transport and accessible by train.</span></p>
</div>
          </div>

        
          <div class="pfq__question"  >
            <h4 class="pfq__question__title">Can I stay at more than one of the group&#039;s campsites?</h4>
            <div class="pfq__answer"><p><span style="font-weight: 400;">Yes, we offer packages enabling you to stay in several of the group&#8217;s establishments.</span></p>
</div>
          </div>

        
          <div class="pfq__question"  >
            <h4 class="pfq__question__title">Do you offer activities for families?</h4>
            <div class="pfq__answer"><p><span style="font-weight: 400;">Yes, we offer family-friendly activities such as entertainment and relaxation during the season.  </span></p>
</div>
          </div>

        
          <div class="pfq__question"  >
            <h4 class="pfq__question__title">Is Wi-Fi available at your campsites?</h4>
            <div class="pfq__answer"><p><span style="font-weight: 400;">Yes, all our establishments offer Wi-Fi access for our guests.</span></p>
</div>
          </div>

        
          <div class="pfq__question"  >
            <h4 class="pfq__question__title">Are your campsites open all year round?</h4>
            <div class="pfq__answer"><p><span style="font-weight: 400;">Our campsites are open in different ways: some are open all year round, others are seasonal.</span></p>
</div>
          </div>

        
          <div class="pfq__question"  >
            <h4 class="pfq__question__title">Are your facilities adapted for people with reduced mobility?</h4>
            <div class="pfq__answer"><p><span style="font-weight: 400;">Yes, we make sure that our facilities are accessible to people with reduced mobility.</span></p>
</div>
          </div>

        
          <div class="pfq__question"  >
            <h4 class="pfq__question__title">Do you offer stays for groups?</h4>
            <div class="pfq__answer"><p><span style="font-weight: 400;">Yes, we welcome groups such as large families, schools and associations.</span></p>
</div>
          </div>

        
          <div class="pfq__question"  >
            <h4 class="pfq__question__title">Is it possible to book activities in advance?</h4>
            <div class="pfq__answer"><p>Yes, some activities can be booked in advance to guarantee your place.</p>
</div>
          </div>

        
          <div class="pfq__question"  >
            <h4 class="pfq__question__title">Do you provide catering services?</h4>
            <div class="pfq__answer"><p><span style="font-weight: 400;">Yes, some of our facilities offer restaurants, snack bars and takeaway options.</span></p>
</div>
          </div>

        
      </div>

    
  </div>
</div>
</div>
</div>
</div>
</div>
</div>

FAQ Campsite | Questions about your vacation in Ariège Pyrenees

Check out our FAQ with all the information you need to prepare your stay at a VAP campsite in the Ariège-Pyrénées.
