{"id":2672,"date":"2025-05-09T14:08:01","date_gmt":"2025-05-09T14:08:01","guid":{"rendered":"https:\/\/www.vap-camping.fr\/lieux\/camping-village-des-cabannes\/"},"modified":"2026-02-05T09:30:33","modified_gmt":"2026-02-05T09:30:33","slug":"camping-village-des-cabannes","status":"publish","type":"lieux","link":"https:\/\/www.vap-camping.fr\/es\/lieux\/camping-village-des-cabannes\/","title":{"rendered":"Pueblo de Cabannes"},"content":{"rendered":"\n<div class=\"wp-block-group alignfull is-layout-flow wp-container-core-group-is-layout-12cc3699 wp-block-group-is-layout-flow\" style=\"padding-top:10rem\">\n<div class=\"wp-block-group has-global-padding is-layout-constrained wp-container-core-group-is-layout-2931b900 wp-block-group-is-layout-constrained\">\n<div class=\"wp-block-columns alignfull are-vertically-aligned-center is-layout-flex wp-container-core-columns-is-layout-0c0b91ec wp-block-columns-is-layout-flex\">\n<div class=\"wp-block-column is-vertically-aligned-center leftRight is-layout-flow wp-container-core-column-is-layout-58dbe9e9 wp-block-column-is-layout-flow\" style=\"padding-left:10rem;flex-basis:40%\">\n<div class=\"wp-block-group is-style-title-left is-layout-flow wp-block-group-is-layout-flow is-style-title-left--1\">\n<p class=\"has-secondary-color has-text-color has-link-color has-secondary-font-family has-xl-font-size wp-elements-054b056a4a3ddce141ef4230594e253f\">Les Cabannes<\/p>\n\n\n\n<p class=\"has-primary-color has-text-color has-link-color has-primary-font-family has-sm-font-size wp-elements-7de7d397125bd3520f77abf621cf1612\" style=\"text-transform:uppercase\"><strong>puerta de entrada a los montes Ari\u00e8ge<\/strong><\/p>\n<\/div>\n\n\n\n<h1 class=\"wp-block-heading text-title\">Un pueblo tranquilo entre el valle del Ari\u00e8ge y la meseta de Beille<\/h1>\n\n\n\n<p class=\"has-m-font-size\" style=\"padding-left:2rem\">Situado a 530 metros de altitud, al pie de los Pirineos, el pueblo de Les <strong>Cabannes<\/strong> es un punto de parada estrat\u00e9gico para explorar el Alto Ari\u00e8ge. Bordeada por el r\u00edo Ari\u00e8ge, goza de un ambiente tranquilo, un mercado local y acceso directo a una amplia gama de actividades al aire libre.<\/p>\n<\/div>\n\n\n\n<div class=\"wp-block-column is-vertically-aligned-center rightLeft wp-block-image alignright size-large has-custom-border is-style-travel is-layout-flow wp-block-column-is-layout-flow is-style-travel--2\" style=\"flex-basis:60%\">\n<figure class=\"wp-block-image alignright size-large\"><img alt=\"\" decoding=\"async\" width=\"1024\" height=\"683\" src=\"https:\/\/www.vap-camping.fr\/wp-content\/uploads\/2025\/05\/AdobeStock_124848611-1024x683.jpeg\" alt=\"\" class=\"wp-image-1132\" style=\"aspect-ratio:3\/2;object-fit:cover\" srcset=\"https:\/\/www.vap-camping.fr\/wp-content\/uploads\/2025\/05\/AdobeStock_124848611-1024x683.jpeg 1024w, https:\/\/www.vap-camping.fr\/wp-content\/uploads\/2025\/05\/AdobeStock_124848611-600x400.jpeg 600w, https:\/\/www.vap-camping.fr\/wp-content\/uploads\/2025\/05\/AdobeStock_124848611-768x512.jpeg 768w, https:\/\/www.vap-camping.fr\/wp-content\/uploads\/2025\/05\/AdobeStock_124848611-1536x1024.jpeg 1536w, https:\/\/www.vap-camping.fr\/wp-content\/uploads\/2025\/05\/AdobeStock_124848611-2048x1365.jpeg 2048w\" sizes=\"(max-width: 1024px) 100vw, 1024px\" \/><\/figure>\n<\/div>\n<\/div>\n<\/div>\n\n\n\n<div class=\"wp-block-group has-global-padding is-layout-constrained wp-block-group-is-layout-constrained\">\n<div class=\"wp-block-columns alignfull are-vertically-aligned-center is-layout-flex wp-container-core-columns-is-layout-0c0b91ec wp-block-columns-is-layout-flex\">\n<div class=\"wp-block-column is-vertically-aligned-center wp-block-image alignright size-large has-custom-border is-style-simple-left leftRight is-layout-flow wp-block-column-is-layout-flow is-style-simple-left--3\" style=\"flex-basis:60%\">\n<figure class=\"wp-block-image alignleft size-large\"><img alt=\"\" decoding=\"async\" width=\"1024\" height=\"576\" src=\"https:\/\/www.vap-camping.fr\/wp-content\/uploads\/2025\/05\/AdobeStock_125131383-1024x576.jpeg\" alt=\"\" class=\"wp-image-1134\" srcset=\"https:\/\/www.vap-camping.fr\/wp-content\/uploads\/2025\/05\/AdobeStock_125131383-1024x576.jpeg 1024w, https:\/\/www.vap-camping.fr\/wp-content\/uploads\/2025\/05\/AdobeStock_125131383-600x338.jpeg 600w, https:\/\/www.vap-camping.fr\/wp-content\/uploads\/2025\/05\/AdobeStock_125131383-768x432.jpeg 768w, https:\/\/www.vap-camping.fr\/wp-content\/uploads\/2025\/05\/AdobeStock_125131383-1536x864.jpeg 1536w, https:\/\/www.vap-camping.fr\/wp-content\/uploads\/2025\/05\/AdobeStock_125131383-2048x1152.jpeg 2048w\" sizes=\"(max-width: 1024px) 100vw, 1024px\" \/><\/figure>\n<\/div>\n\n\n\n<div class=\"wp-block-column is-vertically-aligned-center rightLeft is-layout-flow wp-container-core-column-is-layout-58dbe9e9 wp-block-column-is-layout-flow\" style=\"padding-left:10rem;flex-basis:40%\">\n<div class=\"wp-block-group is-style-title-left is-layout-flow wp-block-group-is-layout-flow is-style-title-left--4\">\n<p class=\"has-secondary-color has-text-color has-link-color has-secondary-font-family has-xl-font-size wp-elements-eae6364009ce3e40e32c95b22870a552\">Un pueblo aut\u00e9ntico<\/p>\n\n\n\n<p class=\"has-primary-color has-text-color has-link-color has-primary-font-family has-sm-font-size wp-elements-156d160405262882181426d29dc685b4\" style=\"text-transform:uppercase\"><strong>y acogedor<\/strong><\/p>\n<\/div>\n\n\n\n<h2 class=\"wp-block-heading text-title\">Mercado, artesan\u00eda y patrimonio rural al fondo<\/h2>\n\n\n\n<p class=\"has-m-font-size\" style=\"padding-left:2rem\">Las estrechas calles de Les Cabannes revelan bonitas casas tradicionales, un patrimonio modesto pero bien conservado, y una animada vida local. El peque\u00f1o mercado semanal exhibe productos de monta\u00f1a, y varios alojamientos y restaurantes acogen a los visitantes durante todo el a\u00f1o.<\/p>\n<\/div>\n<\/div>\n<\/div>\n\n\n\n<div class=\"wp-block-group has-global-padding is-layout-constrained wp-block-group-is-layout-constrained\">\n<div class=\"wp-block-columns alignfull are-vertically-aligned-center is-layout-flex wp-container-core-columns-is-layout-0c0b91ec wp-block-columns-is-layout-flex\">\n<div class=\"wp-block-column is-vertically-aligned-center leftRight is-layout-flow wp-container-core-column-is-layout-58dbe9e9 wp-block-column-is-layout-flow\" style=\"padding-left:10rem;flex-basis:40%\">\n<div class=\"wp-block-group is-style-title-left is-layout-flow wp-block-group-is-layout-flow is-style-title-left--5\">\n<p class=\"has-secondary-color has-text-color has-link-color has-secondary-font-family has-xl-font-size wp-elements-651d8500afd29bc986311d1825781e5d\">Actividades para todos<\/p>\n\n\n\n<p class=\"has-primary-color has-text-color has-link-color has-primary-font-family has-sm-font-size wp-elements-b185489e35972130d2029ecd91766287\" style=\"text-transform:uppercase\"><strong>en todas las estaciones<\/strong><\/p>\n<\/div>\n\n\n\n<h2 class=\"wp-block-heading text-title\">Raquetas de nieve, ciclismo, esqu\u00ed de fondo o simplemente pasear al aire libre<\/h2>\n\n\n\n<p class=\"has-m-font-size\" style=\"padding-left:2rem\">Tanto en verano como en invierno, la zona de Les Cabannes ofrece un amplio abanico de actividades: <strong>esqu\u00ed n\u00f3rdico en Beille<\/strong>, bicicleta de monta\u00f1a, equitaci\u00f3n, senderismo hasta el Col de Marmare&#8230; o simplemente relajarse en la monta\u00f1a, lejos de las multitudes.<\/p>\n<\/div>\n\n\n\n<div class=\"wp-block-column is-vertically-aligned-center rightLeft wp-block-image alignright size-large has-custom-border is-style-simple-right is-layout-flow wp-block-column-is-layout-flow is-style-simple-right--6\" style=\"flex-basis:60%\">\n<figure class=\"wp-block-image alignright size-large\"><img alt=\"\" decoding=\"async\" width=\"1024\" height=\"466\" src=\"https:\/\/www.vap-camping.fr\/wp-content\/uploads\/2025\/05\/AdobeStock_179276794-1024x466.jpeg\" alt=\"\" class=\"wp-image-1136\" style=\"aspect-ratio:3\/2;object-fit:cover\" srcset=\"https:\/\/www.vap-camping.fr\/wp-content\/uploads\/2025\/05\/AdobeStock_179276794-1024x466.jpeg 1024w, https:\/\/www.vap-camping.fr\/wp-content\/uploads\/2025\/05\/AdobeStock_179276794-600x273.jpeg 600w, https:\/\/www.vap-camping.fr\/wp-content\/uploads\/2025\/05\/AdobeStock_179276794-768x349.jpeg 768w, https:\/\/www.vap-camping.fr\/wp-content\/uploads\/2025\/05\/AdobeStock_179276794-1536x698.jpeg 1536w, https:\/\/www.vap-camping.fr\/wp-content\/uploads\/2025\/05\/AdobeStock_179276794-2048x931.jpeg 2048w\" sizes=\"(max-width: 1024px) 100vw, 1024px\" \/><\/figure>\n<\/div>\n<\/div>\n<\/div>\n\n\n\n<div class=\"wp-block-group reveal has-global-padding is-layout-constrained wp-block-group-is-layout-constrained\">\n<div class=\"wp-block-group alignwide is-style-title-simple is-layout-flow wp-block-group-is-layout-flow is-style-title-simple--7\" style=\"margin-top:4rem;margin-bottom:4rem\">\n<p class=\"has-text-align-center has-secondary-color has-text-color has-link-color has-secondary-font-family has-xl-font-size wp-elements-62e8568cdda5d35834e57df913a15057\">\n Nuestros establecimientos<\/p>\n\n\n\n<p class=\"has-text-align-center has-primary-font-family has-sm-font-size\" style=\"text-transform:uppercase\">\n                <strong>cerca de<\/strong>\n            <\/p>\n<\/div>\n\n\n<div class=\"campings-wrapper is-layout-flow wp-block-slider-campings-is-layout-flow\">\n            <div class=\"campings-list\">\n                            <div class=\"camping-item\"\n                    style=\"background-image: linear-gradient(to top, rgba(0, 0, 0, 0.6), transparent), url('https:\/\/www.vap-camping.fr\/wp-content\/uploads\/2025\/04\/img_5291-1024x768-1.jpg');\">\n                    <a href=\"https:\/\/www.vap-camping.fr\/es\/campings\/oustalous-complex\/\" title=\"Complejo Les Oustalous\" class=\"camping-link\">\n                        <p class=\"title\">Complejo Les Oustalous<\/p>\n                        <p class=\"camping-button\">Descubre<\/p>\n                    <\/a>\n                <\/div>\n                    <\/div>\n    <\/div>\n\n<\/div>\n<\/div>\n","protected":false},"excerpt":{"rendered":"<p>Situado al pie del Plateau de Beille, el pueblo de Les Cabannes ofrece un sinf\u00edn de actividades estivales. Los amantes de las emociones fuertes pueden probar el pirag\u00fcismo, el kayak o el rafting en el lago de Bouan, en el centro de deportes acu\u00e1ticos Waterploof. A los amantes de la naturaleza les encantar\u00e1 el senderismo y la equitaci\u00f3n en el Plateau de Beille.<\/p>\n","protected":false},"author":1,"featured_media":2674,"parent":0,"template":"","format":"standard","tax-category-lieux":[46],"class_list":["post-2672","lieux","type-lieux","status-publish","format-standard","has-post-thumbnail","hentry","tax-category-lieux-ciudades-y-pueblos"],"acf":{"latitude":"42.784747","longitude":"  1.685754","distance":0.6,"pm_lieu_url":"","pm_lieu_phone":"","adresse":"","pm_lieu_title_short":"","af_camping":[105]},"_links":{"self":[{"href":"https:\/\/www.vap-camping.fr\/es\/wp-json\/wp\/v2\/lieux\/2672","targetHints":{"allow":["GET"]}}],"collection":[{"href":"https:\/\/www.vap-camping.fr\/es\/wp-json\/wp\/v2\/lieux"}],"about":[{"href":"https:\/\/www.vap-camping.fr\/es\/wp-json\/wp\/v2\/types\/lieux"}],"author":[{"embeddable":true,"href":"https:\/\/www.vap-camping.fr\/es\/wp-json\/wp\/v2\/users\/1"}],"version-history":[{"count":3,"href":"https:\/\/www.vap-camping.fr\/es\/wp-json\/wp\/v2\/lieux\/2672\/revisions"}],"predecessor-version":[{"id":6997,"href":"https:\/\/www.vap-camping.fr\/es\/wp-json\/wp\/v2\/lieux\/2672\/revisions\/6997"}],"acf:post":[{"embeddable":true,"href":"https:\/\/www.vap-camping.fr\/es\/wp-json\/wp\/v2\/campings\/105"}],"wp:featuredmedia":[{"embeddable":true,"href":"https:\/\/www.vap-camping.fr\/es\/wp-json\/wp\/v2\/media\/2674"}],"wp:attachment":[{"href":"https:\/\/www.vap-camping.fr\/es\/wp-json\/wp\/v2\/media?parent=2672"}],"wp:term":[{"taxonomy":"tax-category-lieux","embeddable":true,"href":"https:\/\/www.vap-camping.fr\/es\/wp-json\/wp\/v2\/tax-category-lieux?post=2672"}],"curies":[{"name":"wp","href":"https:\/\/api.w.org\/{rel}","templated":true}]}}

<div class="wp-block-group alignfull is-layout-flow wp-container-core-group-is-layout-12cc3699 wp-block-group-is-layout-flow" style="padding-top:10rem">
<div class="wp-block-group has-global-padding is-layout-constrained wp-container-core-group-is-layout-2931b900 wp-block-group-is-layout-constrained">
<div class="wp-block-columns alignfull are-vertically-aligned-center is-layout-flex wp-container-core-columns-is-layout-0c0b91ec wp-block-columns-is-layout-flex">
<div class="wp-block-column is-vertically-aligned-center leftRight is-layout-flow wp-container-core-column-is-layout-58dbe9e9 wp-block-column-is-layout-flow" style="padding-left:10rem;flex-basis:40%">
<div class="wp-block-group is-style-title-left is-layout-flow wp-block-group-is-layout-flow is-style-title-left--1">
<p class="has-secondary-color has-text-color has-link-color has-secondary-font-family has-xl-font-size wp-elements-054b056a4a3ddce141ef4230594e253f">Les Cabannes</p>



<p class="has-primary-color has-text-color has-link-color has-primary-font-family has-sm-font-size wp-elements-7de7d397125bd3520f77abf621cf1612" style="text-transform:uppercase"><strong>puerta de entrada a los montes Ariège</strong></p>
</div>



<h1 class="wp-block-heading text-title">Un pueblo tranquilo entre el valle del Ariège y la meseta de Beille</h1>



<p class="has-m-font-size" style="padding-left:2rem">Situado a 530 metros de altitud, al pie de los Pirineos, el pueblo de Les <strong>Cabannes</strong> es un punto de parada estratégico para explorar el Alto Ariège. Bordeada por el río Ariège, goza de un ambiente tranquilo, un mercado local y acceso directo a una amplia gama de actividades al aire libre.</p>
</div>



<div class="wp-block-column is-vertically-aligned-center rightLeft wp-block-image alignright size-large has-custom-border is-style-travel is-layout-flow wp-block-column-is-layout-flow is-style-travel--2" style="flex-basis:60%">
<figure class="wp-block-image alignright size-large"><img alt="" decoding="async" width="1024" height="683" src="https://www.vap-camping.fr/wp-content/uploads/2025/05/AdobeStock_124848611-1024x683.jpeg" alt="" class="wp-image-1132" style="aspect-ratio:3/2;object-fit:cover" srcset="https://www.vap-camping.fr/wp-content/uploads/2025/05/AdobeStock_124848611-1024x683.jpeg 1024w, https://www.vap-camping.fr/wp-content/uploads/2025/05/AdobeStock_124848611-600x400.jpeg 600w, https://www.vap-camping.fr/wp-content/uploads/2025/05/AdobeStock_124848611-768x512.jpeg 768w, https://www.vap-camping.fr/wp-content/uploads/2025/05/AdobeStock_124848611-1536x1024.jpeg 1536w, https://www.vap-camping.fr/wp-content/uploads/2025/05/AdobeStock_124848611-2048x1365.jpeg 2048w" sizes="(max-width: 1024px) 100vw, 1024px" /></figure>
</div>
</div>
</div>



<div class="wp-block-group has-global-padding is-layout-constrained wp-block-group-is-layout-constrained">
<div class="wp-block-columns alignfull are-vertically-aligned-center is-layout-flex wp-container-core-columns-is-layout-0c0b91ec wp-block-columns-is-layout-flex">
<div class="wp-block-column is-vertically-aligned-center wp-block-image alignright size-large has-custom-border is-style-simple-left leftRight is-layout-flow wp-block-column-is-layout-flow is-style-simple-left--3" style="flex-basis:60%">
<figure class="wp-block-image alignleft size-large"><img alt="" decoding="async" width="1024" height="576" src="https://www.vap-camping.fr/wp-content/uploads/2025/05/AdobeStock_125131383-1024x576.jpeg" alt="" class="wp-image-1134" srcset="https://www.vap-camping.fr/wp-content/uploads/2025/05/AdobeStock_125131383-1024x576.jpeg 1024w, https://www.vap-camping.fr/wp-content/uploads/2025/05/AdobeStock_125131383-600x338.jpeg 600w, https://www.vap-camping.fr/wp-content/uploads/2025/05/AdobeStock_125131383-768x432.jpeg 768w, https://www.vap-camping.fr/wp-content/uploads/2025/05/AdobeStock_125131383-1536x864.jpeg 1536w, https://www.vap-camping.fr/wp-content/uploads/2025/05/AdobeStock_125131383-2048x1152.jpeg 2048w" sizes="(max-width: 1024px) 100vw, 1024px" /></figure>
</div>



<div class="wp-block-column is-vertically-aligned-center rightLeft is-layout-flow wp-container-core-column-is-layout-58dbe9e9 wp-block-column-is-layout-flow" style="padding-left:10rem;flex-basis:40%">
<div class="wp-block-group is-style-title-left is-layout-flow wp-block-group-is-layout-flow is-style-title-left--4">
<p class="has-secondary-color has-text-color has-link-color has-secondary-font-family has-xl-font-size wp-elements-eae6364009ce3e40e32c95b22870a552">Un pueblo auténtico</p>



<p class="has-primary-color has-text-color has-link-color has-primary-font-family has-sm-font-size wp-elements-156d160405262882181426d29dc685b4" style="text-transform:uppercase"><strong>y acogedor</strong></p>
</div>



<h2 class="wp-block-heading text-title">Mercado, artesanía y patrimonio rural al fondo</h2>



<p class="has-m-font-size" style="padding-left:2rem">Las estrechas calles de Les Cabannes revelan bonitas casas tradicionales, un patrimonio modesto pero bien conservado, y una animada vida local. El pequeño mercado semanal exhibe productos de montaña, y varios alojamientos y restaurantes acogen a los visitantes durante todo el año.</p>
</div>
</div>
</div>



<div class="wp-block-group has-global-padding is-layout-constrained wp-block-group-is-layout-constrained">
<div class="wp-block-columns alignfull are-vertically-aligned-center is-layout-flex wp-container-core-columns-is-layout-0c0b91ec wp-block-columns-is-layout-flex">
<div class="wp-block-column is-vertically-aligned-center leftRight is-layout-flow wp-container-core-column-is-layout-58dbe9e9 wp-block-column-is-layout-flow" style="padding-left:10rem;flex-basis:40%">
<div class="wp-block-group is-style-title-left is-layout-flow wp-block-group-is-layout-flow is-style-title-left--5">
<p class="has-secondary-color has-text-color has-link-color has-secondary-font-family has-xl-font-size wp-elements-651d8500afd29bc986311d1825781e5d">Actividades para todos</p>



<p class="has-primary-color has-text-color has-link-color has-primary-font-family has-sm-font-size wp-elements-b185489e35972130d2029ecd91766287" style="text-transform:uppercase"><strong>en todas las estaciones</strong></p>
</div>



<h2 class="wp-block-heading text-title">Raquetas de nieve, ciclismo, esquí de fondo o simplemente pasear al aire libre</h2>



<p class="has-m-font-size" style="padding-left:2rem">Tanto en verano como en invierno, la zona de Les Cabannes ofrece un amplio abanico de actividades: <strong>esquí nórdico en Beille</strong>, bicicleta de montaña, equitación, senderismo hasta el Col de Marmare&#8230; o simplemente relajarse en la montaña, lejos de las multitudes.</p>
</div>



<div class="wp-block-column is-vertically-aligned-center rightLeft wp-block-image alignright size-large has-custom-border is-style-simple-right is-layout-flow wp-block-column-is-layout-flow is-style-simple-right--6" style="flex-basis:60%">
<figure class="wp-block-image alignright size-large"><img alt="" decoding="async" width="1024" height="466" src="https://www.vap-camping.fr/wp-content/uploads/2025/05/AdobeStock_179276794-1024x466.jpeg" alt="" class="wp-image-1136" style="aspect-ratio:3/2;object-fit:cover" srcset="https://www.vap-camping.fr/wp-content/uploads/2025/05/AdobeStock_179276794-1024x466.jpeg 1024w, https://www.vap-camping.fr/wp-content/uploads/2025/05/AdobeStock_179276794-600x273.jpeg 600w, https://www.vap-camping.fr/wp-content/uploads/2025/05/AdobeStock_179276794-768x349.jpeg 768w, https://www.vap-camping.fr/wp-content/uploads/2025/05/AdobeStock_179276794-1536x698.jpeg 1536w, https://www.vap-camping.fr/wp-content/uploads/2025/05/AdobeStock_179276794-2048x931.jpeg 2048w" sizes="(max-width: 1024px) 100vw, 1024px" /></figure>
</div>
</div>
</div>



<div class="wp-block-group reveal has-global-padding is-layout-constrained wp-block-group-is-layout-constrained">
<div class="wp-block-group alignwide is-style-title-simple is-layout-flow wp-block-group-is-layout-flow is-style-title-simple--7" style="margin-top:4rem;margin-bottom:4rem">
<p class="has-text-align-center has-secondary-color has-text-color has-link-color has-secondary-font-family has-xl-font-size wp-elements-62e8568cdda5d35834e57df913a15057">
 Nuestros establecimientos</p>



<p class="has-text-align-center has-primary-font-family has-sm-font-size" style="text-transform:uppercase">
                <strong>cerca de</strong>
            </p>
</div>


<div class="campings-wrapper is-layout-flow wp-block-slider-campings-is-layout-flow">
            <div class="campings-list">
                            <div class="camping-item"
                    style="background-image: linear-gradient(to top, rgba(0, 0, 0, 0.6), transparent), url('https://www.vap-camping.fr/wp-content/uploads/2025/04/img_5291-1024x768-1.jpg');">
                    <a href="https://www.vap-camping.fr/es/campings/oustalous-complex/" title="Complejo Les Oustalous" class="camping-link">
                        <p class="title">Complejo Les Oustalous</p>
                        <p class="camping-button">Descubre</p>
                    </a>
                </div>
                    </div>
    </div>

</div>
</div>

<p>Situado al pie del Plateau de Beille, el pueblo de Les Cabannes ofrece un sinfín de actividades estivales. Los amantes de las emociones fuertes pueden probar el piragüismo, el kayak o el rafting en el lago de Bouan, en el centro de deportes acuáticos Waterploof. A los amantes de la naturaleza les encantará el senderismo y la equitación en el Plateau de Beille.</p>
