{"id":2685,"date":"2025-05-09T14:21:10","date_gmt":"2025-05-09T14:21:10","guid":{"rendered":"https:\/\/www.vap-camping.fr\/lieux\/chateau-de-roquefixade\/"},"modified":"2026-02-05T09:26:08","modified_gmt":"2026-02-05T09:26:08","slug":"chateau-de-roquefixade","status":"publish","type":"lieux","link":"https:\/\/www.vap-camping.fr\/es\/lieux\/chateau-de-roquefixade\/","title":{"rendered":"Castillo de Roquefixade"},"content":{"rendered":"\n<div class=\"wp-block-group alignfull is-layout-flow wp-container-core-group-is-layout-12cc3699 wp-block-group-is-layout-flow\" style=\"padding-top:10rem\">\n<div class=\"wp-block-group has-global-padding is-layout-constrained wp-container-core-group-is-layout-2931b900 wp-block-group-is-layout-constrained\">\n<div class=\"wp-block-columns alignfull are-vertically-aligned-center is-layout-flex wp-container-core-columns-is-layout-0c0b91ec wp-block-columns-is-layout-flex\">\n<div class=\"wp-block-column is-vertically-aligned-center leftRight is-layout-flow wp-container-core-column-is-layout-58dbe9e9 wp-block-column-is-layout-flow\" style=\"padding-left:10rem;flex-basis:40%\">\n<div class=\"wp-block-group is-style-title-left is-layout-flow wp-block-group-is-layout-flow is-style-title-left--1\">\n<p class=\"has-secondary-color has-text-color has-link-color has-secondary-font-family has-xl-font-size wp-elements-6569ba41bde99d0bab39080d0b54ee7e\">Castillo de Roquefixade<\/p>\n\n\n\n<p class=\"has-primary-color has-text-color has-link-color has-primary-font-family has-sm-font-size wp-elements-7b3e3264c9e1f3375cec5cae1530bd17\" style=\"text-transform:uppercase\"><strong>Fortaleza c\u00e1tara  <\/strong><\/p>\n<\/div>\n\n\n\n<h1 class=\"wp-block-heading text-title\">\u00a1Un lugar cargado de historia y un panorama excepcional!<\/h1>\n\n\n\n<p class=\"has-m-font-size\" style=\"padding-left:2rem\">Aferrado a un acantilado escarpado a m\u00e1s de 900 metros de altitud, el castillo de Roquefixade domina el valle de Lavelanet y la comarca de Olmes.  <\/p>\n\n\n\n<p class=\"has-m-font-size\" style=\"padding-left:2rem\">Menos conocido que Monts\u00e9gur, este emplazamiento c\u00e1taro ofrece un entorno igualmente espectacular, con la ventaja a\u00f1adida de una rara tranquilidad y vistas panor\u00e1micas de los Pirineos de Ari\u00e8ge.<\/p>\n<\/div>\n\n\n\n<div class=\"wp-block-column is-vertically-aligned-center rightLeft wp-block-image alignright size-large has-custom-border is-style-travel is-layout-flow wp-block-column-is-layout-flow is-style-travel--2\" style=\"flex-basis:60%\">\n<figure class=\"wp-block-image alignright size-full\"><img decoding=\"async\" width=\"1024\" height=\"683\" src=\"https:\/\/www.vap-camping.fr\/wp-content\/uploads\/2025\/04\/roquefixade__ariege_pyrenees_tourisme.jpg\" alt=\"Roquefixade Ari&#xE8;ge\" class=\"wp-image-4448\" srcset=\"https:\/\/www.vap-camping.fr\/wp-content\/uploads\/2025\/04\/roquefixade__ariege_pyrenees_tourisme.jpg 1024w, https:\/\/www.vap-camping.fr\/wp-content\/uploads\/2025\/04\/roquefixade__ariege_pyrenees_tourisme-600x400.jpg 600w, https:\/\/www.vap-camping.fr\/wp-content\/uploads\/2025\/04\/roquefixade__ariege_pyrenees_tourisme-768x512.jpg 768w\" sizes=\"(max-width: 1024px) 100vw, 1024px\" \/><\/figure>\n<\/div>\n<\/div>\n<\/div>\n\n\n\n<div class=\"wp-block-group has-global-padding is-layout-constrained wp-block-group-is-layout-constrained\">\n<div class=\"wp-block-columns alignfull are-vertically-aligned-center is-layout-flex wp-container-core-columns-is-layout-0c0b91ec wp-block-columns-is-layout-flex\">\n<div class=\"wp-block-column is-vertically-aligned-center wp-block-image alignright size-large has-custom-border is-style-simple-left leftRight is-layout-flow wp-block-column-is-layout-flow is-style-simple-left--3\" style=\"flex-basis:60%\">\n<figure class=\"wp-block-image alignleft size-large\"><img alt=\"\" decoding=\"async\" width=\"1024\" height=\"768\" src=\"https:\/\/www.vap-camping.fr\/wp-content\/uploads\/2025\/05\/img_1862-1024x768.jpeg\" alt=\"\" class=\"wp-image-4485\" srcset=\"https:\/\/www.vap-camping.fr\/wp-content\/uploads\/2025\/05\/img_1862-1024x768.jpeg 1024w, https:\/\/www.vap-camping.fr\/wp-content\/uploads\/2025\/05\/img_1862-600x450.jpeg 600w, https:\/\/www.vap-camping.fr\/wp-content\/uploads\/2025\/05\/img_1862-768x576.jpeg 768w, https:\/\/www.vap-camping.fr\/wp-content\/uploads\/2025\/05\/img_1862-1536x1152.jpeg 1536w, https:\/\/www.vap-camping.fr\/wp-content\/uploads\/2025\/05\/img_1862-2048x1536.jpeg 2048w\" sizes=\"(max-width: 1024px) 100vw, 1024px\" \/><\/figure>\n<\/div>\n\n\n\n<div class=\"wp-block-column is-vertically-aligned-center rightLeft is-layout-flow wp-container-core-column-is-layout-58dbe9e9 wp-block-column-is-layout-flow\" style=\"padding-left:10rem;flex-basis:40%\">\n<div class=\"wp-block-group is-style-title-left is-layout-flow wp-block-group-is-layout-flow is-style-title-left--4\">\n<p class=\"has-secondary-color has-text-color has-link-color has-secondary-font-family has-xl-font-size wp-elements-a9d5affad85372aa32f7b632bd300627\">Un paseo <\/p>\n\n\n\n<p class=\"has-primary-color has-text-color has-link-color has-primary-font-family has-sm-font-size wp-elements-289918a6b6992b74257cce0ab7fc043b\" style=\"text-transform:uppercase\"><strong>F\u00e1cil  <\/strong><\/p>\n<\/div>\n\n\n\n<h1 class=\"wp-block-heading text-title\">\u00a1Una subida de 30 a 45 minutos desde el pueblo proporciona un acceso f\u00e1cil y agradable al lugar <strong>!<\/strong><\/h1>\n\n\n\n<p class=\"has-m-font-size\" style=\"padding-left:2rem\">El sendero comienza en el coraz\u00f3n del <g id=\"gid_0\">pueblo de Roquefixade<\/g>, con sus bonitas casas de piedra. Sube por el bosque antes de llegar a las crestas. Tendr\u00e1s que ganarte el camino hasta el castillo, pero es <g id=\"gid_1\">accesible para toda la familia<\/g>, con pasos seguros y muchos miradores por el camino.  <\/p>\n<\/div>\n<\/div>\n<\/div>\n\n\n\n<div class=\"wp-block-group has-global-padding is-layout-constrained wp-block-group-is-layout-constrained\">\n<div class=\"wp-block-columns alignfull are-vertically-aligned-center is-layout-flex wp-container-core-columns-is-layout-0c0b91ec wp-block-columns-is-layout-flex\">\n<div class=\"wp-block-column is-vertically-aligned-center leftRight is-layout-flow wp-container-core-column-is-layout-58dbe9e9 wp-block-column-is-layout-flow\" style=\"padding-left:10rem;flex-basis:40%\">\n<div class=\"wp-block-group is-style-title-left is-layout-flow wp-block-group-is-layout-flow is-style-title-left--5\">\n<p class=\"has-secondary-color has-text-color has-link-color has-secondary-font-family has-xl-font-size wp-elements-4fe9fdd0ec8ca1adc4664fae0652d8ea\">Un Panorama  <\/p>\n\n\n\n<p class=\"has-primary-color has-text-color has-link-color has-primary-font-family has-sm-font-size wp-elements-b9c051ca8dcd649b034079410617c6f9\" style=\"text-transform:uppercase\"><strong>impresionante<\/strong><\/p>\n<\/div>\n\n\n\n<h2 class=\"wp-block-heading text-title\">Plateau de la Calm: \u00a1vistas inolvidables a pie o en bici!<\/h2>\n\n\n\n<p class=\"has-m-font-size\" style=\"padding-left:2rem\">Accesible a pie o en bicicleta de monta\u00f1a, la meseta de la Calma (4 km ida y vuelta, 230 m de ascenso) es uno de los miradores m\u00e1s bellos de Roquefixade.  <\/p>\n\n\n\n<p class=\"has-m-font-size\" style=\"padding-left:2rem\">Desde el pueblo, un camino conduce a una mesa de orientaci\u00f3n que ofrece vistas espectaculares del macizo de Tabe, el valle de Lesponne y Monts\u00e9gur.  <\/p>\n\n\n\n<p class=\"has-m-font-size\" style=\"padding-left:2rem\">La subida contin\u00faa por un sendero empinado hasta la fortaleza. En la cima te espera una panor\u00e1mica de 360\u00b0, a\u00fan m\u00e1s m\u00e1gica al atardecer. <\/p>\n\n\n\n<p class=\"has-m-font-size\" style=\"padding-left:2rem\">  Nuestro camping del lago de Foix est\u00e1 a s\u00f3lo 18 km de este maravilloso lugar. Para m\u00e1s informaci\u00f3n sobre el sitio de Roquefixade: <a href=\"https:\/\/www.pyreneescathares.com\/decouvrir\/sur-la-route-des-chateaux\/forteresse-de-roquefixade\/\"><mark style=\"background-color:rgba(0, 0, 0, 0)\" class=\"has-inline-color has-secondary-color\">https:\/\/www.pyreneescathares.com\/decouvrir\/sur-la-route-des-chateaux\/forteresse-de-roquefixade\/<\/mark><\/a> <\/p>\n<\/div>\n\n\n\n<div class=\"wp-block-column is-vertically-aligned-center rightLeft wp-block-image alignright size-large has-custom-border is-style-travel is-layout-flow wp-block-column-is-layout-flow is-style-travel--6\" style=\"flex-basis:60%\">\n<figure class=\"wp-block-image alignright size-large\"><img decoding=\"async\" width=\"1024\" height=\"768\" src=\"https:\/\/www.vap-camping.fr\/wp-content\/uploads\/2025\/05\/img_1882-1024x768.jpeg\" alt=\"puesta de sol en la meseta de la Calma\" class=\"wp-image-4493\" srcset=\"https:\/\/www.vap-camping.fr\/wp-content\/uploads\/2025\/05\/img_1882-1024x768.jpeg 1024w, https:\/\/www.vap-camping.fr\/wp-content\/uploads\/2025\/05\/img_1882-600x450.jpeg 600w, https:\/\/www.vap-camping.fr\/wp-content\/uploads\/2025\/05\/img_1882-768x576.jpeg 768w, https:\/\/www.vap-camping.fr\/wp-content\/uploads\/2025\/05\/img_1882-1536x1152.jpeg 1536w, https:\/\/www.vap-camping.fr\/wp-content\/uploads\/2025\/05\/img_1882-2048x1536.jpeg 2048w\" sizes=\"(max-width: 1024px) 100vw, 1024px\" \/><\/figure>\n<\/div>\n<\/div>\n<\/div>\n\n\n\n<div class=\"wp-block-group reveal has-global-padding is-layout-constrained wp-block-group-is-layout-constrained\">\n<div class=\"wp-block-group alignwide is-style-title-simple is-layout-flow wp-block-group-is-layout-flow is-style-title-simple--7\" style=\"margin-top:4rem;margin-bottom:4rem\">\n<p class=\"has-text-align-center has-secondary-color has-text-color has-link-color has-secondary-font-family has-xl-font-size wp-elements-62e8568cdda5d35834e57df913a15057\">\n Nuestros establecimientos<\/p>\n\n\n\n<p class=\"has-text-align-center has-primary-font-family has-sm-font-size\" style=\"text-transform:uppercase\">\n                <strong>cerca de<\/strong>\n            <\/p>\n<\/div>\n\n\n<div class=\"campings-wrapper is-layout-flow wp-block-slider-campings-is-layout-flow\">\n            <div class=\"campings-list\">\n                            <div class=\"camping-item\"\n                    style=\"background-image: linear-gradient(to top, rgba(0, 0, 0, 0.6), transparent), url('https:\/\/www.vap-camping.fr\/wp-content\/uploads\/2025\/04\/camping-avec-piscine-1024x767.jpg');\">\n                    <a href=\"https:\/\/www.vap-camping.fr\/es\/campings\/camping-du-lac\/\" title=\"Camping du lac(Foix)\" class=\"camping-link\">\n                        <p class=\"title\">Camping du lac(Foix)<\/p>\n                        <p class=\"camping-button\">Descubre<\/p>\n                    <\/a>\n                <\/div>\n                    <\/div>\n    <\/div>\n\n<\/div>\n<\/div>\n","protected":false},"excerpt":{"rendered":"<p>A s\u00f3lo 18 km de Foix, la fortaleza de Roquefixade se alza sobre un acantilado monumental. De libre acceso tras una caminata de treinta minutos, los restos de esta fortaleza ofrecen un panorama deslumbrante y una fascinante visi\u00f3n de la epopeya c\u00e1tara. <\/p>\n","protected":false},"author":1,"featured_media":4451,"parent":0,"template":"","format":"standard","tax-category-lieux":[51],"class_list":["post-2685","lieux","type-lieux","status-publish","format-standard","has-post-thumbnail","hentry","tax-category-lieux-castillos"],"acf":{"latitude":"42.9385081","longitude":"1.7487842","distance":18,"pm_lieu_url":"","pm_lieu_phone":"","adresse":"","pm_lieu_title_short":"","af_camping":[22]},"_links":{"self":[{"href":"https:\/\/www.vap-camping.fr\/es\/wp-json\/wp\/v2\/lieux\/2685","targetHints":{"allow":["GET"]}}],"collection":[{"href":"https:\/\/www.vap-camping.fr\/es\/wp-json\/wp\/v2\/lieux"}],"about":[{"href":"https:\/\/www.vap-camping.fr\/es\/wp-json\/wp\/v2\/types\/lieux"}],"author":[{"embeddable":true,"href":"https:\/\/www.vap-camping.fr\/es\/wp-json\/wp\/v2\/users\/1"}],"version-history":[{"count":3,"href":"https:\/\/www.vap-camping.fr\/es\/wp-json\/wp\/v2\/lieux\/2685\/revisions"}],"predecessor-version":[{"id":6988,"href":"https:\/\/www.vap-camping.fr\/es\/wp-json\/wp\/v2\/lieux\/2685\/revisions\/6988"}],"acf:post":[{"embeddable":true,"href":"https:\/\/www.vap-camping.fr\/es\/wp-json\/wp\/v2\/campings\/22"}],"wp:featuredmedia":[{"embeddable":true,"href":"https:\/\/www.vap-camping.fr\/es\/wp-json\/wp\/v2\/media\/4451"}],"wp:attachment":[{"href":"https:\/\/www.vap-camping.fr\/es\/wp-json\/wp\/v2\/media?parent=2685"}],"wp:term":[{"taxonomy":"tax-category-lieux","embeddable":true,"href":"https:\/\/www.vap-camping.fr\/es\/wp-json\/wp\/v2\/tax-category-lieux?post=2685"}],"curies":[{"name":"wp","href":"https:\/\/api.w.org\/{rel}","templated":true}]}}

<div class="wp-block-group alignfull is-layout-flow wp-container-core-group-is-layout-12cc3699 wp-block-group-is-layout-flow" style="padding-top:10rem">
<div class="wp-block-group has-global-padding is-layout-constrained wp-container-core-group-is-layout-2931b900 wp-block-group-is-layout-constrained">
<div class="wp-block-columns alignfull are-vertically-aligned-center is-layout-flex wp-container-core-columns-is-layout-0c0b91ec wp-block-columns-is-layout-flex">
<div class="wp-block-column is-vertically-aligned-center leftRight is-layout-flow wp-container-core-column-is-layout-58dbe9e9 wp-block-column-is-layout-flow" style="padding-left:10rem;flex-basis:40%">
<div class="wp-block-group is-style-title-left is-layout-flow wp-block-group-is-layout-flow is-style-title-left--1">
<p class="has-secondary-color has-text-color has-link-color has-secondary-font-family has-xl-font-size wp-elements-6569ba41bde99d0bab39080d0b54ee7e">Castillo de Roquefixade</p>



<p class="has-primary-color has-text-color has-link-color has-primary-font-family has-sm-font-size wp-elements-7b3e3264c9e1f3375cec5cae1530bd17" style="text-transform:uppercase"><strong>Fortaleza cátara  </strong></p>
</div>



<h1 class="wp-block-heading text-title">¡Un lugar cargado de historia y un panorama excepcional!</h1>



<p class="has-m-font-size" style="padding-left:2rem">Aferrado a un acantilado escarpado a más de 900 metros de altitud, el castillo de Roquefixade domina el valle de Lavelanet y la comarca de Olmes.  </p>



<p class="has-m-font-size" style="padding-left:2rem">Menos conocido que Montségur, este emplazamiento cátaro ofrece un entorno igualmente espectacular, con la ventaja añadida de una rara tranquilidad y vistas panorámicas de los Pirineos de Ariège.</p>
</div>



<div class="wp-block-column is-vertically-aligned-center rightLeft wp-block-image alignright size-large has-custom-border is-style-travel is-layout-flow wp-block-column-is-layout-flow is-style-travel--2" style="flex-basis:60%">
<figure class="wp-block-image alignright size-full"><img decoding="async" width="1024" height="683" src="https://www.vap-camping.fr/wp-content/uploads/2025/04/roquefixade__ariege_pyrenees_tourisme.jpg" alt="Roquefixade Ari&#xE8;ge" class="wp-image-4448" srcset="https://www.vap-camping.fr/wp-content/uploads/2025/04/roquefixade__ariege_pyrenees_tourisme.jpg 1024w, https://www.vap-camping.fr/wp-content/uploads/2025/04/roquefixade__ariege_pyrenees_tourisme-600x400.jpg 600w, https://www.vap-camping.fr/wp-content/uploads/2025/04/roquefixade__ariege_pyrenees_tourisme-768x512.jpg 768w" sizes="(max-width: 1024px) 100vw, 1024px" /></figure>
</div>
</div>
</div>



<div class="wp-block-group has-global-padding is-layout-constrained wp-block-group-is-layout-constrained">
<div class="wp-block-columns alignfull are-vertically-aligned-center is-layout-flex wp-container-core-columns-is-layout-0c0b91ec wp-block-columns-is-layout-flex">
<div class="wp-block-column is-vertically-aligned-center wp-block-image alignright size-large has-custom-border is-style-simple-left leftRight is-layout-flow wp-block-column-is-layout-flow is-style-simple-left--3" style="flex-basis:60%">
<figure class="wp-block-image alignleft size-large"><img alt="" decoding="async" width="1024" height="768" src="https://www.vap-camping.fr/wp-content/uploads/2025/05/img_1862-1024x768.jpeg" alt="" class="wp-image-4485" srcset="https://www.vap-camping.fr/wp-content/uploads/2025/05/img_1862-1024x768.jpeg 1024w, https://www.vap-camping.fr/wp-content/uploads/2025/05/img_1862-600x450.jpeg 600w, https://www.vap-camping.fr/wp-content/uploads/2025/05/img_1862-768x576.jpeg 768w, https://www.vap-camping.fr/wp-content/uploads/2025/05/img_1862-1536x1152.jpeg 1536w, https://www.vap-camping.fr/wp-content/uploads/2025/05/img_1862-2048x1536.jpeg 2048w" sizes="(max-width: 1024px) 100vw, 1024px" /></figure>
</div>



<div class="wp-block-column is-vertically-aligned-center rightLeft is-layout-flow wp-container-core-column-is-layout-58dbe9e9 wp-block-column-is-layout-flow" style="padding-left:10rem;flex-basis:40%">
<div class="wp-block-group is-style-title-left is-layout-flow wp-block-group-is-layout-flow is-style-title-left--4">
<p class="has-secondary-color has-text-color has-link-color has-secondary-font-family has-xl-font-size wp-elements-a9d5affad85372aa32f7b632bd300627">Un paseo </p>



<p class="has-primary-color has-text-color has-link-color has-primary-font-family has-sm-font-size wp-elements-289918a6b6992b74257cce0ab7fc043b" style="text-transform:uppercase"><strong>Fácil  </strong></p>
</div>



<h1 class="wp-block-heading text-title">¡Una subida de 30 a 45 minutos desde el pueblo proporciona un acceso fácil y agradable al lugar <strong>!</strong></h1>



<p class="has-m-font-size" style="padding-left:2rem">El sendero comienza en el corazón del <g id="gid_0">pueblo de Roquefixade</g>, con sus bonitas casas de piedra. Sube por el bosque antes de llegar a las crestas. Tendrás que ganarte el camino hasta el castillo, pero es <g id="gid_1">accesible para toda la familia</g>, con pasos seguros y muchos miradores por el camino.  </p>
</div>
</div>
</div>



<div class="wp-block-group has-global-padding is-layout-constrained wp-block-group-is-layout-constrained">
<div class="wp-block-columns alignfull are-vertically-aligned-center is-layout-flex wp-container-core-columns-is-layout-0c0b91ec wp-block-columns-is-layout-flex">
<div class="wp-block-column is-vertically-aligned-center leftRight is-layout-flow wp-container-core-column-is-layout-58dbe9e9 wp-block-column-is-layout-flow" style="padding-left:10rem;flex-basis:40%">
<div class="wp-block-group is-style-title-left is-layout-flow wp-block-group-is-layout-flow is-style-title-left--5">
<p class="has-secondary-color has-text-color has-link-color has-secondary-font-family has-xl-font-size wp-elements-4fe9fdd0ec8ca1adc4664fae0652d8ea">Un Panorama  </p>



<p class="has-primary-color has-text-color has-link-color has-primary-font-family has-sm-font-size wp-elements-b9c051ca8dcd649b034079410617c6f9" style="text-transform:uppercase"><strong>impresionante</strong></p>
</div>



<h2 class="wp-block-heading text-title">Plateau de la Calm: ¡vistas inolvidables a pie o en bici!</h2>



<p class="has-m-font-size" style="padding-left:2rem">Accesible a pie o en bicicleta de montaña, la meseta de la Calma (4 km ida y vuelta, 230 m de ascenso) es uno de los miradores más bellos de Roquefixade.  </p>



<p class="has-m-font-size" style="padding-left:2rem">Desde el pueblo, un camino conduce a una mesa de orientación que ofrece vistas espectaculares del macizo de Tabe, el valle de Lesponne y Montségur.  </p>



<p class="has-m-font-size" style="padding-left:2rem">La subida continúa por un sendero empinado hasta la fortaleza. En la cima te espera una panorámica de 360°, aún más mágica al atardecer. </p>



<p class="has-m-font-size" style="padding-left:2rem">  Nuestro camping del lago de Foix está a sólo 18 km de este maravilloso lugar. Para más información sobre el sitio de Roquefixade: <a href="https://www.pyreneescathares.com/decouvrir/sur-la-route-des-chateaux/forteresse-de-roquefixade/"><mark style="background-color:rgba(0, 0, 0, 0)" class="has-inline-color has-secondary-color">https://www.pyreneescathares.com/decouvrir/sur-la-route-des-chateaux/forteresse-de-roquefixade/</mark></a> </p>
</div>



<div class="wp-block-column is-vertically-aligned-center rightLeft wp-block-image alignright size-large has-custom-border is-style-travel is-layout-flow wp-block-column-is-layout-flow is-style-travel--6" style="flex-basis:60%">
<figure class="wp-block-image alignright size-large"><img decoding="async" width="1024" height="768" src="https://www.vap-camping.fr/wp-content/uploads/2025/05/img_1882-1024x768.jpeg" alt="puesta de sol en la meseta de la Calma" class="wp-image-4493" srcset="https://www.vap-camping.fr/wp-content/uploads/2025/05/img_1882-1024x768.jpeg 1024w, https://www.vap-camping.fr/wp-content/uploads/2025/05/img_1882-600x450.jpeg 600w, https://www.vap-camping.fr/wp-content/uploads/2025/05/img_1882-768x576.jpeg 768w, https://www.vap-camping.fr/wp-content/uploads/2025/05/img_1882-1536x1152.jpeg 1536w, https://www.vap-camping.fr/wp-content/uploads/2025/05/img_1882-2048x1536.jpeg 2048w" sizes="(max-width: 1024px) 100vw, 1024px" /></figure>
</div>
</div>
</div>



<div class="wp-block-group reveal has-global-padding is-layout-constrained wp-block-group-is-layout-constrained">
<div class="wp-block-group alignwide is-style-title-simple is-layout-flow wp-block-group-is-layout-flow is-style-title-simple--7" style="margin-top:4rem;margin-bottom:4rem">
<p class="has-text-align-center has-secondary-color has-text-color has-link-color has-secondary-font-family has-xl-font-size wp-elements-62e8568cdda5d35834e57df913a15057">
 Nuestros establecimientos</p>



<p class="has-text-align-center has-primary-font-family has-sm-font-size" style="text-transform:uppercase">
                <strong>cerca de</strong>
            </p>
</div>


<div class="campings-wrapper is-layout-flow wp-block-slider-campings-is-layout-flow">
            <div class="campings-list">
                            <div class="camping-item"
                    style="background-image: linear-gradient(to top, rgba(0, 0, 0, 0.6), transparent), url('https://www.vap-camping.fr/wp-content/uploads/2025/04/camping-avec-piscine-1024x767.jpg');">
                    <a href="https://www.vap-camping.fr/es/campings/camping-du-lac/" title="Camping du lac(Foix)" class="camping-link">
                        <p class="title">Camping du lac(Foix)</p>
                        <p class="camping-button">Descubre</p>
                    </a>
                </div>
                    </div>
    </div>

</div>
</div>

<p>A sólo 18 km de Foix, la fortaleza de Roquefixade se alza sobre un acantilado monumental. De libre acceso tras una caminata de treinta minutos, los restos de esta fortaleza ofrecen un panorama deslumbrante y una fascinante visión de la epopeya cátara. </p>
