{"id":2699,"date":"2025-05-09T14:29:51","date_gmt":"2025-05-09T14:29:51","guid":{"rendered":"https:\/\/www.vap-camping.fr\/lieux\/chemin-des-bonshommes\/"},"modified":"2025-07-28T07:24:16","modified_gmt":"2025-07-28T07:24:16","slug":"chemin-des-bonshommes","status":"publish","type":"lieux","link":"https:\/\/www.vap-camping.fr\/es\/lieux\/chemin-des-bonshommes\/","title":{"rendered":"Camino de Bonshommes"},"content":{"rendered":"\n<div class=\"wp-block-group alignfull is-layout-flow wp-container-core-group-is-layout-12cc3699 wp-block-group-is-layout-flow\" style=\"padding-top:10rem\">\n<div class=\"wp-block-group has-global-padding is-layout-constrained wp-container-core-group-is-layout-2931b900 wp-block-group-is-layout-constrained\">\n<div class=\"wp-block-columns alignfull are-vertically-aligned-center is-layout-flex wp-container-core-columns-is-layout-0c0b91ec wp-block-columns-is-layout-flex\">\n<div class=\"wp-block-column is-vertically-aligned-center leftRight is-layout-flow wp-container-core-column-is-layout-58dbe9e9 wp-block-column-is-layout-flow\" style=\"padding-left:10rem;flex-basis:40%\">\n<div class=\"wp-block-group is-style-title-left is-layout-flow wp-block-group-is-layout-flow is-style-title-left--1\">\n<p class=\"has-secondary-color has-text-color has-link-color has-secondary-font-family has-xl-font-size wp-elements-a18b7fde1358d5418bc12e1d42991f35\">Le Chemin des Bonshommes<\/p>\n\n\n\n<p class=\"has-primary-color has-text-color has-link-color has-primary-font-family has-sm-font-size wp-elements-0dea5c6a6823e168c0da908f5d01ac6f\" style=\"text-transform:uppercase\"><strong>tras las huellas de los c\u00e1taros entre Ari\u00e8ge y Catalu\u00f1a<\/strong><\/p>\n<\/div>\n\n\n\n<h1 class=\"wp-block-heading text-title\">Una ruta m\u00edtica entre monta\u00f1as, historia y espiritualidad<\/h1>\n\n\n\n<p class=\"has-m-font-size\" style=\"padding-left:2rem\"><strong>El Camino de los Bonshommes<\/strong> (GR\u00ae107) es una ruta de senderismo de larga distancia que une <strong>Foix<\/strong> con <strong>Berga<\/strong>, en Catalu\u00f1a. Con 220 km de longitud, sigue la antigua ruta del exilio tomada por los \u00faltimos <strong>c\u00e1taros<\/strong>, apodados los &#8220;hombres buenos&#8221;, que hu\u00edan de la Inquisici\u00f3n en el siglo XIII. Es una ruta que combina <strong>memoria, paisajes espectaculares y pueblos con car\u00e1cter<\/strong>.  <\/p>\n<\/div>\n\n\n\n<div class=\"wp-block-column is-vertically-aligned-center rightLeft wp-block-image alignright size-large has-custom-border is-style-travel is-layout-flow wp-block-column-is-layout-flow is-style-travel--2\" style=\"flex-basis:60%\">\n<figure class=\"wp-block-image alignright size-large\"><img alt=\"\" decoding=\"async\" width=\"1024\" height=\"683\" src=\"https:\/\/www.vap-camping.fr\/wp-content\/uploads\/2025\/05\/AdobeStock_319005766-1024x683.jpeg\" alt=\"\" class=\"wp-image-1170\" srcset=\"https:\/\/www.vap-camping.fr\/wp-content\/uploads\/2025\/05\/AdobeStock_319005766-1024x683.jpeg 1024w, https:\/\/www.vap-camping.fr\/wp-content\/uploads\/2025\/05\/AdobeStock_319005766-600x400.jpeg 600w, https:\/\/www.vap-camping.fr\/wp-content\/uploads\/2025\/05\/AdobeStock_319005766-768x512.jpeg 768w, https:\/\/www.vap-camping.fr\/wp-content\/uploads\/2025\/05\/AdobeStock_319005766-1536x1024.jpeg 1536w, https:\/\/www.vap-camping.fr\/wp-content\/uploads\/2025\/05\/AdobeStock_319005766-2048x1365.jpeg 2048w\" sizes=\"(max-width: 1024px) 100vw, 1024px\" \/><\/figure>\n<\/div>\n<\/div>\n<\/div>\n\n\n\n<div class=\"wp-block-group has-global-padding is-layout-constrained wp-block-group-is-layout-constrained\">\n<div class=\"wp-block-columns alignfull are-vertically-aligned-center is-layout-flex wp-container-core-columns-is-layout-0c0b91ec wp-block-columns-is-layout-flex\">\n<div class=\"wp-block-column is-vertically-aligned-center wp-block-image alignright size-large has-custom-border is-style-simple-left leftRight is-layout-flow wp-block-column-is-layout-flow is-style-simple-left--3\" style=\"flex-basis:60%\">\n<figure class=\"wp-block-image alignleft size-large\"><img alt=\"\" decoding=\"async\" width=\"1024\" height=\"683\" src=\"https:\/\/www.vap-camping.fr\/wp-content\/uploads\/2025\/05\/AdobeStock_1114434701-1024x683.jpeg\" alt=\"\" class=\"wp-image-1172\" srcset=\"https:\/\/www.vap-camping.fr\/wp-content\/uploads\/2025\/05\/AdobeStock_1114434701-1024x683.jpeg 1024w, https:\/\/www.vap-camping.fr\/wp-content\/uploads\/2025\/05\/AdobeStock_1114434701-600x400.jpeg 600w, https:\/\/www.vap-camping.fr\/wp-content\/uploads\/2025\/05\/AdobeStock_1114434701-768x512.jpeg 768w, https:\/\/www.vap-camping.fr\/wp-content\/uploads\/2025\/05\/AdobeStock_1114434701-1536x1024.jpeg 1536w, https:\/\/www.vap-camping.fr\/wp-content\/uploads\/2025\/05\/AdobeStock_1114434701-2048x1365.jpeg 2048w\" sizes=\"(max-width: 1024px) 100vw, 1024px\" \/><\/figure>\n<\/div>\n\n\n\n<div class=\"wp-block-column is-vertically-aligned-center rightLeft is-layout-flow wp-container-core-column-is-layout-58dbe9e9 wp-block-column-is-layout-flow\" style=\"padding-left:10rem;flex-basis:40%\">\n<div class=\"wp-block-group is-style-title-left is-layout-flow wp-block-group-is-layout-flow is-style-title-left--4\">\n<p class=\"has-secondary-color has-text-color has-link-color has-secondary-font-family has-xl-font-size wp-elements-1d740e7f9484cf3bfb9b4912f820c11f\">Entre la herencia c\u00e1tara<\/p>\n\n\n\n<p class=\"has-primary-color has-text-color has-link-color has-primary-font-family has-sm-font-size wp-elements-12216ac750448dd63f8a2f7a048de7e3\" style=\"text-transform:uppercase\"><strong>y naturaleza salvaje<\/strong><\/p>\n<\/div>\n\n\n\n<h2 class=\"wp-block-heading text-title\">Ruinas, bosques, crestas y valles v\u00edrgenes<\/h2>\n\n\n\n<p class=\"has-m-font-size\" style=\"padding-left:2rem\">El GR107 atraviesa paisajes muy variados: <strong>crestas abiertas<\/strong>, <strong>bosques profundos<\/strong>, <strong>pueblos medievales<\/strong> y <strong>altas mesetas<\/strong>. Los aficionados a la historia descubrir\u00e1n las fortalezas c\u00e1taras, mientras que los amantes de la naturaleza podr\u00e1n disfrutar de la flora <strong>y la fauna del Ari\u00e8ge<\/strong> en zonas poco transitadas. <\/p>\n<\/div>\n<\/div>\n<\/div>\n\n\n\n<div class=\"wp-block-group has-global-padding is-layout-constrained wp-block-group-is-layout-constrained\">\n<div class=\"wp-block-columns alignfull are-vertically-aligned-center is-layout-flex wp-container-core-columns-is-layout-0c0b91ec wp-block-columns-is-layout-flex\">\n<div class=\"wp-block-column is-vertically-aligned-center leftRight is-layout-flow wp-container-core-column-is-layout-58dbe9e9 wp-block-column-is-layout-flow\" style=\"padding-left:10rem;flex-basis:40%\">\n<div class=\"wp-block-group is-style-title-left is-layout-flow wp-block-group-is-layout-flow is-style-title-left--5\">\n<p class=\"has-secondary-color has-text-color has-link-color has-secondary-font-family has-xl-font-size wp-elements-23a96031afd03c88a4787970b7745239\">Un paseo<\/p>\n\n\n\n<p class=\"has-primary-color has-text-color has-link-color has-primary-font-family has-sm-font-size wp-elements-88420423bd7a97121dff372b632e0b0a\" style=\"text-transform:uppercase\"><strong>para la mente y las piernas<\/strong><\/p>\n<\/div>\n\n\n\n<h2 class=\"wp-block-heading text-title\">Perfecto para unas vacaciones culturales a pie o una aventura tur\u00edstica<\/h2>\n\n\n\n<p class=\"has-m-font-size\" style=\"padding-left:2rem\">Esta ruta de senderismo es tambi\u00e9n una ruta de significado. Atrae a excursionistas, aficionados a la historia y caminantes que buscan una ruta intemporal. Las claras <strong>gu\u00edas topogr\u00e1ficas<\/strong> y la se\u00f1alizaci\u00f3n te permiten seguir la ruta con total seguridad.  <\/p>\n<\/div>\n\n\n\n<div class=\"wp-block-column is-vertically-aligned-center rightLeft wp-block-image alignright size-large has-custom-border is-style-simple-right is-layout-flow wp-block-column-is-layout-flow is-style-simple-right--6\" style=\"flex-basis:60%\">\n<figure class=\"wp-block-image alignright size-large\"><img alt=\"S\u00e9jour en Ari\u00e8ge pr\u00e8s de la r\u00e9serve d\u2019Orlu pour les amateurs de camping et de randonn\u00e9e\" decoding=\"async\" width=\"1024\" height=\"683\" src=\"https:\/\/www.vap-camping.fr\/wp-content\/uploads\/2025\/05\/AdobeStock_87361103-1024x683.jpeg\" alt=\"\" class=\"wp-image-1168\" srcset=\"https:\/\/www.vap-camping.fr\/wp-content\/uploads\/2025\/05\/AdobeStock_87361103-1024x683.jpeg 1024w, https:\/\/www.vap-camping.fr\/wp-content\/uploads\/2025\/05\/AdobeStock_87361103-600x400.jpeg 600w, https:\/\/www.vap-camping.fr\/wp-content\/uploads\/2025\/05\/AdobeStock_87361103-768x512.jpeg 768w, https:\/\/www.vap-camping.fr\/wp-content\/uploads\/2025\/05\/AdobeStock_87361103-1536x1024.jpeg 1536w, https:\/\/www.vap-camping.fr\/wp-content\/uploads\/2025\/05\/AdobeStock_87361103-2048x1365.jpeg 2048w\" sizes=\"(max-width: 1024px) 100vw, 1024px\" \/><\/figure>\n<\/div>\n<\/div>\n<\/div>\n\n\n\n<div class=\"wp-block-group reveal has-global-padding is-layout-constrained wp-block-group-is-layout-constrained\">\n<div class=\"wp-block-group alignwide is-style-title-simple is-layout-flow wp-block-group-is-layout-flow is-style-title-simple--7\" style=\"margin-top:4rem;margin-bottom:4rem\">\n<p class=\"has-text-align-center has-secondary-color has-text-color has-link-color has-secondary-font-family has-xl-font-size wp-elements-61c3df48646af0da12819b303dfc8ba5\">\n  Nuestros establecimientos<\/p>\n\n\n\n<p class=\"has-text-align-center has-primary-font-family has-sm-font-size\" style=\"text-transform:uppercase\">\n                <strong>cerca de<\/strong>\n            <\/p>\n<\/div>\n\n\n<div class=\"campings-wrapper is-layout-flow wp-block-slider-campings-is-layout-flow\">\n            <div class=\"campings-list\">\n                            <div class=\"camping-item\"\n                    style=\"background-image: linear-gradient(to top, rgba(0, 0, 0, 0.6), transparent), url('https:\/\/www.vap-camping.fr\/wp-content\/uploads\/2025\/04\/camping-avec-piscine-1024x767.jpg');\">\n                    <a href=\"https:\/\/www.vap-camping.fr\/es\/campings\/camping-du-lac\/\" title=\"Camping du lac(Foix)\" class=\"camping-link\">\n                        <p class=\"title\">Camping du lac(Foix)<\/p>\n                        <p class=\"camping-button\">Descubre<\/p>\n                    <\/a>\n                <\/div>\n                    <\/div>\n    <\/div>\n\n<\/div>\n<\/div>\n","protected":false},"excerpt":{"rendered":"<p>El Chemin des Bonshommes, una famosa ruta de senderismo, te sumerge en la historia de los c\u00e1taros a la vez que te ofrece un paisaje impresionante. La primavera es la \u00e9poca ideal para esta aventura: el clima suave y los colores vibrantes del paisaje hacen que caminar sea a\u00fan m\u00e1s agradable. \u00a1Explora las riquezas culturales y naturales del Ari\u00e8ge con este paseo inolvidable!  <\/p>\n","protected":false},"author":1,"featured_media":2707,"parent":0,"template":"","format":"standard","tax-category-lieux":[49,45],"class_list":["post-2699","lieux","type-lieux","status-publish","format-standard","has-post-thumbnail","hentry","tax-category-lieux-actividades","tax-category-lieux-parques"],"acf":{"latitude":"42.9558974","longitude":"1.630475","distance":"","pm_lieu_url":"","pm_lieu_phone":"","adresse":"","pm_lieu_title_short":"","af_camping":[22]},"_links":{"self":[{"href":"https:\/\/www.vap-camping.fr\/es\/wp-json\/wp\/v2\/lieux\/2699","targetHints":{"allow":["GET"]}}],"collection":[{"href":"https:\/\/www.vap-camping.fr\/es\/wp-json\/wp\/v2\/lieux"}],"about":[{"href":"https:\/\/www.vap-camping.fr\/es\/wp-json\/wp\/v2\/types\/lieux"}],"author":[{"embeddable":true,"href":"https:\/\/www.vap-camping.fr\/es\/wp-json\/wp\/v2\/users\/1"}],"version-history":[{"count":1,"href":"https:\/\/www.vap-camping.fr\/es\/wp-json\/wp\/v2\/lieux\/2699\/revisions"}],"predecessor-version":[{"id":2709,"href":"https:\/\/www.vap-camping.fr\/es\/wp-json\/wp\/v2\/lieux\/2699\/revisions\/2709"}],"acf:post":[{"embeddable":true,"href":"https:\/\/www.vap-camping.fr\/es\/wp-json\/wp\/v2\/campings\/22"}],"wp:featuredmedia":[{"embeddable":true,"href":"https:\/\/www.vap-camping.fr\/es\/wp-json\/wp\/v2\/media\/2707"}],"wp:attachment":[{"href":"https:\/\/www.vap-camping.fr\/es\/wp-json\/wp\/v2\/media?parent=2699"}],"wp:term":[{"taxonomy":"tax-category-lieux","embeddable":true,"href":"https:\/\/www.vap-camping.fr\/es\/wp-json\/wp\/v2\/tax-category-lieux?post=2699"}],"curies":[{"name":"wp","href":"https:\/\/api.w.org\/{rel}","templated":true}]}}

<div class="wp-block-group alignfull is-layout-flow wp-container-core-group-is-layout-12cc3699 wp-block-group-is-layout-flow" style="padding-top:10rem">
<div class="wp-block-group has-global-padding is-layout-constrained wp-container-core-group-is-layout-2931b900 wp-block-group-is-layout-constrained">
<div class="wp-block-columns alignfull are-vertically-aligned-center is-layout-flex wp-container-core-columns-is-layout-0c0b91ec wp-block-columns-is-layout-flex">
<div class="wp-block-column is-vertically-aligned-center leftRight is-layout-flow wp-container-core-column-is-layout-58dbe9e9 wp-block-column-is-layout-flow" style="padding-left:10rem;flex-basis:40%">
<div class="wp-block-group is-style-title-left is-layout-flow wp-block-group-is-layout-flow is-style-title-left--1">
<p class="has-secondary-color has-text-color has-link-color has-secondary-font-family has-xl-font-size wp-elements-a18b7fde1358d5418bc12e1d42991f35">Le Chemin des Bonshommes</p>



<p class="has-primary-color has-text-color has-link-color has-primary-font-family has-sm-font-size wp-elements-0dea5c6a6823e168c0da908f5d01ac6f" style="text-transform:uppercase"><strong>tras las huellas de los cátaros entre Ariège y Cataluña</strong></p>
</div>



<h1 class="wp-block-heading text-title">Una ruta mítica entre montañas, historia y espiritualidad</h1>



<p class="has-m-font-size" style="padding-left:2rem"><strong>El Camino de los Bonshommes</strong> (GR®107) es una ruta de senderismo de larga distancia que une <strong>Foix</strong> con <strong>Berga</strong>, en Cataluña. Con 220 km de longitud, sigue la antigua ruta del exilio tomada por los últimos <strong>cátaros</strong>, apodados los &#8220;hombres buenos&#8221;, que huían de la Inquisición en el siglo XIII. Es una ruta que combina <strong>memoria, paisajes espectaculares y pueblos con carácter</strong>.  </p>
</div>



<div class="wp-block-column is-vertically-aligned-center rightLeft wp-block-image alignright size-large has-custom-border is-style-travel is-layout-flow wp-block-column-is-layout-flow is-style-travel--2" style="flex-basis:60%">
<figure class="wp-block-image alignright size-large"><img alt="" decoding="async" width="1024" height="683" src="https://www.vap-camping.fr/wp-content/uploads/2025/05/AdobeStock_319005766-1024x683.jpeg" alt="" class="wp-image-1170" srcset="https://www.vap-camping.fr/wp-content/uploads/2025/05/AdobeStock_319005766-1024x683.jpeg 1024w, https://www.vap-camping.fr/wp-content/uploads/2025/05/AdobeStock_319005766-600x400.jpeg 600w, https://www.vap-camping.fr/wp-content/uploads/2025/05/AdobeStock_319005766-768x512.jpeg 768w, https://www.vap-camping.fr/wp-content/uploads/2025/05/AdobeStock_319005766-1536x1024.jpeg 1536w, https://www.vap-camping.fr/wp-content/uploads/2025/05/AdobeStock_319005766-2048x1365.jpeg 2048w" sizes="(max-width: 1024px) 100vw, 1024px" /></figure>
</div>
</div>
</div>



<div class="wp-block-group has-global-padding is-layout-constrained wp-block-group-is-layout-constrained">
<div class="wp-block-columns alignfull are-vertically-aligned-center is-layout-flex wp-container-core-columns-is-layout-0c0b91ec wp-block-columns-is-layout-flex">
<div class="wp-block-column is-vertically-aligned-center wp-block-image alignright size-large has-custom-border is-style-simple-left leftRight is-layout-flow wp-block-column-is-layout-flow is-style-simple-left--3" style="flex-basis:60%">
<figure class="wp-block-image alignleft size-large"><img alt="" decoding="async" width="1024" height="683" src="https://www.vap-camping.fr/wp-content/uploads/2025/05/AdobeStock_1114434701-1024x683.jpeg" alt="" class="wp-image-1172" srcset="https://www.vap-camping.fr/wp-content/uploads/2025/05/AdobeStock_1114434701-1024x683.jpeg 1024w, https://www.vap-camping.fr/wp-content/uploads/2025/05/AdobeStock_1114434701-600x400.jpeg 600w, https://www.vap-camping.fr/wp-content/uploads/2025/05/AdobeStock_1114434701-768x512.jpeg 768w, https://www.vap-camping.fr/wp-content/uploads/2025/05/AdobeStock_1114434701-1536x1024.jpeg 1536w, https://www.vap-camping.fr/wp-content/uploads/2025/05/AdobeStock_1114434701-2048x1365.jpeg 2048w" sizes="(max-width: 1024px) 100vw, 1024px" /></figure>
</div>



<div class="wp-block-column is-vertically-aligned-center rightLeft is-layout-flow wp-container-core-column-is-layout-58dbe9e9 wp-block-column-is-layout-flow" style="padding-left:10rem;flex-basis:40%">
<div class="wp-block-group is-style-title-left is-layout-flow wp-block-group-is-layout-flow is-style-title-left--4">
<p class="has-secondary-color has-text-color has-link-color has-secondary-font-family has-xl-font-size wp-elements-1d740e7f9484cf3bfb9b4912f820c11f">Entre la herencia cátara</p>



<p class="has-primary-color has-text-color has-link-color has-primary-font-family has-sm-font-size wp-elements-12216ac750448dd63f8a2f7a048de7e3" style="text-transform:uppercase"><strong>y naturaleza salvaje</strong></p>
</div>



<h2 class="wp-block-heading text-title">Ruinas, bosques, crestas y valles vírgenes</h2>



<p class="has-m-font-size" style="padding-left:2rem">El GR107 atraviesa paisajes muy variados: <strong>crestas abiertas</strong>, <strong>bosques profundos</strong>, <strong>pueblos medievales</strong> y <strong>altas mesetas</strong>. Los aficionados a la historia descubrirán las fortalezas cátaras, mientras que los amantes de la naturaleza podrán disfrutar de la flora <strong>y la fauna del Ariège</strong> en zonas poco transitadas. </p>
</div>
</div>
</div>



<div class="wp-block-group has-global-padding is-layout-constrained wp-block-group-is-layout-constrained">
<div class="wp-block-columns alignfull are-vertically-aligned-center is-layout-flex wp-container-core-columns-is-layout-0c0b91ec wp-block-columns-is-layout-flex">
<div class="wp-block-column is-vertically-aligned-center leftRight is-layout-flow wp-container-core-column-is-layout-58dbe9e9 wp-block-column-is-layout-flow" style="padding-left:10rem;flex-basis:40%">
<div class="wp-block-group is-style-title-left is-layout-flow wp-block-group-is-layout-flow is-style-title-left--5">
<p class="has-secondary-color has-text-color has-link-color has-secondary-font-family has-xl-font-size wp-elements-23a96031afd03c88a4787970b7745239">Un paseo</p>



<p class="has-primary-color has-text-color has-link-color has-primary-font-family has-sm-font-size wp-elements-88420423bd7a97121dff372b632e0b0a" style="text-transform:uppercase"><strong>para la mente y las piernas</strong></p>
</div>



<h2 class="wp-block-heading text-title">Perfecto para unas vacaciones culturales a pie o una aventura turística</h2>



<p class="has-m-font-size" style="padding-left:2rem">Esta ruta de senderismo es también una ruta de significado. Atrae a excursionistas, aficionados a la historia y caminantes que buscan una ruta intemporal. Las claras <strong>guías topográficas</strong> y la señalización te permiten seguir la ruta con total seguridad.  </p>
</div>



<div class="wp-block-column is-vertically-aligned-center rightLeft wp-block-image alignright size-large has-custom-border is-style-simple-right is-layout-flow wp-block-column-is-layout-flow is-style-simple-right--6" style="flex-basis:60%">
<figure class="wp-block-image alignright size-large"><img alt="Séjour en Ariège près de la réserve d’Orlu pour les amateurs de camping et de randonnée" decoding="async" width="1024" height="683" src="https://www.vap-camping.fr/wp-content/uploads/2025/05/AdobeStock_87361103-1024x683.jpeg" alt="" class="wp-image-1168" srcset="https://www.vap-camping.fr/wp-content/uploads/2025/05/AdobeStock_87361103-1024x683.jpeg 1024w, https://www.vap-camping.fr/wp-content/uploads/2025/05/AdobeStock_87361103-600x400.jpeg 600w, https://www.vap-camping.fr/wp-content/uploads/2025/05/AdobeStock_87361103-768x512.jpeg 768w, https://www.vap-camping.fr/wp-content/uploads/2025/05/AdobeStock_87361103-1536x1024.jpeg 1536w, https://www.vap-camping.fr/wp-content/uploads/2025/05/AdobeStock_87361103-2048x1365.jpeg 2048w" sizes="(max-width: 1024px) 100vw, 1024px" /></figure>
</div>
</div>
</div>



<div class="wp-block-group reveal has-global-padding is-layout-constrained wp-block-group-is-layout-constrained">
<div class="wp-block-group alignwide is-style-title-simple is-layout-flow wp-block-group-is-layout-flow is-style-title-simple--7" style="margin-top:4rem;margin-bottom:4rem">
<p class="has-text-align-center has-secondary-color has-text-color has-link-color has-secondary-font-family has-xl-font-size wp-elements-61c3df48646af0da12819b303dfc8ba5">
  Nuestros establecimientos</p>



<p class="has-text-align-center has-primary-font-family has-sm-font-size" style="text-transform:uppercase">
                <strong>cerca de</strong>
            </p>
</div>


<div class="campings-wrapper is-layout-flow wp-block-slider-campings-is-layout-flow">
            <div class="campings-list">
                            <div class="camping-item"
                    style="background-image: linear-gradient(to top, rgba(0, 0, 0, 0.6), transparent), url('https://www.vap-camping.fr/wp-content/uploads/2025/04/camping-avec-piscine-1024x767.jpg');">
                    <a href="https://www.vap-camping.fr/es/campings/camping-du-lac/" title="Camping du lac(Foix)" class="camping-link">
                        <p class="title">Camping du lac(Foix)</p>
                        <p class="camping-button">Descubre</p>
                    </a>
                </div>
                    </div>
    </div>

</div>
</div>

<p>El Chemin des Bonshommes, una famosa ruta de senderismo, te sumerge en la historia de los cátaros a la vez que te ofrece un paisaje impresionante. La primavera es la época ideal para esta aventura: el clima suave y los colores vibrantes del paisaje hacen que caminar sea aún más agradable. ¡Explora las riquezas culturales y naturales del Ariège con este paseo inolvidable!  </p>
