{"id":2729,"date":"2025-05-09T14:32:28","date_gmt":"2025-05-09T14:32:28","guid":{"rendered":"https:\/\/www.vap-camping.fr\/lieux\/montcalm\/"},"modified":"2025-07-28T07:24:16","modified_gmt":"2025-07-28T07:24:16","slug":"montcalm","status":"publish","type":"lieux","link":"https:\/\/www.vap-camping.fr\/es\/lieux\/montcalm\/","title":{"rendered":"Montcalm"},"content":{"rendered":"\n<div class=\"wp-block-group alignfull is-layout-flow wp-container-core-group-is-layout-12cc3699 wp-block-group-is-layout-flow\" style=\"padding-top:10rem\">\n<div class=\"wp-block-group has-global-padding is-layout-constrained wp-container-core-group-is-layout-2931b900 wp-block-group-is-layout-constrained\">\n<div class=\"wp-block-columns alignfull are-vertically-aligned-center is-layout-flex wp-container-core-columns-is-layout-0c0b91ec wp-block-columns-is-layout-flex\">\n<div class=\"wp-block-column is-vertically-aligned-center leftRight is-layout-flow wp-container-core-column-is-layout-58dbe9e9 wp-block-column-is-layout-flow\" style=\"padding-left:10rem;flex-basis:40%\">\n<div class=\"wp-block-group is-style-title-left is-layout-flow wp-block-group-is-layout-flow is-style-title-left--1\">\n<p class=\"has-secondary-color has-text-color has-link-color has-secondary-font-family has-xl-font-size wp-elements-223f78fcfc774cdc79c30cd0d3a9a29e\">El Montcalm<\/p>\n\n\n\n<p class=\"has-primary-color has-text-color has-link-color has-primary-font-family has-sm-font-size wp-elements-e4273c4a854b73ff143e41423d32568c\" style=\"text-transform:uppercase\"><strong>el techo del Ari\u00e8ge a 3.077 metros<\/strong><\/p>\n<\/div>\n\n\n\n<h1 class=\"wp-block-heading text-title\">Una cumbre emblem\u00e1tica para excursionistas experimentados<\/h1>\n\n\n\n<p class=\"has-m-font-size\" style=\"padding-left:2rem\">El pico m\u00e1s alto de la regi\u00f3n de Ari\u00e8ge, <strong>el Montcalm<\/strong>, se eleva a <strong>3.077 m<\/strong> en la frontera entre Francia y Espa\u00f1a. Apodado el &#8220;techo de la Ari\u00e8ge&#8221;, atrae cada verano a cientos de excursionistas que aceptan el reto de escalarlo. Es una carrera legendaria, exigente pero inolvidable, reservada a los senderistas bien preparados.  <\/p>\n<\/div>\n\n\n\n<div class=\"wp-block-column is-vertically-aligned-center rightLeft wp-block-image alignright size-large has-custom-border is-style-travel is-layout-flow wp-block-column-is-layout-flow is-style-travel--2\" style=\"flex-basis:60%\">\n<figure class=\"wp-block-image alignright size-large\"><img alt=\"\" decoding=\"async\" width=\"1024\" height=\"768\" src=\"https:\/\/www.vap-camping.fr\/wp-content\/uploads\/2025\/05\/AdobeStock_375810490-1024x768.jpeg\" alt=\"\" class=\"wp-image-1154\" srcset=\"https:\/\/www.vap-camping.fr\/wp-content\/uploads\/2025\/05\/AdobeStock_375810490-1024x768.jpeg 1024w, https:\/\/www.vap-camping.fr\/wp-content\/uploads\/2025\/05\/AdobeStock_375810490-600x450.jpeg 600w, https:\/\/www.vap-camping.fr\/wp-content\/uploads\/2025\/05\/AdobeStock_375810490-768x576.jpeg 768w, https:\/\/www.vap-camping.fr\/wp-content\/uploads\/2025\/05\/AdobeStock_375810490-1536x1152.jpeg 1536w, https:\/\/www.vap-camping.fr\/wp-content\/uploads\/2025\/05\/AdobeStock_375810490-2048x1536.jpeg 2048w\" sizes=\"(max-width: 1024px) 100vw, 1024px\" \/><\/figure>\n<\/div>\n<\/div>\n<\/div>\n\n\n\n<div class=\"wp-block-group has-global-padding is-layout-constrained wp-block-group-is-layout-constrained\">\n<div class=\"wp-block-columns alignfull are-vertically-aligned-center is-layout-flex wp-container-core-columns-is-layout-0c0b91ec wp-block-columns-is-layout-flex\">\n<div class=\"wp-block-column is-vertically-aligned-center wp-block-image alignright size-large has-custom-border is-style-simple-left leftRight is-layout-flow wp-block-column-is-layout-flow is-style-simple-left--3\" style=\"flex-basis:60%\">\n<figure class=\"wp-block-image alignleft size-large\"><img alt=\"\" decoding=\"async\" width=\"1024\" height=\"683\" src=\"https:\/\/www.vap-camping.fr\/wp-content\/uploads\/2025\/05\/AdobeStock_610758526-1024x683.jpeg\" alt=\"\" class=\"wp-image-1156\" srcset=\"https:\/\/www.vap-camping.fr\/wp-content\/uploads\/2025\/05\/AdobeStock_610758526-1024x683.jpeg 1024w, https:\/\/www.vap-camping.fr\/wp-content\/uploads\/2025\/05\/AdobeStock_610758526-600x400.jpeg 600w, https:\/\/www.vap-camping.fr\/wp-content\/uploads\/2025\/05\/AdobeStock_610758526-768x512.jpeg 768w, https:\/\/www.vap-camping.fr\/wp-content\/uploads\/2025\/05\/AdobeStock_610758526-1536x1024.jpeg 1536w, https:\/\/www.vap-camping.fr\/wp-content\/uploads\/2025\/05\/AdobeStock_610758526-2048x1365.jpeg 2048w\" sizes=\"(max-width: 1024px) 100vw, 1024px\" \/><\/figure>\n<\/div>\n\n\n\n<div class=\"wp-block-column is-vertically-aligned-center rightLeft is-layout-flow wp-container-core-column-is-layout-58dbe9e9 wp-block-column-is-layout-flow\" style=\"padding-left:10rem;flex-basis:40%\">\n<div class=\"wp-block-group is-style-title-left is-layout-flow wp-block-group-is-layout-flow is-style-title-left--4\">\n<p class=\"has-secondary-color has-text-color has-link-color has-secondary-font-family has-xl-font-size wp-elements-ddcadd96837f5e3f50cf0bcf42ab3305\">Un ascenso<\/p>\n\n\n\n<p class=\"has-primary-color has-text-color has-link-color has-primary-font-family has-sm-font-size wp-elements-33a83c08322cb2653f436a9e3847c0b3\" style=\"text-transform:uppercase\"><strong>larga y sostenida<\/strong><\/p>\n<\/div>\n\n\n\n<h2 class=\"wp-block-heading text-title\">Aproximadamente de 10 a 12 horas de camino de ida y vuelta desde el aparcamiento de Artigue<\/h2>\n\n\n\n<p class=\"has-m-font-size\" style=\"padding-left:2rem\">La ruta parte del <strong>aparcamiento de Artigue<\/strong>, por encima de Auzat. La ruta est\u00e1 se\u00f1alizada y te lleva m\u00e1s all\u00e1 del <strong>refugio Pinet<\/strong> (2.240 m), a menudo utilizado como parada nocturna. La ascensi\u00f3n contin\u00faa hasta <strong>el collado del Montcalm<\/strong> y luego hasta la cumbre, con un ascenso total de unos <strong>+2.100 m<\/strong>. La resistencia, el equipo y el buen tiempo son esenciales.   <\/p>\n<\/div>\n<\/div>\n<\/div>\n\n\n\n<div class=\"wp-block-group has-global-padding is-layout-constrained wp-block-group-is-layout-constrained\">\n<div class=\"wp-block-columns alignfull are-vertically-aligned-center is-layout-flex wp-container-core-columns-is-layout-0c0b91ec wp-block-columns-is-layout-flex\">\n<div class=\"wp-block-column is-vertically-aligned-center leftRight is-layout-flow wp-container-core-column-is-layout-58dbe9e9 wp-block-column-is-layout-flow\" style=\"padding-left:10rem;flex-basis:40%\">\n<div class=\"wp-block-group is-style-title-left is-layout-flow wp-block-group-is-layout-flow is-style-title-left--5\">\n<p class=\"has-secondary-color has-text-color has-link-color has-secondary-font-family has-xl-font-size wp-elements-2051b007b755d8c3c8c5d55fa341054f\">Un panorama excepcional<\/p>\n\n\n\n<p class=\"has-primary-color has-text-color has-link-color has-primary-font-family has-sm-font-size wp-elements-788f5f2c8beff64c888bf79c08983a1e\" style=\"text-transform:uppercase\"><strong>desde arriba<\/strong><\/p>\n<\/div>\n\n\n\n<h2 class=\"wp-block-heading text-title\">Vista de los 3.000 habitantes del Ari\u00e8ge, el Aneto y las monta\u00f1as espa\u00f1olas<\/h2>\n\n\n\n<p class=\"has-m-font-size\" style=\"padding-left:2rem\">Desde la cima, la vista se extiende hasta donde alcanza la vista de las <strong>altas cumbres pirenaicas<\/strong>, incluido el <strong>Pic d&#8217;Estats<\/strong> (3.143 m), al que se llega en 45 minutos m\u00e1s. En un d\u00eda despejado, puedes ver incluso los picos catalanes y andorranos. Un entorno mineral, salvaje e impresionante.  <\/p>\n<\/div>\n\n\n\n<div class=\"wp-block-column is-vertically-aligned-center rightLeft wp-block-image alignright size-large has-custom-border is-style-travel is-layout-flow wp-block-column-is-layout-flow is-style-travel--6\" style=\"flex-basis:60%\">\n<figure class=\"wp-block-image alignright size-large\"><img alt=\"\" decoding=\"async\" width=\"1024\" height=\"684\" src=\"https:\/\/www.vap-camping.fr\/wp-content\/uploads\/2025\/05\/AdobeStock_295645470-1024x684.jpeg\" alt=\"\" class=\"wp-image-1152\" srcset=\"https:\/\/www.vap-camping.fr\/wp-content\/uploads\/2025\/05\/AdobeStock_295645470-1024x684.jpeg 1024w, https:\/\/www.vap-camping.fr\/wp-content\/uploads\/2025\/05\/AdobeStock_295645470-600x401.jpeg 600w, https:\/\/www.vap-camping.fr\/wp-content\/uploads\/2025\/05\/AdobeStock_295645470-768x513.jpeg 768w, https:\/\/www.vap-camping.fr\/wp-content\/uploads\/2025\/05\/AdobeStock_295645470-1536x1026.jpeg 1536w, https:\/\/www.vap-camping.fr\/wp-content\/uploads\/2025\/05\/AdobeStock_295645470-2048x1368.jpeg 2048w\" sizes=\"(max-width: 1024px) 100vw, 1024px\" \/><\/figure>\n<\/div>\n<\/div>\n<\/div>\n\n\n\n<div class=\"wp-block-group reveal has-global-padding is-layout-constrained wp-block-group-is-layout-constrained\">\n<div class=\"wp-block-group alignwide is-style-title-simple is-layout-flow wp-block-group-is-layout-flow is-style-title-simple--7\" style=\"margin-top:4rem;margin-bottom:4rem\">\n<p class=\"has-text-align-center has-secondary-color has-text-color has-link-color has-secondary-font-family has-xl-font-size wp-elements-61c3df48646af0da12819b303dfc8ba5\">\n  Nuestros establecimientos<\/p>\n\n\n\n<p class=\"has-text-align-center has-primary-font-family has-sm-font-size\" style=\"text-transform:uppercase\">\n                <strong>cerca de<\/strong>\n            <\/p>\n<\/div>\n\n\n<div class=\"campings-wrapper is-layout-flow wp-block-slider-campings-is-layout-flow\">\n            <div class=\"campings-list\">\n                            <div class=\"camping-item\"\n                    style=\"background-image: linear-gradient(to top, rgba(0, 0, 0, 0.6), transparent), url('https:\/\/www.vap-camping.fr\/wp-content\/uploads\/2025\/04\/img_5291-1024x768-1.jpg');\">\n                    <a href=\"https:\/\/www.vap-camping.fr\/es\/campings\/oustalous-complex\/\" title=\"Complejo Les Oustalous\" class=\"camping-link\">\n                        <p class=\"title\">Complejo Les Oustalous<\/p>\n                        <p class=\"camping-button\">Descubre<\/p>\n                    <\/a>\n                <\/div>\n                    <\/div>\n    <\/div>\n\n<\/div>\n<\/div>\n","protected":false},"excerpt":{"rendered":"<p>El Montcalm, uno de los picos m\u00e1s altos del Ari\u00e8ge, te ofrece una excursi\u00f3n inolvidable. La primavera es la \u00e9poca ideal: las agradables temperaturas y los paisajes llenos de flores te acompa\u00f1ar\u00e1n durante todo el ascenso. Disfruta de unas vistas espectaculares de los lagos y monta\u00f1as circundantes: \u00a1una experiencia rejuvenecedora que no te puedes perder!  <\/p>\n","protected":false},"author":1,"featured_media":2736,"parent":0,"template":"","format":"standard","tax-category-lieux":[45],"class_list":["post-2729","lieux","type-lieux","status-publish","format-standard","has-post-thumbnail","hentry","tax-category-lieux-parques"],"acf":{"latitude":"42.6725148","longitude":"1.3960892","distance":"","pm_lieu_url":"","pm_lieu_phone":"","adresse":"","pm_lieu_title_short":"","af_camping":null},"_links":{"self":[{"href":"https:\/\/www.vap-camping.fr\/es\/wp-json\/wp\/v2\/lieux\/2729","targetHints":{"allow":["GET"]}}],"collection":[{"href":"https:\/\/www.vap-camping.fr\/es\/wp-json\/wp\/v2\/lieux"}],"about":[{"href":"https:\/\/www.vap-camping.fr\/es\/wp-json\/wp\/v2\/types\/lieux"}],"author":[{"embeddable":true,"href":"https:\/\/www.vap-camping.fr\/es\/wp-json\/wp\/v2\/users\/1"}],"version-history":[{"count":1,"href":"https:\/\/www.vap-camping.fr\/es\/wp-json\/wp\/v2\/lieux\/2729\/revisions"}],"predecessor-version":[{"id":2743,"href":"https:\/\/www.vap-camping.fr\/es\/wp-json\/wp\/v2\/lieux\/2729\/revisions\/2743"}],"wp:featuredmedia":[{"embeddable":true,"href":"https:\/\/www.vap-camping.fr\/es\/wp-json\/wp\/v2\/media\/2736"}],"wp:attachment":[{"href":"https:\/\/www.vap-camping.fr\/es\/wp-json\/wp\/v2\/media?parent=2729"}],"wp:term":[{"taxonomy":"tax-category-lieux","embeddable":true,"href":"https:\/\/www.vap-camping.fr\/es\/wp-json\/wp\/v2\/tax-category-lieux?post=2729"}],"curies":[{"name":"wp","href":"https:\/\/api.w.org\/{rel}","templated":true}]}}

<div class="wp-block-group alignfull is-layout-flow wp-container-core-group-is-layout-12cc3699 wp-block-group-is-layout-flow" style="padding-top:10rem">
<div class="wp-block-group has-global-padding is-layout-constrained wp-container-core-group-is-layout-2931b900 wp-block-group-is-layout-constrained">
<div class="wp-block-columns alignfull are-vertically-aligned-center is-layout-flex wp-container-core-columns-is-layout-0c0b91ec wp-block-columns-is-layout-flex">
<div class="wp-block-column is-vertically-aligned-center leftRight is-layout-flow wp-container-core-column-is-layout-58dbe9e9 wp-block-column-is-layout-flow" style="padding-left:10rem;flex-basis:40%">
<div class="wp-block-group is-style-title-left is-layout-flow wp-block-group-is-layout-flow is-style-title-left--1">
<p class="has-secondary-color has-text-color has-link-color has-secondary-font-family has-xl-font-size wp-elements-223f78fcfc774cdc79c30cd0d3a9a29e">El Montcalm</p>



<p class="has-primary-color has-text-color has-link-color has-primary-font-family has-sm-font-size wp-elements-e4273c4a854b73ff143e41423d32568c" style="text-transform:uppercase"><strong>el techo del Ariège a 3.077 metros</strong></p>
</div>



<h1 class="wp-block-heading text-title">Una cumbre emblemática para excursionistas experimentados</h1>



<p class="has-m-font-size" style="padding-left:2rem">El pico más alto de la región de Ariège, <strong>el Montcalm</strong>, se eleva a <strong>3.077 m</strong> en la frontera entre Francia y España. Apodado el &#8220;techo de la Ariège&#8221;, atrae cada verano a cientos de excursionistas que aceptan el reto de escalarlo. Es una carrera legendaria, exigente pero inolvidable, reservada a los senderistas bien preparados.  </p>
</div>



<div class="wp-block-column is-vertically-aligned-center rightLeft wp-block-image alignright size-large has-custom-border is-style-travel is-layout-flow wp-block-column-is-layout-flow is-style-travel--2" style="flex-basis:60%">
<figure class="wp-block-image alignright size-large"><img alt="" decoding="async" width="1024" height="768" src="https://www.vap-camping.fr/wp-content/uploads/2025/05/AdobeStock_375810490-1024x768.jpeg" alt="" class="wp-image-1154" srcset="https://www.vap-camping.fr/wp-content/uploads/2025/05/AdobeStock_375810490-1024x768.jpeg 1024w, https://www.vap-camping.fr/wp-content/uploads/2025/05/AdobeStock_375810490-600x450.jpeg 600w, https://www.vap-camping.fr/wp-content/uploads/2025/05/AdobeStock_375810490-768x576.jpeg 768w, https://www.vap-camping.fr/wp-content/uploads/2025/05/AdobeStock_375810490-1536x1152.jpeg 1536w, https://www.vap-camping.fr/wp-content/uploads/2025/05/AdobeStock_375810490-2048x1536.jpeg 2048w" sizes="(max-width: 1024px) 100vw, 1024px" /></figure>
</div>
</div>
</div>



<div class="wp-block-group has-global-padding is-layout-constrained wp-block-group-is-layout-constrained">
<div class="wp-block-columns alignfull are-vertically-aligned-center is-layout-flex wp-container-core-columns-is-layout-0c0b91ec wp-block-columns-is-layout-flex">
<div class="wp-block-column is-vertically-aligned-center wp-block-image alignright size-large has-custom-border is-style-simple-left leftRight is-layout-flow wp-block-column-is-layout-flow is-style-simple-left--3" style="flex-basis:60%">
<figure class="wp-block-image alignleft size-large"><img alt="" decoding="async" width="1024" height="683" src="https://www.vap-camping.fr/wp-content/uploads/2025/05/AdobeStock_610758526-1024x683.jpeg" alt="" class="wp-image-1156" srcset="https://www.vap-camping.fr/wp-content/uploads/2025/05/AdobeStock_610758526-1024x683.jpeg 1024w, https://www.vap-camping.fr/wp-content/uploads/2025/05/AdobeStock_610758526-600x400.jpeg 600w, https://www.vap-camping.fr/wp-content/uploads/2025/05/AdobeStock_610758526-768x512.jpeg 768w, https://www.vap-camping.fr/wp-content/uploads/2025/05/AdobeStock_610758526-1536x1024.jpeg 1536w, https://www.vap-camping.fr/wp-content/uploads/2025/05/AdobeStock_610758526-2048x1365.jpeg 2048w" sizes="(max-width: 1024px) 100vw, 1024px" /></figure>
</div>



<div class="wp-block-column is-vertically-aligned-center rightLeft is-layout-flow wp-container-core-column-is-layout-58dbe9e9 wp-block-column-is-layout-flow" style="padding-left:10rem;flex-basis:40%">
<div class="wp-block-group is-style-title-left is-layout-flow wp-block-group-is-layout-flow is-style-title-left--4">
<p class="has-secondary-color has-text-color has-link-color has-secondary-font-family has-xl-font-size wp-elements-ddcadd96837f5e3f50cf0bcf42ab3305">Un ascenso</p>



<p class="has-primary-color has-text-color has-link-color has-primary-font-family has-sm-font-size wp-elements-33a83c08322cb2653f436a9e3847c0b3" style="text-transform:uppercase"><strong>larga y sostenida</strong></p>
</div>



<h2 class="wp-block-heading text-title">Aproximadamente de 10 a 12 horas de camino de ida y vuelta desde el aparcamiento de Artigue</h2>



<p class="has-m-font-size" style="padding-left:2rem">La ruta parte del <strong>aparcamiento de Artigue</strong>, por encima de Auzat. La ruta está señalizada y te lleva más allá del <strong>refugio Pinet</strong> (2.240 m), a menudo utilizado como parada nocturna. La ascensión continúa hasta <strong>el collado del Montcalm</strong> y luego hasta la cumbre, con un ascenso total de unos <strong>+2.100 m</strong>. La resistencia, el equipo y el buen tiempo son esenciales.   </p>
</div>
</div>
</div>



<div class="wp-block-group has-global-padding is-layout-constrained wp-block-group-is-layout-constrained">
<div class="wp-block-columns alignfull are-vertically-aligned-center is-layout-flex wp-container-core-columns-is-layout-0c0b91ec wp-block-columns-is-layout-flex">
<div class="wp-block-column is-vertically-aligned-center leftRight is-layout-flow wp-container-core-column-is-layout-58dbe9e9 wp-block-column-is-layout-flow" style="padding-left:10rem;flex-basis:40%">
<div class="wp-block-group is-style-title-left is-layout-flow wp-block-group-is-layout-flow is-style-title-left--5">
<p class="has-secondary-color has-text-color has-link-color has-secondary-font-family has-xl-font-size wp-elements-2051b007b755d8c3c8c5d55fa341054f">Un panorama excepcional</p>



<p class="has-primary-color has-text-color has-link-color has-primary-font-family has-sm-font-size wp-elements-788f5f2c8beff64c888bf79c08983a1e" style="text-transform:uppercase"><strong>desde arriba</strong></p>
</div>



<h2 class="wp-block-heading text-title">Vista de los 3.000 habitantes del Ariège, el Aneto y las montañas españolas</h2>



<p class="has-m-font-size" style="padding-left:2rem">Desde la cima, la vista se extiende hasta donde alcanza la vista de las <strong>altas cumbres pirenaicas</strong>, incluido el <strong>Pic d&#8217;Estats</strong> (3.143 m), al que se llega en 45 minutos más. En un día despejado, puedes ver incluso los picos catalanes y andorranos. Un entorno mineral, salvaje e impresionante.  </p>
</div>



<div class="wp-block-column is-vertically-aligned-center rightLeft wp-block-image alignright size-large has-custom-border is-style-travel is-layout-flow wp-block-column-is-layout-flow is-style-travel--6" style="flex-basis:60%">
<figure class="wp-block-image alignright size-large"><img alt="" decoding="async" width="1024" height="684" src="https://www.vap-camping.fr/wp-content/uploads/2025/05/AdobeStock_295645470-1024x684.jpeg" alt="" class="wp-image-1152" srcset="https://www.vap-camping.fr/wp-content/uploads/2025/05/AdobeStock_295645470-1024x684.jpeg 1024w, https://www.vap-camping.fr/wp-content/uploads/2025/05/AdobeStock_295645470-600x401.jpeg 600w, https://www.vap-camping.fr/wp-content/uploads/2025/05/AdobeStock_295645470-768x513.jpeg 768w, https://www.vap-camping.fr/wp-content/uploads/2025/05/AdobeStock_295645470-1536x1026.jpeg 1536w, https://www.vap-camping.fr/wp-content/uploads/2025/05/AdobeStock_295645470-2048x1368.jpeg 2048w" sizes="(max-width: 1024px) 100vw, 1024px" /></figure>
</div>
</div>
</div>



<div class="wp-block-group reveal has-global-padding is-layout-constrained wp-block-group-is-layout-constrained">
<div class="wp-block-group alignwide is-style-title-simple is-layout-flow wp-block-group-is-layout-flow is-style-title-simple--7" style="margin-top:4rem;margin-bottom:4rem">
<p class="has-text-align-center has-secondary-color has-text-color has-link-color has-secondary-font-family has-xl-font-size wp-elements-61c3df48646af0da12819b303dfc8ba5">
  Nuestros establecimientos</p>



<p class="has-text-align-center has-primary-font-family has-sm-font-size" style="text-transform:uppercase">
                <strong>cerca de</strong>
            </p>
</div>


<div class="campings-wrapper is-layout-flow wp-block-slider-campings-is-layout-flow">
            <div class="campings-list">
                            <div class="camping-item"
                    style="background-image: linear-gradient(to top, rgba(0, 0, 0, 0.6), transparent), url('https://www.vap-camping.fr/wp-content/uploads/2025/04/img_5291-1024x768-1.jpg');">
                    <a href="https://www.vap-camping.fr/es/campings/oustalous-complex/" title="Complejo Les Oustalous" class="camping-link">
                        <p class="title">Complejo Les Oustalous</p>
                        <p class="camping-button">Descubre</p>
                    </a>
                </div>
                    </div>
    </div>

</div>
</div>

<p>El Montcalm, uno de los picos más altos del Ariège, te ofrece una excursión inolvidable. La primavera es la época ideal: las agradables temperaturas y los paisajes llenos de flores te acompañarán durante todo el ascenso. Disfruta de unas vistas espectaculares de los lagos y montañas circundantes: ¡una experiencia rejuvenecedora que no te puedes perder!  </p>
