{"id":2749,"date":"2025-05-09T14:27:04","date_gmt":"2025-05-09T14:27:04","guid":{"rendered":"https:\/\/www.vap-camping.fr\/lieux\/cascade-d-ars\/"},"modified":"2025-07-28T07:24:17","modified_gmt":"2025-07-28T07:24:17","slug":"cascade-d-ars","status":"publish","type":"lieux","link":"https:\/\/www.vap-camping.fr\/es\/lieux\/cascade-d-ars\/","title":{"rendered":"Cascada de Ars"},"content":{"rendered":"\n<div class=\"wp-block-group alignfull is-layout-flow wp-container-core-group-is-layout-12cc3699 wp-block-group-is-layout-flow\" style=\"padding-top:10rem\">\n<div class=\"wp-block-group has-global-padding is-layout-constrained wp-container-core-group-is-layout-2931b900 wp-block-group-is-layout-constrained\">\n<div class=\"wp-block-columns alignfull are-vertically-aligned-center is-layout-flex wp-container-core-columns-is-layout-0c0b91ec wp-block-columns-is-layout-flex\">\n<div class=\"wp-block-column is-vertically-aligned-center leftRight is-layout-flow wp-container-core-column-is-layout-58dbe9e9 wp-block-column-is-layout-flow\" style=\"padding-left:10rem;flex-basis:40%\">\n<div class=\"wp-block-group is-style-title-left is-layout-flow wp-block-group-is-layout-flow is-style-title-left--1\">\n<p class=\"has-secondary-color has-text-color has-link-color has-secondary-font-family has-xl-font-size wp-elements-e97bddf2fcccd9837d0a300232d53d14\">Cascada de Ars<\/p>\n\n\n\n<p class=\"has-primary-color has-text-color has-link-color has-primary-font-family has-sm-font-size wp-elements-5cd9e2839c6980c203ec2d1876db0b5b\" style=\"text-transform:uppercase\"><strong>una de las cascadas m\u00e1s bellas de los Pirineos<\/strong><\/p>\n<\/div>\n\n\n\n<h1 class=\"wp-block-heading text-title\">Un paraje natural espectacular en el coraz\u00f3n de Couserans<\/h1>\n\n\n\n<p class=\"has-m-font-size\" style=\"padding-left:2rem\">Situada cerca del pueblo de Aulus-les-Bains, en el valle del Garbet, la <strong>cascada de Ars<\/strong> es una de las m\u00e1s altas e impresionantes de los Pirineos. Con una ca\u00edda total de 246 metros en tres niveles, es un espect\u00e1culo impresionante, sobre todo en primavera, cuando se derrite la nieve. <\/p>\n<\/div>\n\n\n\n<div class=\"wp-block-column is-vertically-aligned-center rightLeft wp-block-image alignright size-large has-custom-border is-style-travel is-layout-flow wp-block-column-is-layout-flow is-style-travel--2\" style=\"flex-basis:60%\">\n<figure class=\"wp-block-image alignright size-large\"><img alt=\"\" decoding=\"async\" width=\"1024\" height=\"683\" src=\"https:\/\/www.vap-camping.fr\/wp-content\/uploads\/2025\/05\/AdobeStock_223242688-1024x683.jpeg\" alt=\"\" class=\"wp-image-1229\" srcset=\"https:\/\/www.vap-camping.fr\/wp-content\/uploads\/2025\/05\/AdobeStock_223242688-1024x683.jpeg 1024w, https:\/\/www.vap-camping.fr\/wp-content\/uploads\/2025\/05\/AdobeStock_223242688-600x400.jpeg 600w, https:\/\/www.vap-camping.fr\/wp-content\/uploads\/2025\/05\/AdobeStock_223242688-768x512.jpeg 768w, https:\/\/www.vap-camping.fr\/wp-content\/uploads\/2025\/05\/AdobeStock_223242688-1536x1024.jpeg 1536w, https:\/\/www.vap-camping.fr\/wp-content\/uploads\/2025\/05\/AdobeStock_223242688-2048x1365.jpeg 2048w\" sizes=\"(max-width: 1024px) 100vw, 1024px\" \/><\/figure>\n<\/div>\n<\/div>\n<\/div>\n\n\n\n<div class=\"wp-block-group has-global-padding is-layout-constrained wp-block-group-is-layout-constrained\">\n<div class=\"wp-block-columns alignfull are-vertically-aligned-center is-layout-flex wp-container-core-columns-is-layout-0c0b91ec wp-block-columns-is-layout-flex\">\n<div class=\"wp-block-column is-vertically-aligned-center wp-block-image alignright size-large has-custom-border is-style-simple-left leftRight is-layout-flow wp-block-column-is-layout-flow is-style-simple-left--3\" style=\"flex-basis:60%\">\n<figure class=\"wp-block-image alignleft size-large\"><img alt=\"\" decoding=\"async\" width=\"1024\" height=\"673\" src=\"https:\/\/www.vap-camping.fr\/wp-content\/uploads\/2025\/05\/AdobeStock_285782136-1024x673.jpeg\" alt=\"\" class=\"wp-image-1231\" srcset=\"https:\/\/www.vap-camping.fr\/wp-content\/uploads\/2025\/05\/AdobeStock_285782136-1024x673.jpeg 1024w, https:\/\/www.vap-camping.fr\/wp-content\/uploads\/2025\/05\/AdobeStock_285782136-600x395.jpeg 600w, https:\/\/www.vap-camping.fr\/wp-content\/uploads\/2025\/05\/AdobeStock_285782136-768x505.jpeg 768w, https:\/\/www.vap-camping.fr\/wp-content\/uploads\/2025\/05\/AdobeStock_285782136-1536x1010.jpeg 1536w, https:\/\/www.vap-camping.fr\/wp-content\/uploads\/2025\/05\/AdobeStock_285782136-2048x1347.jpeg 2048w\" sizes=\"(max-width: 1024px) 100vw, 1024px\" \/><\/figure>\n<\/div>\n\n\n\n<div class=\"wp-block-column is-vertically-aligned-center rightLeft is-layout-flow wp-container-core-column-is-layout-58dbe9e9 wp-block-column-is-layout-flow\" style=\"padding-left:10rem;flex-basis:40%\">\n<div class=\"wp-block-group is-style-title-left is-layout-flow wp-block-group-is-layout-flow is-style-title-left--4\">\n<p class=\"has-secondary-color has-text-color has-link-color has-secondary-font-family has-xl-font-size wp-elements-4d0195d56dd6e7660c3a1f3d7cf6ec83\">Un paseo ineludible<\/p>\n\n\n\n<p class=\"has-primary-color has-text-color has-link-color has-primary-font-family has-sm-font-size wp-elements-1e3eefa70774559fa91e5fa19d48d321\" style=\"text-transform:uppercase\"><strong>y accesible<\/strong><\/p>\n<\/div>\n\n\n\n<h2 class=\"wp-block-heading text-title\">Aproximadamente 2 h 30 de ida y vuelta por un sendero bien se\u00f1alizado<\/h2>\n\n\n\n<p class=\"has-m-font-size\" style=\"padding-left:2rem\">El sendero parte de Aulus-les-Bains, a una altitud de 750 m. El sendero asciende gradualmente por el bosque, siguiendo un arroyo y desembocando en claros con vistas a la cascada. La ruta es <strong>adecuada para familias acostumbradas a caminar<\/strong>, con unos 500 m de ascenso.  <\/p>\n<\/div>\n<\/div>\n<\/div>\n\n\n\n<div class=\"wp-block-group has-global-padding is-layout-constrained wp-block-group-is-layout-constrained\">\n<div class=\"wp-block-columns alignfull are-vertically-aligned-center is-layout-flex wp-container-core-columns-is-layout-0c0b91ec wp-block-columns-is-layout-flex\">\n<div class=\"wp-block-column is-vertically-aligned-center leftRight is-layout-flow wp-container-core-column-is-layout-58dbe9e9 wp-block-column-is-layout-flow\" style=\"padding-left:10rem;flex-basis:40%\">\n<div class=\"wp-block-group is-style-title-left is-layout-flow wp-block-group-is-layout-flow is-style-title-left--5\">\n<p class=\"has-secondary-color has-text-color has-link-color has-secondary-font-family has-xl-font-size wp-elements-4a4e6fcf71c47fa9bf928d7e208d28c4\">Una decoraci\u00f3n cambiante<\/p>\n\n\n\n<p class=\"has-primary-color has-text-color has-link-color has-primary-font-family has-sm-font-size wp-elements-7a9b32b0cf4121525cf6a08f5397b46a\" style=\"text-transform:uppercase\"><strong>a trav\u00e9s de las estaciones<\/strong><\/p>\n<\/div>\n\n\n\n<h2 class=\"wp-block-heading text-title\">Una potente cascada en primavera, tranquila y sombreada en verano<\/h2>\n\n\n\n<p class=\"has-m-font-size\" style=\"padding-left:2rem\">La cascada alcanza su <strong>m\u00e1ximo caudal entre mayo y junio<\/strong>, con un estruendo impresionante. En verano, sigue siendo espectacular pero m\u00e1s tranquila, ofreciendo un fresco descanso en el coraz\u00f3n del bosque. El oto\u00f1o revela un paisaje flam\u00edgero, con bosques coloridos y luz suave.  <\/p>\n<\/div>\n\n\n\n<div class=\"wp-block-column is-vertically-aligned-center rightLeft wp-block-image alignright size-large has-custom-border is-style-simple-right is-layout-flow wp-block-column-is-layout-flow is-style-simple-right--6\" style=\"flex-basis:60%\">\n<figure class=\"wp-block-image alignright size-large\"><img alt=\"\" decoding=\"async\" width=\"1024\" height=\"767\" src=\"https:\/\/www.vap-camping.fr\/wp-content\/uploads\/2025\/05\/AdobeStock_287764779-1024x767.jpeg\" alt=\"\" class=\"wp-image-1233\" srcset=\"https:\/\/www.vap-camping.fr\/wp-content\/uploads\/2025\/05\/AdobeStock_287764779-1024x767.jpeg 1024w, https:\/\/www.vap-camping.fr\/wp-content\/uploads\/2025\/05\/AdobeStock_287764779-600x449.jpeg 600w, https:\/\/www.vap-camping.fr\/wp-content\/uploads\/2025\/05\/AdobeStock_287764779-768x575.jpeg 768w, https:\/\/www.vap-camping.fr\/wp-content\/uploads\/2025\/05\/AdobeStock_287764779-1536x1150.jpeg 1536w, https:\/\/www.vap-camping.fr\/wp-content\/uploads\/2025\/05\/AdobeStock_287764779-2048x1534.jpeg 2048w\" sizes=\"(max-width: 1024px) 100vw, 1024px\" \/><\/figure>\n<\/div>\n<\/div>\n<\/div>\n\n\n\n<div class=\"wp-block-group reveal has-global-padding is-layout-constrained wp-block-group-is-layout-constrained\">\n<div class=\"wp-block-group alignwide is-style-title-simple is-layout-flow wp-block-group-is-layout-flow is-style-title-simple--7\" style=\"margin-top:4rem;margin-bottom:4rem\">\n<p class=\"has-text-align-center has-secondary-color has-text-color has-link-color has-secondary-font-family has-xl-font-size wp-elements-61c3df48646af0da12819b303dfc8ba5\">\n  Nuestros establecimientos<\/p>\n\n\n\n<p class=\"has-text-align-center has-primary-font-family has-sm-font-size\" style=\"text-transform:uppercase\">\n                <strong>cerca de<\/strong>\n            <\/p>\n<\/div>\n\n\n<div class=\"campings-wrapper is-layout-flow wp-block-slider-campings-is-layout-flow\">\n            <div class=\"campings-list\">\n                            <div class=\"camping-item\"\n                    style=\"background-image: linear-gradient(to top, rgba(0, 0, 0, 0.6), transparent), url('https:\/\/www.vap-camping.fr\/wp-content\/uploads\/2025\/04\/dsc03930-1024x500.jpg');\">\n                    <a href=\"https:\/\/www.vap-camping.fr\/es\/campings\/camping-le-rupe\/\" title=\"Camping le Rup\u00e9(Toulouse)\" class=\"camping-link\">\n                        <p class=\"title\">Camping le Rup\u00e9(Toulouse)<\/p>\n                        <p class=\"camping-button\">Descubre<\/p>\n                    <\/a>\n                <\/div>\n                    <\/div>\n    <\/div>\n\n<\/div>\n<\/div>\n","protected":false},"excerpt":{"rendered":"<p>En primavera, las cascadas de la regi\u00f3n de Ari\u00e8ge revelan todo su esplendor al derretirse la nieve. Descubre la majestuosa cascada de Ars, de 246 metros de altura, y las cascadas de Roquefort, enclavadas en un exuberante entorno verde. Dos paseos imperdibles para admirar poderosas cascadas y un paisaje rejuvenecedor.  <\/p>\n","protected":false},"author":1,"featured_media":2751,"parent":0,"template":"","format":"standard","tax-category-lieux":[53,45],"class_list":["post-2749","lieux","type-lieux","status-publish","format-standard","has-post-thumbnail","hentry","tax-category-lieux-lagos-y-estanques","tax-category-lieux-parques"],"acf":{"latitude":"42.7629067","longitude":"1.3511613","distance":"","pm_lieu_url":"","pm_lieu_phone":"","adresse":"","pm_lieu_title_short":"","af_camping":[22]},"_links":{"self":[{"href":"https:\/\/www.vap-camping.fr\/es\/wp-json\/wp\/v2\/lieux\/2749","targetHints":{"allow":["GET"]}}],"collection":[{"href":"https:\/\/www.vap-camping.fr\/es\/wp-json\/wp\/v2\/lieux"}],"about":[{"href":"https:\/\/www.vap-camping.fr\/es\/wp-json\/wp\/v2\/types\/lieux"}],"author":[{"embeddable":true,"href":"https:\/\/www.vap-camping.fr\/es\/wp-json\/wp\/v2\/users\/1"}],"version-history":[{"count":1,"href":"https:\/\/www.vap-camping.fr\/es\/wp-json\/wp\/v2\/lieux\/2749\/revisions"}],"predecessor-version":[{"id":2755,"href":"https:\/\/www.vap-camping.fr\/es\/wp-json\/wp\/v2\/lieux\/2749\/revisions\/2755"}],"acf:post":[{"embeddable":true,"href":"https:\/\/www.vap-camping.fr\/es\/wp-json\/wp\/v2\/campings\/22"}],"wp:featuredmedia":[{"embeddable":true,"href":"https:\/\/www.vap-camping.fr\/es\/wp-json\/wp\/v2\/media\/2751"}],"wp:attachment":[{"href":"https:\/\/www.vap-camping.fr\/es\/wp-json\/wp\/v2\/media?parent=2749"}],"wp:term":[{"taxonomy":"tax-category-lieux","embeddable":true,"href":"https:\/\/www.vap-camping.fr\/es\/wp-json\/wp\/v2\/tax-category-lieux?post=2749"}],"curies":[{"name":"wp","href":"https:\/\/api.w.org\/{rel}","templated":true}]}}

<div class="wp-block-group alignfull is-layout-flow wp-container-core-group-is-layout-12cc3699 wp-block-group-is-layout-flow" style="padding-top:10rem">
<div class="wp-block-group has-global-padding is-layout-constrained wp-container-core-group-is-layout-2931b900 wp-block-group-is-layout-constrained">
<div class="wp-block-columns alignfull are-vertically-aligned-center is-layout-flex wp-container-core-columns-is-layout-0c0b91ec wp-block-columns-is-layout-flex">
<div class="wp-block-column is-vertically-aligned-center leftRight is-layout-flow wp-container-core-column-is-layout-58dbe9e9 wp-block-column-is-layout-flow" style="padding-left:10rem;flex-basis:40%">
<div class="wp-block-group is-style-title-left is-layout-flow wp-block-group-is-layout-flow is-style-title-left--1">
<p class="has-secondary-color has-text-color has-link-color has-secondary-font-family has-xl-font-size wp-elements-e97bddf2fcccd9837d0a300232d53d14">Cascada de Ars</p>



<p class="has-primary-color has-text-color has-link-color has-primary-font-family has-sm-font-size wp-elements-5cd9e2839c6980c203ec2d1876db0b5b" style="text-transform:uppercase"><strong>una de las cascadas más bellas de los Pirineos</strong></p>
</div>



<h1 class="wp-block-heading text-title">Un paraje natural espectacular en el corazón de Couserans</h1>



<p class="has-m-font-size" style="padding-left:2rem">Situada cerca del pueblo de Aulus-les-Bains, en el valle del Garbet, la <strong>cascada de Ars</strong> es una de las más altas e impresionantes de los Pirineos. Con una caída total de 246 metros en tres niveles, es un espectáculo impresionante, sobre todo en primavera, cuando se derrite la nieve. </p>
</div>



<div class="wp-block-column is-vertically-aligned-center rightLeft wp-block-image alignright size-large has-custom-border is-style-travel is-layout-flow wp-block-column-is-layout-flow is-style-travel--2" style="flex-basis:60%">
<figure class="wp-block-image alignright size-large"><img alt="" decoding="async" width="1024" height="683" src="https://www.vap-camping.fr/wp-content/uploads/2025/05/AdobeStock_223242688-1024x683.jpeg" alt="" class="wp-image-1229" srcset="https://www.vap-camping.fr/wp-content/uploads/2025/05/AdobeStock_223242688-1024x683.jpeg 1024w, https://www.vap-camping.fr/wp-content/uploads/2025/05/AdobeStock_223242688-600x400.jpeg 600w, https://www.vap-camping.fr/wp-content/uploads/2025/05/AdobeStock_223242688-768x512.jpeg 768w, https://www.vap-camping.fr/wp-content/uploads/2025/05/AdobeStock_223242688-1536x1024.jpeg 1536w, https://www.vap-camping.fr/wp-content/uploads/2025/05/AdobeStock_223242688-2048x1365.jpeg 2048w" sizes="(max-width: 1024px) 100vw, 1024px" /></figure>
</div>
</div>
</div>



<div class="wp-block-group has-global-padding is-layout-constrained wp-block-group-is-layout-constrained">
<div class="wp-block-columns alignfull are-vertically-aligned-center is-layout-flex wp-container-core-columns-is-layout-0c0b91ec wp-block-columns-is-layout-flex">
<div class="wp-block-column is-vertically-aligned-center wp-block-image alignright size-large has-custom-border is-style-simple-left leftRight is-layout-flow wp-block-column-is-layout-flow is-style-simple-left--3" style="flex-basis:60%">
<figure class="wp-block-image alignleft size-large"><img alt="" decoding="async" width="1024" height="673" src="https://www.vap-camping.fr/wp-content/uploads/2025/05/AdobeStock_285782136-1024x673.jpeg" alt="" class="wp-image-1231" srcset="https://www.vap-camping.fr/wp-content/uploads/2025/05/AdobeStock_285782136-1024x673.jpeg 1024w, https://www.vap-camping.fr/wp-content/uploads/2025/05/AdobeStock_285782136-600x395.jpeg 600w, https://www.vap-camping.fr/wp-content/uploads/2025/05/AdobeStock_285782136-768x505.jpeg 768w, https://www.vap-camping.fr/wp-content/uploads/2025/05/AdobeStock_285782136-1536x1010.jpeg 1536w, https://www.vap-camping.fr/wp-content/uploads/2025/05/AdobeStock_285782136-2048x1347.jpeg 2048w" sizes="(max-width: 1024px) 100vw, 1024px" /></figure>
</div>



<div class="wp-block-column is-vertically-aligned-center rightLeft is-layout-flow wp-container-core-column-is-layout-58dbe9e9 wp-block-column-is-layout-flow" style="padding-left:10rem;flex-basis:40%">
<div class="wp-block-group is-style-title-left is-layout-flow wp-block-group-is-layout-flow is-style-title-left--4">
<p class="has-secondary-color has-text-color has-link-color has-secondary-font-family has-xl-font-size wp-elements-4d0195d56dd6e7660c3a1f3d7cf6ec83">Un paseo ineludible</p>



<p class="has-primary-color has-text-color has-link-color has-primary-font-family has-sm-font-size wp-elements-1e3eefa70774559fa91e5fa19d48d321" style="text-transform:uppercase"><strong>y accesible</strong></p>
</div>



<h2 class="wp-block-heading text-title">Aproximadamente 2 h 30 de ida y vuelta por un sendero bien señalizado</h2>



<p class="has-m-font-size" style="padding-left:2rem">El sendero parte de Aulus-les-Bains, a una altitud de 750 m. El sendero asciende gradualmente por el bosque, siguiendo un arroyo y desembocando en claros con vistas a la cascada. La ruta es <strong>adecuada para familias acostumbradas a caminar</strong>, con unos 500 m de ascenso.  </p>
</div>
</div>
</div>



<div class="wp-block-group has-global-padding is-layout-constrained wp-block-group-is-layout-constrained">
<div class="wp-block-columns alignfull are-vertically-aligned-center is-layout-flex wp-container-core-columns-is-layout-0c0b91ec wp-block-columns-is-layout-flex">
<div class="wp-block-column is-vertically-aligned-center leftRight is-layout-flow wp-container-core-column-is-layout-58dbe9e9 wp-block-column-is-layout-flow" style="padding-left:10rem;flex-basis:40%">
<div class="wp-block-group is-style-title-left is-layout-flow wp-block-group-is-layout-flow is-style-title-left--5">
<p class="has-secondary-color has-text-color has-link-color has-secondary-font-family has-xl-font-size wp-elements-4a4e6fcf71c47fa9bf928d7e208d28c4">Una decoración cambiante</p>



<p class="has-primary-color has-text-color has-link-color has-primary-font-family has-sm-font-size wp-elements-7a9b32b0cf4121525cf6a08f5397b46a" style="text-transform:uppercase"><strong>a través de las estaciones</strong></p>
</div>



<h2 class="wp-block-heading text-title">Una potente cascada en primavera, tranquila y sombreada en verano</h2>



<p class="has-m-font-size" style="padding-left:2rem">La cascada alcanza su <strong>máximo caudal entre mayo y junio</strong>, con un estruendo impresionante. En verano, sigue siendo espectacular pero más tranquila, ofreciendo un fresco descanso en el corazón del bosque. El otoño revela un paisaje flamígero, con bosques coloridos y luz suave.  </p>
</div>



<div class="wp-block-column is-vertically-aligned-center rightLeft wp-block-image alignright size-large has-custom-border is-style-simple-right is-layout-flow wp-block-column-is-layout-flow is-style-simple-right--6" style="flex-basis:60%">
<figure class="wp-block-image alignright size-large"><img alt="" decoding="async" width="1024" height="767" src="https://www.vap-camping.fr/wp-content/uploads/2025/05/AdobeStock_287764779-1024x767.jpeg" alt="" class="wp-image-1233" srcset="https://www.vap-camping.fr/wp-content/uploads/2025/05/AdobeStock_287764779-1024x767.jpeg 1024w, https://www.vap-camping.fr/wp-content/uploads/2025/05/AdobeStock_287764779-600x449.jpeg 600w, https://www.vap-camping.fr/wp-content/uploads/2025/05/AdobeStock_287764779-768x575.jpeg 768w, https://www.vap-camping.fr/wp-content/uploads/2025/05/AdobeStock_287764779-1536x1150.jpeg 1536w, https://www.vap-camping.fr/wp-content/uploads/2025/05/AdobeStock_287764779-2048x1534.jpeg 2048w" sizes="(max-width: 1024px) 100vw, 1024px" /></figure>
</div>
</div>
</div>



<div class="wp-block-group reveal has-global-padding is-layout-constrained wp-block-group-is-layout-constrained">
<div class="wp-block-group alignwide is-style-title-simple is-layout-flow wp-block-group-is-layout-flow is-style-title-simple--7" style="margin-top:4rem;margin-bottom:4rem">
<p class="has-text-align-center has-secondary-color has-text-color has-link-color has-secondary-font-family has-xl-font-size wp-elements-61c3df48646af0da12819b303dfc8ba5">
  Nuestros establecimientos</p>



<p class="has-text-align-center has-primary-font-family has-sm-font-size" style="text-transform:uppercase">
                <strong>cerca de</strong>
            </p>
</div>


<div class="campings-wrapper is-layout-flow wp-block-slider-campings-is-layout-flow">
            <div class="campings-list">
                            <div class="camping-item"
                    style="background-image: linear-gradient(to top, rgba(0, 0, 0, 0.6), transparent), url('https://www.vap-camping.fr/wp-content/uploads/2025/04/dsc03930-1024x500.jpg');">
                    <a href="https://www.vap-camping.fr/es/campings/camping-le-rupe/" title="Camping le Rupé(Toulouse)" class="camping-link">
                        <p class="title">Camping le Rupé(Toulouse)</p>
                        <p class="camping-button">Descubre</p>
                    </a>
                </div>
                    </div>
    </div>

</div>
</div>

<p>En primavera, las cascadas de la región de Ariège revelan todo su esplendor al derretirse la nieve. Descubre la majestuosa cascada de Ars, de 246 metros de altura, y las cascadas de Roquefort, enclavadas en un exuberante entorno verde. Dos paseos imperdibles para admirar poderosas cascadas y un paisaje rejuvenecedor.  </p>
