{"id":2766,"date":"2025-05-09T14:48:06","date_gmt":"2025-05-09T14:48:06","guid":{"rendered":"https:\/\/www.vap-camping.fr\/lieux\/camping-angaka\/"},"modified":"2026-02-05T09:35:00","modified_gmt":"2026-02-05T09:35:00","slug":"camping-angaka","status":"publish","type":"lieux","link":"https:\/\/www.vap-camping.fr\/es\/lieux\/camping-angaka\/","title":{"rendered":"Angaka"},"content":{"rendered":"\n<div class=\"wp-block-group alignfull is-layout-flow wp-container-core-group-is-layout-12cc3699 wp-block-group-is-layout-flow\" style=\"padding-top:10rem\">\n<div class=\"wp-block-group has-global-padding is-layout-constrained wp-container-core-group-is-layout-2931b900 wp-block-group-is-layout-constrained\">\n<div class=\"wp-block-columns alignfull are-vertically-aligned-center is-layout-flex wp-container-core-columns-is-layout-0c0b91ec wp-block-columns-is-layout-flex\">\n<div class=\"wp-block-column is-vertically-aligned-center leftRight is-layout-flow wp-container-core-column-is-layout-58dbe9e9 wp-block-column-is-layout-flow\" style=\"padding-left:10rem;flex-basis:40%\">\n<div class=\"wp-block-group is-style-title-left is-layout-flow wp-block-group-is-layout-flow is-style-title-left--1\">\n<p class=\"has-secondary-color has-text-color has-link-color has-secondary-font-family has-xl-font-size wp-elements-5e823744375249635c400a29a0f58e77\">Angaka<\/p>\n\n\n\n<p class=\"has-primary-color has-text-color has-link-color has-primary-font-family has-sm-font-size wp-elements-ffc51ea15ee67a45627e95ccb9accd54\" style=\"text-transform:uppercase\"><strong>Pueblo n\u00f3rdico en el coraz\u00f3n del Plateau de Beille<\/strong><\/p>\n<\/div>\n\n\n\n<h1 class=\"wp-block-heading text-title\">Sum\u00e9rgete en la naturaleza y vive las monta\u00f1as de forma diferente<\/h1>\n\n\n\n<p class=\"has-m-font-size\" style=\"padding-left:2rem\">Situado a 1.800 metros de altitud en la <strong>meseta de Beille<\/strong>, el <strong>pueblo de Angaka<\/strong> es un punto de partida ideal para descubrir la monta\u00f1a de forma suave, amable y aut\u00e9ntica. Ya sea con raquetas de nieve, esqu\u00ed de fondo o trineo tirado por perros, Angaka ofrece una <strong>experiencia de inmersi\u00f3n en la naturaleza<\/strong> en el coraz\u00f3n de los Pirineos de Ari\u00e8ge.<\/p>\n<\/div>\n\n\n\n<div class=\"wp-block-column is-vertically-aligned-center rightLeft wp-block-image alignright size-large has-custom-border is-style-travel is-layout-flow wp-block-column-is-layout-flow is-style-travel--2\" style=\"flex-basis:60%\">\n<figure class=\"wp-block-image alignright size-large\"><img alt=\"hiver\" decoding=\"async\" width=\"1024\" height=\"681\" src=\"https:\/\/www.vap-camping.fr\/wp-content\/uploads\/2025\/05\/AdobeStock_80426247-1024x681.jpeg\" alt=\"\" class=\"wp-image-1239\" srcset=\"https:\/\/www.vap-camping.fr\/wp-content\/uploads\/2025\/05\/AdobeStock_80426247-1024x681.jpeg 1024w, https:\/\/www.vap-camping.fr\/wp-content\/uploads\/2025\/05\/AdobeStock_80426247-600x399.jpeg 600w, https:\/\/www.vap-camping.fr\/wp-content\/uploads\/2025\/05\/AdobeStock_80426247-768x511.jpeg 768w, https:\/\/www.vap-camping.fr\/wp-content\/uploads\/2025\/05\/AdobeStock_80426247-1536x1022.jpeg 1536w, https:\/\/www.vap-camping.fr\/wp-content\/uploads\/2025\/05\/AdobeStock_80426247-2048x1363.jpeg 2048w\" sizes=\"(max-width: 1024px) 100vw, 1024px\" \/><\/figure>\n<\/div>\n<\/div>\n<\/div>\n\n\n\n<div class=\"wp-block-group has-global-padding is-layout-constrained wp-block-group-is-layout-constrained\">\n<div class=\"wp-block-columns alignfull are-vertically-aligned-center is-layout-flex wp-container-core-columns-is-layout-0c0b91ec wp-block-columns-is-layout-flex\">\n<div class=\"wp-block-column is-vertically-aligned-center wp-block-image alignright size-large has-custom-border is-style-simple-left leftRight is-layout-flow wp-block-column-is-layout-flow is-style-simple-left--3\" style=\"flex-basis:60%\">\n<figure class=\"wp-block-image alignleft size-large\"><img alt=\"\" decoding=\"async\" width=\"1024\" height=\"683\" src=\"https:\/\/www.vap-camping.fr\/wp-content\/uploads\/2025\/05\/AdobeStock_23369091-1024x683.jpeg\" alt=\"\" class=\"wp-image-1237\" srcset=\"https:\/\/www.vap-camping.fr\/wp-content\/uploads\/2025\/05\/AdobeStock_23369091-1024x683.jpeg 1024w, https:\/\/www.vap-camping.fr\/wp-content\/uploads\/2025\/05\/AdobeStock_23369091-600x400.jpeg 600w, https:\/\/www.vap-camping.fr\/wp-content\/uploads\/2025\/05\/AdobeStock_23369091-768x512.jpeg 768w, https:\/\/www.vap-camping.fr\/wp-content\/uploads\/2025\/05\/AdobeStock_23369091-1536x1024.jpeg 1536w, https:\/\/www.vap-camping.fr\/wp-content\/uploads\/2025\/05\/AdobeStock_23369091-2048x1365.jpeg 2048w\" sizes=\"(max-width: 1024px) 100vw, 1024px\" \/><\/figure>\n<\/div>\n\n\n\n<div class=\"wp-block-column is-vertically-aligned-center rightLeft is-layout-flow wp-container-core-column-is-layout-58dbe9e9 wp-block-column-is-layout-flow\" style=\"padding-left:10rem;flex-basis:40%\">\n<div class=\"wp-block-group is-style-title-left is-layout-flow wp-block-group-is-layout-flow is-style-title-left--4\">\n<p class=\"has-secondary-color has-text-color has-link-color has-secondary-font-family has-xl-font-size wp-elements-2ca30194c4d9a891963498090bd44bdb\">Actividades n\u00f3rdicas<\/p>\n\n\n\n<p class=\"has-primary-color has-text-color has-link-color has-primary-font-family has-sm-font-size wp-elements-2cf9a753905f4776557aede7ebeed30c\" style=\"text-transform:uppercase\"><strong>para todos<\/strong><\/p>\n<\/div>\n\n\n\n<h2 class=\"wp-block-heading text-title\">Esqu\u00ed de fondo, raquetas de nieve, trineos tirados por perros e igl\u00fas<\/h2>\n\n\n\n<p class=\"has-m-font-size\" style=\"padding-left:2rem\">Angaka es el centro neur\u00e1lgico de <strong>las actividades n\u00f3rdicas de Beille<\/strong>. Puedes <strong>alquilar material<\/strong>, <strong>participar en excursiones supervisadas con raquetas de nieve<\/strong>, <strong>aprender a hacer esqu\u00ed de fondo<\/strong> o dar <strong>un paseo en trineo tirado por perros<\/strong>, todas ellas actividades muy populares entre las familias. En invierno, tambi\u00e9n puedes pasar la noche en un igl\u00fa o en un tipi con calefacci\u00f3n para vivir una <strong>experiencia inolvidable<\/strong>.<\/p>\n<\/div>\n<\/div>\n<\/div>\n\n\n\n<div class=\"wp-block-group has-global-padding is-layout-constrained wp-block-group-is-layout-constrained\">\n<div class=\"wp-block-columns alignfull are-vertically-aligned-center is-layout-flex wp-container-core-columns-is-layout-0c0b91ec wp-block-columns-is-layout-flex\">\n<div class=\"wp-block-column is-vertically-aligned-center leftRight is-layout-flow wp-container-core-column-is-layout-58dbe9e9 wp-block-column-is-layout-flow\" style=\"padding-left:10rem;flex-basis:40%\">\n<div class=\"wp-block-group is-style-title-left is-layout-flow wp-block-group-is-layout-flow is-style-title-left--5\">\n<p class=\"has-secondary-color has-text-color has-link-color has-secondary-font-family has-xl-font-size wp-elements-e6dab38ee657f4cf88bad922436f1177\">Verano e invierno<\/p>\n\n\n\n<p class=\"has-primary-color has-text-color has-link-color has-primary-font-family has-sm-font-size wp-elements-5b809692cb306dfd10568866993a0e4a\" style=\"text-transform:uppercase\"><strong>un lugar para los amantes de la naturaleza<\/strong><\/p>\n<\/div>\n\n\n\n<h2 class=\"wp-block-heading text-title\">Senderismo, bicicleta de monta\u00f1a, vivacs y amplios espacios abiertos en verano<\/h2>\n\n\n\n<p class=\"has-m-font-size\" style=\"padding-left:2rem\">En verano, el pueblo de Angaka se transforma: se convierte en punto de partida de <strong>excursiones por las crestas de la meseta<\/strong>, paseos <strong>en bicicleta de monta\u00f1a con asistencia el\u00e9ctrica<\/strong>, o cursos suaves de supervivencia y <strong>reconexi\u00f3n con la naturaleza<\/strong>. El lugar est\u00e1 abierto a quienes buscan <strong>tranquilidad, aire fresco y horizontes<\/strong> abiertos.<\/p>\n<\/div>\n\n\n\n<div class=\"wp-block-column is-vertically-aligned-center rightLeft wp-block-image alignright size-large has-custom-border is-style-travel is-layout-flow wp-block-column-is-layout-flow is-style-travel--6\" style=\"flex-basis:60%\">\n<figure class=\"wp-block-image alignright size-large\"><img alt=\"\" decoding=\"async\" width=\"1024\" height=\"683\" src=\"https:\/\/www.vap-camping.fr\/wp-content\/uploads\/2025\/05\/AdobeStock_142272397-1024x683.jpeg\" alt=\"\" class=\"wp-image-1241\" srcset=\"https:\/\/www.vap-camping.fr\/wp-content\/uploads\/2025\/05\/AdobeStock_142272397-1024x683.jpeg 1024w, https:\/\/www.vap-camping.fr\/wp-content\/uploads\/2025\/05\/AdobeStock_142272397-600x400.jpeg 600w, https:\/\/www.vap-camping.fr\/wp-content\/uploads\/2025\/05\/AdobeStock_142272397-768x512.jpeg 768w, https:\/\/www.vap-camping.fr\/wp-content\/uploads\/2025\/05\/AdobeStock_142272397-1536x1024.jpeg 1536w, https:\/\/www.vap-camping.fr\/wp-content\/uploads\/2025\/05\/AdobeStock_142272397-2048x1365.jpeg 2048w\" sizes=\"(max-width: 1024px) 100vw, 1024px\" \/><\/figure>\n<\/div>\n<\/div>\n<\/div>\n\n\n\n<div class=\"wp-block-group reveal has-global-padding is-layout-constrained wp-block-group-is-layout-constrained\">\n<div class=\"wp-block-group alignwide is-style-title-simple is-layout-flow wp-block-group-is-layout-flow is-style-title-simple--7\" style=\"margin-top:4rem;margin-bottom:4rem\">\n<p class=\"has-text-align-center has-secondary-color has-text-color has-link-color has-secondary-font-family has-xl-font-size wp-elements-62e8568cdda5d35834e57df913a15057\">\n Nuestros establecimientos<\/p>\n\n\n\n<p class=\"has-text-align-center has-primary-font-family has-sm-font-size\" style=\"text-transform:uppercase\">\n                <strong>cerca de<\/strong>\n            <\/p>\n<\/div>\n\n\n<div class=\"campings-wrapper is-layout-flow wp-block-slider-campings-is-layout-flow\">\n            <div class=\"campings-list\">\n                            <div class=\"camping-item\"\n                    style=\"background-image: linear-gradient(to top, rgba(0, 0, 0, 0.6), transparent), url('https:\/\/www.vap-camping.fr\/wp-content\/uploads\/2025\/04\/img_5291-1024x768-1.jpg');\">\n                    <a href=\"https:\/\/www.vap-camping.fr\/es\/campings\/oustalous-complex\/\" title=\"Complejo Les Oustalous\" class=\"camping-link\">\n                        <p class=\"title\">Complejo Les Oustalous<\/p>\n                        <p class=\"camping-button\">Descubre<\/p>\n                    <\/a>\n                <\/div>\n                    <\/div>\n    <\/div>\n\n<\/div>\n<\/div>\n","protected":false},"excerpt":{"rendered":"<p>Angaka, pueblo n\u00f3rdico del Plateau de Beille, en los Pirineos de Ari\u00e8ge. Ofrece diversas actividades invernales, como trineos tirados por perros, excursiones con raquetas de nieve y construcci\u00f3n de igl\u00fas. Los visitantes tambi\u00e9n pueden pasar la noche en alojamientos at\u00edpicos para una inmersi\u00f3n total en la atm\u00f3sfera de la monta\u00f1a.<\/p>\n","protected":false},"author":1,"featured_media":2769,"parent":0,"template":"","format":"standard","tax-category-lieux":[46],"class_list":["post-2766","lieux","type-lieux","status-publish","format-standard","has-post-thumbnail","hentry","tax-category-lieux-ciudades-y-pueblos"],"acf":{"latitude":"42.7248395","longitude":"1.6862843","distance":0.6,"pm_lieu_url":"https:\/\/www.beille.fr\/angaka-village-nordique-1.html","pm_lieu_phone":"","adresse":"","pm_lieu_title_short":"","af_camping":[105]},"_links":{"self":[{"href":"https:\/\/www.vap-camping.fr\/es\/wp-json\/wp\/v2\/lieux\/2766","targetHints":{"allow":["GET"]}}],"collection":[{"href":"https:\/\/www.vap-camping.fr\/es\/wp-json\/wp\/v2\/lieux"}],"about":[{"href":"https:\/\/www.vap-camping.fr\/es\/wp-json\/wp\/v2\/types\/lieux"}],"author":[{"embeddable":true,"href":"https:\/\/www.vap-camping.fr\/es\/wp-json\/wp\/v2\/users\/1"}],"version-history":[{"count":3,"href":"https:\/\/www.vap-camping.fr\/es\/wp-json\/wp\/v2\/lieux\/2766\/revisions"}],"predecessor-version":[{"id":7008,"href":"https:\/\/www.vap-camping.fr\/es\/wp-json\/wp\/v2\/lieux\/2766\/revisions\/7008"}],"acf:post":[{"embeddable":true,"href":"https:\/\/www.vap-camping.fr\/es\/wp-json\/wp\/v2\/campings\/105"}],"wp:featuredmedia":[{"embeddable":true,"href":"https:\/\/www.vap-camping.fr\/es\/wp-json\/wp\/v2\/media\/2769"}],"wp:attachment":[{"href":"https:\/\/www.vap-camping.fr\/es\/wp-json\/wp\/v2\/media?parent=2766"}],"wp:term":[{"taxonomy":"tax-category-lieux","embeddable":true,"href":"https:\/\/www.vap-camping.fr\/es\/wp-json\/wp\/v2\/tax-category-lieux?post=2766"}],"curies":[{"name":"wp","href":"https:\/\/api.w.org\/{rel}","templated":true}]}}

<div class="wp-block-group alignfull is-layout-flow wp-container-core-group-is-layout-12cc3699 wp-block-group-is-layout-flow" style="padding-top:10rem">
<div class="wp-block-group has-global-padding is-layout-constrained wp-container-core-group-is-layout-2931b900 wp-block-group-is-layout-constrained">
<div class="wp-block-columns alignfull are-vertically-aligned-center is-layout-flex wp-container-core-columns-is-layout-0c0b91ec wp-block-columns-is-layout-flex">
<div class="wp-block-column is-vertically-aligned-center leftRight is-layout-flow wp-container-core-column-is-layout-58dbe9e9 wp-block-column-is-layout-flow" style="padding-left:10rem;flex-basis:40%">
<div class="wp-block-group is-style-title-left is-layout-flow wp-block-group-is-layout-flow is-style-title-left--1">
<p class="has-secondary-color has-text-color has-link-color has-secondary-font-family has-xl-font-size wp-elements-5e823744375249635c400a29a0f58e77">Angaka</p>



<p class="has-primary-color has-text-color has-link-color has-primary-font-family has-sm-font-size wp-elements-ffc51ea15ee67a45627e95ccb9accd54" style="text-transform:uppercase"><strong>Pueblo nórdico en el corazón del Plateau de Beille</strong></p>
</div>



<h1 class="wp-block-heading text-title">Sumérgete en la naturaleza y vive las montañas de forma diferente</h1>



<p class="has-m-font-size" style="padding-left:2rem">Situado a 1.800 metros de altitud en la <strong>meseta de Beille</strong>, el <strong>pueblo de Angaka</strong> es un punto de partida ideal para descubrir la montaña de forma suave, amable y auténtica. Ya sea con raquetas de nieve, esquí de fondo o trineo tirado por perros, Angaka ofrece una <strong>experiencia de inmersión en la naturaleza</strong> en el corazón de los Pirineos de Ariège.</p>
</div>



<div class="wp-block-column is-vertically-aligned-center rightLeft wp-block-image alignright size-large has-custom-border is-style-travel is-layout-flow wp-block-column-is-layout-flow is-style-travel--2" style="flex-basis:60%">
<figure class="wp-block-image alignright size-large"><img alt="hiver" decoding="async" width="1024" height="681" src="https://www.vap-camping.fr/wp-content/uploads/2025/05/AdobeStock_80426247-1024x681.jpeg" alt="" class="wp-image-1239" srcset="https://www.vap-camping.fr/wp-content/uploads/2025/05/AdobeStock_80426247-1024x681.jpeg 1024w, https://www.vap-camping.fr/wp-content/uploads/2025/05/AdobeStock_80426247-600x399.jpeg 600w, https://www.vap-camping.fr/wp-content/uploads/2025/05/AdobeStock_80426247-768x511.jpeg 768w, https://www.vap-camping.fr/wp-content/uploads/2025/05/AdobeStock_80426247-1536x1022.jpeg 1536w, https://www.vap-camping.fr/wp-content/uploads/2025/05/AdobeStock_80426247-2048x1363.jpeg 2048w" sizes="(max-width: 1024px) 100vw, 1024px" /></figure>
</div>
</div>
</div>



<div class="wp-block-group has-global-padding is-layout-constrained wp-block-group-is-layout-constrained">
<div class="wp-block-columns alignfull are-vertically-aligned-center is-layout-flex wp-container-core-columns-is-layout-0c0b91ec wp-block-columns-is-layout-flex">
<div class="wp-block-column is-vertically-aligned-center wp-block-image alignright size-large has-custom-border is-style-simple-left leftRight is-layout-flow wp-block-column-is-layout-flow is-style-simple-left--3" style="flex-basis:60%">
<figure class="wp-block-image alignleft size-large"><img alt="" decoding="async" width="1024" height="683" src="https://www.vap-camping.fr/wp-content/uploads/2025/05/AdobeStock_23369091-1024x683.jpeg" alt="" class="wp-image-1237" srcset="https://www.vap-camping.fr/wp-content/uploads/2025/05/AdobeStock_23369091-1024x683.jpeg 1024w, https://www.vap-camping.fr/wp-content/uploads/2025/05/AdobeStock_23369091-600x400.jpeg 600w, https://www.vap-camping.fr/wp-content/uploads/2025/05/AdobeStock_23369091-768x512.jpeg 768w, https://www.vap-camping.fr/wp-content/uploads/2025/05/AdobeStock_23369091-1536x1024.jpeg 1536w, https://www.vap-camping.fr/wp-content/uploads/2025/05/AdobeStock_23369091-2048x1365.jpeg 2048w" sizes="(max-width: 1024px) 100vw, 1024px" /></figure>
</div>



<div class="wp-block-column is-vertically-aligned-center rightLeft is-layout-flow wp-container-core-column-is-layout-58dbe9e9 wp-block-column-is-layout-flow" style="padding-left:10rem;flex-basis:40%">
<div class="wp-block-group is-style-title-left is-layout-flow wp-block-group-is-layout-flow is-style-title-left--4">
<p class="has-secondary-color has-text-color has-link-color has-secondary-font-family has-xl-font-size wp-elements-2ca30194c4d9a891963498090bd44bdb">Actividades nórdicas</p>



<p class="has-primary-color has-text-color has-link-color has-primary-font-family has-sm-font-size wp-elements-2cf9a753905f4776557aede7ebeed30c" style="text-transform:uppercase"><strong>para todos</strong></p>
</div>



<h2 class="wp-block-heading text-title">Esquí de fondo, raquetas de nieve, trineos tirados por perros e iglús</h2>



<p class="has-m-font-size" style="padding-left:2rem">Angaka es el centro neurálgico de <strong>las actividades nórdicas de Beille</strong>. Puedes <strong>alquilar material</strong>, <strong>participar en excursiones supervisadas con raquetas de nieve</strong>, <strong>aprender a hacer esquí de fondo</strong> o dar <strong>un paseo en trineo tirado por perros</strong>, todas ellas actividades muy populares entre las familias. En invierno, también puedes pasar la noche en un iglú o en un tipi con calefacción para vivir una <strong>experiencia inolvidable</strong>.</p>
</div>
</div>
</div>



<div class="wp-block-group has-global-padding is-layout-constrained wp-block-group-is-layout-constrained">
<div class="wp-block-columns alignfull are-vertically-aligned-center is-layout-flex wp-container-core-columns-is-layout-0c0b91ec wp-block-columns-is-layout-flex">
<div class="wp-block-column is-vertically-aligned-center leftRight is-layout-flow wp-container-core-column-is-layout-58dbe9e9 wp-block-column-is-layout-flow" style="padding-left:10rem;flex-basis:40%">
<div class="wp-block-group is-style-title-left is-layout-flow wp-block-group-is-layout-flow is-style-title-left--5">
<p class="has-secondary-color has-text-color has-link-color has-secondary-font-family has-xl-font-size wp-elements-e6dab38ee657f4cf88bad922436f1177">Verano e invierno</p>



<p class="has-primary-color has-text-color has-link-color has-primary-font-family has-sm-font-size wp-elements-5b809692cb306dfd10568866993a0e4a" style="text-transform:uppercase"><strong>un lugar para los amantes de la naturaleza</strong></p>
</div>



<h2 class="wp-block-heading text-title">Senderismo, bicicleta de montaña, vivacs y amplios espacios abiertos en verano</h2>



<p class="has-m-font-size" style="padding-left:2rem">En verano, el pueblo de Angaka se transforma: se convierte en punto de partida de <strong>excursiones por las crestas de la meseta</strong>, paseos <strong>en bicicleta de montaña con asistencia eléctrica</strong>, o cursos suaves de supervivencia y <strong>reconexión con la naturaleza</strong>. El lugar está abierto a quienes buscan <strong>tranquilidad, aire fresco y horizontes</strong> abiertos.</p>
</div>



<div class="wp-block-column is-vertically-aligned-center rightLeft wp-block-image alignright size-large has-custom-border is-style-travel is-layout-flow wp-block-column-is-layout-flow is-style-travel--6" style="flex-basis:60%">
<figure class="wp-block-image alignright size-large"><img alt="" decoding="async" width="1024" height="683" src="https://www.vap-camping.fr/wp-content/uploads/2025/05/AdobeStock_142272397-1024x683.jpeg" alt="" class="wp-image-1241" srcset="https://www.vap-camping.fr/wp-content/uploads/2025/05/AdobeStock_142272397-1024x683.jpeg 1024w, https://www.vap-camping.fr/wp-content/uploads/2025/05/AdobeStock_142272397-600x400.jpeg 600w, https://www.vap-camping.fr/wp-content/uploads/2025/05/AdobeStock_142272397-768x512.jpeg 768w, https://www.vap-camping.fr/wp-content/uploads/2025/05/AdobeStock_142272397-1536x1024.jpeg 1536w, https://www.vap-camping.fr/wp-content/uploads/2025/05/AdobeStock_142272397-2048x1365.jpeg 2048w" sizes="(max-width: 1024px) 100vw, 1024px" /></figure>
</div>
</div>
</div>



<div class="wp-block-group reveal has-global-padding is-layout-constrained wp-block-group-is-layout-constrained">
<div class="wp-block-group alignwide is-style-title-simple is-layout-flow wp-block-group-is-layout-flow is-style-title-simple--7" style="margin-top:4rem;margin-bottom:4rem">
<p class="has-text-align-center has-secondary-color has-text-color has-link-color has-secondary-font-family has-xl-font-size wp-elements-62e8568cdda5d35834e57df913a15057">
 Nuestros establecimientos</p>



<p class="has-text-align-center has-primary-font-family has-sm-font-size" style="text-transform:uppercase">
                <strong>cerca de</strong>
            </p>
</div>


<div class="campings-wrapper is-layout-flow wp-block-slider-campings-is-layout-flow">
            <div class="campings-list">
                            <div class="camping-item"
                    style="background-image: linear-gradient(to top, rgba(0, 0, 0, 0.6), transparent), url('https://www.vap-camping.fr/wp-content/uploads/2025/04/img_5291-1024x768-1.jpg');">
                    <a href="https://www.vap-camping.fr/es/campings/oustalous-complex/" title="Complejo Les Oustalous" class="camping-link">
                        <p class="title">Complejo Les Oustalous</p>
                        <p class="camping-button">Descubre</p>
                    </a>
                </div>
                    </div>
    </div>

</div>
</div>

<p>Angaka, pueblo nórdico del Plateau de Beille, en los Pirineos de Ariège. Ofrece diversas actividades invernales, como trineos tirados por perros, excursiones con raquetas de nieve y construcción de iglús. Los visitantes también pueden pasar la noche en alojamientos atípicos para una inmersión total en la atmósfera de la montaña.</p>
