{"id":2788,"date":"2025-05-09T14:50:49","date_gmt":"2025-05-09T14:50:49","guid":{"rendered":"https:\/\/www.vap-camping.fr\/lieux\/pays-de-tarascon\/"},"modified":"2025-07-28T07:24:27","modified_gmt":"2025-07-28T07:24:27","slug":"pays-de-tarascon","status":"publish","type":"lieux","link":"https:\/\/www.vap-camping.fr\/es\/lieux\/pays-de-tarascon\/","title":{"rendered":"Regi\u00f3n de Tarasc\u00f3n"},"content":{"rendered":"\n<div class=\"wp-block-group alignfull is-layout-flow wp-container-core-group-is-layout-12cc3699 wp-block-group-is-layout-flow\" style=\"padding-top:10rem\">\n<div class=\"wp-block-group has-global-padding is-layout-constrained wp-container-core-group-is-layout-2931b900 wp-block-group-is-layout-constrained\">\n<div class=\"wp-block-columns alignfull are-vertically-aligned-center is-layout-flex wp-container-core-columns-is-layout-0c0b91ec wp-block-columns-is-layout-flex\">\n<div class=\"wp-block-column is-vertically-aligned-center leftRight is-layout-flow wp-container-core-column-is-layout-58dbe9e9 wp-block-column-is-layout-flow\" style=\"padding-left:10rem;flex-basis:40%\">\n<div class=\"wp-block-group is-style-title-left is-layout-flow wp-block-group-is-layout-flow is-style-title-left--1\">\n<p class=\"has-secondary-color has-text-color has-link-color has-secondary-font-family has-xl-font-size wp-elements-fdc8f20610e680602bb8797332be72cd\">La regi\u00f3n de Tarasc\u00f3n<\/p>\n\n\n\n<p class=\"has-primary-color has-text-color has-link-color has-primary-font-family has-sm-font-size wp-elements-487246e990b636a7c0d28559950e1f86\" style=\"text-transform:uppercase\"><strong>entre monta\u00f1as, cuevas y pueblos del Ariege<\/strong><\/p>\n<\/div>\n\n\n\n<h1 class=\"wp-block-heading text-title\">Una regi\u00f3n aut\u00e9ntica en la encrucijada de la historia y la naturaleza<\/h1>\n\n\n\n<p class=\"has-m-font-size\" style=\"padding-left:2rem\">Situada entre Foix y las altas cumbres de los Pirineos, la <strong>regi\u00f3n de Tarasc\u00f3n<\/strong> engloba varios pueblos y valles en torno a <strong>Tarasc\u00f3n-sur-Ari\u00e8ge<\/strong>, puerta de entrada al <strong>Parque Natural Regional de los Pirineos de Ari\u00e8ge<\/strong>. Es un destino ideal para combinar <strong>senderismo, patrimonio medieval y renombrados yacimientos prehist\u00f3ricos<\/strong>. <\/p>\n<\/div>\n\n\n\n<div class=\"wp-block-column is-vertically-aligned-center rightLeft wp-block-image alignright size-large has-custom-border is-style-travel is-layout-flow wp-block-column-is-layout-flow is-style-travel--2\" style=\"flex-basis:60%\">\n<figure class=\"wp-block-image alignright size-large\"><img decoding=\"async\" src=\"https:\/\/www.vap-camping.fr\/wp-content\/themes\/vap\/assets\/img\/placeholder.jpg\" alt=\"VAP\" class=\"wp-image-123\"\/><\/figure>\n<\/div>\n<\/div>\n<\/div>\n\n\n\n<div class=\"wp-block-group has-global-padding is-layout-constrained wp-block-group-is-layout-constrained\">\n<div class=\"wp-block-columns alignfull are-vertically-aligned-center is-layout-flex wp-container-core-columns-is-layout-0c0b91ec wp-block-columns-is-layout-flex\">\n<div class=\"wp-block-column is-vertically-aligned-center wp-block-image alignright size-large has-custom-border is-style-simple-left leftRight is-layout-flow wp-block-column-is-layout-flow is-style-simple-left--3\" style=\"flex-basis:60%\">\n<figure class=\"wp-block-image alignleft size-large\"><img decoding=\"async\" src=\"https:\/\/www.vap-camping.fr\/wp-content\/themes\/vap\/assets\/img\/placeholder.jpg\" alt=\"VAP\" class=\"wp-image-123\"\/><\/figure>\n<\/div>\n\n\n\n<div class=\"wp-block-column is-vertically-aligned-center rightLeft is-layout-flow wp-container-core-column-is-layout-58dbe9e9 wp-block-column-is-layout-flow\" style=\"padding-left:10rem;flex-basis:40%\">\n<div class=\"wp-block-group is-style-title-left is-layout-flow wp-block-group-is-layout-flow is-style-title-left--4\">\n<p class=\"has-secondary-color has-text-color has-link-color has-secondary-font-family has-xl-font-size wp-elements-d5ae6bb5c98ac7a3aa98e1e2632a25a5\">Tierra de cuevas<\/p>\n\n\n\n<p class=\"has-primary-color has-text-color has-link-color has-primary-font-family has-sm-font-size wp-elements-de53e680a0dac30bba10e9f126241dc2\" style=\"text-transform:uppercase\"><strong>y leyendas<\/strong><\/p>\n<\/div>\n\n\n\n<h2 class=\"wp-block-heading text-title\">Niaux, Lombrives, B\u00e9deilhac: prehistoria a tama\u00f1o natural<\/h2>\n\n\n\n<p class=\"has-m-font-size\" style=\"padding-left:2rem\">La regi\u00f3n es famosa por algunas de las <strong>cuevas decoradas<\/strong> m\u00e1s notables de Europa: la <strong>cueva de Niaux<\/strong>, con sus pinturas magdalenienses, la <strong>cueva de Lombrives<\/strong>, vasta y llena de historia, o <strong>B\u00e9deilhac<\/strong>, con sus espectaculares vol\u00famenes. El <strong>Parque de la Prehistoria<\/strong>, en Tarasc\u00f3n, completa esta experiencia de inmersi\u00f3n en familia. <\/p>\n<\/div>\n<\/div>\n<\/div>\n\n\n\n<div class=\"wp-block-group has-global-padding is-layout-constrained wp-block-group-is-layout-constrained\">\n<div class=\"wp-block-columns alignfull are-vertically-aligned-center is-layout-flex wp-container-core-columns-is-layout-0c0b91ec wp-block-columns-is-layout-flex\">\n<div class=\"wp-block-column is-vertically-aligned-center leftRight is-layout-flow wp-container-core-column-is-layout-58dbe9e9 wp-block-column-is-layout-flow\" style=\"padding-left:10rem;flex-basis:40%\">\n<div class=\"wp-block-group is-style-title-left is-layout-flow wp-block-group-is-layout-flow is-style-title-left--5\">\n<p class=\"has-secondary-color has-text-color has-link-color has-secondary-font-family has-xl-font-size wp-elements-5f03bff4a19124635656adb8ceda0fec\">Pueblos y castillos<\/p>\n\n\n\n<p class=\"has-primary-color has-text-color has-link-color has-primary-font-family has-sm-font-size wp-elements-c1a84fe1d3665612a01a080a81429a6f\" style=\"text-transform:uppercase\"><strong>y la memoria c\u00e1tara<\/strong><\/p>\n<\/div>\n\n\n\n<h2 class=\"wp-block-heading text-title\">Un patrimonio vivo de callejuelas, murallas y ruinas medievales<\/h2>\n\n\n\n<p class=\"has-m-font-size\" style=\"padding-left:2rem\">Adem\u00e1s de Tarasc\u00f3n, la regi\u00f3n est\u00e1 llena de pueblos pintorescos como <strong>Surba<\/strong>, <strong>Banat<\/strong> y <strong>Ornolac-Ussat-les-Bains<\/strong>, con sus ba\u00f1os termales. Restos c\u00e1taros como el <strong>Castillo de Lordat<\/strong> dominan el valle, y hay muchos senderos se\u00f1alizados que unen estos lugares a pie. <\/p>\n<\/div>\n\n\n\n<div class=\"wp-block-column is-vertically-aligned-center rightLeft wp-block-image alignright size-large has-custom-border is-style-travel is-layout-flow wp-block-column-is-layout-flow is-style-travel--6\" style=\"flex-basis:60%\">\n<figure class=\"wp-block-image alignright size-large\"><img decoding=\"async\" src=\"https:\/\/www.vap-camping.fr\/wp-content\/themes\/vap\/assets\/img\/placeholder.jpg\" alt=\"VAP\" class=\"wp-image-123\"\/><\/figure>\n<\/div>\n<\/div>\n<\/div>\n\n\n\n<div class=\"wp-block-group reveal has-global-padding is-layout-constrained wp-block-group-is-layout-constrained\">\n<div class=\"wp-block-group alignwide is-style-title-simple is-layout-flow wp-block-group-is-layout-flow is-style-title-simple--7\" style=\"margin-top:4rem;margin-bottom:4rem\">\n<p class=\"has-text-align-center has-secondary-color has-text-color has-link-color has-secondary-font-family has-xl-font-size wp-elements-61c3df48646af0da12819b303dfc8ba5\">\n  Nuestros establecimientos<\/p>\n\n\n\n<p class=\"has-text-align-center has-primary-font-family has-sm-font-size\" style=\"text-transform:uppercase\">\n                <strong>cerca de<\/strong>\n            <\/p>\n<\/div>\n\n\n<div class=\"campings-wrapper is-layout-flow wp-block-slider-campings-is-layout-flow\">\n            <div class=\"campings-list\">\n                            <div class=\"camping-item\"\n                    style=\"background-image: linear-gradient(to top, rgba(0, 0, 0, 0.6), transparent), url('https:\/\/www.vap-camping.fr\/wp-content\/uploads\/2025\/04\/camping-avec-piscine-1024x767.jpg');\">\n                    <a href=\"https:\/\/www.vap-camping.fr\/es\/campings\/camping-du-lac\/\" title=\"Camping du lac(Foix)\" class=\"camping-link\">\n                        <p class=\"title\">Camping du lac(Foix)<\/p>\n                        <p class=\"camping-button\">Descubre<\/p>\n                    <\/a>\n                <\/div>\n                            <div class=\"camping-item\"\n                    style=\"background-image: linear-gradient(to top, rgba(0, 0, 0, 0.6), transparent), url('https:\/\/www.vap-camping.fr\/wp-content\/uploads\/2025\/07\/dji_0589-2-1024x767.jpg');\">\n                    <a href=\"https:\/\/www.vap-camping.fr\/es\/campings\/camping-la-bastide\/\" title=\"Camping la Bastide(Maz\u00e8res)\" class=\"camping-link\">\n                        <p class=\"title\">Camping la Bastide(Maz\u00e8res)<\/p>\n                        <p class=\"camping-button\">Descubre<\/p>\n                    <\/a>\n                <\/div>\n                            <div class=\"camping-item\"\n                    style=\"background-image: linear-gradient(to top, rgba(0, 0, 0, 0.6), transparent), url('https:\/\/www.vap-camping.fr\/wp-content\/uploads\/2025\/04\/dsc03930-1024x500.jpg');\">\n                    <a href=\"https:\/\/www.vap-camping.fr\/es\/campings\/camping-le-rupe\/\" title=\"Camping le Rup\u00e9(Toulouse)\" class=\"camping-link\">\n                        <p class=\"title\">Camping le Rup\u00e9(Toulouse)<\/p>\n                        <p class=\"camping-button\">Descubre<\/p>\n                    <\/a>\n                <\/div>\n                            <div class=\"camping-item\"\n                    style=\"background-image: linear-gradient(to top, rgba(0, 0, 0, 0.6), transparent), url('https:\/\/www.vap-camping.fr\/wp-content\/uploads\/2025\/04\/img_5291-1024x768-1.jpg');\">\n                    <a href=\"https:\/\/www.vap-camping.fr\/es\/campings\/oustalous-complex\/\" title=\"Complejo Les Oustalous\" class=\"camping-link\">\n                        <p class=\"title\">Complejo Les Oustalous<\/p>\n                        <p class=\"camping-button\">Descubre<\/p>\n                    <\/a>\n                <\/div>\n                            <div class=\"camping-item\"\n                    style=\"background-image: linear-gradient(to top, rgba(0, 0, 0, 0.6), transparent), url('https:\/\/www.vap-camping.fr\/wp-content\/uploads\/2025\/04\/4479-1024x461.jpeg');\">\n                    <a href=\"https:\/\/www.vap-camping.fr\/es\/campings\/camping-le-bourdieu\/\" title=\"Camping Le Bourdieu\" class=\"camping-link\">\n                        <p class=\"title\">Camping Le Bourdieu<\/p>\n                        <p class=\"camping-button\">Descubre<\/p>\n                    <\/a>\n                <\/div>\n                    <\/div>\n    <\/div>\n\n<\/div>\n<\/div>\n","protected":false},"excerpt":{"rendered":"<p>Atraviesa la regi\u00f3n de Tarasc\u00f3n en bicicleta de monta\u00f1a y d\u00e9jate hechizar por la belleza de los valles, los bosques y los pueblos pintorescos. Esta ruta ofrece vistas espectaculares de las monta\u00f1as circundantes y recorridos aptos para todos los niveles. <\/p>\n","protected":false},"author":1,"featured_media":2789,"parent":0,"template":"","format":"standard","tax-category-lieux":[45],"class_list":["post-2788","lieux","type-lieux","status-publish","format-standard","has-post-thumbnail","hentry","tax-category-lieux-parques"],"acf":{"latitude":"42.829068","longitude":"1.4991393","distance":"","pm_lieu_url":"","pm_lieu_phone":"","adresse":"","pm_lieu_title_short":"","af_camping":null},"_links":{"self":[{"href":"https:\/\/www.vap-camping.fr\/es\/wp-json\/wp\/v2\/lieux\/2788","targetHints":{"allow":["GET"]}}],"collection":[{"href":"https:\/\/www.vap-camping.fr\/es\/wp-json\/wp\/v2\/lieux"}],"about":[{"href":"https:\/\/www.vap-camping.fr\/es\/wp-json\/wp\/v2\/types\/lieux"}],"author":[{"embeddable":true,"href":"https:\/\/www.vap-camping.fr\/es\/wp-json\/wp\/v2\/users\/1"}],"version-history":[{"count":1,"href":"https:\/\/www.vap-camping.fr\/es\/wp-json\/wp\/v2\/lieux\/2788\/revisions"}],"predecessor-version":[{"id":2791,"href":"https:\/\/www.vap-camping.fr\/es\/wp-json\/wp\/v2\/lieux\/2788\/revisions\/2791"}],"wp:featuredmedia":[{"embeddable":true,"href":"https:\/\/www.vap-camping.fr\/es\/wp-json\/wp\/v2\/media\/2789"}],"wp:attachment":[{"href":"https:\/\/www.vap-camping.fr\/es\/wp-json\/wp\/v2\/media?parent=2788"}],"wp:term":[{"taxonomy":"tax-category-lieux","embeddable":true,"href":"https:\/\/www.vap-camping.fr\/es\/wp-json\/wp\/v2\/tax-category-lieux?post=2788"}],"curies":[{"name":"wp","href":"https:\/\/api.w.org\/{rel}","templated":true}]}}

Región de Tarascón

<div class="wp-block-group alignfull is-layout-flow wp-container-core-group-is-layout-12cc3699 wp-block-group-is-layout-flow" style="padding-top:10rem">
<div class="wp-block-group has-global-padding is-layout-constrained wp-container-core-group-is-layout-2931b900 wp-block-group-is-layout-constrained">
<div class="wp-block-columns alignfull are-vertically-aligned-center is-layout-flex wp-container-core-columns-is-layout-0c0b91ec wp-block-columns-is-layout-flex">
<div class="wp-block-column is-vertically-aligned-center leftRight is-layout-flow wp-container-core-column-is-layout-58dbe9e9 wp-block-column-is-layout-flow" style="padding-left:10rem;flex-basis:40%">
<div class="wp-block-group is-style-title-left is-layout-flow wp-block-group-is-layout-flow is-style-title-left--1">
<p class="has-secondary-color has-text-color has-link-color has-secondary-font-family has-xl-font-size wp-elements-fdc8f20610e680602bb8797332be72cd">La región de Tarascón</p>



<p class="has-primary-color has-text-color has-link-color has-primary-font-family has-sm-font-size wp-elements-487246e990b636a7c0d28559950e1f86" style="text-transform:uppercase"><strong>entre montañas, cuevas y pueblos del Ariege</strong></p>
</div>



<h1 class="wp-block-heading text-title">Una región auténtica en la encrucijada de la historia y la naturaleza</h1>



<p class="has-m-font-size" style="padding-left:2rem">Situada entre Foix y las altas cumbres de los Pirineos, la <strong>región de Tarascón</strong> engloba varios pueblos y valles en torno a <strong>Tarascón-sur-Ariège</strong>, puerta de entrada al <strong>Parque Natural Regional de los Pirineos de Ariège</strong>. Es un destino ideal para combinar <strong>senderismo, patrimonio medieval y renombrados yacimientos prehistóricos</strong>. </p>
</div>



<div class="wp-block-column is-vertically-aligned-center rightLeft wp-block-image alignright size-large has-custom-border is-style-travel is-layout-flow wp-block-column-is-layout-flow is-style-travel--2" style="flex-basis:60%">
<figure class="wp-block-image alignright size-large"><img decoding="async" src="https://www.vap-camping.fr/wp-content/themes/vap/assets/img/placeholder.jpg" alt="VAP" class="wp-image-123"/></figure>
</div>
</div>
</div>



<div class="wp-block-group has-global-padding is-layout-constrained wp-block-group-is-layout-constrained">
<div class="wp-block-columns alignfull are-vertically-aligned-center is-layout-flex wp-container-core-columns-is-layout-0c0b91ec wp-block-columns-is-layout-flex">
<div class="wp-block-column is-vertically-aligned-center wp-block-image alignright size-large has-custom-border is-style-simple-left leftRight is-layout-flow wp-block-column-is-layout-flow is-style-simple-left--3" style="flex-basis:60%">
<figure class="wp-block-image alignleft size-large"><img decoding="async" src="https://www.vap-camping.fr/wp-content/themes/vap/assets/img/placeholder.jpg" alt="VAP" class="wp-image-123"/></figure>
</div>



<div class="wp-block-column is-vertically-aligned-center rightLeft is-layout-flow wp-container-core-column-is-layout-58dbe9e9 wp-block-column-is-layout-flow" style="padding-left:10rem;flex-basis:40%">
<div class="wp-block-group is-style-title-left is-layout-flow wp-block-group-is-layout-flow is-style-title-left--4">
<p class="has-secondary-color has-text-color has-link-color has-secondary-font-family has-xl-font-size wp-elements-d5ae6bb5c98ac7a3aa98e1e2632a25a5">Tierra de cuevas</p>



<p class="has-primary-color has-text-color has-link-color has-primary-font-family has-sm-font-size wp-elements-de53e680a0dac30bba10e9f126241dc2" style="text-transform:uppercase"><strong>y leyendas</strong></p>
</div>



<h2 class="wp-block-heading text-title">Niaux, Lombrives, Bédeilhac: prehistoria a tamaño natural</h2>



<p class="has-m-font-size" style="padding-left:2rem">La región es famosa por algunas de las <strong>cuevas decoradas</strong> más notables de Europa: la <strong>cueva de Niaux</strong>, con sus pinturas magdalenienses, la <strong>cueva de Lombrives</strong>, vasta y llena de historia, o <strong>Bédeilhac</strong>, con sus espectaculares volúmenes. El <strong>Parque de la Prehistoria</strong>, en Tarascón, completa esta experiencia de inmersión en familia. </p>
</div>
</div>
</div>



<div class="wp-block-group has-global-padding is-layout-constrained wp-block-group-is-layout-constrained">
<div class="wp-block-columns alignfull are-vertically-aligned-center is-layout-flex wp-container-core-columns-is-layout-0c0b91ec wp-block-columns-is-layout-flex">
<div class="wp-block-column is-vertically-aligned-center leftRight is-layout-flow wp-container-core-column-is-layout-58dbe9e9 wp-block-column-is-layout-flow" style="padding-left:10rem;flex-basis:40%">
<div class="wp-block-group is-style-title-left is-layout-flow wp-block-group-is-layout-flow is-style-title-left--5">
<p class="has-secondary-color has-text-color has-link-color has-secondary-font-family has-xl-font-size wp-elements-5f03bff4a19124635656adb8ceda0fec">Pueblos y castillos</p>



<p class="has-primary-color has-text-color has-link-color has-primary-font-family has-sm-font-size wp-elements-c1a84fe1d3665612a01a080a81429a6f" style="text-transform:uppercase"><strong>y la memoria cátara</strong></p>
</div>



<h2 class="wp-block-heading text-title">Un patrimonio vivo de callejuelas, murallas y ruinas medievales</h2>



<p class="has-m-font-size" style="padding-left:2rem">Además de Tarascón, la región está llena de pueblos pintorescos como <strong>Surba</strong>, <strong>Banat</strong> y <strong>Ornolac-Ussat-les-Bains</strong>, con sus baños termales. Restos cátaros como el <strong>Castillo de Lordat</strong> dominan el valle, y hay muchos senderos señalizados que unen estos lugares a pie. </p>
</div>



<div class="wp-block-column is-vertically-aligned-center rightLeft wp-block-image alignright size-large has-custom-border is-style-travel is-layout-flow wp-block-column-is-layout-flow is-style-travel--6" style="flex-basis:60%">
<figure class="wp-block-image alignright size-large"><img decoding="async" src="https://www.vap-camping.fr/wp-content/themes/vap/assets/img/placeholder.jpg" alt="VAP" class="wp-image-123"/></figure>
</div>
</div>
</div>



<div class="wp-block-group reveal has-global-padding is-layout-constrained wp-block-group-is-layout-constrained">
<div class="wp-block-group alignwide is-style-title-simple is-layout-flow wp-block-group-is-layout-flow is-style-title-simple--7" style="margin-top:4rem;margin-bottom:4rem">
<p class="has-text-align-center has-secondary-color has-text-color has-link-color has-secondary-font-family has-xl-font-size wp-elements-61c3df48646af0da12819b303dfc8ba5">
  Nuestros establecimientos</p>



<p class="has-text-align-center has-primary-font-family has-sm-font-size" style="text-transform:uppercase">
                <strong>cerca de</strong>
            </p>
</div>


<div class="campings-wrapper is-layout-flow wp-block-slider-campings-is-layout-flow">
            <div class="campings-list">
                            <div class="camping-item"
                    style="background-image: linear-gradient(to top, rgba(0, 0, 0, 0.6), transparent), url('https://www.vap-camping.fr/wp-content/uploads/2025/04/camping-avec-piscine-1024x767.jpg');">
                    <a href="https://www.vap-camping.fr/es/campings/camping-du-lac/" title="Camping du lac(Foix)" class="camping-link">
                        <p class="title">Camping du lac(Foix)</p>
                        <p class="camping-button">Descubre</p>
                    </a>
                </div>
                            <div class="camping-item"
                    style="background-image: linear-gradient(to top, rgba(0, 0, 0, 0.6), transparent), url('https://www.vap-camping.fr/wp-content/uploads/2025/07/dji_0589-2-1024x767.jpg');">
                    <a href="https://www.vap-camping.fr/es/campings/camping-la-bastide/" title="Camping la Bastide(Mazères)" class="camping-link">
                        <p class="title">Camping la Bastide(Mazères)</p>
                        <p class="camping-button">Descubre</p>
                    </a>
                </div>
                            <div class="camping-item"
                    style="background-image: linear-gradient(to top, rgba(0, 0, 0, 0.6), transparent), url('https://www.vap-camping.fr/wp-content/uploads/2025/04/dsc03930-1024x500.jpg');">
                    <a href="https://www.vap-camping.fr/es/campings/camping-le-rupe/" title="Camping le Rupé(Toulouse)" class="camping-link">
                        <p class="title">Camping le Rupé(Toulouse)</p>
                        <p class="camping-button">Descubre</p>
                    </a>
                </div>
                            <div class="camping-item"
                    style="background-image: linear-gradient(to top, rgba(0, 0, 0, 0.6), transparent), url('https://www.vap-camping.fr/wp-content/uploads/2025/04/img_5291-1024x768-1.jpg');">
                    <a href="https://www.vap-camping.fr/es/campings/oustalous-complex/" title="Complejo Les Oustalous" class="camping-link">
                        <p class="title">Complejo Les Oustalous</p>
                        <p class="camping-button">Descubre</p>
                    </a>
                </div>
                            <div class="camping-item"
                    style="background-image: linear-gradient(to top, rgba(0, 0, 0, 0.6), transparent), url('https://www.vap-camping.fr/wp-content/uploads/2025/04/4479-1024x461.jpeg');">
                    <a href="https://www.vap-camping.fr/es/campings/camping-le-bourdieu/" title="Camping Le Bourdieu" class="camping-link">
                        <p class="title">Camping Le Bourdieu</p>
                        <p class="camping-button">Descubre</p>
                    </a>
                </div>
                    </div>
    </div>

</div>
</div>

<p>Atraviesa la región de Tarascón en bicicleta de montaña y déjate hechizar por la belleza de los valles, los bosques y los pueblos pintorescos. Esta ruta ofrece vistas espectaculares de las montañas circundantes y recorridos aptos para todos los niveles. </p>
