{"id":2800,"date":"2025-05-09T14:45:21","date_gmt":"2025-05-09T14:45:21","guid":{"rendered":"https:\/\/www.vap-camping.fr\/lieux\/camping-carla-bayle\/"},"modified":"2026-01-30T01:41:47","modified_gmt":"2026-01-30T01:41:47","slug":"camping-carla-bayle","status":"publish","type":"lieux","link":"https:\/\/www.vap-camping.fr\/es\/lieux\/camping-carla-bayle\/","title":{"rendered":"Carla Bayle"},"content":{"rendered":"\n<div class=\"wp-block-group alignfull is-layout-flow wp-container-core-group-is-layout-12cc3699 wp-block-group-is-layout-flow\" style=\"padding-top:10rem\">\n<div class=\"wp-block-group has-global-padding is-layout-constrained wp-container-core-group-is-layout-2931b900 wp-block-group-is-layout-constrained\">\n<div class=\"wp-block-columns alignfull are-vertically-aligned-center is-layout-flex wp-container-core-columns-is-layout-0c0b91ec wp-block-columns-is-layout-flex\">\n<div class=\"wp-block-column is-vertically-aligned-center leftRight is-layout-flow wp-container-core-column-is-layout-58dbe9e9 wp-block-column-is-layout-flow\" style=\"padding-left:10rem;flex-basis:40%\">\n<div class=\"wp-block-group is-style-title-left is-layout-flow wp-block-group-is-layout-flow is-style-title-left--1\">\n<p class=\"has-secondary-color has-text-color has-link-color has-secondary-font-family has-xl-font-size wp-elements-7a401731489eb757f64c1154f3f05897\">Carla-Bayle<\/p>\n\n\n\n<p class=\"has-primary-color has-text-color has-link-color has-primary-font-family has-sm-font-size wp-elements-ccef6840a5df6c221b2566a72594e510\" style=\"text-transform:uppercase\"><strong>pueblo art\u00edstico encaramado con vistas a los Pirineos<\/strong><\/p>\n<\/div>\n\n\n\n<h1 class=\"wp-block-heading text-title\">Historia, galer\u00edas y vistas panor\u00e1micas en uno de los pueblos m\u00e1s bonitos de Ari\u00e8ge<\/h1>\n\n\n\n<p class=\"has-m-font-size\" style=\"padding-left:2rem\">Enclavada en un promontorio que domina el valle de L\u00e8ze, <strong>Carla-Bayle<\/strong> posee un <strong>patrimonio medieval<\/strong>, un <strong>ambiente art\u00edstico<\/strong> y <strong>unas vistas espectaculares de los Pirineos<\/strong>. Clasificado como pueblo con car\u00e1cter, es un destino ideal para pasear, descubrir obras de arte o simplemente disfrutar de la paz y la tranquilidad.<\/p>\n<\/div>\n\n\n\n<div class=\"wp-block-column is-vertically-aligned-center rightLeft wp-block-image alignright size-large has-custom-border is-style-simple-right is-layout-flow wp-block-column-is-layout-flow is-style-simple-right--2\" style=\"flex-basis:60%\">\n<figure class=\"wp-block-image alignright size-large\"><img alt=\"\" decoding=\"async\" width=\"1024\" height=\"683\" src=\"https:\/\/www.vap-camping.fr\/wp-content\/uploads\/2025\/05\/AdobeStock_906786868_Editorial_Use_Only-1024x683.jpeg\" alt=\"\" class=\"wp-image-1221\" srcset=\"https:\/\/www.vap-camping.fr\/wp-content\/uploads\/2025\/05\/AdobeStock_906786868_Editorial_Use_Only-1024x683.jpeg 1024w, https:\/\/www.vap-camping.fr\/wp-content\/uploads\/2025\/05\/AdobeStock_906786868_Editorial_Use_Only-600x400.jpeg 600w, https:\/\/www.vap-camping.fr\/wp-content\/uploads\/2025\/05\/AdobeStock_906786868_Editorial_Use_Only-768x512.jpeg 768w, https:\/\/www.vap-camping.fr\/wp-content\/uploads\/2025\/05\/AdobeStock_906786868_Editorial_Use_Only-1536x1024.jpeg 1536w, https:\/\/www.vap-camping.fr\/wp-content\/uploads\/2025\/05\/AdobeStock_906786868_Editorial_Use_Only-2048x1365.jpeg 2048w\" sizes=\"(max-width: 1024px) 100vw, 1024px\" \/><\/figure>\n<\/div>\n<\/div>\n<\/div>\n\n\n\n<div class=\"wp-block-group has-global-padding is-layout-constrained wp-block-group-is-layout-constrained\">\n<div class=\"wp-block-columns alignfull are-vertically-aligned-center is-layout-flex wp-container-core-columns-is-layout-0c0b91ec wp-block-columns-is-layout-flex\">\n<div class=\"wp-block-column is-vertically-aligned-center wp-block-image alignright size-large has-custom-border is-style-simple-left leftRight is-layout-flow wp-block-column-is-layout-flow is-style-simple-left--3\" style=\"flex-basis:60%\">\n<figure class=\"wp-block-image alignleft size-large\"><img alt=\"\" decoding=\"async\" width=\"1024\" height=\"683\" src=\"https:\/\/www.vap-camping.fr\/wp-content\/uploads\/2025\/05\/AdobeStock_906786913_Editorial_Use_Only-1024x683.jpeg\" alt=\"\" class=\"wp-image-1223\" srcset=\"https:\/\/www.vap-camping.fr\/wp-content\/uploads\/2025\/05\/AdobeStock_906786913_Editorial_Use_Only-1024x683.jpeg 1024w, https:\/\/www.vap-camping.fr\/wp-content\/uploads\/2025\/05\/AdobeStock_906786913_Editorial_Use_Only-600x400.jpeg 600w, https:\/\/www.vap-camping.fr\/wp-content\/uploads\/2025\/05\/AdobeStock_906786913_Editorial_Use_Only-768x512.jpeg 768w, https:\/\/www.vap-camping.fr\/wp-content\/uploads\/2025\/05\/AdobeStock_906786913_Editorial_Use_Only-1536x1024.jpeg 1536w, https:\/\/www.vap-camping.fr\/wp-content\/uploads\/2025\/05\/AdobeStock_906786913_Editorial_Use_Only-2048x1365.jpeg 2048w\" sizes=\"(max-width: 1024px) 100vw, 1024px\" \/><\/figure>\n<\/div>\n\n\n\n<div class=\"wp-block-column is-vertically-aligned-center rightLeft is-layout-flow wp-container-core-column-is-layout-58dbe9e9 wp-block-column-is-layout-flow\" style=\"padding-left:10rem;flex-basis:40%\">\n<div class=\"wp-block-group is-style-title-left is-layout-flow wp-block-group-is-layout-flow is-style-title-left--4\">\n<p class=\"has-secondary-color has-text-color has-link-color has-secondary-font-family has-xl-font-size wp-elements-2f2e74144865bd1d2917ab5cfb881b1e\">Un pueblo de artistas<\/p>\n\n\n\n<p class=\"has-primary-color has-text-color has-link-color has-primary-font-family has-sm-font-size wp-elements-e11f69df6b0b78fc3036c02e8116a85d\" style=\"text-transform:uppercase\"><strong>vivo todo el a\u00f1o<\/strong><\/p>\n<\/div>\n\n\n\n<h2 class=\"wp-block-heading text-title\">Talleres, exposiciones y galer\u00edas en los callejones<\/h2>\n\n\n\n<p class=\"has-m-font-size\" style=\"padding-left:2rem\">Carla-Bayle es ahora un <strong>pueblo de artistas<\/strong>, con una docena de galer\u00edas permanentes y talleres abiertos al p\u00fablico. En verano, el <strong>festival &#8220;\u00c9t\u00e9 de l&#8217;art&#8221;<\/strong> transforma el pueblo en una galer\u00eda al aire libre. Pintura, escultura, cer\u00e1mica y fotograf\u00eda se dan cita en un entorno \u00fanico.<\/p>\n<\/div>\n<\/div>\n<\/div>\n\n\n\n<div class=\"wp-block-group has-global-padding is-layout-constrained wp-block-group-is-layout-constrained\">\n<div class=\"wp-block-columns alignfull are-vertically-aligned-center is-layout-flex wp-container-core-columns-is-layout-0c0b91ec wp-block-columns-is-layout-flex\">\n<div class=\"wp-block-column is-vertically-aligned-center leftRight is-layout-flow wp-container-core-column-is-layout-58dbe9e9 wp-block-column-is-layout-flow\" style=\"padding-left:10rem;flex-basis:40%\">\n<div class=\"wp-block-group is-style-title-left is-layout-flow wp-block-group-is-layout-flow is-style-title-left--5\">\n<p class=\"has-secondary-color has-text-color has-link-color has-secondary-font-family has-xl-font-size wp-elements-37c7b9d3223a6346be2f8682ac4be774\">Un rico patrimonio<\/p>\n\n\n\n<p class=\"has-primary-color has-text-color has-link-color has-primary-font-family has-sm-font-size wp-elements-bcd2fddfac9a5ce08aa237b668f3ada7\" style=\"text-transform:uppercase\"><strong>y comprometida<\/strong><\/p>\n<\/div>\n\n\n\n<h2 class=\"wp-block-heading text-title\">Cuna del fil\u00f3sofo Pierre Bayle, cuna de la libertad de pensamiento<\/h2>\n\n\n\n<p class=\"has-m-font-size\" style=\"padding-left:2rem\">Carla-Bayle fue el lugar de nacimiento de <strong>Pierre Bayle<\/strong>, fil\u00f3sofo protestante del siglo XVII y defensor de la tolerancia religiosa. El <strong>Museo Pierre Bayle<\/strong> recorre su obra y el turbulento pasado del pueblo, marcado por las Guerras de Religi\u00f3n. Las estrechas calles han conservado algunos bellos ejemplos de arquitectura antigua.<\/p>\n<\/div>\n\n\n\n<div class=\"wp-block-column is-vertically-aligned-center rightLeft wp-block-image alignright size-large has-custom-border is-style-travel is-layout-flow wp-block-column-is-layout-flow is-style-travel--6\" style=\"flex-basis:60%\">\n<figure class=\"wp-block-image alignright size-large\"><img alt=\"\" decoding=\"async\" width=\"1024\" height=\"683\" src=\"https:\/\/www.vap-camping.fr\/wp-content\/uploads\/2025\/05\/AdobeStock_906786959-1024x683.jpeg\" alt=\"\" class=\"wp-image-1225\" srcset=\"https:\/\/www.vap-camping.fr\/wp-content\/uploads\/2025\/05\/AdobeStock_906786959-1024x683.jpeg 1024w, https:\/\/www.vap-camping.fr\/wp-content\/uploads\/2025\/05\/AdobeStock_906786959-600x400.jpeg 600w, https:\/\/www.vap-camping.fr\/wp-content\/uploads\/2025\/05\/AdobeStock_906786959-768x512.jpeg 768w, https:\/\/www.vap-camping.fr\/wp-content\/uploads\/2025\/05\/AdobeStock_906786959-1536x1024.jpeg 1536w, https:\/\/www.vap-camping.fr\/wp-content\/uploads\/2025\/05\/AdobeStock_906786959-2048x1365.jpeg 2048w\" sizes=\"(max-width: 1024px) 100vw, 1024px\" \/><\/figure>\n<\/div>\n<\/div>\n<\/div>\n\n\n\n<div class=\"wp-block-group reveal has-global-padding is-layout-constrained wp-block-group-is-layout-constrained\">\n<div class=\"wp-block-group alignwide is-style-title-simple is-layout-flow wp-block-group-is-layout-flow is-style-title-simple--7\" style=\"margin-top:4rem;margin-bottom:4rem\">\n<p class=\"has-text-align-center has-secondary-color has-text-color has-link-color has-secondary-font-family has-xl-font-size wp-elements-61c3df48646af0da12819b303dfc8ba5\">\n  Nuestros establecimientos<\/p>\n\n\n\n<p class=\"has-text-align-center has-primary-font-family has-sm-font-size\" style=\"text-transform:uppercase\">\n                <strong>cerca de<\/strong>\n            <\/p>\n<\/div>\n\n\n<div class=\"campings-wrapper is-layout-flow wp-block-slider-campings-is-layout-flow\">\n            <div class=\"campings-list\">\n                            <div class=\"camping-item\"\n                    style=\"background-image: linear-gradient(to top, rgba(0, 0, 0, 0.6), transparent), url('https:\/\/www.vap-camping.fr\/wp-content\/uploads\/2025\/04\/camping-avec-piscine-1024x767.jpg');\">\n                    <a href=\"https:\/\/www.vap-camping.fr\/es\/campings\/camping-du-lac\/\" title=\"Camping du lac(Foix)\" class=\"camping-link\">\n                        <p class=\"title\">Camping du lac(Foix)<\/p>\n                        <p class=\"camping-button\">Descubre<\/p>\n                    <\/a>\n                <\/div>\n                    <\/div>\n    <\/div>\n\n<\/div>\n<\/div>\n","protected":false},"excerpt":{"rendered":"<p>Carla-Bayle, &#8220;Ciudad de las Artes&#8221;, es un pintoresco pueblo donde se unen el arte y la historia. Est\u00e1 repleto de galer\u00edas, talleres y exposiciones de arte, que ofrecen a los visitantes la oportunidad de sumergirse en la creatividad local. Este encantador lugar es ideal para descubrir el arte en todas sus formas en un entorno buc\u00f3lico.<\/p>\n","protected":false},"author":1,"featured_media":2803,"parent":0,"template":"","format":"standard","tax-category-lieux":[46],"class_list":["post-2800","lieux","type-lieux","status-publish","format-standard","has-post-thumbnail","hentry","tax-category-lieux-ciudades-y-pueblos"],"acf":{"latitude":"43.1595118","longitude":"1.3376265","distance":10,"pm_lieu_url":"","pm_lieu_phone":"","adresse":"","pm_lieu_title_short":"","af_camping":[108]},"_links":{"self":[{"href":"https:\/\/www.vap-camping.fr\/es\/wp-json\/wp\/v2\/lieux\/2800","targetHints":{"allow":["GET"]}}],"collection":[{"href":"https:\/\/www.vap-camping.fr\/es\/wp-json\/wp\/v2\/lieux"}],"about":[{"href":"https:\/\/www.vap-camping.fr\/es\/wp-json\/wp\/v2\/types\/lieux"}],"author":[{"embeddable":true,"href":"https:\/\/www.vap-camping.fr\/es\/wp-json\/wp\/v2\/users\/1"}],"version-history":[{"count":2,"href":"https:\/\/www.vap-camping.fr\/es\/wp-json\/wp\/v2\/lieux\/2800\/revisions"}],"predecessor-version":[{"id":6840,"href":"https:\/\/www.vap-camping.fr\/es\/wp-json\/wp\/v2\/lieux\/2800\/revisions\/6840"}],"acf:post":[{"embeddable":true,"href":"https:\/\/www.vap-camping.fr\/es\/wp-json\/wp\/v2\/campings\/108"}],"wp:featuredmedia":[{"embeddable":true,"href":"https:\/\/www.vap-camping.fr\/es\/wp-json\/wp\/v2\/media\/2803"}],"wp:attachment":[{"href":"https:\/\/www.vap-camping.fr\/es\/wp-json\/wp\/v2\/media?parent=2800"}],"wp:term":[{"taxonomy":"tax-category-lieux","embeddable":true,"href":"https:\/\/www.vap-camping.fr\/es\/wp-json\/wp\/v2\/tax-category-lieux?post=2800"}],"curies":[{"name":"wp","href":"https:\/\/api.w.org\/{rel}","templated":true}]}}

<div class="wp-block-group alignfull is-layout-flow wp-container-core-group-is-layout-12cc3699 wp-block-group-is-layout-flow" style="padding-top:10rem">
<div class="wp-block-group has-global-padding is-layout-constrained wp-container-core-group-is-layout-2931b900 wp-block-group-is-layout-constrained">
<div class="wp-block-columns alignfull are-vertically-aligned-center is-layout-flex wp-container-core-columns-is-layout-0c0b91ec wp-block-columns-is-layout-flex">
<div class="wp-block-column is-vertically-aligned-center leftRight is-layout-flow wp-container-core-column-is-layout-58dbe9e9 wp-block-column-is-layout-flow" style="padding-left:10rem;flex-basis:40%">
<div class="wp-block-group is-style-title-left is-layout-flow wp-block-group-is-layout-flow is-style-title-left--1">
<p class="has-secondary-color has-text-color has-link-color has-secondary-font-family has-xl-font-size wp-elements-7a401731489eb757f64c1154f3f05897">Carla-Bayle</p>



<p class="has-primary-color has-text-color has-link-color has-primary-font-family has-sm-font-size wp-elements-ccef6840a5df6c221b2566a72594e510" style="text-transform:uppercase"><strong>pueblo artístico encaramado con vistas a los Pirineos</strong></p>
</div>



<h1 class="wp-block-heading text-title">Historia, galerías y vistas panorámicas en uno de los pueblos más bonitos de Ariège</h1>



<p class="has-m-font-size" style="padding-left:2rem">Enclavada en un promontorio que domina el valle de Lèze, <strong>Carla-Bayle</strong> posee un <strong>patrimonio medieval</strong>, un <strong>ambiente artístico</strong> y <strong>unas vistas espectaculares de los Pirineos</strong>. Clasificado como pueblo con carácter, es un destino ideal para pasear, descubrir obras de arte o simplemente disfrutar de la paz y la tranquilidad.</p>
</div>



<div class="wp-block-column is-vertically-aligned-center rightLeft wp-block-image alignright size-large has-custom-border is-style-simple-right is-layout-flow wp-block-column-is-layout-flow is-style-simple-right--2" style="flex-basis:60%">
<figure class="wp-block-image alignright size-large"><img alt="" decoding="async" width="1024" height="683" src="https://www.vap-camping.fr/wp-content/uploads/2025/05/AdobeStock_906786868_Editorial_Use_Only-1024x683.jpeg" alt="" class="wp-image-1221" srcset="https://www.vap-camping.fr/wp-content/uploads/2025/05/AdobeStock_906786868_Editorial_Use_Only-1024x683.jpeg 1024w, https://www.vap-camping.fr/wp-content/uploads/2025/05/AdobeStock_906786868_Editorial_Use_Only-600x400.jpeg 600w, https://www.vap-camping.fr/wp-content/uploads/2025/05/AdobeStock_906786868_Editorial_Use_Only-768x512.jpeg 768w, https://www.vap-camping.fr/wp-content/uploads/2025/05/AdobeStock_906786868_Editorial_Use_Only-1536x1024.jpeg 1536w, https://www.vap-camping.fr/wp-content/uploads/2025/05/AdobeStock_906786868_Editorial_Use_Only-2048x1365.jpeg 2048w" sizes="(max-width: 1024px) 100vw, 1024px" /></figure>
</div>
</div>
</div>



<div class="wp-block-group has-global-padding is-layout-constrained wp-block-group-is-layout-constrained">
<div class="wp-block-columns alignfull are-vertically-aligned-center is-layout-flex wp-container-core-columns-is-layout-0c0b91ec wp-block-columns-is-layout-flex">
<div class="wp-block-column is-vertically-aligned-center wp-block-image alignright size-large has-custom-border is-style-simple-left leftRight is-layout-flow wp-block-column-is-layout-flow is-style-simple-left--3" style="flex-basis:60%">
<figure class="wp-block-image alignleft size-large"><img alt="" decoding="async" width="1024" height="683" src="https://www.vap-camping.fr/wp-content/uploads/2025/05/AdobeStock_906786913_Editorial_Use_Only-1024x683.jpeg" alt="" class="wp-image-1223" srcset="https://www.vap-camping.fr/wp-content/uploads/2025/05/AdobeStock_906786913_Editorial_Use_Only-1024x683.jpeg 1024w, https://www.vap-camping.fr/wp-content/uploads/2025/05/AdobeStock_906786913_Editorial_Use_Only-600x400.jpeg 600w, https://www.vap-camping.fr/wp-content/uploads/2025/05/AdobeStock_906786913_Editorial_Use_Only-768x512.jpeg 768w, https://www.vap-camping.fr/wp-content/uploads/2025/05/AdobeStock_906786913_Editorial_Use_Only-1536x1024.jpeg 1536w, https://www.vap-camping.fr/wp-content/uploads/2025/05/AdobeStock_906786913_Editorial_Use_Only-2048x1365.jpeg 2048w" sizes="(max-width: 1024px) 100vw, 1024px" /></figure>
</div>



<div class="wp-block-column is-vertically-aligned-center rightLeft is-layout-flow wp-container-core-column-is-layout-58dbe9e9 wp-block-column-is-layout-flow" style="padding-left:10rem;flex-basis:40%">
<div class="wp-block-group is-style-title-left is-layout-flow wp-block-group-is-layout-flow is-style-title-left--4">
<p class="has-secondary-color has-text-color has-link-color has-secondary-font-family has-xl-font-size wp-elements-2f2e74144865bd1d2917ab5cfb881b1e">Un pueblo de artistas</p>



<p class="has-primary-color has-text-color has-link-color has-primary-font-family has-sm-font-size wp-elements-e11f69df6b0b78fc3036c02e8116a85d" style="text-transform:uppercase"><strong>vivo todo el año</strong></p>
</div>



<h2 class="wp-block-heading text-title">Talleres, exposiciones y galerías en los callejones</h2>



<p class="has-m-font-size" style="padding-left:2rem">Carla-Bayle es ahora un <strong>pueblo de artistas</strong>, con una docena de galerías permanentes y talleres abiertos al público. En verano, el <strong>festival &#8220;Été de l&#8217;art&#8221;</strong> transforma el pueblo en una galería al aire libre. Pintura, escultura, cerámica y fotografía se dan cita en un entorno único.</p>
</div>
</div>
</div>



<div class="wp-block-group has-global-padding is-layout-constrained wp-block-group-is-layout-constrained">
<div class="wp-block-columns alignfull are-vertically-aligned-center is-layout-flex wp-container-core-columns-is-layout-0c0b91ec wp-block-columns-is-layout-flex">
<div class="wp-block-column is-vertically-aligned-center leftRight is-layout-flow wp-container-core-column-is-layout-58dbe9e9 wp-block-column-is-layout-flow" style="padding-left:10rem;flex-basis:40%">
<div class="wp-block-group is-style-title-left is-layout-flow wp-block-group-is-layout-flow is-style-title-left--5">
<p class="has-secondary-color has-text-color has-link-color has-secondary-font-family has-xl-font-size wp-elements-37c7b9d3223a6346be2f8682ac4be774">Un rico patrimonio</p>



<p class="has-primary-color has-text-color has-link-color has-primary-font-family has-sm-font-size wp-elements-bcd2fddfac9a5ce08aa237b668f3ada7" style="text-transform:uppercase"><strong>y comprometida</strong></p>
</div>



<h2 class="wp-block-heading text-title">Cuna del filósofo Pierre Bayle, cuna de la libertad de pensamiento</h2>



<p class="has-m-font-size" style="padding-left:2rem">Carla-Bayle fue el lugar de nacimiento de <strong>Pierre Bayle</strong>, filósofo protestante del siglo XVII y defensor de la tolerancia religiosa. El <strong>Museo Pierre Bayle</strong> recorre su obra y el turbulento pasado del pueblo, marcado por las Guerras de Religión. Las estrechas calles han conservado algunos bellos ejemplos de arquitectura antigua.</p>
</div>



<div class="wp-block-column is-vertically-aligned-center rightLeft wp-block-image alignright size-large has-custom-border is-style-travel is-layout-flow wp-block-column-is-layout-flow is-style-travel--6" style="flex-basis:60%">
<figure class="wp-block-image alignright size-large"><img alt="" decoding="async" width="1024" height="683" src="https://www.vap-camping.fr/wp-content/uploads/2025/05/AdobeStock_906786959-1024x683.jpeg" alt="" class="wp-image-1225" srcset="https://www.vap-camping.fr/wp-content/uploads/2025/05/AdobeStock_906786959-1024x683.jpeg 1024w, https://www.vap-camping.fr/wp-content/uploads/2025/05/AdobeStock_906786959-600x400.jpeg 600w, https://www.vap-camping.fr/wp-content/uploads/2025/05/AdobeStock_906786959-768x512.jpeg 768w, https://www.vap-camping.fr/wp-content/uploads/2025/05/AdobeStock_906786959-1536x1024.jpeg 1536w, https://www.vap-camping.fr/wp-content/uploads/2025/05/AdobeStock_906786959-2048x1365.jpeg 2048w" sizes="(max-width: 1024px) 100vw, 1024px" /></figure>
</div>
</div>
</div>



<div class="wp-block-group reveal has-global-padding is-layout-constrained wp-block-group-is-layout-constrained">
<div class="wp-block-group alignwide is-style-title-simple is-layout-flow wp-block-group-is-layout-flow is-style-title-simple--7" style="margin-top:4rem;margin-bottom:4rem">
<p class="has-text-align-center has-secondary-color has-text-color has-link-color has-secondary-font-family has-xl-font-size wp-elements-61c3df48646af0da12819b303dfc8ba5">
  Nuestros establecimientos</p>



<p class="has-text-align-center has-primary-font-family has-sm-font-size" style="text-transform:uppercase">
                <strong>cerca de</strong>
            </p>
</div>


<div class="campings-wrapper is-layout-flow wp-block-slider-campings-is-layout-flow">
            <div class="campings-list">
                            <div class="camping-item"
                    style="background-image: linear-gradient(to top, rgba(0, 0, 0, 0.6), transparent), url('https://www.vap-camping.fr/wp-content/uploads/2025/04/camping-avec-piscine-1024x767.jpg');">
                    <a href="https://www.vap-camping.fr/es/campings/camping-du-lac/" title="Camping du lac(Foix)" class="camping-link">
                        <p class="title">Camping du lac(Foix)</p>
                        <p class="camping-button">Descubre</p>
                    </a>
                </div>
                    </div>
    </div>

</div>
</div>

<p>Carla-Bayle, &#8220;Ciudad de las Artes&#8221;, es un pintoresco pueblo donde se unen el arte y la historia. Está repleto de galerías, talleres y exposiciones de arte, que ofrecen a los visitantes la oportunidad de sumergirse en la creatividad local. Este encantador lugar es ideal para descubrir el arte en todas sus formas en un entorno bucólico.</p>
