{"id":3841,"date":"2025-08-28T14:27:09","date_gmt":"2025-08-28T14:27:09","guid":{"rendered":"https:\/\/www.vap-camping.fr\/lieux\/velo-depuis-la-bastide\/"},"modified":"2025-10-02T08:14:07","modified_gmt":"2025-10-02T08:14:07","slug":"velo-depuis-la-bastide","status":"publish","type":"lieux","link":"https:\/\/www.vap-camping.fr\/es\/lieux\/velo-depuis-la-bastide\/","title":{"rendered":"En bici desde La Bastide"},"content":{"rendered":"\n<div class=\"wp-block-group alignfull is-layout-flow wp-block-group-is-layout-flow\">\n<div class=\"wp-block-group has-global-padding is-layout-constrained wp-block-group-is-layout-constrained\">\n<div class=\"wp-block-columns alignfull are-vertically-aligned-center m-ti is-layout-flex wp-container-core-columns-is-layout-0c0b91ec wp-block-columns-is-layout-flex\">\n<div class=\"wp-block-column is-vertically-aligned-center m-ti-text is-layout-flow wp-container-core-column-is-layout-58dbe9e9 wp-block-column-is-layout-flow\" style=\"padding-left:10rem;flex-basis:40%\">\n<div class=\"wp-block-group is-style-title-left is-layout-flow wp-block-group-is-layout-flow is-style-title-left--1\">\n<p class=\"has-secondary-color has-text-color has-link-color has-secondary-font-family has-xl-font-size wp-elements-b5257e9da82b10e99d6600fe83a8a55c\"><strong>DE MAZ\u00c8RES A SAVERDUN  <\/strong><\/p>\n\n\n\n<p class=\"has-primary-color has-text-color has-link-color has-primary-font-family has-sm-font-size wp-elements-475b9b52090ccbf626a6b761db4d033b\" style=\"text-transform:uppercase\"><strong><strong>UN PASEO POR LA HISTORIA Y LA NATURALEZA<\/strong><\/strong><\/p>\n<\/div>\n\n\n\n<h1 class=\"wp-block-heading text-title\">\u00a1Un paseo familiar en bici cerca de Toulouse a trav\u00e9s de historias medievales!<\/h1>\n\n\n\n<p class=\"has-m-font-size\" style=\"padding-left:2rem\">Saliendo del camping La Bastide de Maz\u00e8res, comienza tu jornada en bicicleta en la ciudad bastide de Maz\u00e8res, fundada por los condes de Foix. Deja atr\u00e1s sus callejuelas cargadas de historia, su iglesia g\u00f3tica y sus avenidas bordeadas de pl\u00e1tanos antes de adentrarte en la campi\u00f1a del Ari\u00e8ge. <\/p>\n<\/div>\n\n\n\n<div class=\"wp-block-column is-vertically-aligned-center wp-block-image alignright size-large has-custom-border is-style-travel m-ti-image is-layout-flow wp-block-column-is-layout-flow is-style-travel--2\" style=\"flex-basis:60%\">\n<figure class=\"wp-block-image alignright size-large\"><img decoding=\"async\" width=\"1024\" height=\"683\" src=\"https:\/\/www.vap-camping.fr\/wp-content\/uploads\/2025\/08\/activites-nature-ariege-1024x683.webp\" alt=\"Actividades en la naturaleza cerca de nuestros campings en Ari&#xE8;ge.\" class=\"wp-image-3373\" srcset=\"https:\/\/www.vap-camping.fr\/wp-content\/uploads\/2025\/08\/activites-nature-ariege-1024x683.webp 1024w, https:\/\/www.vap-camping.fr\/wp-content\/uploads\/2025\/08\/activites-nature-ariege-600x400.webp 600w, https:\/\/www.vap-camping.fr\/wp-content\/uploads\/2025\/08\/activites-nature-ariege-768x512.webp 768w, https:\/\/www.vap-camping.fr\/wp-content\/uploads\/2025\/08\/activites-nature-ariege-1536x1025.webp 1536w, https:\/\/www.vap-camping.fr\/wp-content\/uploads\/2025\/08\/activites-nature-ariege.webp 1920w\" sizes=\"(max-width: 1024px) 100vw, 1024px\" \/><\/figure>\n<\/div>\n<\/div>\n<\/div>\n\n\n\n<div class=\"wp-block-group has-global-padding is-layout-constrained wp-block-group-is-layout-constrained\">\n<div class=\"wp-block-columns alignfull are-vertically-aligned-center m-ti is-layout-flex wp-container-core-columns-is-layout-0c0b91ec wp-block-columns-is-layout-flex\">\n<div class=\"wp-block-column is-vertically-aligned-center wp-block-image alignright size-large has-custom-border is-style-simple-left m-ti-image is-layout-flow wp-block-column-is-layout-flow is-style-simple-left--3\" style=\"flex-basis:60%\">\n<figure class=\"wp-block-image alignleft size-full\"><img alt=\"\" decoding=\"async\" width=\"934\" height=\"523\" src=\"https:\/\/www.vap-camping.fr\/wp-content\/uploads\/2025\/08\/img_4728.jpeg\" alt=\"\" class=\"wp-image-3532\" srcset=\"https:\/\/www.vap-camping.fr\/wp-content\/uploads\/2025\/08\/img_4728.jpeg 934w, https:\/\/www.vap-camping.fr\/wp-content\/uploads\/2025\/08\/img_4728-600x336.jpeg 600w, https:\/\/www.vap-camping.fr\/wp-content\/uploads\/2025\/08\/img_4728-768x430.jpeg 768w\" sizes=\"(max-width: 934px) 100vw, 934px\" \/><\/figure>\n<\/div>\n\n\n\n<div class=\"wp-block-column is-vertically-aligned-center m-ti-text is-layout-flow wp-container-core-column-is-layout-58dbe9e9 wp-block-column-is-layout-flow\" style=\"padding-left:10rem;flex-basis:40%\">\n<div class=\"wp-block-group is-style-title-left is-layout-flow wp-block-group-is-layout-flow is-style-title-left--4\">\n<p class=\"has-secondary-color has-text-color has-link-color has-secondary-font-family has-xl-font-size wp-elements-4deedff2b9bee60a165affb7bf912c0b\">UN ITINERARIO  <\/p>\n\n\n\n<p class=\"has-primary-color has-text-color has-link-color has-primary-font-family has-sm-font-size wp-elements-f0986d6bd910ea3d7fe45f9e9ebfcbd3\" style=\"text-transform:uppercase\"><strong><strong>PATRIMONIO Y PINTORESCO  <\/strong><\/strong><\/p>\n<\/div>\n\n\n\n<h1 class=\"wp-block-heading text-title\">\u00a1Una excursi\u00f3n de un d\u00eda por los pueblecitos y castillos del Ari\u00e8ge!<\/h1>\n\n\n\n<p class=\"has-m-font-size\" style=\"padding-left:2rem\">Por el camino, pasar\u00e1s por Montaut, un encantador pueblo medieval situado en lo alto de una colina, con una iglesia del siglo XV y vistas panor\u00e1micas desde el mont\u00edculo del castillo. La ruta tambi\u00e9n revela castillos, palomares y paisajes aut\u00e9nticos. <br\/><\/p>\n<\/div>\n<\/div>\n<\/div>\n\n\n\n<div class=\"wp-block-group has-global-padding is-layout-constrained wp-block-group-is-layout-constrained\">\n<div class=\"wp-block-columns alignfull are-vertically-aligned-center m-ti is-layout-flex wp-container-core-columns-is-layout-0c0b91ec wp-block-columns-is-layout-flex\">\n<div class=\"wp-block-column is-vertically-aligned-center m-ti-text is-layout-flow wp-container-core-column-is-layout-58dbe9e9 wp-block-column-is-layout-flow\" style=\"padding-left:10rem;flex-basis:40%\">\n<div class=\"wp-block-group is-style-title-left is-layout-flow wp-block-group-is-layout-flow is-style-title-left--5\">\n<p class=\"has-secondary-color has-text-color has-link-color has-secondary-font-family has-xl-font-size wp-elements-b74ca9b2ed3a4fb11bcf1bcdf4af52b4\">Volver en bici<\/p>\n\n\n\n<p class=\"has-primary-color has-text-color has-link-color has-primary-font-family has-sm-font-size wp-elements-299a9e3514cb71f771ffabbf5aa7c501\" style=\"text-transform:uppercase\"><strong><strong>  en el camping La Bastide<\/strong><\/strong><\/p>\n<\/div>\n\n\n\n<h1 class=\"wp-block-heading text-title\">\u00a1Comodidad y una c\u00e1lida bienvenida tras un duro d\u00eda de trabajo en el camping de la ribera!<\/h1>\n\n\n\n<p>Antes de llegar a Saverdun, echa un vistazo al Domaine des Oiseaux, un notable espacio natural dedicado a la observaci\u00f3n de aves. Termina tu bucle en el coraz\u00f3n de la bastida, disfrutando de su ambiente acogedor.   <\/p>\n\n\n\n<p>Despu\u00e9s de esta maravillosa excursi\u00f3n, el camping La Bastide y su equipo te dan la bienvenida a un entorno verde y relajante. Puedes relajarte junto al r\u00edo o aprovechar las instalaciones del camping. El personal estar\u00e1 encantado de aconsejarte sobre otras rutas ciclistas o actividades locales, para que puedas prolongar tu estancia en Ari\u00e8ge con toda tranquilidad.  <br\/><br\/><\/p>\n<\/div>\n\n\n\n<div class=\"wp-block-column is-vertically-aligned-center wp-block-image alignright size-large has-custom-border is-style-travel m-ti-image is-layout-flow wp-block-column-is-layout-flow is-style-travel--6\" style=\"flex-basis:60%\">\n<figure class=\"wp-block-image alignright size-large\"><img alt=\"camping la bastide\" decoding=\"async\" width=\"1024\" height=\"767\" src=\"https:\/\/www.vap-camping.fr\/wp-content\/uploads\/2025\/07\/dji_0589-2-1024x767.jpg\" alt=\"\" class=\"wp-image-2276\" srcset=\"https:\/\/www.vap-camping.fr\/wp-content\/uploads\/2025\/07\/dji_0589-2-1024x767.jpg 1024w, https:\/\/www.vap-camping.fr\/wp-content\/uploads\/2025\/07\/dji_0589-2-600x450.jpg 600w, https:\/\/www.vap-camping.fr\/wp-content\/uploads\/2025\/07\/dji_0589-2-768x575.jpg 768w, https:\/\/www.vap-camping.fr\/wp-content\/uploads\/2025\/07\/dji_0589-2-1536x1151.jpg 1536w, https:\/\/www.vap-camping.fr\/wp-content\/uploads\/2025\/07\/dji_0589-2-2048x1534.jpg 2048w\" sizes=\"(max-width: 1024px) 100vw, 1024px\" \/><\/figure>\n<\/div>\n<\/div>\n<\/div>\n\n\n\n<div class=\"wp-block-group has-global-padding is-layout-constrained wp-block-group-is-layout-constrained\">\n<div class=\"wp-block-group alignwide is-style-title-simple is-layout-flow wp-block-group-is-layout-flow is-style-title-simple--7\" style=\"margin-top:4rem;margin-bottom:4rem\">\n<p class=\"has-text-align-center has-secondary-color has-text-color has-link-color has-secondary-font-family has-xl-font-size wp-elements-e48e16d9035d0de8ebb2a9a8c81849fc\">Nuestros establecimientos<\/p>\n\n\n\n<p class=\"has-text-align-center has-primary-font-family has-sm-font-size\" style=\"text-transform:uppercase\"><strong>cerca de<\/strong><\/p>\n<\/div>\n\n\n<div class=\"campings-wrapper is-layout-flow wp-block-slider-campings-is-layout-flow\">\n            <div class=\"campings-list\">\n                            <div class=\"camping-item\"\n                    style=\"background-image: linear-gradient(to top, rgba(0, 0, 0, 0.6), transparent), url('https:\/\/www.vap-camping.fr\/wp-content\/uploads\/2025\/07\/dji_0589-2-1024x767.jpg');\">\n                    <a href=\"https:\/\/www.vap-camping.fr\/es\/campings\/camping-la-bastide\/\" title=\"Camping la Bastide(Maz\u00e8res)\" class=\"camping-link\">\n                        <p class=\"title\">Camping la Bastide(Maz\u00e8res)<\/p>\n                        <p class=\"camping-button\">Descubre<\/p>\n                    <\/a>\n                <\/div>\n                    <\/div>\n    <\/div>\n\n<\/div>\n\n\n\n<div class=\"wp-block-group has-global-padding is-content-justification-center is-layout-constrained wp-container-core-group-is-layout-9bd213a8 wp-block-group-is-layout-constrained\">\n<div class=\"wp-block-group alignwide is-style-title-simple is-layout-flow wp-block-group-is-layout-flow is-style-title-simple--8\" style=\"margin-top:4rem;margin-bottom:4rem\">\n<p class=\"has-text-align-center has-secondary-color has-text-color has-link-color has-secondary-font-family has-xl-font-size wp-elements-87ab8c64159a7ae314e79452b03dc551\">Occitania  <\/p>\n\n\n\n<p class=\"has-text-align-center has-primary-font-family has-sm-font-size\" style=\"text-transform:uppercase\"><strong>sin coches<\/strong><\/p>\n<\/div>\n\n\n\n<h2 class=\"wp-block-heading\">\u00a1Descubre Occitanie y Ari\u00e8ge en bicicleta con nuestros czampings de 3 o 4 estrellas y nuestra casa rural!<\/h2>\n\n\n\n<p class=\"has-text-align-left\" style=\"padding-left:2rem\">Los campings VAP son perfectos para los aficionados al ciclismo. Puertos pirenaicos desde l&#8217;Oustalous, paseos llanos en Maz\u00e8res, o escapadas urbanas desde Toulouse: cada sitio ofrece un terreno \u00fanico. Tanto si eres un cicloturista como un deportista experimentado, disfrutar\u00e1s de rutas adaptadas a tus necesidades, paisajes magn\u00edficos y servicios dise\u00f1ados pensando en los ciclistas. S\u00fabete a la bici y descubre el suroeste de una forma totalmente nueva, combinando naturaleza, patrimonio y actividades al aire libre.   <br\/><br\/><\/p>\n<\/div>\n<\/div>\n","protected":false},"excerpt":{"rendered":"<p>Puertos pirenaicos desde l&#8217;Oustalous, paseos por la llanura de Maz\u00e8res, o escapadas urbanas desde Toulouse<\/p>\n","protected":false},"author":1,"featured_media":3535,"parent":0,"template":"","format":"standard","tax-category-lieux":[49],"class_list":["post-3841","lieux","type-lieux","status-publish","format-standard","has-post-thumbnail","hentry","tax-category-lieux-actividades"],"acf":{"latitude":"43.235254","longitude":"1.575411","distance":0,"pm_lieu_url":"","pm_lieu_phone":"","adresse":"","pm_lieu_title_short":"","af_camping":[101]},"_links":{"self":[{"href":"https:\/\/www.vap-camping.fr\/es\/wp-json\/wp\/v2\/lieux\/3841","targetHints":{"allow":["GET"]}}],"collection":[{"href":"https:\/\/www.vap-camping.fr\/es\/wp-json\/wp\/v2\/lieux"}],"about":[{"href":"https:\/\/www.vap-camping.fr\/es\/wp-json\/wp\/v2\/types\/lieux"}],"author":[{"embeddable":true,"href":"https:\/\/www.vap-camping.fr\/es\/wp-json\/wp\/v2\/users\/1"}],"version-history":[{"count":1,"href":"https:\/\/www.vap-camping.fr\/es\/wp-json\/wp\/v2\/lieux\/3841\/revisions"}],"predecessor-version":[{"id":3843,"href":"https:\/\/www.vap-camping.fr\/es\/wp-json\/wp\/v2\/lieux\/3841\/revisions\/3843"}],"acf:post":[{"embeddable":true,"href":"https:\/\/www.vap-camping.fr\/es\/wp-json\/wp\/v2\/campings\/101"}],"wp:featuredmedia":[{"embeddable":true,"href":"https:\/\/www.vap-camping.fr\/es\/wp-json\/wp\/v2\/media\/3535"}],"wp:attachment":[{"href":"https:\/\/www.vap-camping.fr\/es\/wp-json\/wp\/v2\/media?parent=3841"}],"wp:term":[{"taxonomy":"tax-category-lieux","embeddable":true,"href":"https:\/\/www.vap-camping.fr\/es\/wp-json\/wp\/v2\/tax-category-lieux?post=3841"}],"curies":[{"name":"wp","href":"https:\/\/api.w.org\/{rel}","templated":true}]}}

<div class="wp-block-group alignfull is-layout-flow wp-block-group-is-layout-flow">
<div class="wp-block-group has-global-padding is-layout-constrained wp-block-group-is-layout-constrained">
<div class="wp-block-columns alignfull are-vertically-aligned-center m-ti is-layout-flex wp-container-core-columns-is-layout-0c0b91ec wp-block-columns-is-layout-flex">
<div class="wp-block-column is-vertically-aligned-center m-ti-text is-layout-flow wp-container-core-column-is-layout-58dbe9e9 wp-block-column-is-layout-flow" style="padding-left:10rem;flex-basis:40%">
<div class="wp-block-group is-style-title-left is-layout-flow wp-block-group-is-layout-flow is-style-title-left--1">
<p class="has-secondary-color has-text-color has-link-color has-secondary-font-family has-xl-font-size wp-elements-b5257e9da82b10e99d6600fe83a8a55c"><strong>DE MAZÈRES A SAVERDUN  </strong></p>



<p class="has-primary-color has-text-color has-link-color has-primary-font-family has-sm-font-size wp-elements-475b9b52090ccbf626a6b761db4d033b" style="text-transform:uppercase"><strong><strong>UN PASEO POR LA HISTORIA Y LA NATURALEZA</strong></strong></p>
</div>



<h1 class="wp-block-heading text-title">¡Un paseo familiar en bici cerca de Toulouse a través de historias medievales!</h1>



<p class="has-m-font-size" style="padding-left:2rem">Saliendo del camping La Bastide de Mazères, comienza tu jornada en bicicleta en la ciudad bastide de Mazères, fundada por los condes de Foix. Deja atrás sus callejuelas cargadas de historia, su iglesia gótica y sus avenidas bordeadas de plátanos antes de adentrarte en la campiña del Ariège. </p>
</div>



<div class="wp-block-column is-vertically-aligned-center wp-block-image alignright size-large has-custom-border is-style-travel m-ti-image is-layout-flow wp-block-column-is-layout-flow is-style-travel--2" style="flex-basis:60%">
<figure class="wp-block-image alignright size-large"><img decoding="async" width="1024" height="683" src="https://www.vap-camping.fr/wp-content/uploads/2025/08/activites-nature-ariege-1024x683.webp" alt="Actividades en la naturaleza cerca de nuestros campings en Ari&#xE8;ge." class="wp-image-3373" srcset="https://www.vap-camping.fr/wp-content/uploads/2025/08/activites-nature-ariege-1024x683.webp 1024w, https://www.vap-camping.fr/wp-content/uploads/2025/08/activites-nature-ariege-600x400.webp 600w, https://www.vap-camping.fr/wp-content/uploads/2025/08/activites-nature-ariege-768x512.webp 768w, https://www.vap-camping.fr/wp-content/uploads/2025/08/activites-nature-ariege-1536x1025.webp 1536w, https://www.vap-camping.fr/wp-content/uploads/2025/08/activites-nature-ariege.webp 1920w" sizes="(max-width: 1024px) 100vw, 1024px" /></figure>
</div>
</div>
</div>



<div class="wp-block-group has-global-padding is-layout-constrained wp-block-group-is-layout-constrained">
<div class="wp-block-columns alignfull are-vertically-aligned-center m-ti is-layout-flex wp-container-core-columns-is-layout-0c0b91ec wp-block-columns-is-layout-flex">
<div class="wp-block-column is-vertically-aligned-center wp-block-image alignright size-large has-custom-border is-style-simple-left m-ti-image is-layout-flow wp-block-column-is-layout-flow is-style-simple-left--3" style="flex-basis:60%">
<figure class="wp-block-image alignleft size-full"><img alt="" decoding="async" width="934" height="523" src="https://www.vap-camping.fr/wp-content/uploads/2025/08/img_4728.jpeg" alt="" class="wp-image-3532" srcset="https://www.vap-camping.fr/wp-content/uploads/2025/08/img_4728.jpeg 934w, https://www.vap-camping.fr/wp-content/uploads/2025/08/img_4728-600x336.jpeg 600w, https://www.vap-camping.fr/wp-content/uploads/2025/08/img_4728-768x430.jpeg 768w" sizes="(max-width: 934px) 100vw, 934px" /></figure>
</div>



<div class="wp-block-column is-vertically-aligned-center m-ti-text is-layout-flow wp-container-core-column-is-layout-58dbe9e9 wp-block-column-is-layout-flow" style="padding-left:10rem;flex-basis:40%">
<div class="wp-block-group is-style-title-left is-layout-flow wp-block-group-is-layout-flow is-style-title-left--4">
<p class="has-secondary-color has-text-color has-link-color has-secondary-font-family has-xl-font-size wp-elements-4deedff2b9bee60a165affb7bf912c0b">UN ITINERARIO  </p>



<p class="has-primary-color has-text-color has-link-color has-primary-font-family has-sm-font-size wp-elements-f0986d6bd910ea3d7fe45f9e9ebfcbd3" style="text-transform:uppercase"><strong><strong>PATRIMONIO Y PINTORESCO  </strong></strong></p>
</div>



<h1 class="wp-block-heading text-title">¡Una excursión de un día por los pueblecitos y castillos del Ariège!</h1>



<p class="has-m-font-size" style="padding-left:2rem">Por el camino, pasarás por Montaut, un encantador pueblo medieval situado en lo alto de una colina, con una iglesia del siglo XV y vistas panorámicas desde el montículo del castillo. La ruta también revela castillos, palomares y paisajes auténticos. <br/></p>
</div>
</div>
</div>



<div class="wp-block-group has-global-padding is-layout-constrained wp-block-group-is-layout-constrained">
<div class="wp-block-columns alignfull are-vertically-aligned-center m-ti is-layout-flex wp-container-core-columns-is-layout-0c0b91ec wp-block-columns-is-layout-flex">
<div class="wp-block-column is-vertically-aligned-center m-ti-text is-layout-flow wp-container-core-column-is-layout-58dbe9e9 wp-block-column-is-layout-flow" style="padding-left:10rem;flex-basis:40%">
<div class="wp-block-group is-style-title-left is-layout-flow wp-block-group-is-layout-flow is-style-title-left--5">
<p class="has-secondary-color has-text-color has-link-color has-secondary-font-family has-xl-font-size wp-elements-b74ca9b2ed3a4fb11bcf1bcdf4af52b4">Volver en bici</p>



<p class="has-primary-color has-text-color has-link-color has-primary-font-family has-sm-font-size wp-elements-299a9e3514cb71f771ffabbf5aa7c501" style="text-transform:uppercase"><strong><strong>  en el camping La Bastide</strong></strong></p>
</div>



<h1 class="wp-block-heading text-title">¡Comodidad y una cálida bienvenida tras un duro día de trabajo en el camping de la ribera!</h1>



<p>Antes de llegar a Saverdun, echa un vistazo al Domaine des Oiseaux, un notable espacio natural dedicado a la observación de aves. Termina tu bucle en el corazón de la bastida, disfrutando de su ambiente acogedor.   </p>



<p>Después de esta maravillosa excursión, el camping La Bastide y su equipo te dan la bienvenida a un entorno verde y relajante. Puedes relajarte junto al río o aprovechar las instalaciones del camping. El personal estará encantado de aconsejarte sobre otras rutas ciclistas o actividades locales, para que puedas prolongar tu estancia en Ariège con toda tranquilidad.  <br/><br/></p>
</div>



<div class="wp-block-column is-vertically-aligned-center wp-block-image alignright size-large has-custom-border is-style-travel m-ti-image is-layout-flow wp-block-column-is-layout-flow is-style-travel--6" style="flex-basis:60%">
<figure class="wp-block-image alignright size-large"><img alt="camping la bastide" decoding="async" width="1024" height="767" src="https://www.vap-camping.fr/wp-content/uploads/2025/07/dji_0589-2-1024x767.jpg" alt="" class="wp-image-2276" srcset="https://www.vap-camping.fr/wp-content/uploads/2025/07/dji_0589-2-1024x767.jpg 1024w, https://www.vap-camping.fr/wp-content/uploads/2025/07/dji_0589-2-600x450.jpg 600w, https://www.vap-camping.fr/wp-content/uploads/2025/07/dji_0589-2-768x575.jpg 768w, https://www.vap-camping.fr/wp-content/uploads/2025/07/dji_0589-2-1536x1151.jpg 1536w, https://www.vap-camping.fr/wp-content/uploads/2025/07/dji_0589-2-2048x1534.jpg 2048w" sizes="(max-width: 1024px) 100vw, 1024px" /></figure>
</div>
</div>
</div>



<div class="wp-block-group has-global-padding is-layout-constrained wp-block-group-is-layout-constrained">
<div class="wp-block-group alignwide is-style-title-simple is-layout-flow wp-block-group-is-layout-flow is-style-title-simple--7" style="margin-top:4rem;margin-bottom:4rem">
<p class="has-text-align-center has-secondary-color has-text-color has-link-color has-secondary-font-family has-xl-font-size wp-elements-e48e16d9035d0de8ebb2a9a8c81849fc">Nuestros establecimientos</p>



<p class="has-text-align-center has-primary-font-family has-sm-font-size" style="text-transform:uppercase"><strong>cerca de</strong></p>
</div>


<div class="campings-wrapper is-layout-flow wp-block-slider-campings-is-layout-flow">
            <div class="campings-list">
                            <div class="camping-item"
                    style="background-image: linear-gradient(to top, rgba(0, 0, 0, 0.6), transparent), url('https://www.vap-camping.fr/wp-content/uploads/2025/07/dji_0589-2-1024x767.jpg');">
                    <a href="https://www.vap-camping.fr/es/campings/camping-la-bastide/" title="Camping la Bastide(Mazères)" class="camping-link">
                        <p class="title">Camping la Bastide(Mazères)</p>
                        <p class="camping-button">Descubre</p>
                    </a>
                </div>
                    </div>
    </div>

</div>



<div class="wp-block-group has-global-padding is-content-justification-center is-layout-constrained wp-container-core-group-is-layout-9bd213a8 wp-block-group-is-layout-constrained">
<div class="wp-block-group alignwide is-style-title-simple is-layout-flow wp-block-group-is-layout-flow is-style-title-simple--8" style="margin-top:4rem;margin-bottom:4rem">
<p class="has-text-align-center has-secondary-color has-text-color has-link-color has-secondary-font-family has-xl-font-size wp-elements-87ab8c64159a7ae314e79452b03dc551">Occitania  </p>



<p class="has-text-align-center has-primary-font-family has-sm-font-size" style="text-transform:uppercase"><strong>sin coches</strong></p>
</div>



<h2 class="wp-block-heading">¡Descubre Occitanie y Ariège en bicicleta con nuestros czampings de 3 o 4 estrellas y nuestra casa rural!</h2>



<p class="has-text-align-left" style="padding-left:2rem">Los campings VAP son perfectos para los aficionados al ciclismo. Puertos pirenaicos desde l&#8217;Oustalous, paseos llanos en Mazères, o escapadas urbanas desde Toulouse: cada sitio ofrece un terreno único. Tanto si eres un cicloturista como un deportista experimentado, disfrutarás de rutas adaptadas a tus necesidades, paisajes magníficos y servicios diseñados pensando en los ciclistas. Súbete a la bici y descubre el suroeste de una forma totalmente nueva, combinando naturaleza, patrimonio y actividades al aire libre.   <br/><br/></p>
</div>
</div>

<p>Puertos pirenaicos desde l&#8217;Oustalous, paseos por la llanura de Mazères, o escapadas urbanas desde Toulouse</p>
