{"id":3844,"date":"2025-11-27T20:33:15","date_gmt":"2025-11-27T20:33:15","guid":{"rendered":"https:\/\/www.vap-camping.fr\/?post_type=lieux&#038;p=3844"},"modified":"2025-11-27T20:33:16","modified_gmt":"2025-11-27T20:33:16","slug":"bourdieu-en-bicicleta","status":"publish","type":"lieux","link":"https:\/\/www.vap-camping.fr\/es\/lieux\/bourdieu-en-bicicleta\/","title":{"rendered":"Bourdieu en bicicleta"},"content":{"rendered":"\n<div class=\"wp-block-group alignfull is-layout-flow wp-block-group-is-layout-flow\">\n<div class=\"wp-block-group has-global-padding is-layout-constrained wp-block-group-is-layout-constrained\">\n<div class=\"wp-block-columns alignfull are-vertically-aligned-center m-ti is-layout-flex wp-container-core-columns-is-layout-0c0b91ec wp-block-columns-is-layout-flex\">\n<div class=\"wp-block-column is-vertically-aligned-center m-ti-text is-layout-flow wp-container-core-column-is-layout-58dbe9e9 wp-block-column-is-layout-flow\" style=\"padding-left:10rem;flex-basis:40%\">\n<div class=\"wp-block-group is-style-title-left is-layout-flow wp-block-group-is-layout-flow is-style-title-left--1\">\n<p class=\"has-secondary-color has-text-color has-link-color has-secondary-font-family has-xl-font-size wp-elements-e1438a70e81766a13b48c72d61b2a8e8\">Camon<\/p>\n\n\n\n<p class=\"has-primary-color has-text-color has-link-color has-primary-font-family has-sm-font-size wp-elements-29dd440b47e365d5c57da237fa177052\" style=\"text-transform:uppercase\"><strong><strong>La ruta ciclista Durfort &#8211; Camon<\/strong><\/strong><\/p>\n<\/div>\n\n\n\n<h1 class=\"wp-block-heading text-title\"><strong>Un paseo campestre en el coraz\u00f3n del Pays d&#8217;Olmes<\/strong><\/h1>\n\n\n\n<p class=\"has-m-font-size\" style=\"padding-left:2rem\">Desde el camping Le Bourdieu, en Durfort, haz un tranquilo bucle ciclista de Durfort a Camon. Esta ruta de 20 km te lleva a trav\u00e9s de tierras de labranza, pueblos t\u00edpicos y bosques tranquilos. Accesible para todos, ofrece un delicado equilibrio entre naturaleza y patrimonio local, perfecto para una excursi\u00f3n familiar o un suave descubrimiento del Ari\u00e8ge.  <\/p>\n<\/div>\n\n\n\n<div class=\"wp-block-column is-vertically-aligned-center wp-block-image alignright size-large has-custom-border is-style-travel m-ti-image is-layout-flow wp-block-column-is-layout-flow is-style-travel--2\" style=\"flex-basis:60%\">\n<figure class=\"wp-block-image alignright size-large\"><img decoding=\"async\" src=\"https:\/\/www.vap-camping.fr\/wp-content\/themes\/vap\/assets\/img\/placeholder.jpg\" alt=\"VAP\" class=\"wp-image-123\"\/><\/figure>\n<\/div>\n<\/div>\n<\/div>\n\n\n\n<div class=\"wp-block-group has-global-padding is-layout-constrained wp-block-group-is-layout-constrained\">\n<div class=\"wp-block-columns alignfull are-vertically-aligned-center m-ti is-layout-flex wp-container-core-columns-is-layout-0c0b91ec wp-block-columns-is-layout-flex\">\n<div class=\"wp-block-column is-vertically-aligned-center wp-block-image alignright size-large has-custom-border is-style-simple-left m-ti-image is-layout-flow wp-block-column-is-layout-flow is-style-simple-left--3\" style=\"flex-basis:60%\">\n<figure class=\"wp-block-image alignleft size-large\"><img decoding=\"async\" src=\"https:\/\/www.vap-camping.fr\/wp-content\/themes\/vap\/assets\/img\/placeholder.jpg\" alt=\"VAP\" class=\"wp-image-123\"\/><\/figure>\n<\/div>\n\n\n\n<div class=\"wp-block-column is-vertically-aligned-center m-ti-text is-layout-flow wp-container-core-column-is-layout-58dbe9e9 wp-block-column-is-layout-flow\" style=\"padding-left:10rem;flex-basis:40%\">\n<div class=\"wp-block-group is-style-title-left is-layout-flow wp-block-group-is-layout-flow is-style-title-left--4\">\n<p class=\"has-secondary-color has-text-color has-link-color has-secondary-font-family has-xl-font-size wp-elements-5cf887acba952a60c8bc1cb63152d7e0\"><strong>Una joya catalogada<\/strong><\/p>\n\n\n\n<p class=\"has-primary-color has-text-color has-link-color has-primary-font-family has-sm-font-size wp-elements-e57e62d50452661978f9163e2b9d9c68\" style=\"text-transform:uppercase\"><strong>no te lo pierdas<\/strong><\/p>\n<\/div>\n\n\n\n<h1 class=\"wp-block-heading text-title\"><strong>Descubrir el pueblo medieval de Camon<\/strong><\/h1>\n\n\n\n<p class=\"has-m-font-size\" style=\"padding-left:2rem\">De camino, haz una parada en Camon, uno de los pueblos m\u00e1s bonitos de Francia. Sus pintorescas callejuelas, su iglesia rom\u00e1nica y sus casas antiguas te sumergir\u00e1n en la historia del Ari\u00e8ge. El pueblo tambi\u00e9n ofrece mercados de agricultores y de artesanos locales, una gran oportunidad para probar los sabores de la regi\u00f3n antes de volver a subirte a la bici.  <\/p>\n<\/div>\n<\/div>\n<\/div>\n\n\n\n<div class=\"wp-block-group has-global-padding is-layout-constrained wp-block-group-is-layout-constrained\">\n<div class=\"wp-block-columns alignfull are-vertically-aligned-center m-ti is-layout-flex wp-container-core-columns-is-layout-0c0b91ec wp-block-columns-is-layout-flex\">\n<div class=\"wp-block-column is-vertically-aligned-center m-ti-text is-layout-flow wp-container-core-column-is-layout-58dbe9e9 wp-block-column-is-layout-flow\" style=\"padding-left:10rem;flex-basis:40%\">\n<div class=\"wp-block-group is-style-title-left is-layout-flow wp-block-group-is-layout-flow is-style-title-left--5\">\n<p class=\"has-secondary-color has-text-color has-link-color has-secondary-font-family has-xl-font-size wp-elements-ee27da50676d4d87795bfdf5379ce304\"><strong>Confort y relajaci\u00f3n<\/strong><\/p>\n\n\n\n<p class=\"has-primary-color has-text-color has-link-color has-primary-font-family has-sm-font-size wp-elements-ccf1a443a28f99330a5d380f664b4624\" style=\"text-transform:uppercase\"><strong>despu\u00e9s del ejercicio<\/strong><\/p>\n<\/div>\n\n\n\n<h1 class=\"wp-block-heading text-title\"><strong>Un regreso tranquilo al camping Le Bourdieu<\/strong><\/h1>\n\n\n\n<p class=\"has-m-font-size\" style=\"padding-left:2rem\">Tras tu paseo en bici, vuelve a la tranquilidad del camping Le Bourdieu, enclavado en plena naturaleza. Aprovecha los espacios verdes, las relajantes instalaciones y los consejos personalizados para tu pr\u00f3xima salida. Tanto si eres principiante como un ciclista entusiasta, el camping es una base ideal desde la que explorar el Ari\u00e8ge de una forma diferente.  <br\/><br\/>.<\/p>\n<\/div>\n\n\n\n<div class=\"wp-block-column is-vertically-aligned-center wp-block-image alignright size-large has-custom-border is-style-travel m-ti-image is-layout-flow wp-block-column-is-layout-flow is-style-travel--6\" style=\"flex-basis:60%\">\n<figure class=\"wp-block-image alignright size-large\"><img decoding=\"async\" src=\"https:\/\/www.vap-camping.fr\/wp-content\/themes\/vap\/assets\/img\/placeholder.jpg\" alt=\"VAP\" class=\"wp-image-123\"\/><\/figure>\n<\/div>\n<\/div>\n<\/div>\n\n\n\n<div class=\"wp-block-group has-global-padding is-layout-constrained wp-block-group-is-layout-constrained\">\n<div class=\"wp-block-group alignwide is-style-title-simple is-layout-flow wp-block-group-is-layout-flow is-style-title-simple--7\" style=\"margin-top:4rem;margin-bottom:4rem\">\n<p class=\"has-text-align-center has-secondary-color has-text-color has-link-color has-secondary-font-family has-xl-font-size wp-elements-e48e16d9035d0de8ebb2a9a8c81849fc\">Nuestros establecimientos<\/p>\n\n\n\n<p class=\"has-text-align-center has-primary-font-family has-sm-font-size\" style=\"text-transform:uppercase\"><strong>cerca de<\/strong><\/p>\n<\/div>\n\n\n<div class=\"campings-wrapper is-layout-flow wp-block-slider-campings-is-layout-flow\">\n            <div class=\"campings-list\">\n                            <div class=\"camping-item\"\n                    style=\"background-image: linear-gradient(to top, rgba(0, 0, 0, 0.6), transparent), url('https:\/\/www.vap-camping.fr\/wp-content\/uploads\/2025\/04\/4479-1024x461.jpeg');\">\n                    <a href=\"https:\/\/www.vap-camping.fr\/es\/campings\/camping-le-bourdieu\/\" title=\"Camping Le Bourdieu\" class=\"camping-link\">\n                        <p class=\"title\">Camping Le Bourdieu<\/p>\n                        <p class=\"camping-button\">Descubre<\/p>\n                    <\/a>\n                <\/div>\n                    <\/div>\n    <\/div>\n\n<\/div>\n\n\n\n<div class=\"wp-block-group has-global-padding is-layout-constrained wp-container-core-group-is-layout-1cfdb9ee wp-block-group-is-layout-constrained\">\n<div class=\"wp-block-group alignwide is-style-title-simple is-layout-flow wp-block-group-is-layout-flow is-style-title-simple--8\" style=\"margin-top:4rem;margin-bottom:4rem\">\n<p class=\"has-text-align-center has-secondary-color has-text-color has-link-color has-secondary-font-family has-xl-font-size wp-elements-982c3106a5e7e0c7aabb16a4d61dd5bb\">Occitania<\/p>\n\n\n\n<p class=\"has-text-align-center has-primary-font-family has-sm-font-size\" style=\"text-transform:uppercase\"><strong>en bici<\/strong><\/p>\n<\/div>\n\n\n\n<h1 class=\"wp-block-heading text-title\"><strong>Explora una variedad de itinerarios desde nuestros campings<\/strong><\/h1>\n\n\n\n<p class=\"has-text-align-left\" style=\"padding-left:2rem\">Los campings VAP son perfectos para los aficionados al ciclismo. Puertos pirenaicos desde l&#8217;Oustalous, paseos llanos en Maz\u00e8res, o escapadas urbanas desde Toulouse: cada sitio ofrece un terreno \u00fanico. Tanto si eres un cicloturista como un deportista experimentado, disfrutar\u00e1s de rutas adaptadas a tus necesidades, paisajes magn\u00edficos y servicios dise\u00f1ados pensando en los ciclistas. S\u00fabete a la bici y descubre el suroeste de una forma totalmente nueva, combinando naturaleza, patrimonio y actividades al aire libre.   <\/p>\n<\/div>\n<\/div>\n","protected":false},"excerpt":{"rendered":"<p>Camon La ruta ciclista Durfort &#8211; Camon Un paseo campestre en el coraz\u00f3n del Pays d&#8217;Olmes Desde el camping Le Bourdieu, en Durfort, haz un tranquilo bucle ciclista de Durfort a Camon. Esta ruta de 20 km te lleva a trav\u00e9s de tierras de labranza, pueblos t\u00edpicos y bosques tranquilos. Accesible para todos, ofrece un [&hellip;]<\/p>\n","protected":false},"author":1,"featured_media":4354,"parent":0,"template":"","format":"standard","tax-category-lieux":[],"class_list":["post-3844","lieux","type-lieux","status-publish","format-standard","has-post-thumbnail","hentry"],"acf":{"latitude":"43.021666","longitude":" 1.966468","distance":63,"pm_lieu_url":"","pm_lieu_phone":"","adresse":"","pm_lieu_title_short":"","af_camping":[108]},"_links":{"self":[{"href":"https:\/\/www.vap-camping.fr\/es\/wp-json\/wp\/v2\/lieux\/3844","targetHints":{"allow":["GET"]}}],"collection":[{"href":"https:\/\/www.vap-camping.fr\/es\/wp-json\/wp\/v2\/lieux"}],"about":[{"href":"https:\/\/www.vap-camping.fr\/es\/wp-json\/wp\/v2\/types\/lieux"}],"author":[{"embeddable":true,"href":"https:\/\/www.vap-camping.fr\/es\/wp-json\/wp\/v2\/users\/1"}],"version-history":[{"count":1,"href":"https:\/\/www.vap-camping.fr\/es\/wp-json\/wp\/v2\/lieux\/3844\/revisions"}],"predecessor-version":[{"id":3845,"href":"https:\/\/www.vap-camping.fr\/es\/wp-json\/wp\/v2\/lieux\/3844\/revisions\/3845"}],"acf:post":[{"embeddable":true,"href":"https:\/\/www.vap-camping.fr\/es\/wp-json\/wp\/v2\/campings\/108"}],"wp:featuredmedia":[{"embeddable":true,"href":"https:\/\/www.vap-camping.fr\/es\/wp-json\/wp\/v2\/media\/4354"}],"wp:attachment":[{"href":"https:\/\/www.vap-camping.fr\/es\/wp-json\/wp\/v2\/media?parent=3844"}],"wp:term":[{"taxonomy":"tax-category-lieux","embeddable":true,"href":"https:\/\/www.vap-camping.fr\/es\/wp-json\/wp\/v2\/tax-category-lieux?post=3844"}],"curies":[{"name":"wp","href":"https:\/\/api.w.org\/{rel}","templated":true}]}}

<div class="wp-block-group alignfull is-layout-flow wp-block-group-is-layout-flow">
<div class="wp-block-group has-global-padding is-layout-constrained wp-block-group-is-layout-constrained">
<div class="wp-block-columns alignfull are-vertically-aligned-center m-ti is-layout-flex wp-container-core-columns-is-layout-0c0b91ec wp-block-columns-is-layout-flex">
<div class="wp-block-column is-vertically-aligned-center m-ti-text is-layout-flow wp-container-core-column-is-layout-58dbe9e9 wp-block-column-is-layout-flow" style="padding-left:10rem;flex-basis:40%">
<div class="wp-block-group is-style-title-left is-layout-flow wp-block-group-is-layout-flow is-style-title-left--1">
<p class="has-secondary-color has-text-color has-link-color has-secondary-font-family has-xl-font-size wp-elements-e1438a70e81766a13b48c72d61b2a8e8">Camon</p>



<p class="has-primary-color has-text-color has-link-color has-primary-font-family has-sm-font-size wp-elements-29dd440b47e365d5c57da237fa177052" style="text-transform:uppercase"><strong><strong>La ruta ciclista Durfort &#8211; Camon</strong></strong></p>
</div>



<h1 class="wp-block-heading text-title"><strong>Un paseo campestre en el corazón del Pays d&#8217;Olmes</strong></h1>



<p class="has-m-font-size" style="padding-left:2rem">Desde el camping Le Bourdieu, en Durfort, haz un tranquilo bucle ciclista de Durfort a Camon. Esta ruta de 20 km te lleva a través de tierras de labranza, pueblos típicos y bosques tranquilos. Accesible para todos, ofrece un delicado equilibrio entre naturaleza y patrimonio local, perfecto para una excursión familiar o un suave descubrimiento del Ariège.  </p>
</div>



<div class="wp-block-column is-vertically-aligned-center wp-block-image alignright size-large has-custom-border is-style-travel m-ti-image is-layout-flow wp-block-column-is-layout-flow is-style-travel--2" style="flex-basis:60%">
<figure class="wp-block-image alignright size-large"><img decoding="async" src="https://www.vap-camping.fr/wp-content/themes/vap/assets/img/placeholder.jpg" alt="VAP" class="wp-image-123"/></figure>
</div>
</div>
</div>



<div class="wp-block-group has-global-padding is-layout-constrained wp-block-group-is-layout-constrained">
<div class="wp-block-columns alignfull are-vertically-aligned-center m-ti is-layout-flex wp-container-core-columns-is-layout-0c0b91ec wp-block-columns-is-layout-flex">
<div class="wp-block-column is-vertically-aligned-center wp-block-image alignright size-large has-custom-border is-style-simple-left m-ti-image is-layout-flow wp-block-column-is-layout-flow is-style-simple-left--3" style="flex-basis:60%">
<figure class="wp-block-image alignleft size-large"><img decoding="async" src="https://www.vap-camping.fr/wp-content/themes/vap/assets/img/placeholder.jpg" alt="VAP" class="wp-image-123"/></figure>
</div>



<div class="wp-block-column is-vertically-aligned-center m-ti-text is-layout-flow wp-container-core-column-is-layout-58dbe9e9 wp-block-column-is-layout-flow" style="padding-left:10rem;flex-basis:40%">
<div class="wp-block-group is-style-title-left is-layout-flow wp-block-group-is-layout-flow is-style-title-left--4">
<p class="has-secondary-color has-text-color has-link-color has-secondary-font-family has-xl-font-size wp-elements-5cf887acba952a60c8bc1cb63152d7e0"><strong>Una joya catalogada</strong></p>



<p class="has-primary-color has-text-color has-link-color has-primary-font-family has-sm-font-size wp-elements-e57e62d50452661978f9163e2b9d9c68" style="text-transform:uppercase"><strong>no te lo pierdas</strong></p>
</div>



<h1 class="wp-block-heading text-title"><strong>Descubrir el pueblo medieval de Camon</strong></h1>



<p class="has-m-font-size" style="padding-left:2rem">De camino, haz una parada en Camon, uno de los pueblos más bonitos de Francia. Sus pintorescas callejuelas, su iglesia románica y sus casas antiguas te sumergirán en la historia del Ariège. El pueblo también ofrece mercados de agricultores y de artesanos locales, una gran oportunidad para probar los sabores de la región antes de volver a subirte a la bici.  </p>
</div>
</div>
</div>



<div class="wp-block-group has-global-padding is-layout-constrained wp-block-group-is-layout-constrained">
<div class="wp-block-columns alignfull are-vertically-aligned-center m-ti is-layout-flex wp-container-core-columns-is-layout-0c0b91ec wp-block-columns-is-layout-flex">
<div class="wp-block-column is-vertically-aligned-center m-ti-text is-layout-flow wp-container-core-column-is-layout-58dbe9e9 wp-block-column-is-layout-flow" style="padding-left:10rem;flex-basis:40%">
<div class="wp-block-group is-style-title-left is-layout-flow wp-block-group-is-layout-flow is-style-title-left--5">
<p class="has-secondary-color has-text-color has-link-color has-secondary-font-family has-xl-font-size wp-elements-ee27da50676d4d87795bfdf5379ce304"><strong>Confort y relajación</strong></p>



<p class="has-primary-color has-text-color has-link-color has-primary-font-family has-sm-font-size wp-elements-ccf1a443a28f99330a5d380f664b4624" style="text-transform:uppercase"><strong>después del ejercicio</strong></p>
</div>



<h1 class="wp-block-heading text-title"><strong>Un regreso tranquilo al camping Le Bourdieu</strong></h1>



<p class="has-m-font-size" style="padding-left:2rem">Tras tu paseo en bici, vuelve a la tranquilidad del camping Le Bourdieu, enclavado en plena naturaleza. Aprovecha los espacios verdes, las relajantes instalaciones y los consejos personalizados para tu próxima salida. Tanto si eres principiante como un ciclista entusiasta, el camping es una base ideal desde la que explorar el Ariège de una forma diferente.  <br/><br/>.</p>
</div>



<div class="wp-block-column is-vertically-aligned-center wp-block-image alignright size-large has-custom-border is-style-travel m-ti-image is-layout-flow wp-block-column-is-layout-flow is-style-travel--6" style="flex-basis:60%">
<figure class="wp-block-image alignright size-large"><img decoding="async" src="https://www.vap-camping.fr/wp-content/themes/vap/assets/img/placeholder.jpg" alt="VAP" class="wp-image-123"/></figure>
</div>
</div>
</div>



<div class="wp-block-group has-global-padding is-layout-constrained wp-block-group-is-layout-constrained">
<div class="wp-block-group alignwide is-style-title-simple is-layout-flow wp-block-group-is-layout-flow is-style-title-simple--7" style="margin-top:4rem;margin-bottom:4rem">
<p class="has-text-align-center has-secondary-color has-text-color has-link-color has-secondary-font-family has-xl-font-size wp-elements-e48e16d9035d0de8ebb2a9a8c81849fc">Nuestros establecimientos</p>



<p class="has-text-align-center has-primary-font-family has-sm-font-size" style="text-transform:uppercase"><strong>cerca de</strong></p>
</div>


<div class="campings-wrapper is-layout-flow wp-block-slider-campings-is-layout-flow">
            <div class="campings-list">
                            <div class="camping-item"
                    style="background-image: linear-gradient(to top, rgba(0, 0, 0, 0.6), transparent), url('https://www.vap-camping.fr/wp-content/uploads/2025/04/4479-1024x461.jpeg');">
                    <a href="https://www.vap-camping.fr/es/campings/camping-le-bourdieu/" title="Camping Le Bourdieu" class="camping-link">
                        <p class="title">Camping Le Bourdieu</p>
                        <p class="camping-button">Descubre</p>
                    </a>
                </div>
                    </div>
    </div>

</div>



<div class="wp-block-group has-global-padding is-layout-constrained wp-container-core-group-is-layout-1cfdb9ee wp-block-group-is-layout-constrained">
<div class="wp-block-group alignwide is-style-title-simple is-layout-flow wp-block-group-is-layout-flow is-style-title-simple--8" style="margin-top:4rem;margin-bottom:4rem">
<p class="has-text-align-center has-secondary-color has-text-color has-link-color has-secondary-font-family has-xl-font-size wp-elements-982c3106a5e7e0c7aabb16a4d61dd5bb">Occitania</p>



<p class="has-text-align-center has-primary-font-family has-sm-font-size" style="text-transform:uppercase"><strong>en bici</strong></p>
</div>



<h1 class="wp-block-heading text-title"><strong>Explora una variedad de itinerarios desde nuestros campings</strong></h1>



<p class="has-text-align-left" style="padding-left:2rem">Los campings VAP son perfectos para los aficionados al ciclismo. Puertos pirenaicos desde l&#8217;Oustalous, paseos llanos en Mazères, o escapadas urbanas desde Toulouse: cada sitio ofrece un terreno único. Tanto si eres un cicloturista como un deportista experimentado, disfrutarás de rutas adaptadas a tus necesidades, paisajes magníficos y servicios diseñados pensando en los ciclistas. Súbete a la bici y descubre el suroeste de una forma totalmente nueva, combinando naturaleza, patrimonio y actividades al aire libre.   </p>
</div>
</div>

<p>Camon La ruta ciclista Durfort &#8211; Camon Un paseo campestre en el corazón del Pays d&#8217;Olmes Desde el camping Le Bourdieu, en Durfort, haz un tranquilo bucle ciclista de Durfort a Camon. Esta ruta de 20 km te lleva a través de tierras de labranza, pueblos típicos y bosques tranquilos. Accesible para todos, ofrece un [&hellip;]</p>
