{"id":3870,"date":"2025-09-17T14:45:17","date_gmt":"2025-09-17T14:45:17","guid":{"rendered":"https:\/\/www.vap-camping.fr\/lieux\/saute-elastique-depuis-la-grotte-du-mas-dazil\/"},"modified":"2025-10-02T08:14:19","modified_gmt":"2025-10-02T08:14:19","slug":"saute-elastique-depuis-la-grotte-du-mas-dazil","status":"publish","type":"lieux","link":"https:\/\/www.vap-camping.fr\/es\/lieux\/saute-elastique-depuis-la-grotte-du-mas-dazil\/","title":{"rendered":"Puenting desde la cueva del Mas d&#8217;Azil"},"content":{"rendered":"\n<div class=\"wp-block-group alignfull is-layout-flow wp-container-core-group-is-layout-8af317cd wp-block-group-is-layout-flow\">\n<div class=\"wp-block-group fromTop has-global-padding is-layout-constrained wp-block-group-is-layout-constrained\" style=\"margin-top:15rem\">\n<div class=\"wp-block-columns alignfull are-vertically-aligned-center is-layout-flex wp-container-core-columns-is-layout-0c0b91ec wp-block-columns-is-layout-flex\">\n<div class=\"wp-block-column is-vertically-aligned-center is-layout-flow wp-container-core-column-is-layout-58dbe9e9 wp-block-column-is-layout-flow\" style=\"padding-left:10rem;flex-basis:40%\">\n<div class=\"wp-block-group is-style-title-left is-layout-flow wp-block-group-is-layout-flow is-style-title-left--1\">\n<p class=\"has-secondary-color has-text-color has-link-color has-secondary-font-family has-xl-font-size wp-elements-086514fb9c95cc2637cdf3a3a84e5add\">Mas d&#8217;Azil<\/p>\n\n\n\n<p class=\"has-primary-color has-text-color has-link-color has-primary-font-family has-sm-font-size wp-elements-30b6fd18d371a691d322e56518ae29aa\" style=\"text-transform:uppercase\"><strong>cueva y museo<\/strong><\/p>\n<\/div>\n\n\n\n<h1 class=\"wp-block-heading text-title\">Explora la Gruta del Mas d&#8217;Azil, un espectacular paraje natural marcado por la prehistoria, \u00a1donde r\u00edo, carretera e historia se encuentran en el coraz\u00f3n del Ari\u00e8ge!<\/h1>\n\n\n\n<p class=\"has-m-font-size\" style=\"padding-left:2rem\">La Gruta del Mas d&#8217;Azil es una impresionante maravilla geol\u00f3gica, atravesada tanto por el r\u00edo Arize como por una carretera. Este vasto t\u00fanel natural, esculpido por el agua y el tiempo, ofrece un marco espectacular y una atm\u00f3sfera misteriosa que fascina por igual a visitantes y exploradores. Este lugar excepcional ha estado ocupado desde la prehistoria y dio su nombre a la cultura aziliense. Al explorar la cueva, descubrir\u00e1s restos arqueol\u00f3gicos, pinturas rupestres y artefactos que dan testimonio de la vida de los primeros habitantes. El Museo de Prehistoria completa la visita con fascinantes colecciones.    <\/p>\n<\/div>\n\n\n\n<div class=\"wp-block-column is-vertically-aligned-center wp-block-image alignright size-large has-custom-border is-style-travel is-layout-flow wp-block-column-is-layout-flow is-style-travel--2\" style=\"flex-basis:60%\">\n<figure class=\"wp-block-image alignright size-full is-resized\"><img alt=\"\" decoding=\"async\" width=\"550\" height=\"385\" src=\"https:\/\/www.vap-camping.fr\/wp-content\/uploads\/2025\/04\/grotte_ariege-1.jpg\" alt=\"\" class=\"wp-image-649\" style=\"aspect-ratio:1.5;object-fit:cover;width:693px;height:auto\"\/><\/figure>\n<\/div>\n<\/div>\n<\/div>\n\n\n\n<div class=\"wp-block-group fromTop has-global-padding is-layout-constrained wp-block-group-is-layout-constrained\">\n<div class=\"wp-block-columns alignfull are-vertically-aligned-center is-layout-flex wp-container-core-columns-is-layout-0c0b91ec wp-block-columns-is-layout-flex\">\n<div class=\"wp-block-column is-vertically-aligned-center wp-block-image alignright size-large has-custom-border is-style-simple-left is-layout-flow wp-block-column-is-layout-flow is-style-simple-left--3\" style=\"flex-basis:60%\">\n<figure class=\"wp-block-image alignleft size-large\"><img alt=\"\" decoding=\"async\" width=\"1024\" height=\"683\" src=\"https:\/\/www.vap-camping.fr\/wp-content\/uploads\/2025\/04\/bisons-grotte-niaux-1024x683.jpeg\" alt=\"\" class=\"wp-image-641\" style=\"aspect-ratio:3\/2;object-fit:cover\" srcset=\"https:\/\/www.vap-camping.fr\/wp-content\/uploads\/2025\/04\/bisons-grotte-niaux-1024x683.jpeg 1024w, https:\/\/www.vap-camping.fr\/wp-content\/uploads\/2025\/04\/bisons-grotte-niaux-600x400.jpeg 600w, https:\/\/www.vap-camping.fr\/wp-content\/uploads\/2025\/04\/bisons-grotte-niaux-768x512.jpeg 768w, https:\/\/www.vap-camping.fr\/wp-content\/uploads\/2025\/04\/bisons-grotte-niaux.jpeg 1080w\" sizes=\"(max-width: 1024px) 100vw, 1024px\" \/><\/figure>\n<\/div>\n\n\n\n<div class=\"wp-block-column is-vertically-aligned-center is-layout-flow wp-container-core-column-is-layout-58dbe9e9 wp-block-column-is-layout-flow\" style=\"padding-left:10rem;flex-basis:40%\">\n<div class=\"wp-block-group is-style-title-left is-layout-flow wp-block-group-is-layout-flow is-style-title-left--4\">\n<p class=\"has-secondary-color has-text-color has-link-color has-secondary-font-family has-xl-font-size wp-elements-624b90c93d8eea09c2993ab6f57d0372\">Recorrido divertido<\/p>\n\n\n\n<p class=\"has-primary-color has-text-color has-link-color has-primary-font-family has-sm-font-size wp-elements-08c0a03858fcdc22dca62742fc1f97c8\" style=\"text-transform:uppercase\"><strong>&amp; interactivo para peque\u00f1os y mayores<\/strong><\/p>\n<\/div>\n\n\n\n<h2 class=\"wp-block-heading text-title\">\u00a1Vive una aventura prehist\u00f3rica con toda la familia en la Gruta del Mas d&#8217;Azil gracias a un recorrido interactivo e inmersivo!<\/h2>\n\n\n\n<p class=\"has-m-font-size\" style=\"padding-left:2rem\">Antes de explorar la majestuosa Grotte du Mas d&#8217;Azil, sum\u00e9rgete en su divertido centro de interpretaci\u00f3n digital. Modelos interactivos, facs\u00edmiles y animaciones inmersivas ayudan a los visitantes a comprender la formaci\u00f3n geol\u00f3gica de la cueva, la fauna prehist\u00f3rica y el arte de los primeros hombres. Los ni\u00f1os se maravillar\u00e1n con la reconstrucci\u00f3n de una galer\u00eda ornamentada, mientras que los m\u00e1s curiosos descubrir\u00e1n la fascinante historia del yacimiento, desde los cazadores de la Edad de Piedra hasta el asedio de Richelieu. \u00a1Es una experiencia cautivadora que pone la prehistoria al alcance de toda la familia!   <\/p>\n<\/div>\n<\/div>\n<\/div>\n\n\n\n<div class=\"wp-block-group fromTop has-global-padding is-layout-constrained wp-block-group-is-layout-constrained\">\n<div class=\"wp-block-columns alignfull are-vertically-aligned-center is-layout-flex wp-container-core-columns-is-layout-0c0b91ec wp-block-columns-is-layout-flex\">\n<div class=\"wp-block-column is-vertically-aligned-center is-layout-flow wp-container-core-column-is-layout-58dbe9e9 wp-block-column-is-layout-flow\" style=\"padding-left:10rem;flex-basis:40%\">\n<div class=\"wp-block-group is-style-title-left is-layout-flow wp-block-group-is-layout-flow is-style-title-left--5\">\n<p class=\"has-secondary-color has-text-color has-link-color has-secondary-font-family has-xl-font-size wp-elements-4dee57fd3b6ab8d6f4c25a33d35cecad\">Salta y suelta<\/p>\n\n\n\n<p class=\"has-primary-color has-text-color has-link-color has-primary-font-family has-sm-font-size wp-elements-75875b0580d36c0e8b9e28fef6c8376d\" style=\"text-transform:uppercase\"><strong>de la cueva natural<\/strong><\/p>\n<\/div>\n\n\n\n<h2 class=\"wp-block-heading text-title\">\u00bfHas imaginado hacer puenting desde una cueva prehist\u00f3rica para sentir la m\u00e1xima emoci\u00f3n?<\/h2>\n\n\n\n<p class=\"has-m-font-size\" style=\"padding-left:2rem\">El Salto El\u00e1stico en Mas d&#8217;Azil te ofrece una experiencia \u00fanica: hacer puenting desde un puente de 70 metros sobre un espectacular entorno natural. Entre el cielo y la tierra, experimenta una descarga de adrenalina inolvidable y supera tus l\u00edmites con total seguridad. Tanto si te gustan las emociones fuertes como si buscas un reto personal, el puenting es una aventura impresionante que har\u00e1 que tu estancia en Ari\u00e8ge sea memorable.  <\/p>\n<\/div>\n\n\n\n<div class=\"wp-block-column is-vertically-aligned-center wp-block-image alignright size-large has-custom-border is-style-travel is-layout-flow wp-block-column-is-layout-flow is-style-travel--6\" style=\"flex-basis:60%\">\n<figure class=\"wp-block-image alignright size-large\"><img alt=\"\" decoding=\"async\" width=\"1024\" height=\"512\" src=\"https:\/\/www.vap-camping.fr\/wp-content\/uploads\/2025\/04\/saute_elastique_ariege-1024x512.jpg\" alt=\"\" class=\"wp-image-652\" style=\"aspect-ratio:3\/2;object-fit:cover\" srcset=\"https:\/\/www.vap-camping.fr\/wp-content\/uploads\/2025\/04\/saute_elastique_ariege-1024x512.jpg 1024w, https:\/\/www.vap-camping.fr\/wp-content\/uploads\/2025\/04\/saute_elastique_ariege-600x300.jpg 600w, https:\/\/www.vap-camping.fr\/wp-content\/uploads\/2025\/04\/saute_elastique_ariege-768x384.jpg 768w, https:\/\/www.vap-camping.fr\/wp-content\/uploads\/2025\/04\/saute_elastique_ariege-1536x768.jpg 1536w, https:\/\/www.vap-camping.fr\/wp-content\/uploads\/2025\/04\/saute_elastique_ariege.jpg 1920w\" sizes=\"(max-width: 1024px) 100vw, 1024px\" \/><\/figure>\n<\/div>\n<\/div>\n<\/div>\n\n\n\n<div class=\"wp-block-group reveal has-global-padding is-layout-constrained wp-block-group-is-layout-constrained\">\n<div class=\"wp-block-group alignwide is-style-title-simple is-layout-flow wp-block-group-is-layout-flow is-style-title-simple--7\" style=\"margin-top:4rem;margin-bottom:4rem\">\n<p class=\"has-text-align-center has-secondary-color has-text-color has-link-color has-secondary-font-family has-xl-font-size wp-elements-e48e16d9035d0de8ebb2a9a8c81849fc\">Nuestros establecimientos<\/p>\n\n\n\n<p class=\"has-text-align-center has-primary-font-family has-sm-font-size\" style=\"text-transform:uppercase\"><strong>cerca de<\/strong><\/p>\n<\/div>\n\n\n<div class=\"campings-wrapper is-layout-flow wp-block-slider-campings-is-layout-flow\">\n            <div class=\"campings-list\">\n                            <div class=\"camping-item\"\n                    style=\"background-image: linear-gradient(to top, rgba(0, 0, 0, 0.6), transparent), url('https:\/\/www.vap-camping.fr\/wp-content\/uploads\/2025\/07\/dji_0589-2-1024x767.jpg');\">\n                    <a href=\"https:\/\/www.vap-camping.fr\/es\/campings\/camping-la-bastide\/\" title=\"Camping la Bastide(Maz\u00e8res)\" class=\"camping-link\">\n                        <p class=\"title\">Camping la Bastide(Maz\u00e8res)<\/p>\n                        <p class=\"camping-button\">Descubre<\/p>\n                    <\/a>\n                <\/div>\n                            <div class=\"camping-item\"\n                    style=\"background-image: linear-gradient(to top, rgba(0, 0, 0, 0.6), transparent), url('https:\/\/www.vap-camping.fr\/wp-content\/uploads\/2025\/04\/4479-1024x461.jpeg');\">\n                    <a href=\"https:\/\/www.vap-camping.fr\/es\/campings\/camping-le-bourdieu\/\" title=\"Camping Le Bourdieu\" class=\"camping-link\">\n                        <p class=\"title\">Camping Le Bourdieu<\/p>\n                        <p class=\"camping-button\">Descubre<\/p>\n                    <\/a>\n                <\/div>\n                    <\/div>\n    <\/div>\n\n<\/div>\n<\/div>\n","protected":false},"excerpt":{"rendered":"<p>Explora la Gruta del Mas d&#8217;Azil, un espectacular paraje natural marcado por la prehistoria, \u00a1donde r\u00edo, carretera e historia se encuentran en el coraz\u00f3n del Ari\u00e8ge!<\/p>\n","protected":false},"author":1,"featured_media":3653,"parent":0,"template":"","format":"standard","tax-category-lieux":[49],"class_list":["post-3870","lieux","type-lieux","status-publish","format-standard","has-post-thumbnail","hentry","tax-category-lieux-actividades"],"acf":{"latitude":"43.06927140763965","longitude":"1.3546978618205618","distance":"","pm_lieu_url":"","pm_lieu_phone":"","adresse":"","pm_lieu_title_short":"","af_camping":[108,101]},"_links":{"self":[{"href":"https:\/\/www.vap-camping.fr\/es\/wp-json\/wp\/v2\/lieux\/3870","targetHints":{"allow":["GET"]}}],"collection":[{"href":"https:\/\/www.vap-camping.fr\/es\/wp-json\/wp\/v2\/lieux"}],"about":[{"href":"https:\/\/www.vap-camping.fr\/es\/wp-json\/wp\/v2\/types\/lieux"}],"author":[{"embeddable":true,"href":"https:\/\/www.vap-camping.fr\/es\/wp-json\/wp\/v2\/users\/1"}],"version-history":[{"count":1,"href":"https:\/\/www.vap-camping.fr\/es\/wp-json\/wp\/v2\/lieux\/3870\/revisions"}],"predecessor-version":[{"id":3877,"href":"https:\/\/www.vap-camping.fr\/es\/wp-json\/wp\/v2\/lieux\/3870\/revisions\/3877"}],"acf:post":[{"embeddable":true,"href":"https:\/\/www.vap-camping.fr\/es\/wp-json\/wp\/v2\/campings\/101"},{"embeddable":true,"href":"https:\/\/www.vap-camping.fr\/es\/wp-json\/wp\/v2\/campings\/108"}],"wp:featuredmedia":[{"embeddable":true,"href":"https:\/\/www.vap-camping.fr\/es\/wp-json\/wp\/v2\/media\/3653"}],"wp:attachment":[{"href":"https:\/\/www.vap-camping.fr\/es\/wp-json\/wp\/v2\/media?parent=3870"}],"wp:term":[{"taxonomy":"tax-category-lieux","embeddable":true,"href":"https:\/\/www.vap-camping.fr\/es\/wp-json\/wp\/v2\/tax-category-lieux?post=3870"}],"curies":[{"name":"wp","href":"https:\/\/api.w.org\/{rel}","templated":true}]}}

<div class="wp-block-group alignfull is-layout-flow wp-container-core-group-is-layout-8af317cd wp-block-group-is-layout-flow">
<div class="wp-block-group fromTop has-global-padding is-layout-constrained wp-block-group-is-layout-constrained" style="margin-top:15rem">
<div class="wp-block-columns alignfull are-vertically-aligned-center is-layout-flex wp-container-core-columns-is-layout-0c0b91ec wp-block-columns-is-layout-flex">
<div class="wp-block-column is-vertically-aligned-center is-layout-flow wp-container-core-column-is-layout-58dbe9e9 wp-block-column-is-layout-flow" style="padding-left:10rem;flex-basis:40%">
<div class="wp-block-group is-style-title-left is-layout-flow wp-block-group-is-layout-flow is-style-title-left--1">
<p class="has-secondary-color has-text-color has-link-color has-secondary-font-family has-xl-font-size wp-elements-086514fb9c95cc2637cdf3a3a84e5add">Mas d&#8217;Azil</p>



<p class="has-primary-color has-text-color has-link-color has-primary-font-family has-sm-font-size wp-elements-30b6fd18d371a691d322e56518ae29aa" style="text-transform:uppercase"><strong>cueva y museo</strong></p>
</div>



<h1 class="wp-block-heading text-title">Explora la Gruta del Mas d&#8217;Azil, un espectacular paraje natural marcado por la prehistoria, ¡donde río, carretera e historia se encuentran en el corazón del Ariège!</h1>



<p class="has-m-font-size" style="padding-left:2rem">La Gruta del Mas d&#8217;Azil es una impresionante maravilla geológica, atravesada tanto por el río Arize como por una carretera. Este vasto túnel natural, esculpido por el agua y el tiempo, ofrece un marco espectacular y una atmósfera misteriosa que fascina por igual a visitantes y exploradores. Este lugar excepcional ha estado ocupado desde la prehistoria y dio su nombre a la cultura aziliense. Al explorar la cueva, descubrirás restos arqueológicos, pinturas rupestres y artefactos que dan testimonio de la vida de los primeros habitantes. El Museo de Prehistoria completa la visita con fascinantes colecciones.    </p>
</div>



<div class="wp-block-column is-vertically-aligned-center wp-block-image alignright size-large has-custom-border is-style-travel is-layout-flow wp-block-column-is-layout-flow is-style-travel--2" style="flex-basis:60%">
<figure class="wp-block-image alignright size-full is-resized"><img alt="" decoding="async" width="550" height="385" src="https://www.vap-camping.fr/wp-content/uploads/2025/04/grotte_ariege-1.jpg" alt="" class="wp-image-649" style="aspect-ratio:1.5;object-fit:cover;width:693px;height:auto"/></figure>
</div>
</div>
</div>



<div class="wp-block-group fromTop has-global-padding is-layout-constrained wp-block-group-is-layout-constrained">
<div class="wp-block-columns alignfull are-vertically-aligned-center is-layout-flex wp-container-core-columns-is-layout-0c0b91ec wp-block-columns-is-layout-flex">
<div class="wp-block-column is-vertically-aligned-center wp-block-image alignright size-large has-custom-border is-style-simple-left is-layout-flow wp-block-column-is-layout-flow is-style-simple-left--3" style="flex-basis:60%">
<figure class="wp-block-image alignleft size-large"><img alt="" decoding="async" width="1024" height="683" src="https://www.vap-camping.fr/wp-content/uploads/2025/04/bisons-grotte-niaux-1024x683.jpeg" alt="" class="wp-image-641" style="aspect-ratio:3/2;object-fit:cover" srcset="https://www.vap-camping.fr/wp-content/uploads/2025/04/bisons-grotte-niaux-1024x683.jpeg 1024w, https://www.vap-camping.fr/wp-content/uploads/2025/04/bisons-grotte-niaux-600x400.jpeg 600w, https://www.vap-camping.fr/wp-content/uploads/2025/04/bisons-grotte-niaux-768x512.jpeg 768w, https://www.vap-camping.fr/wp-content/uploads/2025/04/bisons-grotte-niaux.jpeg 1080w" sizes="(max-width: 1024px) 100vw, 1024px" /></figure>
</div>



<div class="wp-block-column is-vertically-aligned-center is-layout-flow wp-container-core-column-is-layout-58dbe9e9 wp-block-column-is-layout-flow" style="padding-left:10rem;flex-basis:40%">
<div class="wp-block-group is-style-title-left is-layout-flow wp-block-group-is-layout-flow is-style-title-left--4">
<p class="has-secondary-color has-text-color has-link-color has-secondary-font-family has-xl-font-size wp-elements-624b90c93d8eea09c2993ab6f57d0372">Recorrido divertido</p>



<p class="has-primary-color has-text-color has-link-color has-primary-font-family has-sm-font-size wp-elements-08c0a03858fcdc22dca62742fc1f97c8" style="text-transform:uppercase"><strong>&amp; interactivo para pequeños y mayores</strong></p>
</div>



<h2 class="wp-block-heading text-title">¡Vive una aventura prehistórica con toda la familia en la Gruta del Mas d&#8217;Azil gracias a un recorrido interactivo e inmersivo!</h2>



<p class="has-m-font-size" style="padding-left:2rem">Antes de explorar la majestuosa Grotte du Mas d&#8217;Azil, sumérgete en su divertido centro de interpretación digital. Modelos interactivos, facsímiles y animaciones inmersivas ayudan a los visitantes a comprender la formación geológica de la cueva, la fauna prehistórica y el arte de los primeros hombres. Los niños se maravillarán con la reconstrucción de una galería ornamentada, mientras que los más curiosos descubrirán la fascinante historia del yacimiento, desde los cazadores de la Edad de Piedra hasta el asedio de Richelieu. ¡Es una experiencia cautivadora que pone la prehistoria al alcance de toda la familia!   </p>
</div>
</div>
</div>



<div class="wp-block-group fromTop has-global-padding is-layout-constrained wp-block-group-is-layout-constrained">
<div class="wp-block-columns alignfull are-vertically-aligned-center is-layout-flex wp-container-core-columns-is-layout-0c0b91ec wp-block-columns-is-layout-flex">
<div class="wp-block-column is-vertically-aligned-center is-layout-flow wp-container-core-column-is-layout-58dbe9e9 wp-block-column-is-layout-flow" style="padding-left:10rem;flex-basis:40%">
<div class="wp-block-group is-style-title-left is-layout-flow wp-block-group-is-layout-flow is-style-title-left--5">
<p class="has-secondary-color has-text-color has-link-color has-secondary-font-family has-xl-font-size wp-elements-4dee57fd3b6ab8d6f4c25a33d35cecad">Salta y suelta</p>



<p class="has-primary-color has-text-color has-link-color has-primary-font-family has-sm-font-size wp-elements-75875b0580d36c0e8b9e28fef6c8376d" style="text-transform:uppercase"><strong>de la cueva natural</strong></p>
</div>



<h2 class="wp-block-heading text-title">¿Has imaginado hacer puenting desde una cueva prehistórica para sentir la máxima emoción?</h2>



<p class="has-m-font-size" style="padding-left:2rem">El Salto Elástico en Mas d&#8217;Azil te ofrece una experiencia única: hacer puenting desde un puente de 70 metros sobre un espectacular entorno natural. Entre el cielo y la tierra, experimenta una descarga de adrenalina inolvidable y supera tus límites con total seguridad. Tanto si te gustan las emociones fuertes como si buscas un reto personal, el puenting es una aventura impresionante que hará que tu estancia en Ariège sea memorable.  </p>
</div>



<div class="wp-block-column is-vertically-aligned-center wp-block-image alignright size-large has-custom-border is-style-travel is-layout-flow wp-block-column-is-layout-flow is-style-travel--6" style="flex-basis:60%">
<figure class="wp-block-image alignright size-large"><img alt="" decoding="async" width="1024" height="512" src="https://www.vap-camping.fr/wp-content/uploads/2025/04/saute_elastique_ariege-1024x512.jpg" alt="" class="wp-image-652" style="aspect-ratio:3/2;object-fit:cover" srcset="https://www.vap-camping.fr/wp-content/uploads/2025/04/saute_elastique_ariege-1024x512.jpg 1024w, https://www.vap-camping.fr/wp-content/uploads/2025/04/saute_elastique_ariege-600x300.jpg 600w, https://www.vap-camping.fr/wp-content/uploads/2025/04/saute_elastique_ariege-768x384.jpg 768w, https://www.vap-camping.fr/wp-content/uploads/2025/04/saute_elastique_ariege-1536x768.jpg 1536w, https://www.vap-camping.fr/wp-content/uploads/2025/04/saute_elastique_ariege.jpg 1920w" sizes="(max-width: 1024px) 100vw, 1024px" /></figure>
</div>
</div>
</div>



<div class="wp-block-group reveal has-global-padding is-layout-constrained wp-block-group-is-layout-constrained">
<div class="wp-block-group alignwide is-style-title-simple is-layout-flow wp-block-group-is-layout-flow is-style-title-simple--7" style="margin-top:4rem;margin-bottom:4rem">
<p class="has-text-align-center has-secondary-color has-text-color has-link-color has-secondary-font-family has-xl-font-size wp-elements-e48e16d9035d0de8ebb2a9a8c81849fc">Nuestros establecimientos</p>



<p class="has-text-align-center has-primary-font-family has-sm-font-size" style="text-transform:uppercase"><strong>cerca de</strong></p>
</div>


<div class="campings-wrapper is-layout-flow wp-block-slider-campings-is-layout-flow">
            <div class="campings-list">
                            <div class="camping-item"
                    style="background-image: linear-gradient(to top, rgba(0, 0, 0, 0.6), transparent), url('https://www.vap-camping.fr/wp-content/uploads/2025/07/dji_0589-2-1024x767.jpg');">
                    <a href="https://www.vap-camping.fr/es/campings/camping-la-bastide/" title="Camping la Bastide(Mazères)" class="camping-link">
                        <p class="title">Camping la Bastide(Mazères)</p>
                        <p class="camping-button">Descubre</p>
                    </a>
                </div>
                            <div class="camping-item"
                    style="background-image: linear-gradient(to top, rgba(0, 0, 0, 0.6), transparent), url('https://www.vap-camping.fr/wp-content/uploads/2025/04/4479-1024x461.jpeg');">
                    <a href="https://www.vap-camping.fr/es/campings/camping-le-bourdieu/" title="Camping Le Bourdieu" class="camping-link">
                        <p class="title">Camping Le Bourdieu</p>
                        <p class="camping-button">Descubre</p>
                    </a>
                </div>
                    </div>
    </div>

</div>
</div>

<p>Explora la Gruta del Mas d&#8217;Azil, un espectacular paraje natural marcado por la prehistoria, ¡donde río, carretera e historia se encuentran en el corazón del Ariège!</p>
