{"id":3878,"date":"2025-09-24T10:21:58","date_gmt":"2025-09-24T10:21:58","guid":{"rendered":"https:\/\/www.vap-camping.fr\/lieux\/carmel-de-pamiers\/"},"modified":"2026-02-05T08:52:59","modified_gmt":"2026-02-05T08:52:59","slug":"carmel-de-pamiers","status":"publish","type":"lieux","link":"https:\/\/www.vap-camping.fr\/es\/lieux\/carmel-de-pamiers\/","title":{"rendered":"El Convento Carmelita de Pamiers"},"content":{"rendered":"\n<div class=\"wp-block-group alignfull is-layout-flow wp-block-group-is-layout-flow\">\n<div class=\"wp-block-group has-global-padding is-layout-constrained wp-block-group-is-layout-constrained\">\n<div class=\"wp-block-columns alignfull are-vertically-aligned-center m-ti is-layout-flex wp-container-core-columns-is-layout-0c0b91ec wp-block-columns-is-layout-flex\">\n<div class=\"wp-block-column is-vertically-aligned-center m-ti-text is-layout-flow wp-container-core-column-is-layout-58dbe9e9 wp-block-column-is-layout-flow\" style=\"padding-left:10rem;flex-basis:40%\">\n<div class=\"wp-block-group is-style-title-left is-layout-flow wp-block-group-is-layout-flow is-style-title-left--1\">\n<p class=\"has-secondary-color has-text-color has-link-color has-secondary-font-family has-xl-font-size wp-elements-75a5b19c480b9523dc9d2f750184d3e9\">El Carmelo<\/p>\n\n\n\n<p class=\"has-primary-color has-text-color has-link-color has-primary-font-family has-sm-font-size wp-elements-79e5d2cedd8ca101a053743aed77ce9d\" style=\"text-transform:uppercase\"><strong>UN LUGAR PARA EL ARTE CONTEMPOR\u00c1NEO Y EL PATRIMONIO<\/strong><\/p>\n<\/div>\n\n\n\n<h1 class=\"wp-block-heading text-title\"><em>Un espacio en Pamiers dedicado al arte contempor\u00e1neo y a la historia de este notable convento del siglo XVII.<\/em><\/h1>\n\n\n\n<p class=\"has-m-font-size\" style=\"padding-left:2rem\">El Carmelo de Pamiers, antiguo convento carmelita fundado en 1648, es hoy un animado centro de exposiciones gratuito. Situado en la plaza del Mercadal, ofrece al p\u00fablico la posibilidad de descubrir diversas exposiciones en un apacible marco hist\u00f3rico. El edificio, cuidadosamente restaurado, conserva su claustro, su capilla y sus salas de exposiciones, combinando el patrimonio religioso con modernas propuestas art\u00edsticas.  <\/p>\n<\/div>\n\n\n\n<div class=\"wp-block-column is-vertically-aligned-center wp-block-image alignright size-large has-custom-border is-style-travel m-ti-image is-layout-flow wp-block-column-is-layout-flow is-style-travel--2\" style=\"flex-basis:60%\">\n<figure class=\"wp-block-image alignright size-full\"><img alt=\"\" decoding=\"async\" width=\"885\" height=\"500\" src=\"https:\/\/www.vap-camping.fr\/wp-content\/uploads\/2025\/09\/image-2-1.jpeg\" alt=\"\" class=\"wp-image-4355\" srcset=\"https:\/\/www.vap-camping.fr\/wp-content\/uploads\/2025\/09\/image-2-1.jpeg 885w, https:\/\/www.vap-camping.fr\/wp-content\/uploads\/2025\/09\/image-2-1-600x339.jpeg 600w, https:\/\/www.vap-camping.fr\/wp-content\/uploads\/2025\/09\/image-2-1-768x434.jpeg 768w\" sizes=\"(max-width: 885px) 100vw, 885px\" \/><\/figure>\n<\/div>\n<\/div>\n<\/div>\n\n\n\n<div class=\"wp-block-group has-global-padding is-layout-constrained wp-block-group-is-layout-constrained\">\n<div class=\"wp-block-columns alignfull are-vertically-aligned-center m-ti is-layout-flex wp-container-core-columns-is-layout-0c0b91ec wp-block-columns-is-layout-flex\">\n<div class=\"wp-block-column is-vertically-aligned-center wp-block-image alignright size-large has-custom-border is-style-simple-left m-ti-image is-layout-flow wp-block-column-is-layout-flow is-style-simple-left--3\" style=\"flex-basis:60%\">\n<figure class=\"wp-block-image alignleft size-large\"><img alt=\"\" decoding=\"async\" width=\"1024\" height=\"767\" src=\"https:\/\/www.vap-camping.fr\/wp-content\/uploads\/2025\/05\/AdobeStock_527710554-1024x767.jpeg\" alt=\"\" class=\"wp-image-1324\" srcset=\"https:\/\/www.vap-camping.fr\/wp-content\/uploads\/2025\/05\/AdobeStock_527710554-1024x767.jpeg 1024w, https:\/\/www.vap-camping.fr\/wp-content\/uploads\/2025\/05\/AdobeStock_527710554-600x450.jpeg 600w, https:\/\/www.vap-camping.fr\/wp-content\/uploads\/2025\/05\/AdobeStock_527710554-768x576.jpeg 768w, https:\/\/www.vap-camping.fr\/wp-content\/uploads\/2025\/05\/AdobeStock_527710554-1536x1151.jpeg 1536w, https:\/\/www.vap-camping.fr\/wp-content\/uploads\/2025\/05\/AdobeStock_527710554-2048x1535.jpeg 2048w\" sizes=\"(max-width: 1024px) 100vw, 1024px\" \/><\/figure>\n<\/div>\n\n\n\n<div class=\"wp-block-column is-vertically-aligned-center m-ti-text is-layout-flow wp-container-core-column-is-layout-58dbe9e9 wp-block-column-is-layout-flow\" style=\"padding-left:10rem;flex-basis:40%\">\n<div class=\"wp-block-group is-style-title-left is-layout-flow wp-block-group-is-layout-flow is-style-title-left--4\">\n<p class=\"has-secondary-color has-text-color has-link-color has-secondary-font-family has-xl-font-size wp-elements-26613b95c36e5bd142220e2a7d430901\">Un itinerario cultural<\/p>\n\n\n\n<p class=\"has-primary-color has-text-color has-link-color has-primary-font-family has-sm-font-size wp-elements-4159746f37a23d5df0ab36908e8929d6\" style=\"text-transform:uppercase\"><strong>ACCESIBLE Y ABIERTO A TODOS<\/strong><\/p>\n<\/div>\n\n\n\n<h1 class=\"wp-block-heading text-title\"><em>Exposiciones gratuitas, horarios adaptados: Le Carmel promueve la cultura compartida sin barreras.<\/em><\/h1>\n\n\n\n<p class=\"has-m-font-size\" style=\"padding-left:2rem\">Abierto todo el a\u00f1o de martes a viernes por la tarde, y los s\u00e1bados por la ma\u00f1ana y por la tarde, el Carmelo acoge exposiciones, espect\u00e1culos y actos culturales abiertos a todos. La entrada es gratuita, lo que invita al descubrimiento espont\u00e1neo. Adem\u00e1s, las nuevas zonas, incluidos los jardines redise\u00f1ados y una librer\u00eda y tienda de regalos, mejoran la experiencia del visitante ofreci\u00e9ndole lugares para relajarse y pasear.    <\/p>\n\n\n\n<p>Para m\u00e1s informaci\u00f3n y para organizar tu visita, haz clic aqu\u00ed: <a href=\"https:\/\/www.ariegepyrenees.com\/patrimoine-culturel\/le-carmel-ancien-couvent\/\"><mark style=\"background-color:rgba(0, 0, 0, 0)\" class=\"has-inline-color has-secondary-color\">https:\/\/www.ariegepyrenees.com\/patrimoine-culturel\/le-carmel-ancien-couvent\/<\/mark><\/a> .<\/p>\n<\/div>\n<\/div>\n\n\n\n<div class=\"wp-block-columns alignfull are-vertically-aligned-center m-ti is-layout-flex wp-container-core-columns-is-layout-0c0b91ec wp-block-columns-is-layout-flex\">\n<div class=\"wp-block-column is-vertically-aligned-center m-ti-text is-layout-flow wp-container-core-column-is-layout-58dbe9e9 wp-block-column-is-layout-flow\" style=\"padding-left:10rem;flex-basis:40%\">\n<div class=\"wp-block-group is-style-title-left is-layout-flow wp-block-group-is-layout-flow is-style-title-left--5\">\n<p class=\"has-secondary-color has-text-color has-link-color has-secondary-font-family has-xl-font-size wp-elements-b4e877525e8e6f8c906429be1d26296c\">UN MONUMENTO HIST\u00d3RICO<\/p>\n\n\n\n<p class=\"has-primary-color has-text-color has-link-color has-primary-font-family has-sm-font-size wp-elements-0c91956cc59c3b6f89bbaea1d094c7c4\" style=\"text-transform:uppercase\"><strong>CONVERTIDO EN UN ESPACIO DE EXPRESI\u00d3N<\/strong><\/p>\n<\/div>\n\n\n\n<h1 class=\"wp-block-heading text-title\"><em>El antiguo convento carmelita ha renacido como plataforma de creaci\u00f3n y arte contempor\u00e1neo en Pamiers.<\/em><\/h1>\n\n\n\n<p class=\"has-m-font-size\" style=\"padding-left:2rem\">Tras el cierre de la comunidad religiosa en 2008, la ciudad de Pamiers ha insuflado nueva vida a este lugar patrimonial renovando sus edificios: cocinas, despensas y grandes salas restauradas acogen ahora a artistas en residencia, exposiciones contempor\u00e1neas y creaciones visuales. El claustro, la capilla, la torre episcopal y otros signos de la arquitectura espiritual constituyen un tel\u00f3n de fondo \u00fanico para las obras expuestas, que combinan patrimonio religioso, estructura hist\u00f3rica y expresi\u00f3n art\u00edstica. <\/p>\n<\/div>\n\n\n\n<div class=\"wp-block-column is-vertically-aligned-center wp-block-image alignright size-large has-custom-border is-style-simple-left m-ti-image is-layout-flow wp-block-column-is-layout-flow is-style-simple-left--6\" style=\"flex-basis:60%\">\n<figure class=\"wp-block-image alignleft size-full is-resized\"><img alt=\"\" decoding=\"async\" width=\"1200\" height=\"800\" src=\"https:\/\/www.vap-camping.fr\/wp-content\/uploads\/2025\/09\/image-1-1.jpeg\" alt=\"\" class=\"wp-image-4359\" style=\"width:473px;height:auto\" srcset=\"https:\/\/www.vap-camping.fr\/wp-content\/uploads\/2025\/09\/image-1-1.jpeg 1200w, https:\/\/www.vap-camping.fr\/wp-content\/uploads\/2025\/09\/image-1-1-600x400.jpeg 600w, https:\/\/www.vap-camping.fr\/wp-content\/uploads\/2025\/09\/image-1-1-1024x683.jpeg 1024w, https:\/\/www.vap-camping.fr\/wp-content\/uploads\/2025\/09\/image-1-1-768x512.jpeg 768w\" sizes=\"(max-width: 1200px) 100vw, 1200px\" \/><\/figure>\n<\/div>\n<\/div>\n<\/div>\n\n\n\n<div class=\"wp-block-group has-global-padding is-layout-constrained wp-block-group-is-layout-constrained\">\n<div class=\"wp-block-group alignwide is-style-title-simple is-layout-flow wp-block-group-is-layout-flow is-style-title-simple--7\" style=\"margin-top:4rem;margin-bottom:4rem\">\n<p class=\"has-text-align-center has-secondary-color has-text-color has-link-color has-secondary-font-family has-xl-font-size wp-elements-e48e16d9035d0de8ebb2a9a8c81849fc\">Nuestros establecimientos<\/p>\n\n\n\n<p class=\"has-text-align-center has-primary-font-family has-sm-font-size\" style=\"text-transform:uppercase\"><strong>cerca de<\/strong><\/p>\n<\/div>\n\n\n<div class=\"campings-wrapper is-layout-flow wp-block-slider-campings-is-layout-flow\">\n            <div class=\"campings-list\">\n                            <div class=\"camping-item\"\n                    style=\"background-image: linear-gradient(to top, rgba(0, 0, 0, 0.6), transparent), url('https:\/\/www.vap-camping.fr\/wp-content\/uploads\/2025\/07\/dji_0589-2-1024x767.jpg');\">\n                    <a href=\"https:\/\/www.vap-camping.fr\/es\/campings\/camping-la-bastide\/\" title=\"Camping la Bastide(Maz\u00e8res)\" class=\"camping-link\">\n                        <p class=\"title\">Camping la Bastide(Maz\u00e8res)<\/p>\n                        <p class=\"camping-button\">Descubre<\/p>\n                    <\/a>\n                <\/div>\n                    <\/div>\n    <\/div>\n\n<\/div>\n<\/div>\n","protected":false},"excerpt":{"rendered":"<p>Le Carmel de Pamier a 21 km del camping la bastide<\/p>\n","protected":false},"author":1,"featured_media":4362,"parent":0,"template":"","format":"standard","tax-category-lieux":[49],"class_list":["post-3878","lieux","type-lieux","status-publish","format-standard","has-post-thumbnail","hentry","tax-category-lieux-actividades"],"acf":{"latitude":"43.113778","longitude":"1.609402","distance":21,"pm_lieu_url":"https:\/\/www.ariegepyrenees.com\/patrimoine-culturel\/le-carmel-ancien-couvent\/","pm_lieu_phone":"","adresse":"","pm_lieu_title_short":"","af_camping":[101]},"_links":{"self":[{"href":"https:\/\/www.vap-camping.fr\/es\/wp-json\/wp\/v2\/lieux\/3878","targetHints":{"allow":["GET"]}}],"collection":[{"href":"https:\/\/www.vap-camping.fr\/es\/wp-json\/wp\/v2\/lieux"}],"about":[{"href":"https:\/\/www.vap-camping.fr\/es\/wp-json\/wp\/v2\/types\/lieux"}],"author":[{"embeddable":true,"href":"https:\/\/www.vap-camping.fr\/es\/wp-json\/wp\/v2\/users\/1"}],"version-history":[{"count":3,"href":"https:\/\/www.vap-camping.fr\/es\/wp-json\/wp\/v2\/lieux\/3878\/revisions"}],"predecessor-version":[{"id":6934,"href":"https:\/\/www.vap-camping.fr\/es\/wp-json\/wp\/v2\/lieux\/3878\/revisions\/6934"}],"acf:post":[{"embeddable":true,"href":"https:\/\/www.vap-camping.fr\/es\/wp-json\/wp\/v2\/campings\/101"}],"wp:featuredmedia":[{"embeddable":true,"href":"https:\/\/www.vap-camping.fr\/es\/wp-json\/wp\/v2\/media\/4362"}],"wp:attachment":[{"href":"https:\/\/www.vap-camping.fr\/es\/wp-json\/wp\/v2\/media?parent=3878"}],"wp:term":[{"taxonomy":"tax-category-lieux","embeddable":true,"href":"https:\/\/www.vap-camping.fr\/es\/wp-json\/wp\/v2\/tax-category-lieux?post=3878"}],"curies":[{"name":"wp","href":"https:\/\/api.w.org\/{rel}","templated":true}]}}

<div class="wp-block-group alignfull is-layout-flow wp-block-group-is-layout-flow">
<div class="wp-block-group has-global-padding is-layout-constrained wp-block-group-is-layout-constrained">
<div class="wp-block-columns alignfull are-vertically-aligned-center m-ti is-layout-flex wp-container-core-columns-is-layout-0c0b91ec wp-block-columns-is-layout-flex">
<div class="wp-block-column is-vertically-aligned-center m-ti-text is-layout-flow wp-container-core-column-is-layout-58dbe9e9 wp-block-column-is-layout-flow" style="padding-left:10rem;flex-basis:40%">
<div class="wp-block-group is-style-title-left is-layout-flow wp-block-group-is-layout-flow is-style-title-left--1">
<p class="has-secondary-color has-text-color has-link-color has-secondary-font-family has-xl-font-size wp-elements-75a5b19c480b9523dc9d2f750184d3e9">El Carmelo</p>



<p class="has-primary-color has-text-color has-link-color has-primary-font-family has-sm-font-size wp-elements-79e5d2cedd8ca101a053743aed77ce9d" style="text-transform:uppercase"><strong>UN LUGAR PARA EL ARTE CONTEMPORÁNEO Y EL PATRIMONIO</strong></p>
</div>



<h1 class="wp-block-heading text-title"><em>Un espacio en Pamiers dedicado al arte contemporáneo y a la historia de este notable convento del siglo XVII.</em></h1>



<p class="has-m-font-size" style="padding-left:2rem">El Carmelo de Pamiers, antiguo convento carmelita fundado en 1648, es hoy un animado centro de exposiciones gratuito. Situado en la plaza del Mercadal, ofrece al público la posibilidad de descubrir diversas exposiciones en un apacible marco histórico. El edificio, cuidadosamente restaurado, conserva su claustro, su capilla y sus salas de exposiciones, combinando el patrimonio religioso con modernas propuestas artísticas.  </p>
</div>



<div class="wp-block-column is-vertically-aligned-center wp-block-image alignright size-large has-custom-border is-style-travel m-ti-image is-layout-flow wp-block-column-is-layout-flow is-style-travel--2" style="flex-basis:60%">
<figure class="wp-block-image alignright size-full"><img alt="" decoding="async" width="885" height="500" src="https://www.vap-camping.fr/wp-content/uploads/2025/09/image-2-1.jpeg" alt="" class="wp-image-4355" srcset="https://www.vap-camping.fr/wp-content/uploads/2025/09/image-2-1.jpeg 885w, https://www.vap-camping.fr/wp-content/uploads/2025/09/image-2-1-600x339.jpeg 600w, https://www.vap-camping.fr/wp-content/uploads/2025/09/image-2-1-768x434.jpeg 768w" sizes="(max-width: 885px) 100vw, 885px" /></figure>
</div>
</div>
</div>



<div class="wp-block-group has-global-padding is-layout-constrained wp-block-group-is-layout-constrained">
<div class="wp-block-columns alignfull are-vertically-aligned-center m-ti is-layout-flex wp-container-core-columns-is-layout-0c0b91ec wp-block-columns-is-layout-flex">
<div class="wp-block-column is-vertically-aligned-center wp-block-image alignright size-large has-custom-border is-style-simple-left m-ti-image is-layout-flow wp-block-column-is-layout-flow is-style-simple-left--3" style="flex-basis:60%">
<figure class="wp-block-image alignleft size-large"><img alt="" decoding="async" width="1024" height="767" src="https://www.vap-camping.fr/wp-content/uploads/2025/05/AdobeStock_527710554-1024x767.jpeg" alt="" class="wp-image-1324" srcset="https://www.vap-camping.fr/wp-content/uploads/2025/05/AdobeStock_527710554-1024x767.jpeg 1024w, https://www.vap-camping.fr/wp-content/uploads/2025/05/AdobeStock_527710554-600x450.jpeg 600w, https://www.vap-camping.fr/wp-content/uploads/2025/05/AdobeStock_527710554-768x576.jpeg 768w, https://www.vap-camping.fr/wp-content/uploads/2025/05/AdobeStock_527710554-1536x1151.jpeg 1536w, https://www.vap-camping.fr/wp-content/uploads/2025/05/AdobeStock_527710554-2048x1535.jpeg 2048w" sizes="(max-width: 1024px) 100vw, 1024px" /></figure>
</div>



<div class="wp-block-column is-vertically-aligned-center m-ti-text is-layout-flow wp-container-core-column-is-layout-58dbe9e9 wp-block-column-is-layout-flow" style="padding-left:10rem;flex-basis:40%">
<div class="wp-block-group is-style-title-left is-layout-flow wp-block-group-is-layout-flow is-style-title-left--4">
<p class="has-secondary-color has-text-color has-link-color has-secondary-font-family has-xl-font-size wp-elements-26613b95c36e5bd142220e2a7d430901">Un itinerario cultural</p>



<p class="has-primary-color has-text-color has-link-color has-primary-font-family has-sm-font-size wp-elements-4159746f37a23d5df0ab36908e8929d6" style="text-transform:uppercase"><strong>ACCESIBLE Y ABIERTO A TODOS</strong></p>
</div>



<h1 class="wp-block-heading text-title"><em>Exposiciones gratuitas, horarios adaptados: Le Carmel promueve la cultura compartida sin barreras.</em></h1>



<p class="has-m-font-size" style="padding-left:2rem">Abierto todo el año de martes a viernes por la tarde, y los sábados por la mañana y por la tarde, el Carmelo acoge exposiciones, espectáculos y actos culturales abiertos a todos. La entrada es gratuita, lo que invita al descubrimiento espontáneo. Además, las nuevas zonas, incluidos los jardines rediseñados y una librería y tienda de regalos, mejoran la experiencia del visitante ofreciéndole lugares para relajarse y pasear.    </p>



<p>Para más información y para organizar tu visita, haz clic aquí: <a href="https://www.ariegepyrenees.com/patrimoine-culturel/le-carmel-ancien-couvent/"><mark style="background-color:rgba(0, 0, 0, 0)" class="has-inline-color has-secondary-color">https://www.ariegepyrenees.com/patrimoine-culturel/le-carmel-ancien-couvent/</mark></a> .</p>
</div>
</div>



<div class="wp-block-columns alignfull are-vertically-aligned-center m-ti is-layout-flex wp-container-core-columns-is-layout-0c0b91ec wp-block-columns-is-layout-flex">
<div class="wp-block-column is-vertically-aligned-center m-ti-text is-layout-flow wp-container-core-column-is-layout-58dbe9e9 wp-block-column-is-layout-flow" style="padding-left:10rem;flex-basis:40%">
<div class="wp-block-group is-style-title-left is-layout-flow wp-block-group-is-layout-flow is-style-title-left--5">
<p class="has-secondary-color has-text-color has-link-color has-secondary-font-family has-xl-font-size wp-elements-b4e877525e8e6f8c906429be1d26296c">UN MONUMENTO HISTÓRICO</p>



<p class="has-primary-color has-text-color has-link-color has-primary-font-family has-sm-font-size wp-elements-0c91956cc59c3b6f89bbaea1d094c7c4" style="text-transform:uppercase"><strong>CONVERTIDO EN UN ESPACIO DE EXPRESIÓN</strong></p>
</div>



<h1 class="wp-block-heading text-title"><em>El antiguo convento carmelita ha renacido como plataforma de creación y arte contemporáneo en Pamiers.</em></h1>



<p class="has-m-font-size" style="padding-left:2rem">Tras el cierre de la comunidad religiosa en 2008, la ciudad de Pamiers ha insuflado nueva vida a este lugar patrimonial renovando sus edificios: cocinas, despensas y grandes salas restauradas acogen ahora a artistas en residencia, exposiciones contemporáneas y creaciones visuales. El claustro, la capilla, la torre episcopal y otros signos de la arquitectura espiritual constituyen un telón de fondo único para las obras expuestas, que combinan patrimonio religioso, estructura histórica y expresión artística. </p>
</div>



<div class="wp-block-column is-vertically-aligned-center wp-block-image alignright size-large has-custom-border is-style-simple-left m-ti-image is-layout-flow wp-block-column-is-layout-flow is-style-simple-left--6" style="flex-basis:60%">
<figure class="wp-block-image alignleft size-full is-resized"><img alt="" decoding="async" width="1200" height="800" src="https://www.vap-camping.fr/wp-content/uploads/2025/09/image-1-1.jpeg" alt="" class="wp-image-4359" style="width:473px;height:auto" srcset="https://www.vap-camping.fr/wp-content/uploads/2025/09/image-1-1.jpeg 1200w, https://www.vap-camping.fr/wp-content/uploads/2025/09/image-1-1-600x400.jpeg 600w, https://www.vap-camping.fr/wp-content/uploads/2025/09/image-1-1-1024x683.jpeg 1024w, https://www.vap-camping.fr/wp-content/uploads/2025/09/image-1-1-768x512.jpeg 768w" sizes="(max-width: 1200px) 100vw, 1200px" /></figure>
</div>
</div>
</div>



<div class="wp-block-group has-global-padding is-layout-constrained wp-block-group-is-layout-constrained">
<div class="wp-block-group alignwide is-style-title-simple is-layout-flow wp-block-group-is-layout-flow is-style-title-simple--7" style="margin-top:4rem;margin-bottom:4rem">
<p class="has-text-align-center has-secondary-color has-text-color has-link-color has-secondary-font-family has-xl-font-size wp-elements-e48e16d9035d0de8ebb2a9a8c81849fc">Nuestros establecimientos</p>



<p class="has-text-align-center has-primary-font-family has-sm-font-size" style="text-transform:uppercase"><strong>cerca de</strong></p>
</div>


<div class="campings-wrapper is-layout-flow wp-block-slider-campings-is-layout-flow">
            <div class="campings-list">
                            <div class="camping-item"
                    style="background-image: linear-gradient(to top, rgba(0, 0, 0, 0.6), transparent), url('https://www.vap-camping.fr/wp-content/uploads/2025/07/dji_0589-2-1024x767.jpg');">
                    <a href="https://www.vap-camping.fr/es/campings/camping-la-bastide/" title="Camping la Bastide(Mazères)" class="camping-link">
                        <p class="title">Camping la Bastide(Mazères)</p>
                        <p class="camping-button">Descubre</p>
                    </a>
                </div>
                    </div>
    </div>

</div>
</div>
