{"id":3882,"date":"2025-09-18T12:57:28","date_gmt":"2025-09-18T12:57:28","guid":{"rendered":"https:\/\/www.vap-camping.fr\/lieux\/randonnee-a-mazeres\/"},"modified":"2025-10-02T08:14:24","modified_gmt":"2025-10-02T08:14:24","slug":"randonnee-a-mazeres","status":"publish","type":"lieux","link":"https:\/\/www.vap-camping.fr\/es\/lieux\/randonnee-a-mazeres\/","title":{"rendered":"Senderismo en Maz\u00e8res"},"content":{"rendered":"\n<div class=\"wp-block-group alignfull is-layout-flow wp-block-group-is-layout-flow\">\n<div class=\"wp-block-group has-global-padding is-layout-constrained wp-block-group-is-layout-constrained\">\n<div class=\"wp-block-columns alignfull are-vertically-aligned-center m-ti is-layout-flex wp-container-core-columns-is-layout-0c0b91ec wp-block-columns-is-layout-flex\">\n<div class=\"wp-block-column is-vertically-aligned-center m-ti-text is-layout-flow wp-container-core-column-is-layout-58dbe9e9 wp-block-column-is-layout-flow\" style=\"padding-left:10rem;flex-basis:40%\">\n<div class=\"wp-block-group is-style-title-left is-layout-flow wp-block-group-is-layout-flow is-style-title-left--1\">\n<p class=\"has-secondary-color has-text-color has-link-color has-secondary-font-family has-xl-font-size wp-elements-5ad9e841adfacd1fb3d1d697430f9c95\">SENDERISMO en Maz\u00e8res<\/p>\n\n\n\n<p class=\"has-primary-color has-text-color has-link-color has-primary-font-family has-sm-font-size wp-elements-8d2d91f38474d3b84c33305e3dbfafc5\" style=\"text-transform:uppercase\"><strong>ALREDEDOR DEL DOMINIO DE LAS AVES<\/strong><\/p>\n<\/div>\n\n\n\n<h1 class=\"wp-block-heading text-title\"><em>Una excursi\u00f3n en Maz\u00e8res ideal para descubrir la naturaleza, los estanques y el Domaine des Oiseaux.<\/em> <\/h1>\n\n\n\n<p class=\"has-m-font-size\" style=\"padding-left:2rem\"><br\/>Desde el gran aparcamiento situado a la entrada del sendero, emprende un viaje realmente envolvente al coraz\u00f3n del Domaine des Oiseaux. Este sendero te lleva a trav\u00e9s de un mosaico de paisajes, alternando estanques, parques de animales y praderas. Atravesar\u00e1s la granja Aug\u00e9, sede del museo y del centro de ornitolog\u00eda, antes de bordear el estanque del mismo nombre. A lo largo de todo el recorrido, ver\u00e1s una gran riqueza de flora y fauna locales, con la posibilidad de volver al observatorio de Cluny, ideal para admirar las aves en su h\u00e1bitat natural.   <\/p>\n<\/div>\n\n\n\n<div class=\"wp-block-column is-vertically-aligned-center wp-block-image alignright size-large has-custom-border is-style-travel m-ti-image is-layout-flow wp-block-column-is-layout-flow is-style-travel--2\" style=\"flex-basis:60%\">\n<figure class=\"wp-block-image alignright size-large\"><img alt=\"\" decoding=\"async\" width=\"1024\" height=\"683\" src=\"https:\/\/www.vap-camping.fr\/wp-content\/uploads\/2025\/05\/AdobeStock_301227654-1024x683.jpeg\" alt=\"\" class=\"wp-image-1198\" srcset=\"https:\/\/www.vap-camping.fr\/wp-content\/uploads\/2025\/05\/AdobeStock_301227654-1024x683.jpeg 1024w, https:\/\/www.vap-camping.fr\/wp-content\/uploads\/2025\/05\/AdobeStock_301227654-600x400.jpeg 600w, https:\/\/www.vap-camping.fr\/wp-content\/uploads\/2025\/05\/AdobeStock_301227654-768x512.jpeg 768w, https:\/\/www.vap-camping.fr\/wp-content\/uploads\/2025\/05\/AdobeStock_301227654-1536x1024.jpeg 1536w, https:\/\/www.vap-camping.fr\/wp-content\/uploads\/2025\/05\/AdobeStock_301227654-2048x1365.jpeg 2048w\" sizes=\"(max-width: 1024px) 100vw, 1024px\" \/><\/figure>\n<\/div>\n<\/div>\n<\/div>\n\n\n\n<div class=\"wp-block-group has-global-padding is-layout-constrained wp-block-group-is-layout-constrained\">\n<div class=\"wp-block-columns alignfull are-vertically-aligned-center m-ti is-layout-flex wp-container-core-columns-is-layout-0c0b91ec wp-block-columns-is-layout-flex\">\n<div class=\"wp-block-column is-vertically-aligned-center wp-block-image alignright size-large has-custom-border is-style-simple-left m-ti-image is-layout-flow wp-block-column-is-layout-flow is-style-simple-left--3\" style=\"flex-basis:60%\">\n<figure class=\"wp-block-image alignleft size-large\"><img alt=\"\" decoding=\"async\" width=\"1024\" height=\"683\" src=\"https:\/\/www.vap-camping.fr\/wp-content\/uploads\/2025\/05\/AdobeStock_296468884-1024x683.jpeg\" alt=\"\" class=\"wp-image-1344\" srcset=\"https:\/\/www.vap-camping.fr\/wp-content\/uploads\/2025\/05\/AdobeStock_296468884-1024x683.jpeg 1024w, https:\/\/www.vap-camping.fr\/wp-content\/uploads\/2025\/05\/AdobeStock_296468884-600x400.jpeg 600w, https:\/\/www.vap-camping.fr\/wp-content\/uploads\/2025\/05\/AdobeStock_296468884-768x512.jpeg 768w, https:\/\/www.vap-camping.fr\/wp-content\/uploads\/2025\/05\/AdobeStock_296468884-1536x1024.jpeg 1536w, https:\/\/www.vap-camping.fr\/wp-content\/uploads\/2025\/05\/AdobeStock_296468884-2048x1365.jpeg 2048w\" sizes=\"(max-width: 1024px) 100vw, 1024px\" \/><figcaption class=\"wp-element-caption\">Grupo de j\u00f3venes excursionistas camina por las monta\u00f1as al atardecer<\/figcaption><\/figure>\n<\/div>\n\n\n\n<div class=\"wp-block-column is-vertically-aligned-center m-ti-text is-layout-flow wp-container-core-column-is-layout-58dbe9e9 wp-block-column-is-layout-flow\" style=\"padding-left:10rem;flex-basis:40%\">\n<div class=\"wp-block-group is-style-title-left is-layout-flow wp-block-group-is-layout-flow is-style-title-left--4\">\n<p class=\"has-secondary-color has-text-color has-link-color has-secondary-font-family has-xl-font-size wp-elements-23a96031afd03c88a4787970b7745239\">Un paseo<\/p>\n\n\n\n<p class=\"has-primary-color has-text-color has-link-color has-primary-font-family has-sm-font-size wp-elements-8a72239278b94ee923a55fdb40f4dd92\" style=\"text-transform:uppercase\"><strong>entre la naturaleza y la historia<\/strong><\/p>\n<\/div>\n\n\n\n<h1 class=\"wp-block-heading text-title\"><em>Un sendero en Maz\u00e8res que combina paseos por la naturaleza con el descubrimiento del patrimonio medieval y arquitect\u00f3nico.<\/em><\/h1>\n\n\n\n<p class=\"has-m-font-size\" style=\"padding-left:2rem\">Dejando atr\u00e1s la campi\u00f1a, el camino se adentra suavemente en el centro hist\u00f3rico de Maz\u00e8res, ciudad fortificada fundada en el siglo XIII por los condes de Foix. Caminar\u00e1s por las frescas y sombreadas orillas del arroyo Raunier antes de adentrarte en las estrechas calles de la ciudad. Aqu\u00ed, cada paso cuenta una historia: el mercado cubierto catalogado, la iglesia parroquial del siglo XIX, las casas con entramado de madera y el antiguo claustro son testigos del rico pasado de la ciudad. Tambi\u00e9n pasar\u00e1s por el H\u00f4tel d&#8217;Ardouin, una magn\u00edfica residencia renacentista que hoy alberga el Mus\u00e9e du Vieux Maz\u00e8res y un centro de interpretaci\u00f3n de la civilizaci\u00f3n merovingia.   <\/p>\n<\/div>\n<\/div>\n<\/div>\n\n\n\n<div class=\"wp-block-group has-global-padding is-layout-constrained wp-block-group-is-layout-constrained\">\n<div class=\"wp-block-columns alignfull are-vertically-aligned-center m-ti is-layout-flex wp-container-core-columns-is-layout-0c0b91ec wp-block-columns-is-layout-flex\">\n<div class=\"wp-block-column is-vertically-aligned-center m-ti-text is-layout-flow wp-container-core-column-is-layout-58dbe9e9 wp-block-column-is-layout-flow\" style=\"padding-left:10rem;flex-basis:40%\">\n<div class=\"wp-block-group is-style-title-left is-layout-flow wp-block-group-is-layout-flow is-style-title-left--5\">\n<p class=\"has-secondary-color has-text-color has-link-color has-secondary-font-family has-xl-font-size wp-elements-02364cfb5e09de1b97691befc29e0291\">Un viaje  <\/p>\n\n\n\n<p class=\"has-primary-color has-text-color has-link-color has-primary-font-family has-sm-font-size wp-elements-b5e4e40a26e42d1b3df0282dae6e2ee1\" style=\"text-transform:uppercase\"><strong>Variado y accesible<\/strong><\/p>\n<\/div>\n\n\n\n<h1 class=\"wp-block-heading text-title\"><em>Un paseo f\u00e1cil desde Maz\u00e8res que combina naturaleza, cultura, patrimonio y observaci\u00f3n de los paisajes de los Hers.<\/em><\/h1>\n\n\n\n<p class=\"has-m-font-size\" style=\"padding-left:2rem\">Este recorrido est\u00e1 dise\u00f1ado para ofrecer tanto relajaci\u00f3n como descubrimiento. Alternando entre zonas naturales protegidas, caminos rurales y callejuelas pintorescas, atraer\u00e1 tanto a las familias que buscan un paseo f\u00e1cil como a los entusiastas de la historia y el patrimonio. Las vistas sobre el valle de Hers y los restos medievales, como el viejo puente destruido por una inundaci\u00f3n en el siglo XIX, a\u00f1aden un toque extra de autenticidad. Para los que buscan una excursi\u00f3n m\u00e1s corta, hay una variante de 5 km que te permite disfrutar del paisaje alrededor del Etang de Cluny mientras vuelves a la ruta principal. Un bucle completo que combina naturaleza, cultura y memoria.    <\/p>\n<\/div>\n\n\n\n<div class=\"wp-block-column is-vertically-aligned-center wp-block-image alignright size-large has-custom-border is-style-travel m-ti-image is-layout-flow wp-block-column-is-layout-flow is-style-travel--6\" style=\"flex-basis:60%\">\n<figure class=\"wp-block-image alignright size-large\"><img alt=\"\" decoding=\"async\" width=\"1024\" height=\"683\" src=\"https:\/\/www.vap-camping.fr\/wp-content\/uploads\/2025\/05\/AdobeStock_906786913_Editorial_Use_Only-1024x683.jpeg\" alt=\"\" class=\"wp-image-1223\" srcset=\"https:\/\/www.vap-camping.fr\/wp-content\/uploads\/2025\/05\/AdobeStock_906786913_Editorial_Use_Only-1024x683.jpeg 1024w, https:\/\/www.vap-camping.fr\/wp-content\/uploads\/2025\/05\/AdobeStock_906786913_Editorial_Use_Only-600x400.jpeg 600w, https:\/\/www.vap-camping.fr\/wp-content\/uploads\/2025\/05\/AdobeStock_906786913_Editorial_Use_Only-768x512.jpeg 768w, https:\/\/www.vap-camping.fr\/wp-content\/uploads\/2025\/05\/AdobeStock_906786913_Editorial_Use_Only-1536x1024.jpeg 1536w, https:\/\/www.vap-camping.fr\/wp-content\/uploads\/2025\/05\/AdobeStock_906786913_Editorial_Use_Only-2048x1365.jpeg 2048w\" sizes=\"(max-width: 1024px) 100vw, 1024px\" \/><\/figure>\n<\/div>\n<\/div>\n<\/div>\n\n\n\n<div class=\"wp-block-group has-global-padding is-layout-constrained wp-block-group-is-layout-constrained\">\n<div class=\"wp-block-group alignwide is-style-title-simple is-layout-flow wp-block-group-is-layout-flow is-style-title-simple--7\" style=\"margin-top:4rem;margin-bottom:4rem\">\n<p class=\"has-text-align-center has-secondary-color has-text-color has-link-color has-secondary-font-family has-xl-font-size wp-elements-e48e16d9035d0de8ebb2a9a8c81849fc\">Nuestros establecimientos<\/p>\n\n\n\n<p class=\"has-text-align-center has-primary-font-family has-sm-font-size\" style=\"text-transform:uppercase\"><strong>En los alrededores<\/strong><\/p>\n<\/div>\n\n\n<div class=\"campings-wrapper is-layout-flow wp-block-slider-campings-is-layout-flow\">\n            <div class=\"campings-list\">\n                            <div class=\"camping-item\"\n                    style=\"background-image: linear-gradient(to top, rgba(0, 0, 0, 0.6), transparent), url('https:\/\/www.vap-camping.fr\/wp-content\/uploads\/2025\/07\/dji_0589-2-1024x767.jpg');\">\n                    <a href=\"https:\/\/www.vap-camping.fr\/es\/campings\/camping-la-bastide\/\" title=\"Camping la Bastide(Maz\u00e8res)\" class=\"camping-link\">\n                        <p class=\"title\">Camping la Bastide(Maz\u00e8res)<\/p>\n                        <p class=\"camping-button\">Descubre<\/p>\n                    <\/a>\n                <\/div>\n                    <\/div>\n    <\/div>\n\n<\/div>\n<\/div>\n","protected":false},"excerpt":{"rendered":"<p>SENDERISMO en Maz\u00e8res ALREDEDOR DEL DOMINIO DE LAS AVES Una excursi\u00f3n en Maz\u00e8res ideal para descubrir la naturaleza, los estanques y el Domaine des Oiseaux. Desde el gran aparcamiento situado a la entrada del sendero, emprende un viaje realmente envolvente al coraz\u00f3n del Domaine des Oiseaux. Este sendero te lleva a trav\u00e9s de un mosaico [&hellip;]<\/p>\n","protected":false},"author":1,"featured_media":2781,"parent":0,"template":"","format":"standard","tax-category-lieux":[49],"class_list":["post-3882","lieux","type-lieux","status-publish","format-standard","has-post-thumbnail","hentry","tax-category-lieux-actividades"],"acf":{"latitude":"43.265128","longitude":"1.661639","distance":"","pm_lieu_url":"","pm_lieu_phone":"","adresse":"","pm_lieu_title_short":"","af_camping":[101]},"_links":{"self":[{"href":"https:\/\/www.vap-camping.fr\/es\/wp-json\/wp\/v2\/lieux\/3882","targetHints":{"allow":["GET"]}}],"collection":[{"href":"https:\/\/www.vap-camping.fr\/es\/wp-json\/wp\/v2\/lieux"}],"about":[{"href":"https:\/\/www.vap-camping.fr\/es\/wp-json\/wp\/v2\/types\/lieux"}],"author":[{"embeddable":true,"href":"https:\/\/www.vap-camping.fr\/es\/wp-json\/wp\/v2\/users\/1"}],"version-history":[{"count":1,"href":"https:\/\/www.vap-camping.fr\/es\/wp-json\/wp\/v2\/lieux\/3882\/revisions"}],"predecessor-version":[{"id":3889,"href":"https:\/\/www.vap-camping.fr\/es\/wp-json\/wp\/v2\/lieux\/3882\/revisions\/3889"}],"acf:post":[{"embeddable":true,"href":"https:\/\/www.vap-camping.fr\/es\/wp-json\/wp\/v2\/campings\/101"}],"wp:featuredmedia":[{"embeddable":true,"href":"https:\/\/www.vap-camping.fr\/es\/wp-json\/wp\/v2\/media\/2781"}],"wp:attachment":[{"href":"https:\/\/www.vap-camping.fr\/es\/wp-json\/wp\/v2\/media?parent=3882"}],"wp:term":[{"taxonomy":"tax-category-lieux","embeddable":true,"href":"https:\/\/www.vap-camping.fr\/es\/wp-json\/wp\/v2\/tax-category-lieux?post=3882"}],"curies":[{"name":"wp","href":"https:\/\/api.w.org\/{rel}","templated":true}]}}

Senderismo en Mazères

<div class="wp-block-group alignfull is-layout-flow wp-block-group-is-layout-flow">
<div class="wp-block-group has-global-padding is-layout-constrained wp-block-group-is-layout-constrained">
<div class="wp-block-columns alignfull are-vertically-aligned-center m-ti is-layout-flex wp-container-core-columns-is-layout-0c0b91ec wp-block-columns-is-layout-flex">
<div class="wp-block-column is-vertically-aligned-center m-ti-text is-layout-flow wp-container-core-column-is-layout-58dbe9e9 wp-block-column-is-layout-flow" style="padding-left:10rem;flex-basis:40%">
<div class="wp-block-group is-style-title-left is-layout-flow wp-block-group-is-layout-flow is-style-title-left--1">
<p class="has-secondary-color has-text-color has-link-color has-secondary-font-family has-xl-font-size wp-elements-5ad9e841adfacd1fb3d1d697430f9c95">SENDERISMO en Mazères</p>



<p class="has-primary-color has-text-color has-link-color has-primary-font-family has-sm-font-size wp-elements-8d2d91f38474d3b84c33305e3dbfafc5" style="text-transform:uppercase"><strong>ALREDEDOR DEL DOMINIO DE LAS AVES</strong></p>
</div>



<h1 class="wp-block-heading text-title"><em>Una excursión en Mazères ideal para descubrir la naturaleza, los estanques y el Domaine des Oiseaux.</em> </h1>



<p class="has-m-font-size" style="padding-left:2rem"><br/>Desde el gran aparcamiento situado a la entrada del sendero, emprende un viaje realmente envolvente al corazón del Domaine des Oiseaux. Este sendero te lleva a través de un mosaico de paisajes, alternando estanques, parques de animales y praderas. Atravesarás la granja Augé, sede del museo y del centro de ornitología, antes de bordear el estanque del mismo nombre. A lo largo de todo el recorrido, verás una gran riqueza de flora y fauna locales, con la posibilidad de volver al observatorio de Cluny, ideal para admirar las aves en su hábitat natural.   </p>
</div>



<div class="wp-block-column is-vertically-aligned-center wp-block-image alignright size-large has-custom-border is-style-travel m-ti-image is-layout-flow wp-block-column-is-layout-flow is-style-travel--2" style="flex-basis:60%">
<figure class="wp-block-image alignright size-large"><img alt="" decoding="async" width="1024" height="683" src="https://www.vap-camping.fr/wp-content/uploads/2025/05/AdobeStock_301227654-1024x683.jpeg" alt="" class="wp-image-1198" srcset="https://www.vap-camping.fr/wp-content/uploads/2025/05/AdobeStock_301227654-1024x683.jpeg 1024w, https://www.vap-camping.fr/wp-content/uploads/2025/05/AdobeStock_301227654-600x400.jpeg 600w, https://www.vap-camping.fr/wp-content/uploads/2025/05/AdobeStock_301227654-768x512.jpeg 768w, https://www.vap-camping.fr/wp-content/uploads/2025/05/AdobeStock_301227654-1536x1024.jpeg 1536w, https://www.vap-camping.fr/wp-content/uploads/2025/05/AdobeStock_301227654-2048x1365.jpeg 2048w" sizes="(max-width: 1024px) 100vw, 1024px" /></figure>
</div>
</div>
</div>



<div class="wp-block-group has-global-padding is-layout-constrained wp-block-group-is-layout-constrained">
<div class="wp-block-columns alignfull are-vertically-aligned-center m-ti is-layout-flex wp-container-core-columns-is-layout-0c0b91ec wp-block-columns-is-layout-flex">
<div class="wp-block-column is-vertically-aligned-center wp-block-image alignright size-large has-custom-border is-style-simple-left m-ti-image is-layout-flow wp-block-column-is-layout-flow is-style-simple-left--3" style="flex-basis:60%">
<figure class="wp-block-image alignleft size-large"><img alt="" decoding="async" width="1024" height="683" src="https://www.vap-camping.fr/wp-content/uploads/2025/05/AdobeStock_296468884-1024x683.jpeg" alt="" class="wp-image-1344" srcset="https://www.vap-camping.fr/wp-content/uploads/2025/05/AdobeStock_296468884-1024x683.jpeg 1024w, https://www.vap-camping.fr/wp-content/uploads/2025/05/AdobeStock_296468884-600x400.jpeg 600w, https://www.vap-camping.fr/wp-content/uploads/2025/05/AdobeStock_296468884-768x512.jpeg 768w, https://www.vap-camping.fr/wp-content/uploads/2025/05/AdobeStock_296468884-1536x1024.jpeg 1536w, https://www.vap-camping.fr/wp-content/uploads/2025/05/AdobeStock_296468884-2048x1365.jpeg 2048w" sizes="(max-width: 1024px) 100vw, 1024px" /><figcaption class="wp-element-caption">Grupo de jóvenes excursionistas camina por las montañas al atardecer</figcaption></figure>
</div>



<div class="wp-block-column is-vertically-aligned-center m-ti-text is-layout-flow wp-container-core-column-is-layout-58dbe9e9 wp-block-column-is-layout-flow" style="padding-left:10rem;flex-basis:40%">
<div class="wp-block-group is-style-title-left is-layout-flow wp-block-group-is-layout-flow is-style-title-left--4">
<p class="has-secondary-color has-text-color has-link-color has-secondary-font-family has-xl-font-size wp-elements-23a96031afd03c88a4787970b7745239">Un paseo</p>



<p class="has-primary-color has-text-color has-link-color has-primary-font-family has-sm-font-size wp-elements-8a72239278b94ee923a55fdb40f4dd92" style="text-transform:uppercase"><strong>entre la naturaleza y la historia</strong></p>
</div>



<h1 class="wp-block-heading text-title"><em>Un sendero en Mazères que combina paseos por la naturaleza con el descubrimiento del patrimonio medieval y arquitectónico.</em></h1>



<p class="has-m-font-size" style="padding-left:2rem">Dejando atrás la campiña, el camino se adentra suavemente en el centro histórico de Mazères, ciudad fortificada fundada en el siglo XIII por los condes de Foix. Caminarás por las frescas y sombreadas orillas del arroyo Raunier antes de adentrarte en las estrechas calles de la ciudad. Aquí, cada paso cuenta una historia: el mercado cubierto catalogado, la iglesia parroquial del siglo XIX, las casas con entramado de madera y el antiguo claustro son testigos del rico pasado de la ciudad. También pasarás por el Hôtel d&#8217;Ardouin, una magnífica residencia renacentista que hoy alberga el Musée du Vieux Mazères y un centro de interpretación de la civilización merovingia.   </p>
</div>
</div>
</div>



<div class="wp-block-group has-global-padding is-layout-constrained wp-block-group-is-layout-constrained">
<div class="wp-block-columns alignfull are-vertically-aligned-center m-ti is-layout-flex wp-container-core-columns-is-layout-0c0b91ec wp-block-columns-is-layout-flex">
<div class="wp-block-column is-vertically-aligned-center m-ti-text is-layout-flow wp-container-core-column-is-layout-58dbe9e9 wp-block-column-is-layout-flow" style="padding-left:10rem;flex-basis:40%">
<div class="wp-block-group is-style-title-left is-layout-flow wp-block-group-is-layout-flow is-style-title-left--5">
<p class="has-secondary-color has-text-color has-link-color has-secondary-font-family has-xl-font-size wp-elements-02364cfb5e09de1b97691befc29e0291">Un viaje  </p>



<p class="has-primary-color has-text-color has-link-color has-primary-font-family has-sm-font-size wp-elements-b5e4e40a26e42d1b3df0282dae6e2ee1" style="text-transform:uppercase"><strong>Variado y accesible</strong></p>
</div>



<h1 class="wp-block-heading text-title"><em>Un paseo fácil desde Mazères que combina naturaleza, cultura, patrimonio y observación de los paisajes de los Hers.</em></h1>



<p class="has-m-font-size" style="padding-left:2rem">Este recorrido está diseñado para ofrecer tanto relajación como descubrimiento. Alternando entre zonas naturales protegidas, caminos rurales y callejuelas pintorescas, atraerá tanto a las familias que buscan un paseo fácil como a los entusiastas de la historia y el patrimonio. Las vistas sobre el valle de Hers y los restos medievales, como el viejo puente destruido por una inundación en el siglo XIX, añaden un toque extra de autenticidad. Para los que buscan una excursión más corta, hay una variante de 5 km que te permite disfrutar del paisaje alrededor del Etang de Cluny mientras vuelves a la ruta principal. Un bucle completo que combina naturaleza, cultura y memoria.    </p>
</div>



<div class="wp-block-column is-vertically-aligned-center wp-block-image alignright size-large has-custom-border is-style-travel m-ti-image is-layout-flow wp-block-column-is-layout-flow is-style-travel--6" style="flex-basis:60%">
<figure class="wp-block-image alignright size-large"><img alt="" decoding="async" width="1024" height="683" src="https://www.vap-camping.fr/wp-content/uploads/2025/05/AdobeStock_906786913_Editorial_Use_Only-1024x683.jpeg" alt="" class="wp-image-1223" srcset="https://www.vap-camping.fr/wp-content/uploads/2025/05/AdobeStock_906786913_Editorial_Use_Only-1024x683.jpeg 1024w, https://www.vap-camping.fr/wp-content/uploads/2025/05/AdobeStock_906786913_Editorial_Use_Only-600x400.jpeg 600w, https://www.vap-camping.fr/wp-content/uploads/2025/05/AdobeStock_906786913_Editorial_Use_Only-768x512.jpeg 768w, https://www.vap-camping.fr/wp-content/uploads/2025/05/AdobeStock_906786913_Editorial_Use_Only-1536x1024.jpeg 1536w, https://www.vap-camping.fr/wp-content/uploads/2025/05/AdobeStock_906786913_Editorial_Use_Only-2048x1365.jpeg 2048w" sizes="(max-width: 1024px) 100vw, 1024px" /></figure>
</div>
</div>
</div>



<div class="wp-block-group has-global-padding is-layout-constrained wp-block-group-is-layout-constrained">
<div class="wp-block-group alignwide is-style-title-simple is-layout-flow wp-block-group-is-layout-flow is-style-title-simple--7" style="margin-top:4rem;margin-bottom:4rem">
<p class="has-text-align-center has-secondary-color has-text-color has-link-color has-secondary-font-family has-xl-font-size wp-elements-e48e16d9035d0de8ebb2a9a8c81849fc">Nuestros establecimientos</p>



<p class="has-text-align-center has-primary-font-family has-sm-font-size" style="text-transform:uppercase"><strong>En los alrededores</strong></p>
</div>


<div class="campings-wrapper is-layout-flow wp-block-slider-campings-is-layout-flow">
            <div class="campings-list">
                            <div class="camping-item"
                    style="background-image: linear-gradient(to top, rgba(0, 0, 0, 0.6), transparent), url('https://www.vap-camping.fr/wp-content/uploads/2025/07/dji_0589-2-1024x767.jpg');">
                    <a href="https://www.vap-camping.fr/es/campings/camping-la-bastide/" title="Camping la Bastide(Mazères)" class="camping-link">
                        <p class="title">Camping la Bastide(Mazères)</p>
                        <p class="camping-button">Descubre</p>
                    </a>
                </div>
                    </div>
    </div>

</div>
</div>

<p>SENDERISMO en Mazères ALREDEDOR DEL DOMINIO DE LAS AVES Una excursión en Mazères ideal para descubrir la naturaleza, los estanques y el Domaine des Oiseaux. Desde el gran aparcamiento situado a la entrada del sendero, emprende un viaje realmente envolvente al corazón del Domaine des Oiseaux. Este sendero te lleva a través de un mosaico [&hellip;]</p>
