{"id":3902,"date":"2025-09-24T12:19:59","date_gmt":"2025-09-24T12:19:59","guid":{"rendered":"https:\/\/www.vap-camping.fr\/lieux\/musee-ardouin-mazeres\/"},"modified":"2026-01-30T01:49:15","modified_gmt":"2026-01-30T01:49:15","slug":"musee-ardouin-mazeres","status":"publish","type":"lieux","link":"https:\/\/www.vap-camping.fr\/es\/lieux\/musee-ardouin-mazeres\/","title":{"rendered":"Museo Ardouin (Maz\u00e8res)"},"content":{"rendered":"\n<div class=\"wp-block-group alignfull is-layout-flow wp-block-group-is-layout-flow\">\n<div class=\"wp-block-group has-global-padding is-layout-constrained wp-block-group-is-layout-constrained\">\n<div class=\"wp-block-columns alignfull are-vertically-aligned-center m-ti is-layout-flex wp-container-core-columns-is-layout-0c0b91ec wp-block-columns-is-layout-flex\">\n<div class=\"wp-block-column is-vertically-aligned-center m-ti-text is-layout-flow wp-container-core-column-is-layout-58dbe9e9 wp-block-column-is-layout-flow\" style=\"padding-left:10rem;flex-basis:40%\">\n<div class=\"wp-block-group is-style-title-left is-layout-flow wp-block-group-is-layout-flow is-style-title-left--1\">\n<p class=\"has-secondary-color has-text-color has-link-color has-secondary-font-family has-xl-font-size wp-elements-4778113f7db0a728ac8537da296a1fa4\">Un viaje<\/p>\n\n\n\n<p class=\"has-primary-color has-text-color has-link-color has-primary-font-family has-sm-font-size wp-elements-170fbc2d0d077af9537461f5d6a3ce08\" style=\"text-transform:uppercase\"><strong>Con el tiempo<\/strong><\/p>\n<\/div>\n\n\n\n<h1 class=\"wp-block-heading text-title\">\u00a1<em>Un museo en Maz\u00e8res que recorre la historia de la antigua Galia desde el Neol\u00edtico<\/em>!<\/h1>\n\n\n\n<p class=\"has-m-font-size\" style=\"padding-left:2rem\">Situado en la hermosa casa del pueblo de Ardouin, a 2 minutos del camping de la Bastida, construida en 1580, el museo posee una rica colecci\u00f3n que abarca desde el Neol\u00edtico hasta las \u00e9pocas visigoda y franca.  <br\/>Sus muros, cargados de historia, albergan la exposici\u00f3n permanente B\u00e1rbaros en el sur de la Galia, que presenta los restos de la necr\u00f3polis merovingia de B\u00e9nazet: objetos funerarios, hebillas de cintur\u00f3n y armas, testigos de un pasado rico y atormentado.<br\/>El museo invita a grandes y peque\u00f1os a convertirse en &#8220;aprendices de arqueolog\u00eda&#8221;, una experiencia inmersiva y enriquecedora para comprender las ra\u00edces de Maz\u00e8res y el Ari\u00e8ge.<br\/><\/p>\n<\/div>\n\n\n\n<div class=\"wp-block-column is-vertically-aligned-center wp-block-image alignright size-large has-custom-border is-style-travel m-ti-image is-layout-flow wp-block-column-is-layout-flow is-style-travel--2\" style=\"flex-basis:60%\">\n<figure class=\"wp-block-image alignright size-full\"><img decoding=\"async\" width=\"1024\" height=\"552\" src=\"https:\/\/www.vap-camping.fr\/wp-content\/uploads\/2025\/09\/image-6.jpeg\" alt=\"Museo de los laberintos de Ardouin\" class=\"wp-image-4692\" srcset=\"https:\/\/www.vap-camping.fr\/wp-content\/uploads\/2025\/09\/image-6.jpeg 1024w, https:\/\/www.vap-camping.fr\/wp-content\/uploads\/2025\/09\/image-6-600x323.jpeg 600w, https:\/\/www.vap-camping.fr\/wp-content\/uploads\/2025\/09\/image-6-768x414.jpeg 768w\" sizes=\"(max-width: 1024px) 100vw, 1024px\" \/><\/figure>\n<\/div>\n<\/div>\n<\/div>\n\n\n\n<div class=\"wp-block-group has-global-padding is-layout-constrained wp-block-group-is-layout-constrained\">\n<div class=\"wp-block-columns alignfull are-vertically-aligned-center m-ti is-layout-flex wp-container-core-columns-is-layout-0c0b91ec wp-block-columns-is-layout-flex\">\n<div class=\"wp-block-column is-vertically-aligned-center wp-block-image alignright size-large has-custom-border is-style-simple-left m-ti-image is-layout-flow wp-block-column-is-layout-flow is-style-simple-left--3\" style=\"flex-basis:60%\">\n<figure class=\"wp-block-image alignleft size-full\"><img decoding=\"async\" width=\"1200\" height=\"773\" src=\"https:\/\/www.vap-camping.fr\/wp-content\/uploads\/2025\/09\/image-5.jpeg\" alt=\"Museo Ardouin de Maz&#xE8;res Ari&#xE8;ge\" class=\"wp-image-4696\" srcset=\"https:\/\/www.vap-camping.fr\/wp-content\/uploads\/2025\/09\/image-5.jpeg 1200w, https:\/\/www.vap-camping.fr\/wp-content\/uploads\/2025\/09\/image-5-600x387.jpeg 600w, https:\/\/www.vap-camping.fr\/wp-content\/uploads\/2025\/09\/image-5-1024x660.jpeg 1024w, https:\/\/www.vap-camping.fr\/wp-content\/uploads\/2025\/09\/image-5-768x495.jpeg 768w\" sizes=\"(max-width: 1200px) 100vw, 1200px\" \/><\/figure>\n<\/div>\n\n\n\n<div class=\"wp-block-column is-vertically-aligned-center m-ti-text is-layout-flow wp-container-core-column-is-layout-58dbe9e9 wp-block-column-is-layout-flow\" style=\"padding-left:10rem;flex-basis:40%\">\n<div class=\"wp-block-group is-style-title-left is-layout-flow wp-block-group-is-layout-flow is-style-title-left--4\">\n<p class=\"has-secondary-color has-text-color has-link-color has-secondary-font-family has-xl-font-size wp-elements-e50a4e1a2b69d6bbf729de3eef08cdd3\">Una visita  <\/p>\n\n\n\n<p class=\"has-primary-color has-text-color has-link-color has-primary-font-family has-sm-font-size wp-elements-f24b0ee5139714f177df7bd2a009ef8f\" style=\"text-transform:uppercase\"><strong>interesante visita guiada<\/strong><\/p>\n<\/div>\n\n\n\n<h1 class=\"wp-block-heading text-title\">Sum\u00e9rgete en la historia de Maz\u00e8res con nuestras visitas guiadas y talleres, para j\u00f3venes y mayores apasionados por la arqueolog\u00eda.<\/h1>\n\n\n\n<p class=\"has-m-font-size\" style=\"padding-left:2rem\">El Museo de Ardouin ofrece visitas guiadas (individuales o en grupo) para profundizar en la ciudad: objetos medievales, objetos de uso cotidiano, piezas arqueol\u00f3gicas&#8230; cada visita te remonta a la vida de los habitantes de ayer.  <br\/>A veces se organizan talleres y actos educativos -ideales para familias y aficionados a la historia- para que los visitantes comprendan mejor el desarrollo de la regi\u00f3n, el cultivo del pastel, los antiguos ritos funerarios y la artesan\u00eda local.  <br\/>Es una forma estupenda de acercarse a la historia de Maz\u00e8res, desde la arqueolog\u00eda hasta la artesan\u00eda tradicional.  <\/p>\n\n\n\n<p>Para obtener m\u00e1s informaci\u00f3n sobre la visita guiada y organizar tu visita, visita este enlace y reserva: <a href=\"https:\/\/www.ville-mazeres.fr\/musee-d-ardouin\/\"><mark style=\"background-color:rgba(0, 0, 0, 0)\" class=\"has-inline-color has-secondary-color\">https:\/\/www.ville-mazeres.fr\/musee-d-ardouin\/<\/mark><\/a>.<\/p>\n<\/div>\n<\/div>\n<\/div>\n\n\n\n<div class=\"wp-block-group has-global-padding is-layout-constrained wp-block-group-is-layout-constrained\">\n<div class=\"wp-block-columns alignfull are-vertically-aligned-center m-ti is-layout-flex wp-container-core-columns-is-layout-0c0b91ec wp-block-columns-is-layout-flex\">\n<div class=\"wp-block-column is-vertically-aligned-center m-ti-text is-layout-flow wp-container-core-column-is-layout-58dbe9e9 wp-block-column-is-layout-flow\" style=\"padding-left:10rem;flex-basis:40%\">\n<div class=\"wp-block-group is-style-title-left is-layout-flow wp-block-group-is-layout-flow is-style-title-left--5\">\n<p class=\"has-secondary-color has-text-color has-link-color has-secondary-font-family has-xl-font-size wp-elements-551b7471888022d988c185933df10e5e\">C\u00f3mo<\/p>\n\n\n\n<p class=\"has-primary-color has-text-color has-link-color has-primary-font-family has-sm-font-size wp-elements-84ad1252ad3b525d8149edc30e5be5a4\" style=\"text-transform:uppercase\"><strong>C\u00f3mo llegar desde el camping<\/strong><\/p>\n<\/div>\n\n\n\n<h1 class=\"wp-block-heading text-title\"><em>Desde el Camping La Bastide, puedes llegar f\u00e1cilmente al Museo de Ardouin a pie, en bici o en coche en pocos minutos.<\/em><\/h1>\n\n\n\n<p class=\"has-m-font-size\" style=\"padding-left:2rem\">Es muy f\u00e1cil llegar al museo desde el Camping La Bastide. En coche, el museo est\u00e1 en el centro de Maz\u00e8res, a s\u00f3lo unos minutos, y se puede aparcar f\u00e1cilmente.<br\/>En bicicleta o a pie, calcula entre 5 y 10 minutos, ideal para una salida cultural sin ataduras. A unos cientos de metros, tras un breve paseo, puedes adentrarte directamente en la historia.<br\/>Para acceder en grupo o sin coche, el museo tambi\u00e9n est\u00e1 comunicado por transporte p\u00fablico regional, a trav\u00e9s de la parada Maz\u00e8res &#8211; Place, a 3 minutos a pie.    <\/p>\n<\/div>\n\n\n\n<div class=\"wp-block-column is-vertically-aligned-center wp-block-image alignright size-large has-custom-border is-style-travel m-ti-image is-layout-flow wp-block-column-is-layout-flow is-style-travel--6\" style=\"flex-basis:60%\">\n<figure class=\"wp-block-image alignright size-large\"><img decoding=\"async\" width=\"1024\" height=\"767\" src=\"https:\/\/www.vap-camping.fr\/wp-content\/uploads\/2025\/04\/camping-mazeres-sky-view-1024x767.jpg\" alt=\"camping la bastide \" class=\"wp-image-4122\" srcset=\"https:\/\/www.vap-camping.fr\/wp-content\/uploads\/2025\/04\/camping-mazeres-sky-view-1024x767.jpg 1024w, https:\/\/www.vap-camping.fr\/wp-content\/uploads\/2025\/04\/camping-mazeres-sky-view-600x450.jpg 600w, https:\/\/www.vap-camping.fr\/wp-content\/uploads\/2025\/04\/camping-mazeres-sky-view-768x575.jpg 768w, https:\/\/www.vap-camping.fr\/wp-content\/uploads\/2025\/04\/camping-mazeres-sky-view-1536x1151.jpg 1536w, https:\/\/www.vap-camping.fr\/wp-content\/uploads\/2025\/04\/camping-mazeres-sky-view-2048x1534.jpg 2048w\" sizes=\"(max-width: 1024px) 100vw, 1024px\" \/><\/figure>\n<\/div>\n<\/div>\n<\/div>\n\n\n\n<div class=\"wp-block-group has-global-padding is-layout-constrained wp-block-group-is-layout-constrained\">\n<div class=\"wp-block-group alignwide is-style-title-simple is-layout-flow wp-block-group-is-layout-flow is-style-title-simple--7\" style=\"margin-top:4rem;margin-bottom:4rem\">\n<p class=\"has-text-align-center has-secondary-color has-text-color has-link-color has-secondary-font-family has-xl-font-size wp-elements-ba6c2535e000872c789cb58453578e85\">Nuestros establecimientos  <\/p>\n\n\n\n<p class=\"has-text-align-center has-primary-font-family has-sm-font-size\" style=\"text-transform:uppercase\"><strong>cerca de<\/strong><\/p>\n<\/div>\n\n\n<div class=\"campings-wrapper is-layout-flow wp-block-slider-campings-is-layout-flow\">\n            <div class=\"campings-list\">\n                            <div class=\"camping-item\"\n                    style=\"background-image: linear-gradient(to top, rgba(0, 0, 0, 0.6), transparent), url('https:\/\/www.vap-camping.fr\/wp-content\/uploads\/2025\/07\/dji_0589-2-1024x767.jpg');\">\n                    <a href=\"https:\/\/www.vap-camping.fr\/es\/campings\/camping-la-bastide\/\" title=\"Camping la Bastide(Maz\u00e8res)\" class=\"camping-link\">\n                        <p class=\"title\">Camping la Bastide(Maz\u00e8res)<\/p>\n                        <p class=\"camping-button\">Descubre<\/p>\n                    <\/a>\n                <\/div>\n                    <\/div>\n    <\/div>\n\n<\/div>\n<\/div>\n","protected":false},"excerpt":{"rendered":"<p>Explora el Museo de Ardouin en Maz\u00e8res, un viaje cautivador al coraz\u00f3n de la historia y la arqueolog\u00eda.<\/p>\n","protected":false},"author":1,"featured_media":4703,"parent":0,"template":"","format":"standard","tax-category-lieux":[49],"class_list":["post-3902","lieux","type-lieux","status-publish","format-standard","has-post-thumbnail","hentry","tax-category-lieux-actividades"],"acf":{"latitude":"43.251549","longitude":"1.679964","distance":0.5,"pm_lieu_url":"","pm_lieu_phone":"","adresse":"","pm_lieu_title_short":"","af_camping":[101]},"_links":{"self":[{"href":"https:\/\/www.vap-camping.fr\/es\/wp-json\/wp\/v2\/lieux\/3902","targetHints":{"allow":["GET"]}}],"collection":[{"href":"https:\/\/www.vap-camping.fr\/es\/wp-json\/wp\/v2\/lieux"}],"about":[{"href":"https:\/\/www.vap-camping.fr\/es\/wp-json\/wp\/v2\/types\/lieux"}],"author":[{"embeddable":true,"href":"https:\/\/www.vap-camping.fr\/es\/wp-json\/wp\/v2\/users\/1"}],"version-history":[{"count":3,"href":"https:\/\/www.vap-camping.fr\/es\/wp-json\/wp\/v2\/lieux\/3902\/revisions"}],"predecessor-version":[{"id":6861,"href":"https:\/\/www.vap-camping.fr\/es\/wp-json\/wp\/v2\/lieux\/3902\/revisions\/6861"}],"acf:post":[{"embeddable":true,"href":"https:\/\/www.vap-camping.fr\/es\/wp-json\/wp\/v2\/campings\/101"}],"wp:featuredmedia":[{"embeddable":true,"href":"https:\/\/www.vap-camping.fr\/es\/wp-json\/wp\/v2\/media\/4703"}],"wp:attachment":[{"href":"https:\/\/www.vap-camping.fr\/es\/wp-json\/wp\/v2\/media?parent=3902"}],"wp:term":[{"taxonomy":"tax-category-lieux","embeddable":true,"href":"https:\/\/www.vap-camping.fr\/es\/wp-json\/wp\/v2\/tax-category-lieux?post=3902"}],"curies":[{"name":"wp","href":"https:\/\/api.w.org\/{rel}","templated":true}]}}

Museo Ardouin (Mazères)

<div class="wp-block-group alignfull is-layout-flow wp-block-group-is-layout-flow">
<div class="wp-block-group has-global-padding is-layout-constrained wp-block-group-is-layout-constrained">
<div class="wp-block-columns alignfull are-vertically-aligned-center m-ti is-layout-flex wp-container-core-columns-is-layout-0c0b91ec wp-block-columns-is-layout-flex">
<div class="wp-block-column is-vertically-aligned-center m-ti-text is-layout-flow wp-container-core-column-is-layout-58dbe9e9 wp-block-column-is-layout-flow" style="padding-left:10rem;flex-basis:40%">
<div class="wp-block-group is-style-title-left is-layout-flow wp-block-group-is-layout-flow is-style-title-left--1">
<p class="has-secondary-color has-text-color has-link-color has-secondary-font-family has-xl-font-size wp-elements-4778113f7db0a728ac8537da296a1fa4">Un viaje</p>



<p class="has-primary-color has-text-color has-link-color has-primary-font-family has-sm-font-size wp-elements-170fbc2d0d077af9537461f5d6a3ce08" style="text-transform:uppercase"><strong>Con el tiempo</strong></p>
</div>



<h1 class="wp-block-heading text-title">¡<em>Un museo en Mazères que recorre la historia de la antigua Galia desde el Neolítico</em>!</h1>



<p class="has-m-font-size" style="padding-left:2rem">Situado en la hermosa casa del pueblo de Ardouin, a 2 minutos del camping de la Bastida, construida en 1580, el museo posee una rica colección que abarca desde el Neolítico hasta las épocas visigoda y franca.  <br/>Sus muros, cargados de historia, albergan la exposición permanente Bárbaros en el sur de la Galia, que presenta los restos de la necrópolis merovingia de Bénazet: objetos funerarios, hebillas de cinturón y armas, testigos de un pasado rico y atormentado.<br/>El museo invita a grandes y pequeños a convertirse en &#8220;aprendices de arqueología&#8221;, una experiencia inmersiva y enriquecedora para comprender las raíces de Mazères y el Ariège.<br/></p>
</div>



<div class="wp-block-column is-vertically-aligned-center wp-block-image alignright size-large has-custom-border is-style-travel m-ti-image is-layout-flow wp-block-column-is-layout-flow is-style-travel--2" style="flex-basis:60%">
<figure class="wp-block-image alignright size-full"><img decoding="async" width="1024" height="552" src="https://www.vap-camping.fr/wp-content/uploads/2025/09/image-6.jpeg" alt="Museo de los laberintos de Ardouin" class="wp-image-4692" srcset="https://www.vap-camping.fr/wp-content/uploads/2025/09/image-6.jpeg 1024w, https://www.vap-camping.fr/wp-content/uploads/2025/09/image-6-600x323.jpeg 600w, https://www.vap-camping.fr/wp-content/uploads/2025/09/image-6-768x414.jpeg 768w" sizes="(max-width: 1024px) 100vw, 1024px" /></figure>
</div>
</div>
</div>



<div class="wp-block-group has-global-padding is-layout-constrained wp-block-group-is-layout-constrained">
<div class="wp-block-columns alignfull are-vertically-aligned-center m-ti is-layout-flex wp-container-core-columns-is-layout-0c0b91ec wp-block-columns-is-layout-flex">
<div class="wp-block-column is-vertically-aligned-center wp-block-image alignright size-large has-custom-border is-style-simple-left m-ti-image is-layout-flow wp-block-column-is-layout-flow is-style-simple-left--3" style="flex-basis:60%">
<figure class="wp-block-image alignleft size-full"><img decoding="async" width="1200" height="773" src="https://www.vap-camping.fr/wp-content/uploads/2025/09/image-5.jpeg" alt="Museo Ardouin de Maz&#xE8;res Ari&#xE8;ge" class="wp-image-4696" srcset="https://www.vap-camping.fr/wp-content/uploads/2025/09/image-5.jpeg 1200w, https://www.vap-camping.fr/wp-content/uploads/2025/09/image-5-600x387.jpeg 600w, https://www.vap-camping.fr/wp-content/uploads/2025/09/image-5-1024x660.jpeg 1024w, https://www.vap-camping.fr/wp-content/uploads/2025/09/image-5-768x495.jpeg 768w" sizes="(max-width: 1200px) 100vw, 1200px" /></figure>
</div>



<div class="wp-block-column is-vertically-aligned-center m-ti-text is-layout-flow wp-container-core-column-is-layout-58dbe9e9 wp-block-column-is-layout-flow" style="padding-left:10rem;flex-basis:40%">
<div class="wp-block-group is-style-title-left is-layout-flow wp-block-group-is-layout-flow is-style-title-left--4">
<p class="has-secondary-color has-text-color has-link-color has-secondary-font-family has-xl-font-size wp-elements-e50a4e1a2b69d6bbf729de3eef08cdd3">Una visita  </p>



<p class="has-primary-color has-text-color has-link-color has-primary-font-family has-sm-font-size wp-elements-f24b0ee5139714f177df7bd2a009ef8f" style="text-transform:uppercase"><strong>interesante visita guiada</strong></p>
</div>



<h1 class="wp-block-heading text-title">Sumérgete en la historia de Mazères con nuestras visitas guiadas y talleres, para jóvenes y mayores apasionados por la arqueología.</h1>



<p class="has-m-font-size" style="padding-left:2rem">El Museo de Ardouin ofrece visitas guiadas (individuales o en grupo) para profundizar en la ciudad: objetos medievales, objetos de uso cotidiano, piezas arqueológicas&#8230; cada visita te remonta a la vida de los habitantes de ayer.  <br/>A veces se organizan talleres y actos educativos -ideales para familias y aficionados a la historia- para que los visitantes comprendan mejor el desarrollo de la región, el cultivo del pastel, los antiguos ritos funerarios y la artesanía local.  <br/>Es una forma estupenda de acercarse a la historia de Mazères, desde la arqueología hasta la artesanía tradicional.  </p>



<p>Para obtener más información sobre la visita guiada y organizar tu visita, visita este enlace y reserva: <a href="https://www.ville-mazeres.fr/musee-d-ardouin/"><mark style="background-color:rgba(0, 0, 0, 0)" class="has-inline-color has-secondary-color">https://www.ville-mazeres.fr/musee-d-ardouin/</mark></a>.</p>
</div>
</div>
</div>



<div class="wp-block-group has-global-padding is-layout-constrained wp-block-group-is-layout-constrained">
<div class="wp-block-columns alignfull are-vertically-aligned-center m-ti is-layout-flex wp-container-core-columns-is-layout-0c0b91ec wp-block-columns-is-layout-flex">
<div class="wp-block-column is-vertically-aligned-center m-ti-text is-layout-flow wp-container-core-column-is-layout-58dbe9e9 wp-block-column-is-layout-flow" style="padding-left:10rem;flex-basis:40%">
<div class="wp-block-group is-style-title-left is-layout-flow wp-block-group-is-layout-flow is-style-title-left--5">
<p class="has-secondary-color has-text-color has-link-color has-secondary-font-family has-xl-font-size wp-elements-551b7471888022d988c185933df10e5e">Cómo</p>



<p class="has-primary-color has-text-color has-link-color has-primary-font-family has-sm-font-size wp-elements-84ad1252ad3b525d8149edc30e5be5a4" style="text-transform:uppercase"><strong>Cómo llegar desde el camping</strong></p>
</div>



<h1 class="wp-block-heading text-title"><em>Desde el Camping La Bastide, puedes llegar fácilmente al Museo de Ardouin a pie, en bici o en coche en pocos minutos.</em></h1>



<p class="has-m-font-size" style="padding-left:2rem">Es muy fácil llegar al museo desde el Camping La Bastide. En coche, el museo está en el centro de Mazères, a sólo unos minutos, y se puede aparcar fácilmente.<br/>En bicicleta o a pie, calcula entre 5 y 10 minutos, ideal para una salida cultural sin ataduras. A unos cientos de metros, tras un breve paseo, puedes adentrarte directamente en la historia.<br/>Para acceder en grupo o sin coche, el museo también está comunicado por transporte público regional, a través de la parada Mazères &#8211; Place, a 3 minutos a pie.    </p>
</div>



<div class="wp-block-column is-vertically-aligned-center wp-block-image alignright size-large has-custom-border is-style-travel m-ti-image is-layout-flow wp-block-column-is-layout-flow is-style-travel--6" style="flex-basis:60%">
<figure class="wp-block-image alignright size-large"><img decoding="async" width="1024" height="767" src="https://www.vap-camping.fr/wp-content/uploads/2025/04/camping-mazeres-sky-view-1024x767.jpg" alt="camping la bastide " class="wp-image-4122" srcset="https://www.vap-camping.fr/wp-content/uploads/2025/04/camping-mazeres-sky-view-1024x767.jpg 1024w, https://www.vap-camping.fr/wp-content/uploads/2025/04/camping-mazeres-sky-view-600x450.jpg 600w, https://www.vap-camping.fr/wp-content/uploads/2025/04/camping-mazeres-sky-view-768x575.jpg 768w, https://www.vap-camping.fr/wp-content/uploads/2025/04/camping-mazeres-sky-view-1536x1151.jpg 1536w, https://www.vap-camping.fr/wp-content/uploads/2025/04/camping-mazeres-sky-view-2048x1534.jpg 2048w" sizes="(max-width: 1024px) 100vw, 1024px" /></figure>
</div>
</div>
</div>



<div class="wp-block-group has-global-padding is-layout-constrained wp-block-group-is-layout-constrained">
<div class="wp-block-group alignwide is-style-title-simple is-layout-flow wp-block-group-is-layout-flow is-style-title-simple--7" style="margin-top:4rem;margin-bottom:4rem">
<p class="has-text-align-center has-secondary-color has-text-color has-link-color has-secondary-font-family has-xl-font-size wp-elements-ba6c2535e000872c789cb58453578e85">Nuestros establecimientos  </p>



<p class="has-text-align-center has-primary-font-family has-sm-font-size" style="text-transform:uppercase"><strong>cerca de</strong></p>
</div>


<div class="campings-wrapper is-layout-flow wp-block-slider-campings-is-layout-flow">
            <div class="campings-list">
                            <div class="camping-item"
                    style="background-image: linear-gradient(to top, rgba(0, 0, 0, 0.6), transparent), url('https://www.vap-camping.fr/wp-content/uploads/2025/07/dji_0589-2-1024x767.jpg');">
                    <a href="https://www.vap-camping.fr/es/campings/camping-la-bastide/" title="Camping la Bastide(Mazères)" class="camping-link">
                        <p class="title">Camping la Bastide(Mazères)</p>
                        <p class="camping-button">Descubre</p>
                    </a>
                </div>
                    </div>
    </div>

</div>
</div>

<p>Explora el Museo de Ardouin en Mazères, un viaje cautivador al corazón de la historia y la arqueología.</p>
