{"id":3911,"date":"2025-09-24T09:41:28","date_gmt":"2025-09-24T09:41:28","guid":{"rendered":"https:\/\/www.vap-camping.fr\/lieux\/edf-toulouse\/"},"modified":"2026-02-05T08:55:41","modified_gmt":"2026-02-05T08:55:41","slug":"edf-toulouse","status":"publish","type":"lieux","link":"https:\/\/www.vap-camping.fr\/es\/lieux\/edf-toulouse\/","title":{"rendered":"Bazacle, Arte, Energ\u00eda y Patrimonio"},"content":{"rendered":"\n<div class=\"wp-block-group alignfull is-layout-flow wp-block-group-is-layout-flow\">\n<div class=\"wp-block-group has-global-padding is-layout-constrained wp-block-group-is-layout-constrained\">\n<div class=\"wp-block-columns alignfull are-vertically-aligned-center m-ti is-layout-flex wp-container-core-columns-is-layout-0c0b91ec wp-block-columns-is-layout-flex\">\n<div class=\"wp-block-column is-vertically-aligned-center m-ti-text is-layout-flow wp-container-core-column-is-layout-58dbe9e9 wp-block-column-is-layout-flow\" style=\"padding-left:10rem;flex-basis:40%\">\n<div class=\"wp-block-group is-style-title-left is-layout-flow wp-block-group-is-layout-flow is-style-title-left--1\">\n<p class=\"has-secondary-color has-text-color has-link-color has-secondary-font-family has-xl-font-size wp-elements-6971d87f3ba00d8e2edd6c4d41d34f26\">Bazacle<\/p>\n\n\n\n<p class=\"has-primary-color has-text-color has-link-color has-primary-font-family has-sm-font-size wp-elements-e7ab62c5d65ec5fb183b4ecb85be42d7\" style=\"text-transform:uppercase\"><strong>Centro de energ\u00eda  <\/strong><\/p>\n<\/div>\n\n\n\n<h1 class=\"wp-block-heading text-title\"><em>Una visita a los Espacios EDF Bazacle de Toulouse, que combinan arte, energ\u00eda y patrimonio cultural.<\/em> <\/h1>\n\n\n\n<p class=\"has-m-font-size\" style=\"padding-left:2rem\">Los Espacios EDF Bazacle, situados en pleno centro de la ciudad a orillas del Garona, ocupan 2.000 m\u00b2 dedicados a la historia industrial, la cultura local y el medio ambiente. Este lugar \u00fanico, situado a 8 km del camping Le Rup\u00e9, ofrece una escenograf\u00eda interactiva que combina terminales sonoras, v\u00eddeos y maquetas para sensibilizar sobre las cuestiones relacionadas con la energ\u00eda, el agua y la biodiversidad. El edificio tambi\u00e9n alberga una central hidroel\u00e9ctrica en funcionamiento, que vincula el pasado t\u00e9cnico con el presente cultural.  <\/p>\n<\/div>\n\n\n\n<div class=\"wp-block-column is-vertically-aligned-center wp-block-image alignright size-large has-custom-border is-style-travel m-ti-image is-layout-flow wp-block-column-is-layout-flow is-style-travel--2\" style=\"flex-basis:60%\">\n<figure class=\"wp-block-image alignright size-large\"><img decoding=\"async\" src=\"https:\/\/www.vap-camping.fr\/wp-content\/themes\/vap\/assets\/img\/placeholder.jpg\" alt=\"VAP\" class=\"wp-image-123\"\/><\/figure>\n<\/div>\n<\/div>\n<\/div>\n\n\n\n<div class=\"wp-block-group has-global-padding is-layout-constrained wp-block-group-is-layout-constrained\">\n<div class=\"wp-block-columns alignfull are-vertically-aligned-center m-ti is-layout-flex wp-container-core-columns-is-layout-0c0b91ec wp-block-columns-is-layout-flex\">\n<div class=\"wp-block-column is-vertically-aligned-center wp-block-image alignright size-large has-custom-border is-style-simple-left m-ti-image is-layout-flow wp-block-column-is-layout-flow is-style-simple-left--3\" style=\"flex-basis:60%\">\n<figure class=\"wp-block-image alignleft size-large\"><img decoding=\"async\" src=\"https:\/\/www.vap-camping.fr\/wp-content\/themes\/vap\/assets\/img\/placeholder.jpg\" alt=\"VAP\" class=\"wp-image-123\"\/><\/figure>\n<\/div>\n\n\n\n<div class=\"wp-block-column is-vertically-aligned-center m-ti-text is-layout-flow wp-container-core-column-is-layout-58dbe9e9 wp-block-column-is-layout-flow\" style=\"padding-left:10rem;flex-basis:40%\">\n<div class=\"wp-block-group is-style-title-left is-layout-flow wp-block-group-is-layout-flow is-style-title-left--4\">\n<p class=\"has-secondary-color has-text-color has-link-color has-secondary-font-family has-xl-font-size wp-elements-f505bd4eb35a88e976bfbeb0ee0d7b9b\">ARTE E INMERSI\u00d3N<\/p>\n\n\n\n<p class=\"has-primary-color has-text-color has-link-color has-primary-font-family has-sm-font-size wp-elements-b4591cffbd57694e1f2f52af8aeaf69f\" style=\"text-transform:uppercase\"><strong>EXPOSICIONES TEMPORALES  <\/strong><\/p>\n<\/div>\n\n\n\n<h1 class=\"wp-block-heading text-title\"><em>Un recorrido inmersivo por la Bazacle, con obras digitales e importantes artistas contempor\u00e1neos.<\/em> <\/h1>\n\n\n\n<p class=\"has-m-font-size\" style=\"padding-left:2rem\">La exposici\u00f3n insignia actual es Claude Monet: La Experiencia Inmersiva, con m\u00e1s de 300 obras presentadas en una sala de 360\u00b0, acompa\u00f1adas de un espect\u00e1culo de luz y sonido y una experiencia inmersiva de realidad virtual. Otras exposiciones, como la dedicada a M.C. Escher, ya han ocupado el espacio, combinando arte, tecnolog\u00eda y cuestionamiento visual.   <\/p>\n<\/div>\n<\/div>\n<\/div>\n\n\n\n<div class=\"wp-block-group has-global-padding is-layout-constrained wp-block-group-is-layout-constrained\">\n<div class=\"wp-block-columns alignfull are-vertically-aligned-center m-ti is-layout-flex wp-container-core-columns-is-layout-0c0b91ec wp-block-columns-is-layout-flex\">\n<div class=\"wp-block-column is-vertically-aligned-center m-ti-text is-layout-flow wp-container-core-column-is-layout-58dbe9e9 wp-block-column-is-layout-flow\" style=\"padding-left:10rem;flex-basis:40%\">\n<div class=\"wp-block-group is-style-title-left is-layout-flow wp-block-group-is-layout-flow is-style-title-left--5\">\n<p class=\"has-secondary-color has-text-color has-link-color has-secondary-font-family has-xl-font-size wp-elements-1c8d77a05a4d4cd04ff178f1dd9216b5\"><strong>PATRIMONIO<\/strong><\/p>\n\n\n\n<p class=\"has-primary-color has-text-color has-link-color has-primary-font-family has-sm-font-size wp-elements-6db737e2dc1c88debe6e3ea8dccb3417\" style=\"text-transform:uppercase\"><strong><strong>ENERG\u00cdA Y VISTA <\/strong> DE LA GARONNE<\/strong><\/p>\n<\/div>\n\n\n\n<h1 class=\"wp-block-heading text-title\"><em>Un viaje por la historia del Bazacle, la energ\u00eda hidroel\u00e9ctrica y un balc\u00f3n con vistas al r\u00edo.<\/em> <\/h1>\n\n\n\n<p class=\"has-m-font-size\" style=\"padding-left:2rem\">Otro de los encantos del recinto es su terraza panor\u00e1mica de 400 m\u00b2 sobre el Garona, que ofrece una vista impresionante de Toulouse. Adem\u00e1s de las exposiciones, los visitantes pueden descubrir el paso de los peces, con un ojo de buey submarino para observar las especies migratorias del r\u00edo. Este marco combina patrimonio arquitect\u00f3nico, tecnolog\u00eda y naturaleza, haciendo de la visita una experiencia multidisciplinar.  <\/p>\n<\/div>\n\n\n\n<div class=\"wp-block-column is-vertically-aligned-center wp-block-image alignright size-large has-custom-border is-style-travel m-ti-image is-layout-flow wp-block-column-is-layout-flow is-style-travel--6\" style=\"flex-basis:60%\">\n<figure class=\"wp-block-image alignright size-large\"><img decoding=\"async\" src=\"https:\/\/www.vap-camping.fr\/wp-content\/themes\/vap\/assets\/img\/placeholder.jpg\" alt=\"VAP\" class=\"wp-image-123\"\/><\/figure>\n<\/div>\n<\/div>\n<\/div>\n\n\n\n<div class=\"wp-block-group has-global-padding is-layout-constrained wp-block-group-is-layout-constrained\">\n<div class=\"wp-block-group alignwide is-style-title-simple is-layout-flow wp-block-group-is-layout-flow is-style-title-simple--7\" style=\"margin-top:4rem;margin-bottom:4rem\">\n<p class=\"has-text-align-center has-secondary-color has-text-color has-link-color has-secondary-font-family has-xl-font-size wp-elements-ba6c2535e000872c789cb58453578e85\">Nuestros establecimientos  <\/p>\n\n\n\n<p class=\"has-text-align-center has-primary-font-family has-sm-font-size\" style=\"text-transform:uppercase\"><strong>En los alrededores<\/strong><\/p>\n<\/div>\n\n\n<div class=\"campings-wrapper is-layout-flow wp-block-slider-campings-is-layout-flow\">\n            <div class=\"campings-list\">\n                            <div class=\"camping-item\"\n                    style=\"background-image: linear-gradient(to top, rgba(0, 0, 0, 0.6), transparent), url('https:\/\/www.vap-camping.fr\/wp-content\/uploads\/2025\/04\/dsc03930-1024x500.jpg');\">\n                    <a href=\"https:\/\/www.vap-camping.fr\/es\/campings\/camping-le-rupe\/\" title=\"Camping le Rup\u00e9(Toulouse)\" class=\"camping-link\">\n                        <p class=\"title\">Camping le Rup\u00e9(Toulouse)<\/p>\n                        <p class=\"camping-button\">Descubre<\/p>\n                    <\/a>\n                <\/div>\n                    <\/div>\n    <\/div>\n\n<\/div>\n<\/div>\n","protected":false},"excerpt":{"rendered":"<p>toulouse<\/p>\n","protected":false},"author":1,"featured_media":2891,"parent":0,"template":"","format":"standard","tax-category-lieux":[49],"class_list":["post-3911","lieux","type-lieux","status-publish","format-standard","has-post-thumbnail","hentry","tax-category-lieux-actividades"],"acf":{"latitude":"43.604548","longitude":"1.432444","distance":8,"pm_lieu_url":"https:\/\/www.edf.fr\/groupe-edf\/agir-en-entreprise-responsable\/fondation-et-mecenat-patrimoine-sport\/espaces-edf-bazacle\/presentation-des-espaces","pm_lieu_phone":"","adresse":"","pm_lieu_title_short":"","af_camping":[103]},"_links":{"self":[{"href":"https:\/\/www.vap-camping.fr\/es\/wp-json\/wp\/v2\/lieux\/3911","targetHints":{"allow":["GET"]}}],"collection":[{"href":"https:\/\/www.vap-camping.fr\/es\/wp-json\/wp\/v2\/lieux"}],"about":[{"href":"https:\/\/www.vap-camping.fr\/es\/wp-json\/wp\/v2\/types\/lieux"}],"author":[{"embeddable":true,"href":"https:\/\/www.vap-camping.fr\/es\/wp-json\/wp\/v2\/users\/1"}],"version-history":[{"count":3,"href":"https:\/\/www.vap-camping.fr\/es\/wp-json\/wp\/v2\/lieux\/3911\/revisions"}],"predecessor-version":[{"id":6942,"href":"https:\/\/www.vap-camping.fr\/es\/wp-json\/wp\/v2\/lieux\/3911\/revisions\/6942"}],"acf:post":[{"embeddable":true,"href":"https:\/\/www.vap-camping.fr\/es\/wp-json\/wp\/v2\/campings\/103"}],"wp:featuredmedia":[{"embeddable":true,"href":"https:\/\/www.vap-camping.fr\/es\/wp-json\/wp\/v2\/media\/2891"}],"wp:attachment":[{"href":"https:\/\/www.vap-camping.fr\/es\/wp-json\/wp\/v2\/media?parent=3911"}],"wp:term":[{"taxonomy":"tax-category-lieux","embeddable":true,"href":"https:\/\/www.vap-camping.fr\/es\/wp-json\/wp\/v2\/tax-category-lieux?post=3911"}],"curies":[{"name":"wp","href":"https:\/\/api.w.org\/{rel}","templated":true}]}}

Bazacle, Arte, Energía y Patrimonio

<div class="wp-block-group alignfull is-layout-flow wp-block-group-is-layout-flow">
<div class="wp-block-group has-global-padding is-layout-constrained wp-block-group-is-layout-constrained">
<div class="wp-block-columns alignfull are-vertically-aligned-center m-ti is-layout-flex wp-container-core-columns-is-layout-0c0b91ec wp-block-columns-is-layout-flex">
<div class="wp-block-column is-vertically-aligned-center m-ti-text is-layout-flow wp-container-core-column-is-layout-58dbe9e9 wp-block-column-is-layout-flow" style="padding-left:10rem;flex-basis:40%">
<div class="wp-block-group is-style-title-left is-layout-flow wp-block-group-is-layout-flow is-style-title-left--1">
<p class="has-secondary-color has-text-color has-link-color has-secondary-font-family has-xl-font-size wp-elements-6971d87f3ba00d8e2edd6c4d41d34f26">Bazacle</p>



<p class="has-primary-color has-text-color has-link-color has-primary-font-family has-sm-font-size wp-elements-e7ab62c5d65ec5fb183b4ecb85be42d7" style="text-transform:uppercase"><strong>Centro de energía  </strong></p>
</div>



<h1 class="wp-block-heading text-title"><em>Una visita a los Espacios EDF Bazacle de Toulouse, que combinan arte, energía y patrimonio cultural.</em> </h1>



<p class="has-m-font-size" style="padding-left:2rem">Los Espacios EDF Bazacle, situados en pleno centro de la ciudad a orillas del Garona, ocupan 2.000 m² dedicados a la historia industrial, la cultura local y el medio ambiente. Este lugar único, situado a 8 km del camping Le Rupé, ofrece una escenografía interactiva que combina terminales sonoras, vídeos y maquetas para sensibilizar sobre las cuestiones relacionadas con la energía, el agua y la biodiversidad. El edificio también alberga una central hidroeléctrica en funcionamiento, que vincula el pasado técnico con el presente cultural.  </p>
</div>



<div class="wp-block-column is-vertically-aligned-center wp-block-image alignright size-large has-custom-border is-style-travel m-ti-image is-layout-flow wp-block-column-is-layout-flow is-style-travel--2" style="flex-basis:60%">
<figure class="wp-block-image alignright size-large"><img decoding="async" src="https://www.vap-camping.fr/wp-content/themes/vap/assets/img/placeholder.jpg" alt="VAP" class="wp-image-123"/></figure>
</div>
</div>
</div>



<div class="wp-block-group has-global-padding is-layout-constrained wp-block-group-is-layout-constrained">
<div class="wp-block-columns alignfull are-vertically-aligned-center m-ti is-layout-flex wp-container-core-columns-is-layout-0c0b91ec wp-block-columns-is-layout-flex">
<div class="wp-block-column is-vertically-aligned-center wp-block-image alignright size-large has-custom-border is-style-simple-left m-ti-image is-layout-flow wp-block-column-is-layout-flow is-style-simple-left--3" style="flex-basis:60%">
<figure class="wp-block-image alignleft size-large"><img decoding="async" src="https://www.vap-camping.fr/wp-content/themes/vap/assets/img/placeholder.jpg" alt="VAP" class="wp-image-123"/></figure>
</div>



<div class="wp-block-column is-vertically-aligned-center m-ti-text is-layout-flow wp-container-core-column-is-layout-58dbe9e9 wp-block-column-is-layout-flow" style="padding-left:10rem;flex-basis:40%">
<div class="wp-block-group is-style-title-left is-layout-flow wp-block-group-is-layout-flow is-style-title-left--4">
<p class="has-secondary-color has-text-color has-link-color has-secondary-font-family has-xl-font-size wp-elements-f505bd4eb35a88e976bfbeb0ee0d7b9b">ARTE E INMERSIÓN</p>



<p class="has-primary-color has-text-color has-link-color has-primary-font-family has-sm-font-size wp-elements-b4591cffbd57694e1f2f52af8aeaf69f" style="text-transform:uppercase"><strong>EXPOSICIONES TEMPORALES  </strong></p>
</div>



<h1 class="wp-block-heading text-title"><em>Un recorrido inmersivo por la Bazacle, con obras digitales e importantes artistas contemporáneos.</em> </h1>



<p class="has-m-font-size" style="padding-left:2rem">La exposición insignia actual es Claude Monet: La Experiencia Inmersiva, con más de 300 obras presentadas en una sala de 360°, acompañadas de un espectáculo de luz y sonido y una experiencia inmersiva de realidad virtual. Otras exposiciones, como la dedicada a M.C. Escher, ya han ocupado el espacio, combinando arte, tecnología y cuestionamiento visual.   </p>
</div>
</div>
</div>



<div class="wp-block-group has-global-padding is-layout-constrained wp-block-group-is-layout-constrained">
<div class="wp-block-columns alignfull are-vertically-aligned-center m-ti is-layout-flex wp-container-core-columns-is-layout-0c0b91ec wp-block-columns-is-layout-flex">
<div class="wp-block-column is-vertically-aligned-center m-ti-text is-layout-flow wp-container-core-column-is-layout-58dbe9e9 wp-block-column-is-layout-flow" style="padding-left:10rem;flex-basis:40%">
<div class="wp-block-group is-style-title-left is-layout-flow wp-block-group-is-layout-flow is-style-title-left--5">
<p class="has-secondary-color has-text-color has-link-color has-secondary-font-family has-xl-font-size wp-elements-1c8d77a05a4d4cd04ff178f1dd9216b5"><strong>PATRIMONIO</strong></p>



<p class="has-primary-color has-text-color has-link-color has-primary-font-family has-sm-font-size wp-elements-6db737e2dc1c88debe6e3ea8dccb3417" style="text-transform:uppercase"><strong><strong>ENERGÍA Y VISTA </strong> DE LA GARONNE</strong></p>
</div>



<h1 class="wp-block-heading text-title"><em>Un viaje por la historia del Bazacle, la energía hidroeléctrica y un balcón con vistas al río.</em> </h1>



<p class="has-m-font-size" style="padding-left:2rem">Otro de los encantos del recinto es su terraza panorámica de 400 m² sobre el Garona, que ofrece una vista impresionante de Toulouse. Además de las exposiciones, los visitantes pueden descubrir el paso de los peces, con un ojo de buey submarino para observar las especies migratorias del río. Este marco combina patrimonio arquitectónico, tecnología y naturaleza, haciendo de la visita una experiencia multidisciplinar.  </p>
</div>



<div class="wp-block-column is-vertically-aligned-center wp-block-image alignright size-large has-custom-border is-style-travel m-ti-image is-layout-flow wp-block-column-is-layout-flow is-style-travel--6" style="flex-basis:60%">
<figure class="wp-block-image alignright size-large"><img decoding="async" src="https://www.vap-camping.fr/wp-content/themes/vap/assets/img/placeholder.jpg" alt="VAP" class="wp-image-123"/></figure>
</div>
</div>
</div>



<div class="wp-block-group has-global-padding is-layout-constrained wp-block-group-is-layout-constrained">
<div class="wp-block-group alignwide is-style-title-simple is-layout-flow wp-block-group-is-layout-flow is-style-title-simple--7" style="margin-top:4rem;margin-bottom:4rem">
<p class="has-text-align-center has-secondary-color has-text-color has-link-color has-secondary-font-family has-xl-font-size wp-elements-ba6c2535e000872c789cb58453578e85">Nuestros establecimientos  </p>



<p class="has-text-align-center has-primary-font-family has-sm-font-size" style="text-transform:uppercase"><strong>En los alrededores</strong></p>
</div>


<div class="campings-wrapper is-layout-flow wp-block-slider-campings-is-layout-flow">
            <div class="campings-list">
                            <div class="camping-item"
                    style="background-image: linear-gradient(to top, rgba(0, 0, 0, 0.6), transparent), url('https://www.vap-camping.fr/wp-content/uploads/2025/04/dsc03930-1024x500.jpg');">
                    <a href="https://www.vap-camping.fr/es/campings/camping-le-rupe/" title="Camping le Rupé(Toulouse)" class="camping-link">
                        <p class="title">Camping le Rupé(Toulouse)</p>
                        <p class="camping-button">Descubre</p>
                    </a>
                </div>
                    </div>
    </div>

</div>
</div>
