{"id":3914,"date":"2025-09-24T13:18:57","date_gmt":"2025-09-24T13:18:57","guid":{"rendered":"https:\/\/www.vap-camping.fr\/lieux\/talcaneo\/"},"modified":"2026-01-30T01:36:15","modified_gmt":"2026-01-30T01:36:15","slug":"talcaneo","status":"publish","type":"lieux","link":"https:\/\/www.vap-camping.fr\/es\/lieux\/talcaneo\/","title":{"rendered":"Talcane\u00f4"},"content":{"rendered":"\n<div class=\"wp-block-group alignfull is-layout-flow wp-block-group-is-layout-flow\">\n<div class=\"wp-block-group has-global-padding is-layout-constrained wp-block-group-is-layout-constrained\">\n<div class=\"wp-block-columns alignfull are-vertically-aligned-center m-ti is-layout-flex wp-container-core-columns-is-layout-0c0b91ec wp-block-columns-is-layout-flex\">\n<div class=\"wp-block-column is-vertically-aligned-center m-ti-text is-layout-flow wp-container-core-column-is-layout-58dbe9e9 wp-block-column-is-layout-flow\" style=\"padding-left:10rem;flex-basis:40%\">\n<div class=\"wp-block-group is-style-title-left is-layout-flow wp-block-group-is-layout-flow is-style-title-left--1\">\n<p class=\"has-secondary-color has-text-color has-link-color has-secondary-font-family has-xl-font-size wp-elements-f09e5898181cd38ffe088541256a600b\">Talcane\u00f4<\/p>\n\n\n\n<p class=\"has-primary-color has-text-color has-link-color has-primary-font-family has-sm-font-size wp-elements-5901c4b4eab22d818783eb45472d96da\" style=\"text-transform:uppercase\"><strong>patrimonio vivo<\/strong><\/p>\n<\/div>\n\n\n\n<h1 class=\"wp-block-heading text-title\"><em>Sum\u00e9rgete en la historia industrial del talco en la zona del museo y la \u00fanica cantera de este tipo en Ari\u00e8ge.<\/em><\/h1>\n\n\n\n<p class=\"has-m-font-size\" style=\"padding-left:2rem\">Talcane\u00f4, situado en Luzenac, a 7 km de nuestro establecimiento Les Oustalous, es un espacio museogr\u00e1fico de 400 m\u00b2 dedicado \u00edntegramente al talco, la roca blanda omnipresente en nuestra vida cotidiana.  <\/p>\n\n\n\n<p class=\"has-m-font-size\" style=\"padding-left:2rem\">El museo recorre su extracci\u00f3n, transformaci\u00f3n y uso mediante exposiciones visuales e interactivas y una pantalla panor\u00e1mica de 180\u00b0.  <\/p>\n\n\n\n<p class=\"has-m-font-size\" style=\"padding-left:2rem\">Es una forma divertida y educativa de explorar el patrimonio industrial y geol\u00f3gico del Ari\u00e8ge, ideal para peque\u00f1os y mayores curiosos.  <\/p>\n<\/div>\n\n\n\n<div class=\"wp-block-column is-vertically-aligned-center wp-block-image alignright size-large has-custom-border is-style-travel m-ti-image is-layout-flow wp-block-column-is-layout-flow is-style-travel--2\" style=\"flex-basis:60%\">\n<figure class=\"wp-block-image alignright size-large\"><img decoding=\"async\" width=\"1024\" height=\"673\" src=\"https:\/\/www.vap-camping.fr\/wp-content\/uploads\/2025\/09\/image-2-1024x673.jpeg\" alt=\"Talcane&#xF4;\" class=\"wp-image-3715\" srcset=\"https:\/\/www.vap-camping.fr\/wp-content\/uploads\/2025\/09\/image-2-1024x673.jpeg 1024w, https:\/\/www.vap-camping.fr\/wp-content\/uploads\/2025\/09\/image-2-600x395.jpeg 600w, https:\/\/www.vap-camping.fr\/wp-content\/uploads\/2025\/09\/image-2-768x505.jpeg 768w, https:\/\/www.vap-camping.fr\/wp-content\/uploads\/2025\/09\/image-2.jpeg 1200w\" sizes=\"(max-width: 1024px) 100vw, 1024px\" \/><\/figure>\n<\/div>\n<\/div>\n<\/div>\n<\/div>\n\n<p><\/p>\n\n<p><\/p>\n\n<p><\/p>\n\n<p><\/p>\n\n<div class=\"wp-block-group alignfull is-layout-flow wp-block-group-is-layout-flow\">\n<div class=\"wp-block-group has-global-padding is-layout-constrained wp-block-group-is-layout-constrained\">\n<div class=\"wp-block-columns alignfull are-vertically-aligned-center m-ti is-layout-flex wp-container-core-columns-is-layout-0c0b91ec wp-block-columns-is-layout-flex\">\n<div class=\"wp-block-column is-vertically-aligned-center wp-block-image alignright size-large has-custom-border is-style-simple-left m-ti-image is-layout-flow wp-block-column-is-layout-flow is-style-simple-left--3\" style=\"flex-basis:60%\">\n<figure class=\"wp-block-image alignleft size-large\"><img decoding=\"async\" width=\"1024\" height=\"683\" src=\"https:\/\/www.vap-camping.fr\/wp-content\/uploads\/2025\/09\/image-17-1024x683.jpeg\" alt=\"talcan&#xEA;o en Ari&#xE8;ge\" class=\"wp-image-4799\" srcset=\"https:\/\/www.vap-camping.fr\/wp-content\/uploads\/2025\/09\/image-17-1024x683.jpeg 1024w, https:\/\/www.vap-camping.fr\/wp-content\/uploads\/2025\/09\/image-17-600x400.jpeg 600w, https:\/\/www.vap-camping.fr\/wp-content\/uploads\/2025\/09\/image-17-768x512.jpeg 768w, https:\/\/www.vap-camping.fr\/wp-content\/uploads\/2025\/09\/image-17.jpeg 1500w\" sizes=\"(max-width: 1024px) 100vw, 1024px\" \/><\/figure>\n<\/div>\n\n\n\n<div class=\"wp-block-column is-vertically-aligned-center m-ti-text is-layout-flow wp-container-core-column-is-layout-58dbe9e9 wp-block-column-is-layout-flow\" style=\"padding-left:10rem;flex-basis:40%\">\n<div class=\"wp-block-group is-style-title-left is-layout-flow wp-block-group-is-layout-flow is-style-title-left--4\">\n<p class=\"has-secondary-color has-text-color has-link-color has-secondary-font-family has-xl-font-size wp-elements-48f3f53b703c56747422d7e3d09c1249\">Actividades<\/p>\n\n\n\n<p class=\"has-primary-color has-text-color has-link-color has-primary-font-family has-sm-font-size wp-elements-b8a92dbcc1e6e09698beedd0b23ae7bb\" style=\"text-transform:uppercase\"><strong>in situ<\/strong><\/p>\n<\/div>\n\n\n\n<h1 class=\"wp-block-heading text-title\"><em>Descubre el talco &#8220;del s\u00f3tano a tu casa&#8221;.<\/em><\/h1>\n\n\n\n<p class=\"has-m-font-size\" style=\"padding-left:2rem\">Hay dos visitas posibles: una autoguiada (o guiada) al museo de Luzenac, y una visita guiada en autocar a la cantera de Trimouns, la mayor cantera de talco a cielo abierto del mundo y la \u00fanica de Francia. La visita de 45 minutos a la cantera ofrece una espectacular vista panor\u00e1mica de los Pirineos y revela sus secretos geol\u00f3gicos, su historia industrial y las distintas fases de extracci\u00f3n. Una aut\u00e9ntica experiencia de descubrimiento para toda la familia. Para organizar tu visita a Talcane\u00f4, haz clic aqu\u00ed: <a href=\"https:\/\/www.sites-touristiques-ariege.fr\/talcaneo\/#wp-block-gallery-1-3\"><mark style=\"background-color:rgba(0, 0, 0, 0)\" class=\"has-inline-color has-secondary-color\">https:\/\/www.sites-touristiques-ariege.fr\/talcaneo\/#wp-block-gallery-1-3<\/mark><\/a> .   <\/p>\n<\/div>\n<\/div>\n<\/div>\n<\/div>\n\n<p><\/p>\n\n<p><\/p>\n\n<div class=\"wp-block-group alignfull is-layout-flow wp-block-group-is-layout-flow\">\n<div class=\"wp-block-group has-global-padding is-layout-constrained wp-block-group-is-layout-constrained\">\n<div class=\"wp-block-columns alignfull are-vertically-aligned-center m-ti is-layout-flex wp-container-core-columns-is-layout-0c0b91ec wp-block-columns-is-layout-flex\">\n<div class=\"wp-block-column is-vertically-aligned-center m-ti-text is-layout-flow wp-container-core-column-is-layout-58dbe9e9 wp-block-column-is-layout-flow\" style=\"padding-left:10rem;flex-basis:40%\">\n<div class=\"wp-block-group is-style-title-left is-layout-flow wp-block-group-is-layout-flow is-style-title-left--5\">\n<p class=\"has-secondary-color has-text-color has-link-color has-secondary-font-family has-xl-font-size wp-elements-f943a5f3b0706c7315aa6dc159ceca19\">C\u00f3mo llegar<\/p>\n\n\n\n<p class=\"has-primary-color has-text-color has-link-color has-primary-font-family has-sm-font-size wp-elements-83eb8487e12935fe8a648ecbaf412eaa\" style=\"text-transform:uppercase\"><strong>Del complejo<\/strong><\/p>\n<\/div>\n\n\n\n<h1 class=\"wp-block-heading text-title\"><em>F\u00e1cil acceso, a s\u00f3lo 7 km de Les Cabannes.<\/em><\/h1>\n\n\n\n<p class=\"has-m-font-size\" style=\"padding-left:2rem\">Desde tu complejo de Les Oustalous, conduce hasta Luzenac (unos 7 km). Una vez all\u00ed, si quieres visitar la cantera de Trimouns, deja unos 35 \u00f3 45 minutos de trayecto por la monta\u00f1a. Para simplificar las cosas, reserva tu visita el mismo d\u00eda, ya que las condiciones meteorol\u00f3gicas y de las pistas pueden provocar cancelaciones de \u00faltima hora.  <\/p>\n<\/div>\n\n\n\n<div class=\"wp-block-column is-vertically-aligned-center wp-block-image alignright size-large has-custom-border is-style-travel m-ti-image is-layout-flow wp-block-column-is-layout-flow is-style-travel--6\" style=\"flex-basis:60%\">\n<figure class=\"wp-block-image alignright size-full\"><img alt=\"\" decoding=\"async\" width=\"2016\" height=\"1512\" src=\"https:\/\/www.vap-camping.fr\/wp-content\/uploads\/2025\/04\/img_8172.jpg\" alt=\"\" class=\"wp-image-2047\" srcset=\"https:\/\/www.vap-camping.fr\/wp-content\/uploads\/2025\/04\/img_8172.jpg 2016w, https:\/\/www.vap-camping.fr\/wp-content\/uploads\/2025\/04\/img_8172-600x450.jpg 600w, https:\/\/www.vap-camping.fr\/wp-content\/uploads\/2025\/04\/img_8172-1024x768.jpg 1024w, https:\/\/www.vap-camping.fr\/wp-content\/uploads\/2025\/04\/img_8172-768x576.jpg 768w, https:\/\/www.vap-camping.fr\/wp-content\/uploads\/2025\/04\/img_8172-1536x1152.jpg 1536w\" sizes=\"(max-width: 2016px) 100vw, 2016px\" \/><\/figure>\n<\/div>\n<\/div>\n<\/div>\n\n\n\n<div class=\"wp-block-group has-global-padding is-layout-constrained wp-block-group-is-layout-constrained\">\n<div class=\"wp-block-group alignwide is-style-title-simple is-layout-flow wp-block-group-is-layout-flow is-style-title-simple--7\" style=\"margin-top:4rem;margin-bottom:4rem\">\n<p class=\"has-text-align-center has-secondary-color has-text-color has-link-color has-secondary-font-family has-xl-font-size wp-elements-e48e16d9035d0de8ebb2a9a8c81849fc\">Nuestros establecimientos<\/p>\n\n\n\n<p class=\"has-text-align-center has-primary-font-family has-sm-font-size\" style=\"text-transform:uppercase\"><strong>Cerca de<\/strong><\/p>\n<\/div>\n\n\n<div class=\"campings-wrapper is-layout-flow wp-block-slider-campings-is-layout-flow\">\n            <div class=\"campings-list\">\n                            <div class=\"camping-item\"\n                    style=\"background-image: linear-gradient(to top, rgba(0, 0, 0, 0.6), transparent), url('https:\/\/www.vap-camping.fr\/wp-content\/uploads\/2025\/04\/img_5291-1024x768-1.jpg');\">\n                    <a href=\"https:\/\/www.vap-camping.fr\/es\/campings\/oustalous-complex\/\" title=\"Complejo Les Oustalous\" class=\"camping-link\">\n                        <p class=\"title\">Complejo Les Oustalous<\/p>\n                        <p class=\"camping-button\">Descubre<\/p>\n                    <\/a>\n                <\/div>\n                    <\/div>\n    <\/div>\n\n<\/div>\n<\/div>\n","protected":false},"excerpt":{"rendered":"<p>A s\u00f3lo 7 km del complejo Oustalous, Les Cabannes, \u00a1sum\u00e9rgete en la historia industrial!<\/p>\n","protected":false},"author":1,"featured_media":3718,"parent":0,"template":"","format":"standard","tax-category-lieux":[49],"class_list":["post-3914","lieux","type-lieux","status-publish","format-standard","has-post-thumbnail","hentry","tax-category-lieux-actividades"],"acf":{"latitude":"42.761243","longitude":"1.760767","distance":7,"pm_lieu_url":"https:\/\/www.sites-touristiques-ariege.fr\/talcaneo\/","pm_lieu_phone":"","adresse":"","pm_lieu_title_short":"","af_camping":[105]},"_links":{"self":[{"href":"https:\/\/www.vap-camping.fr\/es\/wp-json\/wp\/v2\/lieux\/3914","targetHints":{"allow":["GET"]}}],"collection":[{"href":"https:\/\/www.vap-camping.fr\/es\/wp-json\/wp\/v2\/lieux"}],"about":[{"href":"https:\/\/www.vap-camping.fr\/es\/wp-json\/wp\/v2\/types\/lieux"}],"author":[{"embeddable":true,"href":"https:\/\/www.vap-camping.fr\/es\/wp-json\/wp\/v2\/users\/1"}],"version-history":[{"count":3,"href":"https:\/\/www.vap-camping.fr\/es\/wp-json\/wp\/v2\/lieux\/3914\/revisions"}],"predecessor-version":[{"id":6835,"href":"https:\/\/www.vap-camping.fr\/es\/wp-json\/wp\/v2\/lieux\/3914\/revisions\/6835"}],"acf:post":[{"embeddable":true,"href":"https:\/\/www.vap-camping.fr\/es\/wp-json\/wp\/v2\/campings\/105"}],"wp:featuredmedia":[{"embeddable":true,"href":"https:\/\/www.vap-camping.fr\/es\/wp-json\/wp\/v2\/media\/3718"}],"wp:attachment":[{"href":"https:\/\/www.vap-camping.fr\/es\/wp-json\/wp\/v2\/media?parent=3914"}],"wp:term":[{"taxonomy":"tax-category-lieux","embeddable":true,"href":"https:\/\/www.vap-camping.fr\/es\/wp-json\/wp\/v2\/tax-category-lieux?post=3914"}],"curies":[{"name":"wp","href":"https:\/\/api.w.org\/{rel}","templated":true}]}}

Talcaneô

<div class="wp-block-group alignfull is-layout-flow wp-block-group-is-layout-flow">
<div class="wp-block-group has-global-padding is-layout-constrained wp-block-group-is-layout-constrained">
<div class="wp-block-columns alignfull are-vertically-aligned-center m-ti is-layout-flex wp-container-core-columns-is-layout-0c0b91ec wp-block-columns-is-layout-flex">
<div class="wp-block-column is-vertically-aligned-center m-ti-text is-layout-flow wp-container-core-column-is-layout-58dbe9e9 wp-block-column-is-layout-flow" style="padding-left:10rem;flex-basis:40%">
<div class="wp-block-group is-style-title-left is-layout-flow wp-block-group-is-layout-flow is-style-title-left--1">
<p class="has-secondary-color has-text-color has-link-color has-secondary-font-family has-xl-font-size wp-elements-f09e5898181cd38ffe088541256a600b">Talcaneô</p>



<p class="has-primary-color has-text-color has-link-color has-primary-font-family has-sm-font-size wp-elements-5901c4b4eab22d818783eb45472d96da" style="text-transform:uppercase"><strong>patrimonio vivo</strong></p>
</div>



<h1 class="wp-block-heading text-title"><em>Sumérgete en la historia industrial del talco en la zona del museo y la única cantera de este tipo en Ariège.</em></h1>



<p class="has-m-font-size" style="padding-left:2rem">Talcaneô, situado en Luzenac, a 7 km de nuestro establecimiento Les Oustalous, es un espacio museográfico de 400 m² dedicado íntegramente al talco, la roca blanda omnipresente en nuestra vida cotidiana.  </p>



<p class="has-m-font-size" style="padding-left:2rem">El museo recorre su extracción, transformación y uso mediante exposiciones visuales e interactivas y una pantalla panorámica de 180°.  </p>



<p class="has-m-font-size" style="padding-left:2rem">Es una forma divertida y educativa de explorar el patrimonio industrial y geológico del Ariège, ideal para pequeños y mayores curiosos.  </p>
</div>



<div class="wp-block-column is-vertically-aligned-center wp-block-image alignright size-large has-custom-border is-style-travel m-ti-image is-layout-flow wp-block-column-is-layout-flow is-style-travel--2" style="flex-basis:60%">
<figure class="wp-block-image alignright size-large"><img decoding="async" width="1024" height="673" src="https://www.vap-camping.fr/wp-content/uploads/2025/09/image-2-1024x673.jpeg" alt="Talcane&#xF4;" class="wp-image-3715" srcset="https://www.vap-camping.fr/wp-content/uploads/2025/09/image-2-1024x673.jpeg 1024w, https://www.vap-camping.fr/wp-content/uploads/2025/09/image-2-600x395.jpeg 600w, https://www.vap-camping.fr/wp-content/uploads/2025/09/image-2-768x505.jpeg 768w, https://www.vap-camping.fr/wp-content/uploads/2025/09/image-2.jpeg 1200w" sizes="(max-width: 1024px) 100vw, 1024px" /></figure>
</div>
</div>
</div>
</div>

<p></p>

<p></p>

<p></p>

<p></p>

<div class="wp-block-group alignfull is-layout-flow wp-block-group-is-layout-flow">
<div class="wp-block-group has-global-padding is-layout-constrained wp-block-group-is-layout-constrained">
<div class="wp-block-columns alignfull are-vertically-aligned-center m-ti is-layout-flex wp-container-core-columns-is-layout-0c0b91ec wp-block-columns-is-layout-flex">
<div class="wp-block-column is-vertically-aligned-center wp-block-image alignright size-large has-custom-border is-style-simple-left m-ti-image is-layout-flow wp-block-column-is-layout-flow is-style-simple-left--3" style="flex-basis:60%">
<figure class="wp-block-image alignleft size-large"><img decoding="async" width="1024" height="683" src="https://www.vap-camping.fr/wp-content/uploads/2025/09/image-17-1024x683.jpeg" alt="talcan&#xEA;o en Ari&#xE8;ge" class="wp-image-4799" srcset="https://www.vap-camping.fr/wp-content/uploads/2025/09/image-17-1024x683.jpeg 1024w, https://www.vap-camping.fr/wp-content/uploads/2025/09/image-17-600x400.jpeg 600w, https://www.vap-camping.fr/wp-content/uploads/2025/09/image-17-768x512.jpeg 768w, https://www.vap-camping.fr/wp-content/uploads/2025/09/image-17.jpeg 1500w" sizes="(max-width: 1024px) 100vw, 1024px" /></figure>
</div>



<div class="wp-block-column is-vertically-aligned-center m-ti-text is-layout-flow wp-container-core-column-is-layout-58dbe9e9 wp-block-column-is-layout-flow" style="padding-left:10rem;flex-basis:40%">
<div class="wp-block-group is-style-title-left is-layout-flow wp-block-group-is-layout-flow is-style-title-left--4">
<p class="has-secondary-color has-text-color has-link-color has-secondary-font-family has-xl-font-size wp-elements-48f3f53b703c56747422d7e3d09c1249">Actividades</p>



<p class="has-primary-color has-text-color has-link-color has-primary-font-family has-sm-font-size wp-elements-b8a92dbcc1e6e09698beedd0b23ae7bb" style="text-transform:uppercase"><strong>in situ</strong></p>
</div>



<h1 class="wp-block-heading text-title"><em>Descubre el talco &#8220;del sótano a tu casa&#8221;.</em></h1>



<p class="has-m-font-size" style="padding-left:2rem">Hay dos visitas posibles: una autoguiada (o guiada) al museo de Luzenac, y una visita guiada en autocar a la cantera de Trimouns, la mayor cantera de talco a cielo abierto del mundo y la única de Francia. La visita de 45 minutos a la cantera ofrece una espectacular vista panorámica de los Pirineos y revela sus secretos geológicos, su historia industrial y las distintas fases de extracción. Una auténtica experiencia de descubrimiento para toda la familia. Para organizar tu visita a Talcaneô, haz clic aquí: <a href="https://www.sites-touristiques-ariege.fr/talcaneo/#wp-block-gallery-1-3"><mark style="background-color:rgba(0, 0, 0, 0)" class="has-inline-color has-secondary-color">https://www.sites-touristiques-ariege.fr/talcaneo/#wp-block-gallery-1-3</mark></a> .   </p>
</div>
</div>
</div>
</div>

<p></p>

<p></p>

<div class="wp-block-group alignfull is-layout-flow wp-block-group-is-layout-flow">
<div class="wp-block-group has-global-padding is-layout-constrained wp-block-group-is-layout-constrained">
<div class="wp-block-columns alignfull are-vertically-aligned-center m-ti is-layout-flex wp-container-core-columns-is-layout-0c0b91ec wp-block-columns-is-layout-flex">
<div class="wp-block-column is-vertically-aligned-center m-ti-text is-layout-flow wp-container-core-column-is-layout-58dbe9e9 wp-block-column-is-layout-flow" style="padding-left:10rem;flex-basis:40%">
<div class="wp-block-group is-style-title-left is-layout-flow wp-block-group-is-layout-flow is-style-title-left--5">
<p class="has-secondary-color has-text-color has-link-color has-secondary-font-family has-xl-font-size wp-elements-f943a5f3b0706c7315aa6dc159ceca19">Cómo llegar</p>



<p class="has-primary-color has-text-color has-link-color has-primary-font-family has-sm-font-size wp-elements-83eb8487e12935fe8a648ecbaf412eaa" style="text-transform:uppercase"><strong>Del complejo</strong></p>
</div>



<h1 class="wp-block-heading text-title"><em>Fácil acceso, a sólo 7 km de Les Cabannes.</em></h1>



<p class="has-m-font-size" style="padding-left:2rem">Desde tu complejo de Les Oustalous, conduce hasta Luzenac (unos 7 km). Una vez allí, si quieres visitar la cantera de Trimouns, deja unos 35 ó 45 minutos de trayecto por la montaña. Para simplificar las cosas, reserva tu visita el mismo día, ya que las condiciones meteorológicas y de las pistas pueden provocar cancelaciones de última hora.  </p>
</div>



<div class="wp-block-column is-vertically-aligned-center wp-block-image alignright size-large has-custom-border is-style-travel m-ti-image is-layout-flow wp-block-column-is-layout-flow is-style-travel--6" style="flex-basis:60%">
<figure class="wp-block-image alignright size-full"><img alt="" decoding="async" width="2016" height="1512" src="https://www.vap-camping.fr/wp-content/uploads/2025/04/img_8172.jpg" alt="" class="wp-image-2047" srcset="https://www.vap-camping.fr/wp-content/uploads/2025/04/img_8172.jpg 2016w, https://www.vap-camping.fr/wp-content/uploads/2025/04/img_8172-600x450.jpg 600w, https://www.vap-camping.fr/wp-content/uploads/2025/04/img_8172-1024x768.jpg 1024w, https://www.vap-camping.fr/wp-content/uploads/2025/04/img_8172-768x576.jpg 768w, https://www.vap-camping.fr/wp-content/uploads/2025/04/img_8172-1536x1152.jpg 1536w" sizes="(max-width: 2016px) 100vw, 2016px" /></figure>
</div>
</div>
</div>



<div class="wp-block-group has-global-padding is-layout-constrained wp-block-group-is-layout-constrained">
<div class="wp-block-group alignwide is-style-title-simple is-layout-flow wp-block-group-is-layout-flow is-style-title-simple--7" style="margin-top:4rem;margin-bottom:4rem">
<p class="has-text-align-center has-secondary-color has-text-color has-link-color has-secondary-font-family has-xl-font-size wp-elements-e48e16d9035d0de8ebb2a9a8c81849fc">Nuestros establecimientos</p>



<p class="has-text-align-center has-primary-font-family has-sm-font-size" style="text-transform:uppercase"><strong>Cerca de</strong></p>
</div>


<div class="campings-wrapper is-layout-flow wp-block-slider-campings-is-layout-flow">
            <div class="campings-list">
                            <div class="camping-item"
                    style="background-image: linear-gradient(to top, rgba(0, 0, 0, 0.6), transparent), url('https://www.vap-camping.fr/wp-content/uploads/2025/04/img_5291-1024x768-1.jpg');">
                    <a href="https://www.vap-camping.fr/es/campings/oustalous-complex/" title="Complejo Les Oustalous" class="camping-link">
                        <p class="title">Complejo Les Oustalous</p>
                        <p class="camping-button">Descubre</p>
                    </a>
                </div>
                    </div>
    </div>

</div>
</div>

<p>A sólo 7 km del complejo Oustalous, Les Cabannes, ¡sumérgete en la historia industrial!</p>
