{"id":3925,"date":"2025-09-24T13:34:26","date_gmt":"2025-09-24T13:34:26","guid":{"rendered":"https:\/\/www.vap-camping.fr\/lieux\/musee-du-textile-et-du-peigne\/"},"modified":"2026-01-30T01:30:41","modified_gmt":"2026-01-30T01:30:41","slug":"musee-du-textile-et-du-peigne","status":"publish","type":"lieux","link":"https:\/\/www.vap-camping.fr\/es\/lieux\/musee-du-textile-et-du-peigne\/","title":{"rendered":"Museo Textil y del Peine"},"content":{"rendered":"\n<div class=\"wp-block-group alignfull is-layout-flow wp-block-group-is-layout-flow\">\n<div class=\"wp-block-group has-global-padding is-layout-constrained wp-block-group-is-layout-constrained\">\n<div class=\"wp-block-columns alignfull are-vertically-aligned-center m-ti is-layout-flex wp-container-core-columns-is-layout-0c0b91ec wp-block-columns-is-layout-flex\">\n<div class=\"wp-block-column is-vertically-aligned-center m-ti-text is-layout-flow wp-container-core-column-is-layout-58dbe9e9 wp-block-column-is-layout-flow\" style=\"padding-left:10rem;flex-basis:40%\">\n<div class=\"wp-block-group is-style-title-left is-layout-flow wp-block-group-is-layout-flow is-style-title-left--1\">\n<p class=\"has-secondary-color has-text-color has-link-color has-secondary-font-family has-xl-font-size wp-elements-0da2cbfbe8ffc1f953b2b6e9a8533b07\">Tejiendo<\/p>\n\n\n\n<p class=\"has-primary-color has-text-color has-link-color has-primary-font-family has-sm-font-size wp-elements-d80eacd814d6db0b2a033ec41e5afd18\" style=\"text-transform:uppercase\"><strong>El pasado vivo<\/strong><\/p>\n<\/div>\n\n\n\n<h1 class=\"wp-block-heading text-title\"><em>Una antigua f\u00e1brica ha renacido como museo para contar la historia de siglos de maestr\u00eda textil y hornera.<\/em><\/h1>\n\n\n\n<p class=\"has-m-font-size\" style=\"padding-left:2rem\">Ubicado en la antigua f\u00e1brica textil de Lavelanet -herencia del siglo XIX-, el Museo del Tejido y la Tejedur\u00eda en Corne te lleva de la \u00e9poca medieval a las t\u00e9cnicas contempor\u00e1neas. Entre maquinaria de \u00e9poca, telares manuales, cardado, hilado, te\u00f1ido y tejido, cada espacio rezuma autenticidad. Tambi\u00e9n puedes descubrir la fabricaci\u00f3n tradicional de peines de cuerno, modelados pacientemente con t\u00e9cnicas ancestrales. Es un lugar cargado de historia, donde el patrimonio industrial del Ari\u00e8ge se cuenta a trav\u00e9s de gestos, materiales y objetos.     <\/p>\n<\/div>\n\n\n\n<div class=\"wp-block-column is-vertically-aligned-center wp-block-image alignright size-large has-custom-border is-style-travel m-ti-image is-layout-flow wp-block-column-is-layout-flow is-style-travel--2\" style=\"flex-basis:60%\">\n<figure class=\"wp-block-image alignright size-full\"><img decoding=\"async\" width=\"570\" height=\"380\" src=\"https:\/\/www.vap-camping.fr\/wp-content\/uploads\/2025\/09\/image-3.jpeg\" alt=\"museo textil\" class=\"wp-image-3727\"\/><\/figure>\n<\/div>\n<\/div>\n<\/div>\n\n\n\n<div class=\"wp-block-group has-global-padding is-layout-constrained wp-block-group-is-layout-constrained\">\n<div class=\"wp-block-columns alignfull are-vertically-aligned-center m-ti is-layout-flex wp-container-core-columns-is-layout-0c0b91ec wp-block-columns-is-layout-flex\">\n<div class=\"wp-block-column is-vertically-aligned-center wp-block-image alignright size-large has-custom-border is-style-simple-left m-ti-image is-layout-flow wp-block-column-is-layout-flow is-style-simple-left--3\" style=\"flex-basis:60%\">\n<figure class=\"wp-block-image alignleft size-full\"><img decoding=\"async\" width=\"570\" height=\"380\" src=\"https:\/\/www.vap-camping.fr\/wp-content\/uploads\/2025\/09\/image-4.jpeg\" alt=\"Museo textil\" class=\"wp-image-3723\"\/><\/figure>\n<\/div>\n\n\n\n<div class=\"wp-block-column is-vertically-aligned-center m-ti-text is-layout-flow wp-container-core-column-is-layout-58dbe9e9 wp-block-column-is-layout-flow\" style=\"padding-left:10rem;flex-basis:40%\">\n<div class=\"wp-block-group is-style-title-left is-layout-flow wp-block-group-is-layout-flow is-style-title-left--4\">\n<p class=\"has-secondary-color has-text-color has-link-color has-secondary-font-family has-xl-font-size wp-elements-b27c426fd99d7d9474765551e6dee788\">Actividades e Inmersi\u00f3n<\/p>\n\n\n\n<p class=\"has-primary-color has-text-color has-link-color has-primary-font-family has-sm-font-size wp-elements-77c45366fcaedcf7e225c890b053b8d1\" style=\"text-transform:uppercase\"><strong>Ver, tocar, comprender<\/strong><\/p>\n<\/div>\n\n\n\n<h1 class=\"wp-block-heading text-title\"><em>Demostraciones, talleres, m\u00e1quinas antiguas: un museo viviente para j\u00f3venes y mayores.<\/em><\/h1>\n\n\n\n<p class=\"has-m-font-size\" style=\"padding-left:2rem\">En el Museo del Tejido, la visita combina un recorrido autoguiado con comentarios: hilado a mano, te\u00f1ido natural, tejido en telares antiguos, demostraciones de fabricaci\u00f3n de peines de cuerno, etc. Las explicaciones, los v\u00eddeos y las m\u00e1quinas de trabajo sumergen al visitante en la vida cotidiana de los trabajadores y artesanos de anta\u00f1o. Para los visitantes m\u00e1s j\u00f3venes, las actividades divertidas y los talleres pr\u00e1cticos hacen que la experiencia sea a\u00fan m\u00e1s animada. Adem\u00e1s, hay una tienda que vende productos locales, creaciones de lana, objetos de cuerno y recuerdos artesanales, perfecta para llevarse a casa un trocito de historia.  <\/p>\n\n\n\n<p>Para m\u00e1s informaci\u00f3n sobre el museo y organizar tu visita: <a href=\"https:\/\/www.pyreneescathares.com\/offres\/musee-du-textile-et-du-peigne-en-corne-lavelanet-fr-4153167\/\"><mark style=\"background-color:rgba(0, 0, 0, 0)\" class=\"has-inline-color has-secondary-color\">https:\/\/www.pyreneescathares.com\/offres\/musee-du-textile-et-du-peigne-en-corne-lavelanet-fr-4153167\/<\/mark><\/a> .<\/p>\n<\/div>\n<\/div>\n<\/div>\n\n\n\n<div class=\"wp-block-group has-global-padding is-layout-constrained wp-block-group-is-layout-constrained\">\n<div class=\"wp-block-columns alignfull are-vertically-aligned-center m-ti is-layout-flex wp-container-core-columns-is-layout-0c0b91ec wp-block-columns-is-layout-flex\">\n<div class=\"wp-block-column is-vertically-aligned-center m-ti-text is-layout-flow wp-container-core-column-is-layout-58dbe9e9 wp-block-column-is-layout-flow\" style=\"padding-left:10rem;flex-basis:40%\">\n<div class=\"wp-block-group is-style-title-left is-layout-flow wp-block-group-is-layout-flow is-style-title-left--5\">\n<p class=\"has-secondary-color has-text-color has-link-color has-secondary-font-family has-xl-font-size wp-elements-f943a5f3b0706c7315aa6dc159ceca19\">C\u00f3mo llegar<\/p>\n\n\n\n<p class=\"has-primary-color has-text-color has-link-color has-primary-font-family has-sm-font-size wp-elements-5674972d4cce4b24531b6d6b7f126bf7\" style=\"text-transform:uppercase\"><strong>En la carretera, naturalmente<\/strong><\/p>\n<\/div>\n\n\n\n<h1 class=\"wp-block-heading text-title\"><em>Desde Foix, descubre el museo mientras disfrutas del encanto del Ari\u00e8ge.<\/em><\/h1>\n\n\n\n<p class=\"has-m-font-size\" style=\"padding-left:2rem\">Por el camino, podr\u00e1s admirar la campi\u00f1a de Ari\u00e8ge, descubrir bonitos pueblos t\u00edpicos y sentir el ambiente \u00fanico de la regi\u00f3n. Contemplar\u00e1s ondulantes colinas verdes, casas antiguas y campos llenos de flores: una forma estupenda de empezar la experiencia del museo antes incluso de llegar a \u00e9l. <\/p>\n<\/div>\n\n\n\n<div class=\"wp-block-column is-vertically-aligned-center wp-block-image alignright size-large has-custom-border is-style-travel m-ti-image is-layout-flow wp-block-column-is-layout-flow is-style-travel--6\" style=\"flex-basis:60%\">\n<figure class=\"wp-block-image alignright size-large\"><img decoding=\"async\" width=\"1024\" height=\"683\" src=\"https:\/\/www.vap-camping.fr\/wp-content\/uploads\/2025\/07\/location-mobil-home-toulouse-1024x683.webp\" alt=\"Alquiler de mobil home en Toulouse.\" class=\"wp-image-2405\" srcset=\"https:\/\/www.vap-camping.fr\/wp-content\/uploads\/2025\/07\/location-mobil-home-toulouse-1024x683.webp 1024w, https:\/\/www.vap-camping.fr\/wp-content\/uploads\/2025\/07\/location-mobil-home-toulouse-600x400.webp 600w, https:\/\/www.vap-camping.fr\/wp-content\/uploads\/2025\/07\/location-mobil-home-toulouse-768x512.webp 768w, https:\/\/www.vap-camping.fr\/wp-content\/uploads\/2025\/07\/location-mobil-home-toulouse-1536x1024.webp 1536w, https:\/\/www.vap-camping.fr\/wp-content\/uploads\/2025\/07\/location-mobil-home-toulouse.webp 1920w\" sizes=\"(max-width: 1024px) 100vw, 1024px\" \/><\/figure>\n<\/div>\n<\/div>\n<\/div>\n\n\n\n<div class=\"wp-block-group has-global-padding is-layout-constrained wp-block-group-is-layout-constrained\">\n<div class=\"wp-block-group alignwide is-style-title-simple is-layout-flow wp-block-group-is-layout-flow is-style-title-simple--7\" style=\"margin-top:4rem;margin-bottom:4rem\">\n<p class=\"has-text-align-center has-secondary-color has-text-color has-link-color has-secondary-font-family has-xl-font-size wp-elements-e48e16d9035d0de8ebb2a9a8c81849fc\">Nuestros establecimientos<\/p>\n\n\n\n<p class=\"has-text-align-center has-primary-font-family has-sm-font-size\" style=\"text-transform:uppercase\"><strong>En los alrededores<\/strong><\/p>\n<\/div>\n\n\n<div class=\"campings-wrapper is-layout-flow wp-block-slider-campings-is-layout-flow\">\n            <div class=\"campings-list\">\n                            <div class=\"camping-item\"\n                    style=\"background-image: linear-gradient(to top, rgba(0, 0, 0, 0.6), transparent), url('https:\/\/www.vap-camping.fr\/wp-content\/uploads\/2025\/04\/camping-avec-piscine-1024x767.jpg');\">\n                    <a href=\"https:\/\/www.vap-camping.fr\/es\/campings\/camping-du-lac\/\" title=\"Camping du lac(Foix)\" class=\"camping-link\">\n                        <p class=\"title\">Camping du lac(Foix)<\/p>\n                        <p class=\"camping-button\">Descubre<\/p>\n                    <\/a>\n                <\/div>\n                    <\/div>\n    <\/div>\n\n<\/div>\n<\/div>\n","protected":false},"excerpt":{"rendered":"<p>Desde Foix, descubre el museo mientras disfrutas del encanto del Ari\u00e8ge.<\/p>\n","protected":false},"author":1,"featured_media":3726,"parent":0,"template":"","format":"standard","tax-category-lieux":[49],"class_list":["post-3925","lieux","type-lieux","status-publish","format-standard","has-post-thumbnail","hentry","tax-category-lieux-actividades"],"acf":{"latitude":"42.929993","longitude":"1.845384","distance":32,"pm_lieu_url":"https:\/\/www.museedutextileariege.fr","pm_lieu_phone":"","adresse":"","pm_lieu_title_short":"","af_camping":[22]},"_links":{"self":[{"href":"https:\/\/www.vap-camping.fr\/es\/wp-json\/wp\/v2\/lieux\/3925","targetHints":{"allow":["GET"]}}],"collection":[{"href":"https:\/\/www.vap-camping.fr\/es\/wp-json\/wp\/v2\/lieux"}],"about":[{"href":"https:\/\/www.vap-camping.fr\/es\/wp-json\/wp\/v2\/types\/lieux"}],"author":[{"embeddable":true,"href":"https:\/\/www.vap-camping.fr\/es\/wp-json\/wp\/v2\/users\/1"}],"version-history":[{"count":3,"href":"https:\/\/www.vap-camping.fr\/es\/wp-json\/wp\/v2\/lieux\/3925\/revisions"}],"predecessor-version":[{"id":6825,"href":"https:\/\/www.vap-camping.fr\/es\/wp-json\/wp\/v2\/lieux\/3925\/revisions\/6825"}],"acf:post":[{"embeddable":true,"href":"https:\/\/www.vap-camping.fr\/es\/wp-json\/wp\/v2\/campings\/22"}],"wp:featuredmedia":[{"embeddable":true,"href":"https:\/\/www.vap-camping.fr\/es\/wp-json\/wp\/v2\/media\/3726"}],"wp:attachment":[{"href":"https:\/\/www.vap-camping.fr\/es\/wp-json\/wp\/v2\/media?parent=3925"}],"wp:term":[{"taxonomy":"tax-category-lieux","embeddable":true,"href":"https:\/\/www.vap-camping.fr\/es\/wp-json\/wp\/v2\/tax-category-lieux?post=3925"}],"curies":[{"name":"wp","href":"https:\/\/api.w.org\/{rel}","templated":true}]}}

<div class="wp-block-group alignfull is-layout-flow wp-block-group-is-layout-flow">
<div class="wp-block-group has-global-padding is-layout-constrained wp-block-group-is-layout-constrained">
<div class="wp-block-columns alignfull are-vertically-aligned-center m-ti is-layout-flex wp-container-core-columns-is-layout-0c0b91ec wp-block-columns-is-layout-flex">
<div class="wp-block-column is-vertically-aligned-center m-ti-text is-layout-flow wp-container-core-column-is-layout-58dbe9e9 wp-block-column-is-layout-flow" style="padding-left:10rem;flex-basis:40%">
<div class="wp-block-group is-style-title-left is-layout-flow wp-block-group-is-layout-flow is-style-title-left--1">
<p class="has-secondary-color has-text-color has-link-color has-secondary-font-family has-xl-font-size wp-elements-0da2cbfbe8ffc1f953b2b6e9a8533b07">Tejiendo</p>



<p class="has-primary-color has-text-color has-link-color has-primary-font-family has-sm-font-size wp-elements-d80eacd814d6db0b2a033ec41e5afd18" style="text-transform:uppercase"><strong>El pasado vivo</strong></p>
</div>



<h1 class="wp-block-heading text-title"><em>Una antigua fábrica ha renacido como museo para contar la historia de siglos de maestría textil y hornera.</em></h1>



<p class="has-m-font-size" style="padding-left:2rem">Ubicado en la antigua fábrica textil de Lavelanet -herencia del siglo XIX-, el Museo del Tejido y la Tejeduría en Corne te lleva de la época medieval a las técnicas contemporáneas. Entre maquinaria de época, telares manuales, cardado, hilado, teñido y tejido, cada espacio rezuma autenticidad. También puedes descubrir la fabricación tradicional de peines de cuerno, modelados pacientemente con técnicas ancestrales. Es un lugar cargado de historia, donde el patrimonio industrial del Ariège se cuenta a través de gestos, materiales y objetos.     </p>
</div>



<div class="wp-block-column is-vertically-aligned-center wp-block-image alignright size-large has-custom-border is-style-travel m-ti-image is-layout-flow wp-block-column-is-layout-flow is-style-travel--2" style="flex-basis:60%">
<figure class="wp-block-image alignright size-full"><img decoding="async" width="570" height="380" src="https://www.vap-camping.fr/wp-content/uploads/2025/09/image-3.jpeg" alt="museo textil" class="wp-image-3727"/></figure>
</div>
</div>
</div>



<div class="wp-block-group has-global-padding is-layout-constrained wp-block-group-is-layout-constrained">
<div class="wp-block-columns alignfull are-vertically-aligned-center m-ti is-layout-flex wp-container-core-columns-is-layout-0c0b91ec wp-block-columns-is-layout-flex">
<div class="wp-block-column is-vertically-aligned-center wp-block-image alignright size-large has-custom-border is-style-simple-left m-ti-image is-layout-flow wp-block-column-is-layout-flow is-style-simple-left--3" style="flex-basis:60%">
<figure class="wp-block-image alignleft size-full"><img decoding="async" width="570" height="380" src="https://www.vap-camping.fr/wp-content/uploads/2025/09/image-4.jpeg" alt="Museo textil" class="wp-image-3723"/></figure>
</div>



<div class="wp-block-column is-vertically-aligned-center m-ti-text is-layout-flow wp-container-core-column-is-layout-58dbe9e9 wp-block-column-is-layout-flow" style="padding-left:10rem;flex-basis:40%">
<div class="wp-block-group is-style-title-left is-layout-flow wp-block-group-is-layout-flow is-style-title-left--4">
<p class="has-secondary-color has-text-color has-link-color has-secondary-font-family has-xl-font-size wp-elements-b27c426fd99d7d9474765551e6dee788">Actividades e Inmersión</p>



<p class="has-primary-color has-text-color has-link-color has-primary-font-family has-sm-font-size wp-elements-77c45366fcaedcf7e225c890b053b8d1" style="text-transform:uppercase"><strong>Ver, tocar, comprender</strong></p>
</div>



<h1 class="wp-block-heading text-title"><em>Demostraciones, talleres, máquinas antiguas: un museo viviente para jóvenes y mayores.</em></h1>



<p class="has-m-font-size" style="padding-left:2rem">En el Museo del Tejido, la visita combina un recorrido autoguiado con comentarios: hilado a mano, teñido natural, tejido en telares antiguos, demostraciones de fabricación de peines de cuerno, etc. Las explicaciones, los vídeos y las máquinas de trabajo sumergen al visitante en la vida cotidiana de los trabajadores y artesanos de antaño. Para los visitantes más jóvenes, las actividades divertidas y los talleres prácticos hacen que la experiencia sea aún más animada. Además, hay una tienda que vende productos locales, creaciones de lana, objetos de cuerno y recuerdos artesanales, perfecta para llevarse a casa un trocito de historia.  </p>



<p>Para más información sobre el museo y organizar tu visita: <a href="https://www.pyreneescathares.com/offres/musee-du-textile-et-du-peigne-en-corne-lavelanet-fr-4153167/"><mark style="background-color:rgba(0, 0, 0, 0)" class="has-inline-color has-secondary-color">https://www.pyreneescathares.com/offres/musee-du-textile-et-du-peigne-en-corne-lavelanet-fr-4153167/</mark></a> .</p>
</div>
</div>
</div>



<div class="wp-block-group has-global-padding is-layout-constrained wp-block-group-is-layout-constrained">
<div class="wp-block-columns alignfull are-vertically-aligned-center m-ti is-layout-flex wp-container-core-columns-is-layout-0c0b91ec wp-block-columns-is-layout-flex">
<div class="wp-block-column is-vertically-aligned-center m-ti-text is-layout-flow wp-container-core-column-is-layout-58dbe9e9 wp-block-column-is-layout-flow" style="padding-left:10rem;flex-basis:40%">
<div class="wp-block-group is-style-title-left is-layout-flow wp-block-group-is-layout-flow is-style-title-left--5">
<p class="has-secondary-color has-text-color has-link-color has-secondary-font-family has-xl-font-size wp-elements-f943a5f3b0706c7315aa6dc159ceca19">Cómo llegar</p>



<p class="has-primary-color has-text-color has-link-color has-primary-font-family has-sm-font-size wp-elements-5674972d4cce4b24531b6d6b7f126bf7" style="text-transform:uppercase"><strong>En la carretera, naturalmente</strong></p>
</div>



<h1 class="wp-block-heading text-title"><em>Desde Foix, descubre el museo mientras disfrutas del encanto del Ariège.</em></h1>



<p class="has-m-font-size" style="padding-left:2rem">Por el camino, podrás admirar la campiña de Ariège, descubrir bonitos pueblos típicos y sentir el ambiente único de la región. Contemplarás ondulantes colinas verdes, casas antiguas y campos llenos de flores: una forma estupenda de empezar la experiencia del museo antes incluso de llegar a él. </p>
</div>



<div class="wp-block-column is-vertically-aligned-center wp-block-image alignright size-large has-custom-border is-style-travel m-ti-image is-layout-flow wp-block-column-is-layout-flow is-style-travel--6" style="flex-basis:60%">
<figure class="wp-block-image alignright size-large"><img decoding="async" width="1024" height="683" src="https://www.vap-camping.fr/wp-content/uploads/2025/07/location-mobil-home-toulouse-1024x683.webp" alt="Alquiler de mobil home en Toulouse." class="wp-image-2405" srcset="https://www.vap-camping.fr/wp-content/uploads/2025/07/location-mobil-home-toulouse-1024x683.webp 1024w, https://www.vap-camping.fr/wp-content/uploads/2025/07/location-mobil-home-toulouse-600x400.webp 600w, https://www.vap-camping.fr/wp-content/uploads/2025/07/location-mobil-home-toulouse-768x512.webp 768w, https://www.vap-camping.fr/wp-content/uploads/2025/07/location-mobil-home-toulouse-1536x1024.webp 1536w, https://www.vap-camping.fr/wp-content/uploads/2025/07/location-mobil-home-toulouse.webp 1920w" sizes="(max-width: 1024px) 100vw, 1024px" /></figure>
</div>
</div>
</div>



<div class="wp-block-group has-global-padding is-layout-constrained wp-block-group-is-layout-constrained">
<div class="wp-block-group alignwide is-style-title-simple is-layout-flow wp-block-group-is-layout-flow is-style-title-simple--7" style="margin-top:4rem;margin-bottom:4rem">
<p class="has-text-align-center has-secondary-color has-text-color has-link-color has-secondary-font-family has-xl-font-size wp-elements-e48e16d9035d0de8ebb2a9a8c81849fc">Nuestros establecimientos</p>



<p class="has-text-align-center has-primary-font-family has-sm-font-size" style="text-transform:uppercase"><strong>En los alrededores</strong></p>
</div>


<div class="campings-wrapper is-layout-flow wp-block-slider-campings-is-layout-flow">
            <div class="campings-list">
                            <div class="camping-item"
                    style="background-image: linear-gradient(to top, rgba(0, 0, 0, 0.6), transparent), url('https://www.vap-camping.fr/wp-content/uploads/2025/04/camping-avec-piscine-1024x767.jpg');">
                    <a href="https://www.vap-camping.fr/es/campings/camping-du-lac/" title="Camping du lac(Foix)" class="camping-link">
                        <p class="title">Camping du lac(Foix)</p>
                        <p class="camping-button">Descubre</p>
                    </a>
                </div>
                    </div>
    </div>

</div>
</div>

<p>Desde Foix, descubre el museo mientras disfrutas del encanto del Ariège.</p>
