{"id":6222,"date":"2025-12-11T16:09:16","date_gmt":"2025-12-11T16:09:16","guid":{"rendered":"https:\/\/www.vap-camping.fr\/lieux\/a-fleurs-dabeilles\/"},"modified":"2026-01-29T23:36:39","modified_gmt":"2026-01-29T23:36:39","slug":"a-fleurs-dabeilles","status":"publish","type":"lieux","link":"https:\/\/www.vap-camping.fr\/es\/lieux\/a-fleurs-dabeilles\/","title":{"rendered":"A Fleurs d&#8217;Abeilles"},"content":{"rendered":"\n<div class=\"wp-block-group alignfull is-layout-flow wp-container-core-group-is-layout-12cc3699 wp-block-group-is-layout-flow\" style=\"padding-top:10rem\">\n<div class=\"wp-block-group has-global-padding is-layout-constrained wp-container-core-group-is-layout-2931b900 wp-block-group-is-layout-constrained\">\n<div class=\"wp-block-columns alignfull are-vertically-aligned-center is-layout-flex wp-container-core-columns-is-layout-0c0b91ec wp-block-columns-is-layout-flex\">\n<div class=\"wp-block-column is-vertically-aligned-center leftRight is-layout-flow wp-container-core-column-is-layout-58dbe9e9 wp-block-column-is-layout-flow\" style=\"padding-left:10rem;flex-basis:40%\">\n<div class=\"wp-block-group is-style-title-left is-layout-flow wp-block-group-is-layout-flow is-style-title-left--1\">\n<p class=\"has-secondary-color has-text-color has-link-color has-secondary-font-family has-xl-font-size wp-elements-740dbce67e72f2bbfa049d6c5c07bd3e\">A Fleurs d&#8217;Abeilles<\/p>\n\n\n\n<p class=\"has-primary-color has-text-color has-link-color has-primary-font-family has-sm-font-size wp-elements-9e7abef684f96cb958e4059a24970075\" style=\"text-transform:uppercase\"><strong>Miel de Ariege<\/strong><\/p>\n<\/div>\n\n\n\n<h1 class=\"wp-block-heading text-title\">Apicultor apasionado que ofrece mieles aut\u00e9nticas producidas en los alrededores de Foix.<\/h1>\n\n\n\n<p class=\"has-m-font-size\" style=\"padding-left:2rem\"><em>A Fleurs d&#8217;Abeilles<\/em> es una peque\u00f1a empresa ap\u00edcola de la regi\u00f3n de Ari\u00e8ge, famosa por la calidad de sus mieles naturales. Los colmenares est\u00e1n situados en entornos v\u00edrgenes, lo que garantiza mieles puras, arom\u00e1ticas y representativas de las flores locales. El productor trabaja de forma tradicional, con un saber hacer respetuoso con las abejas y las estaciones. Aqu\u00ed, cada tarro cuenta la historia de la regi\u00f3n de Ari\u00e8ge: dulce, fragante y aut\u00e9ntica. Un lugar ideal para descubrir mieles que reflejan la riqueza floral de los Pirineos.    <\/p>\n<\/div>\n\n\n\n<div class=\"wp-block-column is-vertically-aligned-center rightLeft wp-block-image alignright size-large has-custom-border is-style-travel is-layout-flow wp-block-column-is-layout-flow is-style-travel--2\" style=\"flex-basis:60%\">\n<figure class=\"wp-block-image alignright size-full\"><img alt=\"\" decoding=\"async\" width=\"311\" height=\"162\" src=\"https:\/\/www.vap-camping.fr\/wp-content\/uploads\/2025\/12\/image-39.jpeg\" alt=\"\" class=\"wp-image-5727\"\/><\/figure>\n<\/div>\n<\/div>\n<\/div>\n\n\n\n<div class=\"wp-block-group has-global-padding is-layout-constrained wp-block-group-is-layout-constrained\">\n<div class=\"wp-block-columns alignfull are-vertically-aligned-center is-layout-flex wp-container-core-columns-is-layout-0c0b91ec wp-block-columns-is-layout-flex\">\n<div class=\"wp-block-column is-vertically-aligned-center wp-block-image alignright size-large has-custom-border is-style-simple-left leftRight is-layout-flow wp-block-column-is-layout-flow is-style-simple-left--3\" style=\"flex-basis:60%\">\n<figure class=\"wp-block-image alignleft size-full\"><img alt=\"\" decoding=\"async\" width=\"800\" height=\"520\" src=\"https:\/\/www.vap-camping.fr\/wp-content\/uploads\/2025\/12\/image-40.jpeg\" alt=\"\" class=\"wp-image-5723\" srcset=\"https:\/\/www.vap-camping.fr\/wp-content\/uploads\/2025\/12\/image-40.jpeg 800w, https:\/\/www.vap-camping.fr\/wp-content\/uploads\/2025\/12\/image-40-600x390.jpeg 600w, https:\/\/www.vap-camping.fr\/wp-content\/uploads\/2025\/12\/image-40-768x499.jpeg 768w\" sizes=\"(max-width: 800px) 100vw, 800px\" \/><\/figure>\n<\/div>\n\n\n\n<div class=\"wp-block-column is-vertically-aligned-center rightLeft is-layout-flow wp-container-core-column-is-layout-58dbe9e9 wp-block-column-is-layout-flow\" style=\"padding-left:10rem;flex-basis:40%\">\n<div class=\"wp-block-group is-style-title-left is-layout-flow wp-block-group-is-layout-flow is-style-title-left--4\">\n<p class=\"has-secondary-color has-text-color has-link-color has-secondary-font-family has-xl-font-size wp-elements-457911ec3c04db0a32dd8f565b10acc8\">Informaci\u00f3n pr\u00e1ctica <\/p>\n\n\n\n<p class=\"has-primary-color has-text-color has-link-color has-primary-font-family has-sm-font-size wp-elements-a5680a0260594cf85f445d3e19fd5f67\" style=\"text-transform:uppercase\"><strong>y buenos consejos<\/strong><\/p>\n<\/div>\n\n\n\n<h2 class=\"wp-block-heading text-title\">Una variedad de mieles para saborear u ofrecer como recuerdo gourmet.<\/h2>\n\n\n\n<p class=\"has-m-font-size\" style=\"padding-left:2rem\">Los visitantes aprecian especialmente las mieles de monta\u00f1a, de casta\u00f1o, de acacia y de todas las flores, cada una con su propia personalidad. Seg\u00fan los comentarios, la miel de casta\u00f1o seduce por sus aromas intensos, mientras que la de acacia atrae por su dulzura. Te recomendamos que te lleves a casa un peque\u00f1o surtido para comparar sabores. El productor suele estar presente en los mercados locales de los alrededores de Foix. Los horarios pueden variar seg\u00fan la temporada: conviene informarse antes de venir o aprovechar un mercado para conocerle directamente.    <\/p>\n<\/div>\n<\/div>\n<\/div>\n\n\n\n<div class=\"wp-block-group has-global-padding is-layout-constrained wp-block-group-is-layout-constrained\">\n<div class=\"wp-block-columns alignfull are-vertically-aligned-center is-layout-flex wp-container-core-columns-is-layout-0c0b91ec wp-block-columns-is-layout-flex\">\n<div class=\"wp-block-column is-vertically-aligned-center leftRight is-layout-flow wp-container-core-column-is-layout-58dbe9e9 wp-block-column-is-layout-flow\" style=\"padding-left:10rem;flex-basis:40%\">\n<div class=\"wp-block-group is-style-title-left is-layout-flow wp-block-group-is-layout-flow is-style-title-left--5\">\n<p class=\"has-secondary-color has-text-color has-link-color has-secondary-font-family has-xl-font-size wp-elements-f943a5f3b0706c7315aa6dc159ceca19\">C\u00f3mo llegar<\/p>\n\n\n\n<p class=\"has-primary-color has-text-color has-link-color has-primary-font-family has-sm-font-size wp-elements-2d696af85d0b2e3b0648ec1ecefefd28\" style=\"text-transform:uppercase\"><strong>desde el camping<\/strong><\/p>\n<\/div>\n\n\n\n<h2 class=\"wp-block-heading text-title\">Se tarda s\u00f3lo unos minutos en llegar a este productor desde Foix.<\/h2>\n\n\n\n<p class=\"has-m-font-size\" style=\"padding-left:2rem\">Como el productor es un visitante habitual de los mercados de Foix, puedes combinar la visita al mercado con un paseo a pie o en bicicleta desde el camping. El trayecto en coche tambi\u00e9n es muy r\u00e1pido, as\u00ed que puedes comprar miel fresca antes de un d\u00eda de turismo o al salir del centro de la ciudad. Es una gran oportunidad para llevarte a casa un producto artesanal local y apoyar la apicultura en el Ari\u00e8ge.  <\/p>\n<\/div>\n\n\n\n<div class=\"wp-block-column is-vertically-aligned-center rightLeft wp-block-image alignright size-large has-custom-border is-style-travel is-layout-flow wp-block-column-is-layout-flow is-style-travel--6\" style=\"flex-basis:60%\">\n<figure class=\"wp-block-image alignright size-large\"><img alt=\"\" decoding=\"async\" width=\"1024\" height=\"683\" src=\"https:\/\/www.vap-camping.fr\/wp-content\/uploads\/2025\/04\/reception-campingfoix-1024x683.jpg\" alt=\"\" class=\"wp-image-574\" srcset=\"https:\/\/www.vap-camping.fr\/wp-content\/uploads\/2025\/04\/reception-campingfoix-1024x683.jpg 1024w, https:\/\/www.vap-camping.fr\/wp-content\/uploads\/2025\/04\/reception-campingfoix-600x400.jpg 600w, https:\/\/www.vap-camping.fr\/wp-content\/uploads\/2025\/04\/reception-campingfoix-768x512.jpg 768w, https:\/\/www.vap-camping.fr\/wp-content\/uploads\/2025\/04\/reception-campingfoix-1536x1024.jpg 1536w, https:\/\/www.vap-camping.fr\/wp-content\/uploads\/2025\/04\/reception-campingfoix-2048x1365.jpg 2048w\" sizes=\"(max-width: 1024px) 100vw, 1024px\" \/><\/figure>\n<\/div>\n<\/div>\n<\/div>\n\n\n\n<div class=\"wp-block-group reveal has-global-padding is-layout-constrained wp-block-group-is-layout-constrained\">\n<div class=\"wp-block-group alignwide is-style-title-simple is-layout-flow wp-block-group-is-layout-flow is-style-title-simple--7\" style=\"margin-top:4rem;margin-bottom:4rem\">\n<p class=\"has-text-align-center has-secondary-color has-text-color has-link-color has-secondary-font-family has-xl-font-size wp-elements-61c3df48646af0da12819b303dfc8ba5\">\n  Nuestros establecimientos<\/p>\n\n\n\n<p class=\"has-text-align-center has-primary-font-family has-sm-font-size\" style=\"text-transform:uppercase\">\n                <strong>cerca de<\/strong>\n            <\/p>\n<\/div>\n\n\n<div class=\"campings-wrapper is-layout-flow wp-block-slider-campings-is-layout-flow\">\n            <div class=\"campings-list\">\n                            <div class=\"camping-item\"\n                    style=\"background-image: linear-gradient(to top, rgba(0, 0, 0, 0.6), transparent), url('https:\/\/www.vap-camping.fr\/wp-content\/uploads\/2025\/04\/camping-avec-piscine-1024x767.jpg');\">\n                    <a href=\"https:\/\/www.vap-camping.fr\/es\/campings\/camping-du-lac\/\" title=\"Camping du lac(Foix)\" class=\"camping-link\">\n                        <p class=\"title\">Camping du lac(Foix)<\/p>\n                        <p class=\"camping-button\">Descubre<\/p>\n                    <\/a>\n                <\/div>\n                    <\/div>\n    <\/div>\n\n<\/div>\n<\/div>\n","protected":false},"excerpt":{"rendered":"<p>A Fleurs d&#8217;Abeilles Miel de Ariege Apicultor apasionado que ofrece mieles aut\u00e9nticas producidas en los alrededores de Foix. A Fleurs d&#8217;Abeilles es una peque\u00f1a empresa ap\u00edcola de la regi\u00f3n de Ari\u00e8ge, famosa por la calidad de sus mieles naturales. Los colmenares est\u00e1n situados en entornos v\u00edrgenes, lo que garantiza mieles puras, arom\u00e1ticas y representativas de [&hellip;]<\/p>\n","protected":false},"author":1,"featured_media":5726,"parent":0,"template":"","format":"standard","tax-category-lieux":[64],"class_list":["post-6222","lieux","type-lieux","status-publish","format-standard","has-post-thumbnail","hentry","tax-category-lieux-mercados-y-productores"],"acf":{"latitude":"42.963751","longitude":"1.608672","distance":3,"pm_lieu_url":"","pm_lieu_phone":"","adresse":"","pm_lieu_title_short":"","af_camping":[22]},"_links":{"self":[{"href":"https:\/\/www.vap-camping.fr\/es\/wp-json\/wp\/v2\/lieux\/6222","targetHints":{"allow":["GET"]}}],"collection":[{"href":"https:\/\/www.vap-camping.fr\/es\/wp-json\/wp\/v2\/lieux"}],"about":[{"href":"https:\/\/www.vap-camping.fr\/es\/wp-json\/wp\/v2\/types\/lieux"}],"author":[{"embeddable":true,"href":"https:\/\/www.vap-camping.fr\/es\/wp-json\/wp\/v2\/users\/1"}],"version-history":[{"count":1,"href":"https:\/\/www.vap-camping.fr\/es\/wp-json\/wp\/v2\/lieux\/6222\/revisions"}],"predecessor-version":[{"id":6224,"href":"https:\/\/www.vap-camping.fr\/es\/wp-json\/wp\/v2\/lieux\/6222\/revisions\/6224"}],"acf:post":[{"embeddable":true,"href":"https:\/\/www.vap-camping.fr\/es\/wp-json\/wp\/v2\/campings\/22"}],"wp:featuredmedia":[{"embeddable":true,"href":"https:\/\/www.vap-camping.fr\/es\/wp-json\/wp\/v2\/media\/5726"}],"wp:attachment":[{"href":"https:\/\/www.vap-camping.fr\/es\/wp-json\/wp\/v2\/media?parent=6222"}],"wp:term":[{"taxonomy":"tax-category-lieux","embeddable":true,"href":"https:\/\/www.vap-camping.fr\/es\/wp-json\/wp\/v2\/tax-category-lieux?post=6222"}],"curies":[{"name":"wp","href":"https:\/\/api.w.org\/{rel}","templated":true}]}}

<div class="wp-block-group alignfull is-layout-flow wp-container-core-group-is-layout-12cc3699 wp-block-group-is-layout-flow" style="padding-top:10rem">
<div class="wp-block-group has-global-padding is-layout-constrained wp-container-core-group-is-layout-2931b900 wp-block-group-is-layout-constrained">
<div class="wp-block-columns alignfull are-vertically-aligned-center is-layout-flex wp-container-core-columns-is-layout-0c0b91ec wp-block-columns-is-layout-flex">
<div class="wp-block-column is-vertically-aligned-center leftRight is-layout-flow wp-container-core-column-is-layout-58dbe9e9 wp-block-column-is-layout-flow" style="padding-left:10rem;flex-basis:40%">
<div class="wp-block-group is-style-title-left is-layout-flow wp-block-group-is-layout-flow is-style-title-left--1">
<p class="has-secondary-color has-text-color has-link-color has-secondary-font-family has-xl-font-size wp-elements-740dbce67e72f2bbfa049d6c5c07bd3e">A Fleurs d&#8217;Abeilles</p>



<p class="has-primary-color has-text-color has-link-color has-primary-font-family has-sm-font-size wp-elements-9e7abef684f96cb958e4059a24970075" style="text-transform:uppercase"><strong>Miel de Ariege</strong></p>
</div>



<h1 class="wp-block-heading text-title">Apicultor apasionado que ofrece mieles auténticas producidas en los alrededores de Foix.</h1>



<p class="has-m-font-size" style="padding-left:2rem"><em>A Fleurs d&#8217;Abeilles</em> es una pequeña empresa apícola de la región de Ariège, famosa por la calidad de sus mieles naturales. Los colmenares están situados en entornos vírgenes, lo que garantiza mieles puras, aromáticas y representativas de las flores locales. El productor trabaja de forma tradicional, con un saber hacer respetuoso con las abejas y las estaciones. Aquí, cada tarro cuenta la historia de la región de Ariège: dulce, fragante y auténtica. Un lugar ideal para descubrir mieles que reflejan la riqueza floral de los Pirineos.    </p>
</div>



<div class="wp-block-column is-vertically-aligned-center rightLeft wp-block-image alignright size-large has-custom-border is-style-travel is-layout-flow wp-block-column-is-layout-flow is-style-travel--2" style="flex-basis:60%">
<figure class="wp-block-image alignright size-full"><img alt="" decoding="async" width="311" height="162" src="https://www.vap-camping.fr/wp-content/uploads/2025/12/image-39.jpeg" alt="" class="wp-image-5727"/></figure>
</div>
</div>
</div>



<div class="wp-block-group has-global-padding is-layout-constrained wp-block-group-is-layout-constrained">
<div class="wp-block-columns alignfull are-vertically-aligned-center is-layout-flex wp-container-core-columns-is-layout-0c0b91ec wp-block-columns-is-layout-flex">
<div class="wp-block-column is-vertically-aligned-center wp-block-image alignright size-large has-custom-border is-style-simple-left leftRight is-layout-flow wp-block-column-is-layout-flow is-style-simple-left--3" style="flex-basis:60%">
<figure class="wp-block-image alignleft size-full"><img alt="" decoding="async" width="800" height="520" src="https://www.vap-camping.fr/wp-content/uploads/2025/12/image-40.jpeg" alt="" class="wp-image-5723" srcset="https://www.vap-camping.fr/wp-content/uploads/2025/12/image-40.jpeg 800w, https://www.vap-camping.fr/wp-content/uploads/2025/12/image-40-600x390.jpeg 600w, https://www.vap-camping.fr/wp-content/uploads/2025/12/image-40-768x499.jpeg 768w" sizes="(max-width: 800px) 100vw, 800px" /></figure>
</div>



<div class="wp-block-column is-vertically-aligned-center rightLeft is-layout-flow wp-container-core-column-is-layout-58dbe9e9 wp-block-column-is-layout-flow" style="padding-left:10rem;flex-basis:40%">
<div class="wp-block-group is-style-title-left is-layout-flow wp-block-group-is-layout-flow is-style-title-left--4">
<p class="has-secondary-color has-text-color has-link-color has-secondary-font-family has-xl-font-size wp-elements-457911ec3c04db0a32dd8f565b10acc8">Información práctica </p>



<p class="has-primary-color has-text-color has-link-color has-primary-font-family has-sm-font-size wp-elements-a5680a0260594cf85f445d3e19fd5f67" style="text-transform:uppercase"><strong>y buenos consejos</strong></p>
</div>



<h2 class="wp-block-heading text-title">Una variedad de mieles para saborear u ofrecer como recuerdo gourmet.</h2>



<p class="has-m-font-size" style="padding-left:2rem">Los visitantes aprecian especialmente las mieles de montaña, de castaño, de acacia y de todas las flores, cada una con su propia personalidad. Según los comentarios, la miel de castaño seduce por sus aromas intensos, mientras que la de acacia atrae por su dulzura. Te recomendamos que te lleves a casa un pequeño surtido para comparar sabores. El productor suele estar presente en los mercados locales de los alrededores de Foix. Los horarios pueden variar según la temporada: conviene informarse antes de venir o aprovechar un mercado para conocerle directamente.    </p>
</div>
</div>
</div>



<div class="wp-block-group has-global-padding is-layout-constrained wp-block-group-is-layout-constrained">
<div class="wp-block-columns alignfull are-vertically-aligned-center is-layout-flex wp-container-core-columns-is-layout-0c0b91ec wp-block-columns-is-layout-flex">
<div class="wp-block-column is-vertically-aligned-center leftRight is-layout-flow wp-container-core-column-is-layout-58dbe9e9 wp-block-column-is-layout-flow" style="padding-left:10rem;flex-basis:40%">
<div class="wp-block-group is-style-title-left is-layout-flow wp-block-group-is-layout-flow is-style-title-left--5">
<p class="has-secondary-color has-text-color has-link-color has-secondary-font-family has-xl-font-size wp-elements-f943a5f3b0706c7315aa6dc159ceca19">Cómo llegar</p>



<p class="has-primary-color has-text-color has-link-color has-primary-font-family has-sm-font-size wp-elements-2d696af85d0b2e3b0648ec1ecefefd28" style="text-transform:uppercase"><strong>desde el camping</strong></p>
</div>



<h2 class="wp-block-heading text-title">Se tarda sólo unos minutos en llegar a este productor desde Foix.</h2>



<p class="has-m-font-size" style="padding-left:2rem">Como el productor es un visitante habitual de los mercados de Foix, puedes combinar la visita al mercado con un paseo a pie o en bicicleta desde el camping. El trayecto en coche también es muy rápido, así que puedes comprar miel fresca antes de un día de turismo o al salir del centro de la ciudad. Es una gran oportunidad para llevarte a casa un producto artesanal local y apoyar la apicultura en el Ariège.  </p>
</div>



<div class="wp-block-column is-vertically-aligned-center rightLeft wp-block-image alignright size-large has-custom-border is-style-travel is-layout-flow wp-block-column-is-layout-flow is-style-travel--6" style="flex-basis:60%">
<figure class="wp-block-image alignright size-large"><img alt="" decoding="async" width="1024" height="683" src="https://www.vap-camping.fr/wp-content/uploads/2025/04/reception-campingfoix-1024x683.jpg" alt="" class="wp-image-574" srcset="https://www.vap-camping.fr/wp-content/uploads/2025/04/reception-campingfoix-1024x683.jpg 1024w, https://www.vap-camping.fr/wp-content/uploads/2025/04/reception-campingfoix-600x400.jpg 600w, https://www.vap-camping.fr/wp-content/uploads/2025/04/reception-campingfoix-768x512.jpg 768w, https://www.vap-camping.fr/wp-content/uploads/2025/04/reception-campingfoix-1536x1024.jpg 1536w, https://www.vap-camping.fr/wp-content/uploads/2025/04/reception-campingfoix-2048x1365.jpg 2048w" sizes="(max-width: 1024px) 100vw, 1024px" /></figure>
</div>
</div>
</div>



<div class="wp-block-group reveal has-global-padding is-layout-constrained wp-block-group-is-layout-constrained">
<div class="wp-block-group alignwide is-style-title-simple is-layout-flow wp-block-group-is-layout-flow is-style-title-simple--7" style="margin-top:4rem;margin-bottom:4rem">
<p class="has-text-align-center has-secondary-color has-text-color has-link-color has-secondary-font-family has-xl-font-size wp-elements-61c3df48646af0da12819b303dfc8ba5">
  Nuestros establecimientos</p>



<p class="has-text-align-center has-primary-font-family has-sm-font-size" style="text-transform:uppercase">
                <strong>cerca de</strong>
            </p>
</div>


<div class="campings-wrapper is-layout-flow wp-block-slider-campings-is-layout-flow">
            <div class="campings-list">
                            <div class="camping-item"
                    style="background-image: linear-gradient(to top, rgba(0, 0, 0, 0.6), transparent), url('https://www.vap-camping.fr/wp-content/uploads/2025/04/camping-avec-piscine-1024x767.jpg');">
                    <a href="https://www.vap-camping.fr/es/campings/camping-du-lac/" title="Camping du lac(Foix)" class="camping-link">
                        <p class="title">Camping du lac(Foix)</p>
                        <p class="camping-button">Descubre</p>
                    </a>
                </div>
                    </div>
    </div>

</div>
</div>

<p>A Fleurs d&#8217;Abeilles Miel de Ariege Apicultor apasionado que ofrece mieles auténticas producidas en los alrededores de Foix. A Fleurs d&#8217;Abeilles es una pequeña empresa apícola de la región de Ariège, famosa por la calidad de sus mieles naturales. Los colmenares están situados en entornos vírgenes, lo que garantiza mieles puras, aromáticas y representativas de [&hellip;]</p>
