{"id":6306,"date":"2025-12-10T21:45:31","date_gmt":"2025-12-10T21:45:31","guid":{"rendered":"https:\/\/www.vap-camping.fr\/lieux\/gouffre-canyons-au-vernet\/"},"modified":"2026-01-30T00:02:16","modified_gmt":"2026-01-30T00:02:16","slug":"gouffre-canyons-au-vernet","status":"publish","type":"lieux","link":"https:\/\/www.vap-camping.fr\/es\/lieux\/gouffre-canyons-au-vernet\/","title":{"rendered":"Abismo y ca\u00f1ones en Le Vernet"},"content":{"rendered":"\n<div class=\"wp-block-group alignfull is-layout-flow wp-container-core-group-is-layout-12cc3699 wp-block-group-is-layout-flow\" style=\"padding-top:10rem\">\n<div class=\"wp-block-group has-global-padding is-layout-constrained wp-container-core-group-is-layout-2931b900 wp-block-group-is-layout-constrained\">\n<div class=\"wp-block-columns alignfull are-vertically-aligned-center is-layout-flex wp-container-core-columns-is-layout-0c0b91ec wp-block-columns-is-layout-flex\">\n<div class=\"wp-block-column is-vertically-aligned-center leftRight is-layout-flow wp-container-core-column-is-layout-58dbe9e9 wp-block-column-is-layout-flow\" style=\"padding-left:10rem;flex-basis:40%\">\n<div class=\"wp-block-group is-style-title-left is-layout-flow wp-block-group-is-layout-flow is-style-title-left--1\">\n<p class=\"has-secondary-color has-text-color has-link-color has-secondary-font-family has-xl-font-size wp-elements-9c98e9c28054074d07918e951810e64f\">Explora<\/p>\n\n\n\n<p class=\"has-primary-color has-text-color has-link-color has-primary-font-family has-sm-font-size wp-elements-7cbf078d960c4d0dac6200e1fec8df3c\" style=\"text-transform:uppercase\"><strong>cuevas o r\u00edos<\/strong><\/p>\n<\/div>\n\n\n\n<h1 class=\"wp-block-heading text-title\">\u00a1Explora una aventura subterr\u00e1nea y acu\u00e1tica para vivir emociones \u00fanicas!<\/h1>\n\n\n\n<p class=\"has-m-font-size\" style=\"padding-left:2rem\">Gouffres, Canyons et Compagnie ofrece actividades de barranquismo y espeleolog\u00eda supervisadas por un instructor cualificado. Tanto si eres un apasionado de las aguas bravas como si sientes curiosidad por el mundo subterr\u00e1neo, esta es tu oportunidad de descubrir paisajes esculpidos por el agua -piscinas, cascadas, sifones, galer\u00edas milenarias- para vivir una aventura extraordinaria. Accesible a partir de los 6 a\u00f1os para la espeleolog\u00eda, y a partir de los 14 para el barranquismo, este lugar combina naturaleza, adrenalina y descubrimiento.  <\/p>\n<\/div>\n\n\n\n<div class=\"wp-block-column is-vertically-aligned-center rightLeft wp-block-image alignright size-large has-custom-border is-style-travel is-layout-flow wp-block-column-is-layout-flow is-style-travel--2\" style=\"flex-basis:60%\">\n<figure class=\"wp-block-image alignright size-full\"><img alt=\"\" decoding=\"async\" width=\"640\" height=\"480\" src=\"https:\/\/www.vap-camping.fr\/wp-content\/uploads\/2025\/12\/image-21.jpeg\" alt=\"\" class=\"wp-image-5516\" srcset=\"https:\/\/www.vap-camping.fr\/wp-content\/uploads\/2025\/12\/image-21.jpeg 640w, https:\/\/www.vap-camping.fr\/wp-content\/uploads\/2025\/12\/image-21-600x450.jpeg 600w\" sizes=\"(max-width: 640px) 100vw, 640px\" \/><\/figure>\n<\/div>\n<\/div>\n<\/div>\n\n\n\n<div class=\"wp-block-group has-global-padding is-layout-constrained wp-block-group-is-layout-constrained\">\n<div class=\"wp-block-columns alignfull are-vertically-aligned-center is-layout-flex wp-container-core-columns-is-layout-0c0b91ec wp-block-columns-is-layout-flex\">\n<div class=\"wp-block-column is-vertically-aligned-center wp-block-image alignright size-large has-custom-border is-style-simple-left leftRight is-layout-flow wp-block-column-is-layout-flow is-style-simple-left--3\" style=\"flex-basis:60%\">\n<figure class=\"wp-block-image alignleft size-large\"><img alt=\"\" decoding=\"async\" width=\"1024\" height=\"683\" src=\"https:\/\/www.vap-camping.fr\/wp-content\/uploads\/2025\/05\/AdobeStock_705552230-1024x683.jpeg\" alt=\"\" class=\"wp-image-1393\" srcset=\"https:\/\/www.vap-camping.fr\/wp-content\/uploads\/2025\/05\/AdobeStock_705552230-1024x683.jpeg 1024w, https:\/\/www.vap-camping.fr\/wp-content\/uploads\/2025\/05\/AdobeStock_705552230-600x400.jpeg 600w, https:\/\/www.vap-camping.fr\/wp-content\/uploads\/2025\/05\/AdobeStock_705552230-768x512.jpeg 768w, https:\/\/www.vap-camping.fr\/wp-content\/uploads\/2025\/05\/AdobeStock_705552230-1536x1024.jpeg 1536w, https:\/\/www.vap-camping.fr\/wp-content\/uploads\/2025\/05\/AdobeStock_705552230-2048x1365.jpeg 2048w\" sizes=\"(max-width: 1024px) 100vw, 1024px\" \/><\/figure>\n<\/div>\n\n\n\n<div class=\"wp-block-column is-vertically-aligned-center rightLeft is-layout-flow wp-container-core-column-is-layout-58dbe9e9 wp-block-column-is-layout-flow\" style=\"padding-left:10rem;flex-basis:40%\">\n<div class=\"wp-block-group is-style-title-left is-layout-flow wp-block-group-is-layout-flow is-style-title-left--4\">\n<p class=\"has-secondary-color has-text-color has-link-color has-secondary-font-family has-xl-font-size wp-elements-3ef39f59d790fa107858bbc19c64e27c\">Actividades  <\/p>\n\n\n\n<p class=\"has-primary-color has-text-color has-link-color has-primary-font-family has-sm-font-size wp-elements-7a063252b4f41e2c32fb2b659f3270a5\" style=\"text-transform:uppercase\"><strong>EN EL LUGAR<\/strong><\/p>\n<\/div>\n\n\n\n<h2 class=\"wp-block-heading text-title\">Espeleolog\u00eda y barranquismo: emociones garantizadas.<\/h2>\n\n\n\n<p class=\"has-m-font-size\" style=\"padding-left:2rem\">Se ofrecen dos actividades principales: espeleolog\u00eda, donde puedes explorar galer\u00edas subterr\u00e1neas y cuevas a partir de los 6 a\u00f1os; y barranquismo, donde puedes saltar, hacer r\u00e1pel, tirarte en tirolina o nadar por barrancos a partir de los 14 a\u00f1os.  <\/p>\n\n\n\n<p class=\"has-m-font-size\" style=\"padding-left:2rem\">Estar\u00e1s supervisado y equipado (traje de neopreno, casco, arn\u00e9s, etc.) para una aventura segura pero intensa, perfecta para los amantes de la naturaleza, el agua, las rocas y las emociones fuertes. Para m\u00e1s informaci\u00f3n y para reservar: <a href=\"https:\/\/www.speleo09.fr\"><mark style=\"background-color:rgba(0, 0, 0, 0)\" class=\"has-inline-color has-secondary-color\">https:\/\/www.speleo09.fr<\/mark><\/a> . <\/p>\n<\/div>\n<\/div>\n<\/div>\n\n\n\n<div class=\"wp-block-group has-global-padding is-layout-constrained wp-block-group-is-layout-constrained\">\n<div class=\"wp-block-columns alignfull are-vertically-aligned-center is-layout-flex wp-container-core-columns-is-layout-0c0b91ec wp-block-columns-is-layout-flex\">\n<div class=\"wp-block-column is-vertically-aligned-center leftRight is-layout-flow wp-container-core-column-is-layout-58dbe9e9 wp-block-column-is-layout-flow\" style=\"padding-left:10rem;flex-basis:40%\">\n<div class=\"wp-block-group is-style-title-left is-layout-flow wp-block-group-is-layout-flow is-style-title-left--5\">\n<p class=\"has-secondary-color has-text-color has-link-color has-secondary-font-family has-xl-font-size wp-elements-f943a5f3b0706c7315aa6dc159ceca19\">C\u00f3mo llegar<\/p>\n\n\n\n<p class=\"has-primary-color has-text-color has-link-color has-primary-font-family has-sm-font-size wp-elements-2d696af85d0b2e3b0648ec1ecefefd28\" style=\"text-transform:uppercase\"><strong>desde el camping<\/strong><\/p>\n<\/div>\n\n\n\n<h2 class=\"wp-block-heading text-title\">El lugar est\u00e1 a s\u00f3lo 10 km, r\u00e1pido y f\u00e1cil para una excursi\u00f3n de un d\u00eda.<\/h2>\n\n\n\n<p class=\"has-m-font-size\" style=\"padding-left:2rem\">Desde el camping La Bastide de Maz\u00e8res, dir\u00edgete hacia el norte, hacia Le Vernet-d&#8217;Ari\u00e8ge: el centro Gouffres, Canyons et Compagnie se encuentra en este pueblo, a unos 10 km, unos 15 minutos en coche. Una vez que hayas llegado, hay un aparcamiento gratuito, para que puedas iniciar la actividad sin complicaciones y aprovechar al m\u00e1ximo la salida, tanto si haces espeleolog\u00eda como barranquismo. <\/p>\n<\/div>\n\n\n\n<div class=\"wp-block-column is-vertically-aligned-center rightLeft wp-block-image alignright size-large has-custom-border is-style-travel is-layout-flow wp-block-column-is-layout-flow is-style-travel--6\" style=\"flex-basis:60%\">\n<figure class=\"wp-block-image alignright size-large\"><img alt=\"\" decoding=\"async\" width=\"1024\" height=\"683\" src=\"https:\/\/www.vap-camping.fr\/wp-content\/uploads\/2025\/04\/photodroom-campinglabastide-1024x683.jpg\" alt=\"\" class=\"wp-image-485\" srcset=\"https:\/\/www.vap-camping.fr\/wp-content\/uploads\/2025\/04\/photodroom-campinglabastide-1024x683.jpg 1024w, https:\/\/www.vap-camping.fr\/wp-content\/uploads\/2025\/04\/photodroom-campinglabastide-600x400.jpg 600w, https:\/\/www.vap-camping.fr\/wp-content\/uploads\/2025\/04\/photodroom-campinglabastide-768x512.jpg 768w, https:\/\/www.vap-camping.fr\/wp-content\/uploads\/2025\/04\/photodroom-campinglabastide-1536x1024.jpg 1536w, https:\/\/www.vap-camping.fr\/wp-content\/uploads\/2025\/04\/photodroom-campinglabastide-2048x1365.jpg 2048w\" sizes=\"(max-width: 1024px) 100vw, 1024px\" \/><\/figure>\n<\/div>\n<\/div>\n<\/div>\n\n\n\n<div class=\"wp-block-group reveal has-global-padding is-layout-constrained wp-block-group-is-layout-constrained\">\n<div class=\"wp-block-group alignwide is-style-title-simple is-layout-flow wp-block-group-is-layout-flow is-style-title-simple--7\" style=\"margin-top:4rem;margin-bottom:4rem\">\n<p class=\"has-text-align-center has-secondary-color has-text-color has-link-color has-secondary-font-family has-xl-font-size wp-elements-61c3df48646af0da12819b303dfc8ba5\">\n  Nuestros establecimientos<\/p>\n\n\n\n<p class=\"has-text-align-center has-primary-font-family has-sm-font-size\" style=\"text-transform:uppercase\">\n                <strong>cerca de<\/strong>\n            <\/p>\n<\/div>\n\n\n<div class=\"campings-wrapper is-layout-flow wp-block-slider-campings-is-layout-flow\">\n            <div class=\"campings-list\">\n                            <div class=\"camping-item\"\n                    style=\"background-image: linear-gradient(to top, rgba(0, 0, 0, 0.6), transparent), url('https:\/\/www.vap-camping.fr\/wp-content\/uploads\/2025\/07\/dji_0589-2-1024x767.jpg');\">\n                    <a href=\"https:\/\/www.vap-camping.fr\/es\/campings\/camping-la-bastide\/\" title=\"Camping la Bastide(Maz\u00e8res)\" class=\"camping-link\">\n                        <p class=\"title\">Camping la Bastide(Maz\u00e8res)<\/p>\n                        <p class=\"camping-button\">Descubre<\/p>\n                    <\/a>\n                <\/div>\n                    <\/div>\n    <\/div>\n\n<\/div>\n<\/div>\n","protected":false},"excerpt":{"rendered":"<p>a s\u00f3lo 11 km del camping, descubre actividades con la emoci\u00f3n  <\/p>\n","protected":false},"author":1,"featured_media":5519,"parent":0,"template":"","format":"standard","tax-category-lieux":[49],"class_list":["post-6306","lieux","type-lieux","status-publish","format-standard","has-post-thumbnail","hentry","tax-category-lieux-actividades"],"acf":{"latitude":"43.185190","longitude":"1.602788","distance":11,"pm_lieu_url":"https:\/\/www.speleo09.fr","pm_lieu_phone":"","adresse":"","pm_lieu_title_short":"","af_camping":[101]},"_links":{"self":[{"href":"https:\/\/www.vap-camping.fr\/es\/wp-json\/wp\/v2\/lieux\/6306","targetHints":{"allow":["GET"]}}],"collection":[{"href":"https:\/\/www.vap-camping.fr\/es\/wp-json\/wp\/v2\/lieux"}],"about":[{"href":"https:\/\/www.vap-camping.fr\/es\/wp-json\/wp\/v2\/types\/lieux"}],"author":[{"embeddable":true,"href":"https:\/\/www.vap-camping.fr\/es\/wp-json\/wp\/v2\/users\/1"}],"version-history":[{"count":1,"href":"https:\/\/www.vap-camping.fr\/es\/wp-json\/wp\/v2\/lieux\/6306\/revisions"}],"predecessor-version":[{"id":6307,"href":"https:\/\/www.vap-camping.fr\/es\/wp-json\/wp\/v2\/lieux\/6306\/revisions\/6307"}],"acf:post":[{"embeddable":true,"href":"https:\/\/www.vap-camping.fr\/es\/wp-json\/wp\/v2\/campings\/101"}],"wp:featuredmedia":[{"embeddable":true,"href":"https:\/\/www.vap-camping.fr\/es\/wp-json\/wp\/v2\/media\/5519"}],"wp:attachment":[{"href":"https:\/\/www.vap-camping.fr\/es\/wp-json\/wp\/v2\/media?parent=6306"}],"wp:term":[{"taxonomy":"tax-category-lieux","embeddable":true,"href":"https:\/\/www.vap-camping.fr\/es\/wp-json\/wp\/v2\/tax-category-lieux?post=6306"}],"curies":[{"name":"wp","href":"https:\/\/api.w.org\/{rel}","templated":true}]}}

Abismo y cañones en Le Vernet

<div class="wp-block-group alignfull is-layout-flow wp-container-core-group-is-layout-12cc3699 wp-block-group-is-layout-flow" style="padding-top:10rem">
<div class="wp-block-group has-global-padding is-layout-constrained wp-container-core-group-is-layout-2931b900 wp-block-group-is-layout-constrained">
<div class="wp-block-columns alignfull are-vertically-aligned-center is-layout-flex wp-container-core-columns-is-layout-0c0b91ec wp-block-columns-is-layout-flex">
<div class="wp-block-column is-vertically-aligned-center leftRight is-layout-flow wp-container-core-column-is-layout-58dbe9e9 wp-block-column-is-layout-flow" style="padding-left:10rem;flex-basis:40%">
<div class="wp-block-group is-style-title-left is-layout-flow wp-block-group-is-layout-flow is-style-title-left--1">
<p class="has-secondary-color has-text-color has-link-color has-secondary-font-family has-xl-font-size wp-elements-9c98e9c28054074d07918e951810e64f">Explora</p>



<p class="has-primary-color has-text-color has-link-color has-primary-font-family has-sm-font-size wp-elements-7cbf078d960c4d0dac6200e1fec8df3c" style="text-transform:uppercase"><strong>cuevas o ríos</strong></p>
</div>



<h1 class="wp-block-heading text-title">¡Explora una aventura subterránea y acuática para vivir emociones únicas!</h1>



<p class="has-m-font-size" style="padding-left:2rem">Gouffres, Canyons et Compagnie ofrece actividades de barranquismo y espeleología supervisadas por un instructor cualificado. Tanto si eres un apasionado de las aguas bravas como si sientes curiosidad por el mundo subterráneo, esta es tu oportunidad de descubrir paisajes esculpidos por el agua -piscinas, cascadas, sifones, galerías milenarias- para vivir una aventura extraordinaria. Accesible a partir de los 6 años para la espeleología, y a partir de los 14 para el barranquismo, este lugar combina naturaleza, adrenalina y descubrimiento.  </p>
</div>



<div class="wp-block-column is-vertically-aligned-center rightLeft wp-block-image alignright size-large has-custom-border is-style-travel is-layout-flow wp-block-column-is-layout-flow is-style-travel--2" style="flex-basis:60%">
<figure class="wp-block-image alignright size-full"><img alt="" decoding="async" width="640" height="480" src="https://www.vap-camping.fr/wp-content/uploads/2025/12/image-21.jpeg" alt="" class="wp-image-5516" srcset="https://www.vap-camping.fr/wp-content/uploads/2025/12/image-21.jpeg 640w, https://www.vap-camping.fr/wp-content/uploads/2025/12/image-21-600x450.jpeg 600w" sizes="(max-width: 640px) 100vw, 640px" /></figure>
</div>
</div>
</div>



<div class="wp-block-group has-global-padding is-layout-constrained wp-block-group-is-layout-constrained">
<div class="wp-block-columns alignfull are-vertically-aligned-center is-layout-flex wp-container-core-columns-is-layout-0c0b91ec wp-block-columns-is-layout-flex">
<div class="wp-block-column is-vertically-aligned-center wp-block-image alignright size-large has-custom-border is-style-simple-left leftRight is-layout-flow wp-block-column-is-layout-flow is-style-simple-left--3" style="flex-basis:60%">
<figure class="wp-block-image alignleft size-large"><img alt="" decoding="async" width="1024" height="683" src="https://www.vap-camping.fr/wp-content/uploads/2025/05/AdobeStock_705552230-1024x683.jpeg" alt="" class="wp-image-1393" srcset="https://www.vap-camping.fr/wp-content/uploads/2025/05/AdobeStock_705552230-1024x683.jpeg 1024w, https://www.vap-camping.fr/wp-content/uploads/2025/05/AdobeStock_705552230-600x400.jpeg 600w, https://www.vap-camping.fr/wp-content/uploads/2025/05/AdobeStock_705552230-768x512.jpeg 768w, https://www.vap-camping.fr/wp-content/uploads/2025/05/AdobeStock_705552230-1536x1024.jpeg 1536w, https://www.vap-camping.fr/wp-content/uploads/2025/05/AdobeStock_705552230-2048x1365.jpeg 2048w" sizes="(max-width: 1024px) 100vw, 1024px" /></figure>
</div>



<div class="wp-block-column is-vertically-aligned-center rightLeft is-layout-flow wp-container-core-column-is-layout-58dbe9e9 wp-block-column-is-layout-flow" style="padding-left:10rem;flex-basis:40%">
<div class="wp-block-group is-style-title-left is-layout-flow wp-block-group-is-layout-flow is-style-title-left--4">
<p class="has-secondary-color has-text-color has-link-color has-secondary-font-family has-xl-font-size wp-elements-3ef39f59d790fa107858bbc19c64e27c">Actividades  </p>



<p class="has-primary-color has-text-color has-link-color has-primary-font-family has-sm-font-size wp-elements-7a063252b4f41e2c32fb2b659f3270a5" style="text-transform:uppercase"><strong>EN EL LUGAR</strong></p>
</div>



<h2 class="wp-block-heading text-title">Espeleología y barranquismo: emociones garantizadas.</h2>



<p class="has-m-font-size" style="padding-left:2rem">Se ofrecen dos actividades principales: espeleología, donde puedes explorar galerías subterráneas y cuevas a partir de los 6 años; y barranquismo, donde puedes saltar, hacer rápel, tirarte en tirolina o nadar por barrancos a partir de los 14 años.  </p>



<p class="has-m-font-size" style="padding-left:2rem">Estarás supervisado y equipado (traje de neopreno, casco, arnés, etc.) para una aventura segura pero intensa, perfecta para los amantes de la naturaleza, el agua, las rocas y las emociones fuertes. Para más información y para reservar: <a href="https://www.speleo09.fr"><mark style="background-color:rgba(0, 0, 0, 0)" class="has-inline-color has-secondary-color">https://www.speleo09.fr</mark></a> . </p>
</div>
</div>
</div>



<div class="wp-block-group has-global-padding is-layout-constrained wp-block-group-is-layout-constrained">
<div class="wp-block-columns alignfull are-vertically-aligned-center is-layout-flex wp-container-core-columns-is-layout-0c0b91ec wp-block-columns-is-layout-flex">
<div class="wp-block-column is-vertically-aligned-center leftRight is-layout-flow wp-container-core-column-is-layout-58dbe9e9 wp-block-column-is-layout-flow" style="padding-left:10rem;flex-basis:40%">
<div class="wp-block-group is-style-title-left is-layout-flow wp-block-group-is-layout-flow is-style-title-left--5">
<p class="has-secondary-color has-text-color has-link-color has-secondary-font-family has-xl-font-size wp-elements-f943a5f3b0706c7315aa6dc159ceca19">Cómo llegar</p>



<p class="has-primary-color has-text-color has-link-color has-primary-font-family has-sm-font-size wp-elements-2d696af85d0b2e3b0648ec1ecefefd28" style="text-transform:uppercase"><strong>desde el camping</strong></p>
</div>



<h2 class="wp-block-heading text-title">El lugar está a sólo 10 km, rápido y fácil para una excursión de un día.</h2>



<p class="has-m-font-size" style="padding-left:2rem">Desde el camping La Bastide de Mazères, dirígete hacia el norte, hacia Le Vernet-d&#8217;Ariège: el centro Gouffres, Canyons et Compagnie se encuentra en este pueblo, a unos 10 km, unos 15 minutos en coche. Una vez que hayas llegado, hay un aparcamiento gratuito, para que puedas iniciar la actividad sin complicaciones y aprovechar al máximo la salida, tanto si haces espeleología como barranquismo. </p>
</div>



<div class="wp-block-column is-vertically-aligned-center rightLeft wp-block-image alignright size-large has-custom-border is-style-travel is-layout-flow wp-block-column-is-layout-flow is-style-travel--6" style="flex-basis:60%">
<figure class="wp-block-image alignright size-large"><img alt="" decoding="async" width="1024" height="683" src="https://www.vap-camping.fr/wp-content/uploads/2025/04/photodroom-campinglabastide-1024x683.jpg" alt="" class="wp-image-485" srcset="https://www.vap-camping.fr/wp-content/uploads/2025/04/photodroom-campinglabastide-1024x683.jpg 1024w, https://www.vap-camping.fr/wp-content/uploads/2025/04/photodroom-campinglabastide-600x400.jpg 600w, https://www.vap-camping.fr/wp-content/uploads/2025/04/photodroom-campinglabastide-768x512.jpg 768w, https://www.vap-camping.fr/wp-content/uploads/2025/04/photodroom-campinglabastide-1536x1024.jpg 1536w, https://www.vap-camping.fr/wp-content/uploads/2025/04/photodroom-campinglabastide-2048x1365.jpg 2048w" sizes="(max-width: 1024px) 100vw, 1024px" /></figure>
</div>
</div>
</div>



<div class="wp-block-group reveal has-global-padding is-layout-constrained wp-block-group-is-layout-constrained">
<div class="wp-block-group alignwide is-style-title-simple is-layout-flow wp-block-group-is-layout-flow is-style-title-simple--7" style="margin-top:4rem;margin-bottom:4rem">
<p class="has-text-align-center has-secondary-color has-text-color has-link-color has-secondary-font-family has-xl-font-size wp-elements-61c3df48646af0da12819b303dfc8ba5">
  Nuestros establecimientos</p>



<p class="has-text-align-center has-primary-font-family has-sm-font-size" style="text-transform:uppercase">
                <strong>cerca de</strong>
            </p>
</div>


<div class="campings-wrapper is-layout-flow wp-block-slider-campings-is-layout-flow">
            <div class="campings-list">
                            <div class="camping-item"
                    style="background-image: linear-gradient(to top, rgba(0, 0, 0, 0.6), transparent), url('https://www.vap-camping.fr/wp-content/uploads/2025/07/dji_0589-2-1024x767.jpg');">
                    <a href="https://www.vap-camping.fr/es/campings/camping-la-bastide/" title="Camping la Bastide(Mazères)" class="camping-link">
                        <p class="title">Camping la Bastide(Mazères)</p>
                        <p class="camping-button">Descubre</p>
                    </a>
                </div>
                    </div>
    </div>

</div>
</div>

<p>a sólo 11 km del camping, descubre actividades con la emoción  </p>
