{"id":6320,"date":"2025-12-09T14:11:07","date_gmt":"2025-12-09T14:11:07","guid":{"rendered":"https:\/\/www.vap-camping.fr\/lieux\/aulus-les-bains-spa-pyreneen\/"},"modified":"2026-01-30T00:15:46","modified_gmt":"2026-01-30T00:15:46","slug":"aulus-les-bains-spa-pyreneen","status":"publish","type":"lieux","link":"https:\/\/www.vap-camping.fr\/es\/lieux\/aulus-les-bains-spa-pyreneen\/","title":{"rendered":"Aulus-les-Bains &#8211; Balneario pirenaico"},"content":{"rendered":"\n<div class=\"wp-block-group alignfull is-layout-flow wp-container-core-group-is-layout-12cc3699 wp-block-group-is-layout-flow\" style=\"padding-top:10rem\">\n<div class=\"wp-block-group has-global-padding is-layout-constrained wp-container-core-group-is-layout-2931b900 wp-block-group-is-layout-constrained\">\n<div class=\"wp-block-columns alignfull are-vertically-aligned-center is-layout-flex wp-container-core-columns-is-layout-0c0b91ec wp-block-columns-is-layout-flex\">\n<div class=\"wp-block-column is-vertically-aligned-center leftRight is-layout-flow wp-container-core-column-is-layout-58dbe9e9 wp-block-column-is-layout-flow\" style=\"padding-left:10rem;flex-basis:40%\">\n<div class=\"wp-block-group is-style-title-left is-layout-flow wp-block-group-is-layout-flow is-style-title-left--1\">\n<p class=\"has-secondary-color has-text-color has-link-color has-secondary-font-family has-xl-font-size wp-elements-1bb1173ba36b5bdc2c72d17dc3726e33\"><strong>Aulus-les-Bains<\/strong><\/p>\n\n\n\n<p class=\"has-primary-color has-text-color has-link-color has-primary-font-family has-sm-font-size wp-elements-292fb7dbbb90059463808e8d36c30729\" style=\"text-transform:uppercase\"><strong>  Balneario pirenaico<\/strong><\/p>\n<\/div>\n\n\n\n<h1 class=\"wp-block-heading text-title\">Relajaci\u00f3n, naturaleza y aguas termales en las monta\u00f1as.<\/h1>\n\n\n\n<p class=\"has-m-font-size\" style=\"padding-left:2rem\">Las Termas de Aulus, situadas en el pueblo de Aulus-les-Bains, en el coraz\u00f3n de los Pirineos de Ari\u00e8ge, ofrecen un entorno tranquilo y rejuvenecedor. Enclavado en plena naturaleza, este lugar combina el aire puro de la monta\u00f1a, el ambiente c\u00e1lido de un pueblo de monta\u00f1a y los beneficios de las aguas termales. Ideal para los hu\u00e9spedes de Les Oustalous que buscan un descanso del senderismo o la acampada.  <\/p>\n<\/div>\n\n\n\n<div class=\"wp-block-column is-vertically-aligned-center rightLeft wp-block-image alignright size-large has-custom-border is-style-travel is-layout-flow wp-block-column-is-layout-flow is-style-travel--2\" style=\"flex-basis:60%\">\n<figure class=\"wp-block-image alignright size-full\"><img alt=\"\" decoding=\"async\" width=\"400\" height=\"400\" src=\"https:\/\/www.vap-camping.fr\/wp-content\/uploads\/2025\/12\/image-12.jpeg\" alt=\"\" class=\"wp-image-5426\" srcset=\"https:\/\/www.vap-camping.fr\/wp-content\/uploads\/2025\/12\/image-12.jpeg 400w, https:\/\/www.vap-camping.fr\/wp-content\/uploads\/2025\/12\/image-12-300x300.jpeg 300w\" sizes=\"(max-width: 400px) 100vw, 400px\" \/><\/figure>\n<\/div>\n<\/div>\n<\/div>\n\n\n\n<div class=\"wp-block-group has-global-padding is-layout-constrained wp-block-group-is-layout-constrained\">\n<div class=\"wp-block-columns alignfull are-vertically-aligned-center is-layout-flex wp-container-core-columns-is-layout-0c0b91ec wp-block-columns-is-layout-flex\">\n<div class=\"wp-block-column is-vertically-aligned-center wp-block-image alignright size-large has-custom-border is-style-simple-left leftRight is-layout-flow wp-block-column-is-layout-flow is-style-simple-left--3\" style=\"flex-basis:60%\">\n<figure class=\"wp-block-image alignleft size-large\"><img alt=\"\" decoding=\"async\" width=\"1024\" height=\"683\" src=\"https:\/\/www.vap-camping.fr\/wp-content\/uploads\/2025\/05\/AdobeStock_605563362-1024x683.jpeg\" alt=\"\" class=\"wp-image-1326\" srcset=\"https:\/\/www.vap-camping.fr\/wp-content\/uploads\/2025\/05\/AdobeStock_605563362-1024x683.jpeg 1024w, https:\/\/www.vap-camping.fr\/wp-content\/uploads\/2025\/05\/AdobeStock_605563362-600x400.jpeg 600w, https:\/\/www.vap-camping.fr\/wp-content\/uploads\/2025\/05\/AdobeStock_605563362-768x512.jpeg 768w, https:\/\/www.vap-camping.fr\/wp-content\/uploads\/2025\/05\/AdobeStock_605563362-1536x1024.jpeg 1536w, https:\/\/www.vap-camping.fr\/wp-content\/uploads\/2025\/05\/AdobeStock_605563362-2048x1365.jpeg 2048w\" sizes=\"(max-width: 1024px) 100vw, 1024px\" \/><\/figure>\n<\/div>\n\n\n\n<div class=\"wp-block-column is-vertically-aligned-center rightLeft is-layout-flow wp-container-core-column-is-layout-58dbe9e9 wp-block-column-is-layout-flow\" style=\"padding-left:10rem;flex-basis:40%\">\n<div class=\"wp-block-group is-style-title-left is-layout-flow wp-block-group-is-layout-flow is-style-title-left--4\">\n<p class=\"has-secondary-color has-text-color has-link-color has-secondary-font-family has-xl-font-size wp-elements-48f3f53b703c56747422d7e3d09c1249\">Actividades<\/p>\n\n\n\n<p class=\"has-primary-color has-text-color has-link-color has-primary-font-family has-sm-font-size wp-elements-ea585abad2f56b5d5f3216f50e3da9c9\" style=\"text-transform:uppercase\"><strong>In situ<\/strong><\/p>\n<\/div>\n\n\n\n<h1 class=\"wp-block-heading text-title\">Aguas termales, relajaci\u00f3n y calma de monta\u00f1a.<\/h1>\n\n\n\n<p class=\"has-m-font-size\" style=\"padding-left:2rem\">En el mismo lugar, las Thermes d&#8217;Aulus ofrecen ba\u00f1os termales para relajar y descontracturar el cuerpo: un verdadero descanso suave. Adem\u00e1s del agua caliente, el entorno natural de monta\u00f1a a\u00f1ade una sensaci\u00f3n de evasi\u00f3n y tranquilidad, perfecta para liberar tensiones tras un d\u00eda activo. El ambiente sencillo y aut\u00e9ntico encaja bien con el esp\u00edritu de la naturaleza y las vacaciones relajantes. Para m\u00e1s informaci\u00f3n: <a href=\"https:\/\/www.thermes-aulus.fr\"><mark style=\"background-color:rgba(0, 0, 0, 0)\" class=\"has-inline-color has-secondary-color\">https:\/\/www.thermes-aulus.fr<\/mark><\/a> .   <\/p>\n<\/div>\n<\/div>\n<\/div>\n\n\n\n<div class=\"wp-block-group has-global-padding is-layout-constrained wp-block-group-is-layout-constrained\">\n<div class=\"wp-block-columns alignfull are-vertically-aligned-center is-layout-flex wp-container-core-columns-is-layout-0c0b91ec wp-block-columns-is-layout-flex\">\n<div class=\"wp-block-column is-vertically-aligned-center leftRight is-layout-flow wp-container-core-column-is-layout-58dbe9e9 wp-block-column-is-layout-flow\" style=\"padding-left:10rem;flex-basis:40%\">\n<div class=\"wp-block-group is-style-title-left is-layout-flow wp-block-group-is-layout-flow is-style-title-left--5\">\n<p class=\"has-secondary-color has-text-color has-link-color has-secondary-font-family has-xl-font-size wp-elements-f943a5f3b0706c7315aa6dc159ceca19\">C\u00f3mo llegar<\/p>\n\n\n\n<p class=\"has-primary-color has-text-color has-link-color has-primary-font-family has-sm-font-size wp-elements-1f291afadfab77a0ce03d72705abb84d\" style=\"text-transform:uppercase\"><strong>Del complejo  <\/strong><\/p>\n<\/div>\n\n\n\n<h1 class=\"wp-block-heading text-title\">Ruta hacia los Pirineos monta\u00f1osos<\/h1>\n\n\n\n<p class=\"has-m-font-size\" style=\"padding-left:2rem\">Desde tu complejo de Les Oustalous, el trayecto hasta Aulus-les-Bains te lleva a trav\u00e9s de la campi\u00f1a pirenaica: monta\u00f1as, valles y bosques. La ruta te sumerge en el ambiente salvaje y virgen del Ari\u00e8ge, ideal para los amantes de la naturaleza. Esta excursi\u00f3n balneario\/monta\u00f1a es perfecta como parte de una jornada de relajaci\u00f3n o al final de unas vacaciones, para disfrutar de un momento de paz y bienestar.    <\/p>\n<\/div>\n\n\n\n<div class=\"wp-block-column is-vertically-aligned-center rightLeft wp-block-image alignright size-large has-custom-border is-style-travel is-layout-flow wp-block-column-is-layout-flow is-style-travel--6\" style=\"flex-basis:60%\">\n<figure class=\"wp-block-image alignright size-large\"><img alt=\"\" decoding=\"async\" width=\"768\" height=\"1024\" src=\"https:\/\/www.vap-camping.fr\/wp-content\/uploads\/2025\/04\/img_8171-768x1024.jpg\" alt=\"\" class=\"wp-image-2058\" srcset=\"https:\/\/www.vap-camping.fr\/wp-content\/uploads\/2025\/04\/img_8171-768x1024.jpg 768w, https:\/\/www.vap-camping.fr\/wp-content\/uploads\/2025\/04\/img_8171-450x600.jpg 450w, https:\/\/www.vap-camping.fr\/wp-content\/uploads\/2025\/04\/img_8171-1152x1536.jpg 1152w, https:\/\/www.vap-camping.fr\/wp-content\/uploads\/2025\/04\/img_8171-rotated.jpg 1512w\" sizes=\"(max-width: 768px) 100vw, 768px\" \/><\/figure>\n<\/div>\n<\/div>\n<\/div>\n\n\n\n<div class=\"wp-block-group reveal has-global-padding is-layout-constrained wp-block-group-is-layout-constrained\">\n<div class=\"wp-block-group alignwide is-style-title-simple is-layout-flow wp-block-group-is-layout-flow is-style-title-simple--7\" style=\"margin-top:4rem;margin-bottom:4rem\">\n<p class=\"has-text-align-center has-secondary-color has-text-color has-link-color has-secondary-font-family has-xl-font-size wp-elements-61c3df48646af0da12819b303dfc8ba5\">\n  Nuestros establecimientos<\/p>\n\n\n\n<p class=\"has-text-align-center has-primary-font-family has-sm-font-size\" style=\"text-transform:uppercase\">\n                <strong>cerca de<\/strong>\n            <\/p>\n<\/div>\n\n\n<div class=\"campings-wrapper is-layout-flow wp-block-slider-campings-is-layout-flow\">\n            <div class=\"campings-list\">\n                            <div class=\"camping-item\"\n                    style=\"background-image: linear-gradient(to top, rgba(0, 0, 0, 0.6), transparent), url('https:\/\/www.vap-camping.fr\/wp-content\/uploads\/2025\/04\/img_5291-1024x768-1.jpg');\">\n                    <a href=\"https:\/\/www.vap-camping.fr\/es\/campings\/oustalous-complex\/\" title=\"Complejo Les Oustalous\" class=\"camping-link\">\n                        <p class=\"title\">Complejo Les Oustalous<\/p>\n                        <p class=\"camping-button\">Descubre<\/p>\n                    <\/a>\n                <\/div>\n                    <\/div>\n    <\/div>\n\n<\/div>\n<\/div>\n","protected":false},"excerpt":{"rendered":"<p>Aulus-les-Bains Balneario pirenaico Relajaci\u00f3n, naturaleza y aguas termales en las monta\u00f1as. Las Termas de Aulus, situadas en el pueblo de Aulus-les-Bains, en el coraz\u00f3n de los Pirineos de Ari\u00e8ge, ofrecen un entorno tranquilo y rejuvenecedor. Enclavado en plena naturaleza, este lugar combina el aire puro de la monta\u00f1a, el ambiente c\u00e1lido de un pueblo de [&hellip;]<\/p>\n","protected":false},"author":1,"featured_media":5429,"parent":0,"template":"","format":"standard","tax-category-lieux":[43],"class_list":["post-6320","lieux","type-lieux","status-publish","format-standard","has-post-thumbnail","hentry","tax-category-lieux-balnearios-termales"],"acf":{"latitude":"42.790854","longitude":"1.334077","distance":78,"pm_lieu_url":"","pm_lieu_phone":"","adresse":"","pm_lieu_title_short":"","af_camping":[105]},"_links":{"self":[{"href":"https:\/\/www.vap-camping.fr\/es\/wp-json\/wp\/v2\/lieux\/6320","targetHints":{"allow":["GET"]}}],"collection":[{"href":"https:\/\/www.vap-camping.fr\/es\/wp-json\/wp\/v2\/lieux"}],"about":[{"href":"https:\/\/www.vap-camping.fr\/es\/wp-json\/wp\/v2\/types\/lieux"}],"author":[{"embeddable":true,"href":"https:\/\/www.vap-camping.fr\/es\/wp-json\/wp\/v2\/users\/1"}],"version-history":[{"count":1,"href":"https:\/\/www.vap-camping.fr\/es\/wp-json\/wp\/v2\/lieux\/6320\/revisions"}],"predecessor-version":[{"id":6322,"href":"https:\/\/www.vap-camping.fr\/es\/wp-json\/wp\/v2\/lieux\/6320\/revisions\/6322"}],"acf:post":[{"embeddable":true,"href":"https:\/\/www.vap-camping.fr\/es\/wp-json\/wp\/v2\/campings\/105"}],"wp:featuredmedia":[{"embeddable":true,"href":"https:\/\/www.vap-camping.fr\/es\/wp-json\/wp\/v2\/media\/5429"}],"wp:attachment":[{"href":"https:\/\/www.vap-camping.fr\/es\/wp-json\/wp\/v2\/media?parent=6320"}],"wp:term":[{"taxonomy":"tax-category-lieux","embeddable":true,"href":"https:\/\/www.vap-camping.fr\/es\/wp-json\/wp\/v2\/tax-category-lieux?post=6320"}],"curies":[{"name":"wp","href":"https:\/\/api.w.org\/{rel}","templated":true}]}}

<div class="wp-block-group alignfull is-layout-flow wp-container-core-group-is-layout-12cc3699 wp-block-group-is-layout-flow" style="padding-top:10rem">
<div class="wp-block-group has-global-padding is-layout-constrained wp-container-core-group-is-layout-2931b900 wp-block-group-is-layout-constrained">
<div class="wp-block-columns alignfull are-vertically-aligned-center is-layout-flex wp-container-core-columns-is-layout-0c0b91ec wp-block-columns-is-layout-flex">
<div class="wp-block-column is-vertically-aligned-center leftRight is-layout-flow wp-container-core-column-is-layout-58dbe9e9 wp-block-column-is-layout-flow" style="padding-left:10rem;flex-basis:40%">
<div class="wp-block-group is-style-title-left is-layout-flow wp-block-group-is-layout-flow is-style-title-left--1">
<p class="has-secondary-color has-text-color has-link-color has-secondary-font-family has-xl-font-size wp-elements-1bb1173ba36b5bdc2c72d17dc3726e33"><strong>Aulus-les-Bains</strong></p>



<p class="has-primary-color has-text-color has-link-color has-primary-font-family has-sm-font-size wp-elements-292fb7dbbb90059463808e8d36c30729" style="text-transform:uppercase"><strong>  Balneario pirenaico</strong></p>
</div>



<h1 class="wp-block-heading text-title">Relajación, naturaleza y aguas termales en las montañas.</h1>



<p class="has-m-font-size" style="padding-left:2rem">Las Termas de Aulus, situadas en el pueblo de Aulus-les-Bains, en el corazón de los Pirineos de Ariège, ofrecen un entorno tranquilo y rejuvenecedor. Enclavado en plena naturaleza, este lugar combina el aire puro de la montaña, el ambiente cálido de un pueblo de montaña y los beneficios de las aguas termales. Ideal para los huéspedes de Les Oustalous que buscan un descanso del senderismo o la acampada.  </p>
</div>



<div class="wp-block-column is-vertically-aligned-center rightLeft wp-block-image alignright size-large has-custom-border is-style-travel is-layout-flow wp-block-column-is-layout-flow is-style-travel--2" style="flex-basis:60%">
<figure class="wp-block-image alignright size-full"><img alt="" decoding="async" width="400" height="400" src="https://www.vap-camping.fr/wp-content/uploads/2025/12/image-12.jpeg" alt="" class="wp-image-5426" srcset="https://www.vap-camping.fr/wp-content/uploads/2025/12/image-12.jpeg 400w, https://www.vap-camping.fr/wp-content/uploads/2025/12/image-12-300x300.jpeg 300w" sizes="(max-width: 400px) 100vw, 400px" /></figure>
</div>
</div>
</div>



<div class="wp-block-group has-global-padding is-layout-constrained wp-block-group-is-layout-constrained">
<div class="wp-block-columns alignfull are-vertically-aligned-center is-layout-flex wp-container-core-columns-is-layout-0c0b91ec wp-block-columns-is-layout-flex">
<div class="wp-block-column is-vertically-aligned-center wp-block-image alignright size-large has-custom-border is-style-simple-left leftRight is-layout-flow wp-block-column-is-layout-flow is-style-simple-left--3" style="flex-basis:60%">
<figure class="wp-block-image alignleft size-large"><img alt="" decoding="async" width="1024" height="683" src="https://www.vap-camping.fr/wp-content/uploads/2025/05/AdobeStock_605563362-1024x683.jpeg" alt="" class="wp-image-1326" srcset="https://www.vap-camping.fr/wp-content/uploads/2025/05/AdobeStock_605563362-1024x683.jpeg 1024w, https://www.vap-camping.fr/wp-content/uploads/2025/05/AdobeStock_605563362-600x400.jpeg 600w, https://www.vap-camping.fr/wp-content/uploads/2025/05/AdobeStock_605563362-768x512.jpeg 768w, https://www.vap-camping.fr/wp-content/uploads/2025/05/AdobeStock_605563362-1536x1024.jpeg 1536w, https://www.vap-camping.fr/wp-content/uploads/2025/05/AdobeStock_605563362-2048x1365.jpeg 2048w" sizes="(max-width: 1024px) 100vw, 1024px" /></figure>
</div>



<div class="wp-block-column is-vertically-aligned-center rightLeft is-layout-flow wp-container-core-column-is-layout-58dbe9e9 wp-block-column-is-layout-flow" style="padding-left:10rem;flex-basis:40%">
<div class="wp-block-group is-style-title-left is-layout-flow wp-block-group-is-layout-flow is-style-title-left--4">
<p class="has-secondary-color has-text-color has-link-color has-secondary-font-family has-xl-font-size wp-elements-48f3f53b703c56747422d7e3d09c1249">Actividades</p>



<p class="has-primary-color has-text-color has-link-color has-primary-font-family has-sm-font-size wp-elements-ea585abad2f56b5d5f3216f50e3da9c9" style="text-transform:uppercase"><strong>In situ</strong></p>
</div>



<h1 class="wp-block-heading text-title">Aguas termales, relajación y calma de montaña.</h1>



<p class="has-m-font-size" style="padding-left:2rem">En el mismo lugar, las Thermes d&#8217;Aulus ofrecen baños termales para relajar y descontracturar el cuerpo: un verdadero descanso suave. Además del agua caliente, el entorno natural de montaña añade una sensación de evasión y tranquilidad, perfecta para liberar tensiones tras un día activo. El ambiente sencillo y auténtico encaja bien con el espíritu de la naturaleza y las vacaciones relajantes. Para más información: <a href="https://www.thermes-aulus.fr"><mark style="background-color:rgba(0, 0, 0, 0)" class="has-inline-color has-secondary-color">https://www.thermes-aulus.fr</mark></a> .   </p>
</div>
</div>
</div>



<div class="wp-block-group has-global-padding is-layout-constrained wp-block-group-is-layout-constrained">
<div class="wp-block-columns alignfull are-vertically-aligned-center is-layout-flex wp-container-core-columns-is-layout-0c0b91ec wp-block-columns-is-layout-flex">
<div class="wp-block-column is-vertically-aligned-center leftRight is-layout-flow wp-container-core-column-is-layout-58dbe9e9 wp-block-column-is-layout-flow" style="padding-left:10rem;flex-basis:40%">
<div class="wp-block-group is-style-title-left is-layout-flow wp-block-group-is-layout-flow is-style-title-left--5">
<p class="has-secondary-color has-text-color has-link-color has-secondary-font-family has-xl-font-size wp-elements-f943a5f3b0706c7315aa6dc159ceca19">Cómo llegar</p>



<p class="has-primary-color has-text-color has-link-color has-primary-font-family has-sm-font-size wp-elements-1f291afadfab77a0ce03d72705abb84d" style="text-transform:uppercase"><strong>Del complejo  </strong></p>
</div>



<h1 class="wp-block-heading text-title">Ruta hacia los Pirineos montañosos</h1>



<p class="has-m-font-size" style="padding-left:2rem">Desde tu complejo de Les Oustalous, el trayecto hasta Aulus-les-Bains te lleva a través de la campiña pirenaica: montañas, valles y bosques. La ruta te sumerge en el ambiente salvaje y virgen del Ariège, ideal para los amantes de la naturaleza. Esta excursión balneario/montaña es perfecta como parte de una jornada de relajación o al final de unas vacaciones, para disfrutar de un momento de paz y bienestar.    </p>
</div>



<div class="wp-block-column is-vertically-aligned-center rightLeft wp-block-image alignright size-large has-custom-border is-style-travel is-layout-flow wp-block-column-is-layout-flow is-style-travel--6" style="flex-basis:60%">
<figure class="wp-block-image alignright size-large"><img alt="" decoding="async" width="768" height="1024" src="https://www.vap-camping.fr/wp-content/uploads/2025/04/img_8171-768x1024.jpg" alt="" class="wp-image-2058" srcset="https://www.vap-camping.fr/wp-content/uploads/2025/04/img_8171-768x1024.jpg 768w, https://www.vap-camping.fr/wp-content/uploads/2025/04/img_8171-450x600.jpg 450w, https://www.vap-camping.fr/wp-content/uploads/2025/04/img_8171-1152x1536.jpg 1152w, https://www.vap-camping.fr/wp-content/uploads/2025/04/img_8171-rotated.jpg 1512w" sizes="(max-width: 768px) 100vw, 768px" /></figure>
</div>
</div>
</div>



<div class="wp-block-group reveal has-global-padding is-layout-constrained wp-block-group-is-layout-constrained">
<div class="wp-block-group alignwide is-style-title-simple is-layout-flow wp-block-group-is-layout-flow is-style-title-simple--7" style="margin-top:4rem;margin-bottom:4rem">
<p class="has-text-align-center has-secondary-color has-text-color has-link-color has-secondary-font-family has-xl-font-size wp-elements-61c3df48646af0da12819b303dfc8ba5">
  Nuestros establecimientos</p>



<p class="has-text-align-center has-primary-font-family has-sm-font-size" style="text-transform:uppercase">
                <strong>cerca de</strong>
            </p>
</div>


<div class="campings-wrapper is-layout-flow wp-block-slider-campings-is-layout-flow">
            <div class="campings-list">
                            <div class="camping-item"
                    style="background-image: linear-gradient(to top, rgba(0, 0, 0, 0.6), transparent), url('https://www.vap-camping.fr/wp-content/uploads/2025/04/img_5291-1024x768-1.jpg');">
                    <a href="https://www.vap-camping.fr/es/campings/oustalous-complex/" title="Complejo Les Oustalous" class="camping-link">
                        <p class="title">Complejo Les Oustalous</p>
                        <p class="camping-button">Descubre</p>
                    </a>
                </div>
                    </div>
    </div>

</div>
</div>

<p>Aulus-les-Bains Balneario pirenaico Relajación, naturaleza y aguas termales en las montañas. Las Termas de Aulus, situadas en el pueblo de Aulus-les-Bains, en el corazón de los Pirineos de Ariège, ofrecen un entorno tranquilo y rejuvenecedor. Enclavado en plena naturaleza, este lugar combina el aire puro de la montaña, el ambiente cálido de un pueblo de [&hellip;]</p>
